000
CXUS51 KBGM 010817
CLASYR


CLIMATE REPORT
NATIONAL WEATHER SERVICE BINGHAMTON NY
308 AM EST FRI JAN 1 2016

...................................

...THE SYRACUSE NY CLIMATE SUMMARY FOR THE YEAR OF 2015...

CLIMATE NORMAL PERIOD 1981 TO 2010
CLIMATE RECORD PERIOD 1902 TO 2015

WEATHER         OBSERVED          NORMAL  DEPART  LAST YEAR`S
                 VALUE   DATE(S)  VALUE   FROM    VALUE  DATE(S)
                                          NORMAL
................................................................
TEMPERATURE (F)
RECORD
 HIGH             101   07/17/2012
                        07/21/2011
                        08/14/2002
 LOW              -26   02/18/1979
                        01/26/1966
HIGHEST            93   09/08        57      36       94  07/01
                        09/07
LOWEST            -18   02/24        38     -56      -12  01/22
AVG. MAXIMUM     57.8              57.7     0.1     57.0
AVG. MINIMUM     38.2              39.0    -0.8     38.5
MEAN             48.0              48.3    -0.3     47.7
DAYS MAX >= 90      7               6.8     0.2       MM
DAYS MAX <= 32     61              45.7    15.3       MM
DAYS MIN <= 32    126             129.5    -3.5       MM
DAYS MIN <= 0      28               7.1    20.9       MM

PRECIPITATION (INCHES)
RECORD
 MAXIMUM        58.17   1976
 MINIMUM        27.10   1964
TOTALS          41.86             38.47    3.39    40.50
DAILY AVG.       0.12              0.11    0.01     0.11
DAYS >= .01       170             173.6    -3.6       MM
DAYS >= .10        86              89.7    -3.7       MM
DAYS >= .50        24              22.7     1.3       MM
DAYS >= 1.00        7               5.3     1.7       MM
GREATEST
 24 HR. TOTAL    3.42   MM                            MM
 STORM TOTAL       MM                                 MM
 (MM/DD(HH))            MM                            MM

SNOWFALL (INCHES)
RECORDS
 TOTAL          192.1   1992
 24 HR TOTAL     22.1   03/13/1993 TO 03/13/1993
 SNOW DEPTH        48   02/01/1966
                        02/21/1958
                        02/20/1958
TOTALS           94.1             123.8   -29.7    114.7
SINCE 7/1         2.9              42.6   -39.7     26.2
SNOWDEPTH AVG.      3                MM      MM        2
DAYS >= TRACE      93              66.4    26.6       MM
DAYS >= 1.0        30              34.5    -4.5       MM
GREATEST
 SNOW DEPTH        33   02/23                         20  02/17
 24 HR TOTAL      9.6   MM                            MM
 STORM TOTAL            MM                            MM
 (MM/DD(HH))            MM                            MM

DEGREE_DAYS
HEATING TOTAL    6744              6651      93     6802
 SINCE 7/1         MM              2453      MM       MM
COOLING TOTAL     717               570     147      647
 SINCE 1/1        717               569     148      647

FREEZE DATES
RECORD
 EARLIEST     09/23/1963
 LATEST       05/24/1963
EARLIEST                        10/14
LATEST                          04/29
..................................................

WIND (MPH)
AVERAGE WIND SPEED              8.1
RESULTANT WIND SPEED/DIRECTION   3/255
HIGHEST WIND SPEED/DIRECTION    37/230    DATE  08/14
HIGHEST GUST SPEED/DIRECTION    48/230    DATE  08/14

SKY COVER
POSSIBLE SUNSHINE (PERCENT)   MM
AVERAGE SKY COVER           0.70
NUMBER OF DAYS FAIR           36
NUMBER OF DAYS PC            139
NUMBER OF DAYS CLOUDY        190

AVERAGE RH (PERCENT)     72

WEATHER CONDITIONS. NUMBER OF DAYS WITH
THUNDERSTORM              0     MIXED PRECIP               3
HEAVY RAIN               33     RAIN                      67
LIGHT RAIN              157     FREEZING RAIN              3
LT FREEZING RAIN          7     HAIL                       1
HEAVY SNOW               10     SNOW                      29
LIGHT SNOW               88     SLEET                     11
FOG                     206     FOG W/VIS <= 1/4 MILE      9
HAZE                     32

-  INDICATES NEGATIVE NUMBERS.
R  INDICATES RECORD WAS SET OR TIED.
MM INDICATES DATA IS MISSING.
T  INDICATES TRACE AMOUNT.

$$
