000
CXUS51 KBGM 032104
CLASYR


CLIMATE REPORT
NATIONAL WEATHER SERVICE BINGHAMTON NY
359 PM EST MON JAN 3 2011

...................................

...THE SYRACUSE NY CLIMATE SUMMARY FOR THE YEAR OF 2010...

CLIMATE NORMAL PERIOD 1971 TO 2000
CLIMATE RECORD PERIOD 1902 TO 2011

WEATHER         OBSERVED          NORMAL  DEPART  LAST YEAR`S
                 VALUE   DATE(S)  VALUE   FROM    VALUE  DATE(S)
                                          NORMAL
................................................................
TEMPERATURE (F)
RECORD
 HIGH             101   08/14/2002
 LOW              -26   02/18/1979
                        01/26/1966
HIGHEST            94   07/08        57      37       91  08/17
                        07/05                             04/27
                        07/06
LOWEST             -9   01/10        38     -47       -2  01/15
                                                          01/10
AVG. MAXIMUM     58.5              57.1     1.4     56.9
AVG. MINIMUM     40.9              37.7     3.2     38.3
MEAN             49.7              47.4     2.3     47.6
DAYS MAX >= 90     15               7.0     8.0        2
DAYS MAX <= 32     57              51.0     6.0       56
DAYS MIN <= 32    123             137.0   -14.0      137
DAYS MIN <= 0       4               9.0    -5.0        3

PRECIPITATION (INCHES)
RECORD
 MAXIMUM        58.17   1976
 MINIMUM        27.10   1964
TOTALS          41.46             40.05    1.41    35.36
DAILY AVG.       0.12              0.11    0.01     0.10
DAYS >= .01       161             169.0    -8.0      157
DAYS >= .10        80              90.0   -10.0       84
DAYS >= .50        23              21.0     2.0       24
DAYS >= 1.00        7               4.0     3.0        4
GREATEST
 24 HR. TOTAL    4.54   08/22 TO 08/23

SNOWFALL (INCHES)
RECORDS
 TOTAL          192.1   1992
 24 HR TOTAL     22.1   03/13/1993 TO 03/13/1993
 SNOW DEPTH        48   02/01/1966
                        02/21/1958
                        02/20/1958
TOTALS          157.3             110.1    47.2     98.1
SINCE 7/1        73.6              37.3    36.3     22.5
SNOWDEPTH AVG.      2                 2       0        1
DAYS >= TRACE      96              99.0    -3.0       88
DAYS >= 1.0        31              32.0    -1.0       26
GREATEST
 SNOW DEPTH        24   01/04                         15  01/29
 24 HR TOTAL     15.8   02/25 TO 02/26

DEGREE_DAYS
HEATING TOTAL    6241              6803    -562     6662
 SINCE 7/1       2485              2514     -29     2420
COOLING TOTAL     796               551     245      432
 SINCE 1/1        796               551     245      432

FREEZE DATES
RECORD
 EARLIEST     09/23/1963
 LATEST       05/24/1963
EARLIEST                        10/14
LATEST                          04/29
.................................................................

WIND (MPH)
AVERAGE WIND SPEED              7.9
RESULTANT WIND SPEED/DIRECTION   3/299
HIGHEST WIND SPEED/DIRECTION    46/290    DATE  05/04
HIGHEST GUST SPEED/DIRECTION    63/270    DATE  05/04

SKY COVER
POSSIBLE SUNSHINE (PERCENT)   49

NUMBER OF DAYS FAIR           31
NUMBER OF DAYS PC            139
NUMBER OF DAYS CLOUDY        194

AVERAGE RH (PERCENT)     70

WEATHER CONDITIONS. NUMBER OF DAYS WITH
THUNDERSTORM             33     MIXED PRECIP               4
HEAVY RAIN               30     RAIN                      54
LIGHT RAIN              151     FREEZING RAIN              1
LT FREEZING RAIN         10     HAIL                       1
HEAVY SNOW                5     SNOW                      33
LIGHT SNOW               85     SLEET                      4
FOG                     190     FOG W/VIS <= 1/4 MILE     13
HAZE                     48

-  INDICATES NEGATIVE NUMBERS.
R  INDICATES RECORD WAS SET OR TIED.
MM INDICATES DATA IS MISSING.
T  INDICATES TRACE AMOUNT.

&&
13TH WARMEST YEAR.  RECORD 51.5 IN 1931.
$$

TAC
