000
CXUS51 KBGM 011205
CLASYR


CLIMATE REPORT
NATIONAL WEATHER SERVICE BINGHAMTON NY
649 AM EST SUN JAN 1 2017

...................................

...THE SYRACUSE NY CLIMATE SUMMARY FOR THE YEAR OF 2016...

CLIMATE NORMAL PERIOD 1981 TO 2010
CLIMATE RECORD PERIOD 1902 TO 2016

WEATHER         OBSERVED          NORMAL  DEPART  LAST YEAR`S
                 VALUE   DATE(S)  VALUE   FROM    VALUE  DATE(S)
                                          NORMAL
................................................................
TEMPERATURE (F)
RECORD
 HIGH             101   07/17/2012
                        07/21/2011
                        08/14/2002
 LOW              -26   02/18/1979
                        01/26/1966
HIGHEST            94   07/13        57      37       93  09/08
                                                          09/07
LOWEST            -23   02/14        38     -61      -18  02/24
AVG. MAXIMUM     59.4              57.7     1.7     57.8
AVG. MINIMUM     39.8              39.0     0.8     38.2
MEAN             49.6              48.3     1.3     48.0
DAYS MAX >= 90     11               6.8     4.2        7
DAYS MAX <= 32     40              45.7    -5.7       61
DAYS MIN <= 32    140             129.5    10.5      126
DAYS MIN <= 0       4               7.1    -3.1       28

PRECIPITATION (INCHES)
RECORD
 MAXIMUM        58.17   1976
 MINIMUM        27.10   1964
TOTALS          40.62             38.47    2.15    41.86
DAILY AVG.       0.11              0.11    0.00     0.12
DAYS >= .01       150             173.6   -23.6      170
DAYS >= .10        79              89.7   -10.7       86
DAYS >= .50        25              22.7     2.3       24
DAYS >= 1.00       10               5.3     4.7        7
GREATEST
 24 HR. TOTAL    3.52   10/20 TO 10/21

SNOWFALL (INCHES)
RECORDS
 TOTAL          192.1   1992
 24 HR TOTAL     22.1   03/13/1993 TO 03/13/1993
 SNOW DEPTH        48   02/01/1966
                        02/21/1958
                        02/20/1958
TOTALS          139.3             123.8    15.5     94.1
SINCE 7/1        62.6              42.6    20.0      2.9
SNOWDEPTH AVG.      1                MM      MM        3
DAYS >= TRACE      94              66.4    27.6       93
DAYS >= 1.0        31              34.5    -3.5       30
GREATEST
 SNOW DEPTH        22   11/21                         33  02/23
 24 HR TOTAL     18.9   11/20 TO 11/21

DEGREE_DAYS
HEATING TOTAL    6321              6651    -330     6744
 SINCE 7/1       2285              2453    -168     1816
COOLING TOTAL     810               570     240      717
 SINCE 1/1        810               569     241      717

FREEZE DATES
RECORD
 EARLIEST     09/23/1963
 LATEST       05/24/1963
EARLIEST                        10/14
LATEST                          04/29
..................................................

WIND (MPH)
AVERAGE WIND SPEED              8.2
RESULTANT WIND SPEED/DIRECTION   3/260
HIGHEST WIND SPEED/DIRECTION    44/250    DATE  01/10
HIGHEST GUST SPEED/DIRECTION    59/350    DATE  05/29

SKY COVER
POSSIBLE SUNSHINE (PERCENT)   MM
AVERAGE SKY COVER           0.70
NUMBER OF DAYS FAIR           41
NUMBER OF DAYS PC            137
NUMBER OF DAYS CLOUDY        188

AVERAGE RH (PERCENT)     71

WEATHER CONDITIONS. NUMBER OF DAYS WITH
THUNDERSTORM             26     MIXED PRECIP               2
HEAVY RAIN               32     RAIN                      49
LIGHT RAIN              161     FREEZING RAIN              1
LT FREEZING RAIN          9     HAIL                       2
HEAVY SNOW               12     SNOW                      31
LIGHT SNOW               89     SLEET                     13
FOG                     177     FOG W/VIS <= 1/4 MILE     11
HAZE                     11

-  INDICATES NEGATIVE NUMBERS.
R  INDICATES RECORD WAS SET OR TIED.
MM INDICATES DATA IS MISSING.
T  INDICATES TRACE AMOUNT.

$$
