000
CDUS41 KBGM 180730
CLISYR


CLIMATE REPORT
NATIONAL WEATHER SERVICE BINGHAMTON NY
329 AM EDT FRI APR 18 2014


...................................

...THE SYRACUSE NY CLIMATE SUMMARY FOR APRIL 17 2014...

CLIMATE NORMAL PERIOD 1981 TO 2010
CLIMATE RECORD PERIOD 1902 TO 2014


WEATHER ITEM   OBSERVED TIME   RECORD YEAR NORMAL DEPARTURE LAST
                VALUE   (LST)  VALUE       VALUE  FROM      YEAR
                                                  NORMAL
..................................................................
TEMPERATURE (F)
 YESTERDAY
  MAXIMUM         56    453 PM  89    2002  58     -2       57
  MINIMUM         23    535 AM  22    1908  37    -14       35
  AVERAGE         40                        48     -8       46

PRECIPITATION (IN)
  YESTERDAY        0.00          0.74 1918   0.11  -0.11     0.00
  MONTH TO DATE    2.60                      1.89   0.71     2.81
  SINCE MAR 1      6.08                      4.84   1.24     4.83
  SINCE JAN 1     11.63                      9.41   2.22     9.25

SNOWFALL (IN)
  YESTERDAY        0.0           3.9  1965   0.2   -0.2      0.0
  MONTH TO DATE    0.4                       3.0   -2.6     12.0
  SINCE MAR 1     22.1                      21.0    1.1     32.2
  SINCE JUL 1    132.0                     122.9    9.1    115.4
  SNOW DEPTH       0

DEGREE DAYS
 HEATING
  YESTERDAY       25                        17      8       19
  MONTH TO DATE  346                       354     -8      377
  SINCE MAR 1   1557                      1311    246     1341
  SINCE JUL 1   6649                      6142    507     5712

 COOLING
  YESTERDAY        0                         0      0        0
  MONTH TO DATE    1                         0      1        0
  SINCE MAR 1      1                         0      1        0
  SINCE JAN 1      1                         0      1        0
..................................................................


WIND (MPH)
  HIGHEST WIND SPEED    20   HIGHEST WIND DIRECTION    SE (140)
  HIGHEST GUST SPEED    25   HIGHEST GUST DIRECTION    SE (120)
  AVERAGE WIND SPEED     9.1


SKY COVER
  POSSIBLE SUNSHINE  MM
  AVERAGE SKY COVER 0.5


WEATHER CONDITIONS
 THE FOLLOWING WEATHER WAS RECORDED YESTERDAY.
  NO SIGNIFICANT WEATHER WAS OBSERVED.


RELATIVE HUMIDITY (PERCENT)
 HIGHEST    81           400 AM
 LOWEST     24           200 PM
 AVERAGE    53

..........................................................


THE SYRACUSE NY CLIMATE NORMALS FOR TODAY
                         NORMAL    RECORD    YEAR
 MAXIMUM TEMPERATURE (F)   59        85      1976
 MINIMUM TEMPERATURE (F)   38        22      1948


SUNRISE AND SUNSET
APRIL 18 2014.........SUNRISE   618 AM EDT   SUNSET   751 PM EDT
APRIL 19 2014.........SUNRISE   616 AM EDT   SUNSET   752 PM EDT


-  INDICATES NEGATIVE NUMBERS.
R  INDICATES RECORD WAS SET OR TIED.
MM INDICATES DATA IS MISSING.
T  INDICATES TRACE AMOUNT.




$$

HEDEN
