000
CDUS41 KBGM 300541
CLISYR


CLIMATE REPORT
NATIONAL WEATHER SERVICE BINGHAMTON NY
141 AM EDT TUE JUN 30 2015


...................................

...THE SYRACUSE NY CLIMATE SUMMARY FOR JUNE 29 2015...

CLIMATE NORMAL PERIOD 1981 TO 2010
CLIMATE RECORD PERIOD 1902 TO 2015


WEATHER ITEM   OBSERVED TIME   RECORD YEAR NORMAL DEPARTURE LAST
                VALUE   (LST)  VALUE       VALUE  FROM      YEAR
                                                  NORMAL
..................................................................
TEMPERATURE (F)
 YESTERDAY
  MAXIMUM         71    523 PM  95    1933  81    -10       90
  MINIMUM         57    143 AM  42    1988  60     -3       65
  AVERAGE         64                        70     -6       78

PRECIPITATION (IN)
  YESTERDAY        0.07          2.17 1921   0.11  -0.04     0.03
  MONTH TO DATE    7.28                      3.19   4.09     2.74
  SINCE JUN 1      7.28                      3.19   4.09     2.74
  SINCE JAN 1     19.40                     17.12   2.28    20.12

SNOWFALL (IN)
  YESTERDAY        0.0           0.0  2002   0.0    0.0      0.0
                                      2001
  MONTH TO DATE    0.0                       0.0    0.0      0.0
  SINCE JUN 1      0.0                       0.0    0.0      0.0
  SINCE JUL 1    119.7                     123.8   -4.1    132.0
  SNOW DEPTH       0

DEGREE DAYS
 HEATING
  YESTERDAY        1                         1      0        0
  MONTH TO DATE   53                        60     -7       23
  SINCE JUN 1     53                        60     -7       23
  SINCE JUL 1   7121                      6650    471     7079

 COOLING
  YESTERDAY        0                         6     -6       13
  MONTH TO DATE   88                       107    -19      131
  SINCE JUN 1     88                       107    -19      131
  SINCE JAN 1    193                       137     56      187
..................................................................


WIND (MPH)
  HIGHEST WIND SPEED    17   HIGHEST WIND DIRECTION     W (270)
  HIGHEST GUST SPEED    20   HIGHEST GUST DIRECTION     W (270)
  AVERAGE WIND SPEED     7.9


SKY COVER
  POSSIBLE SUNSHINE  MM
  AVERAGE SKY COVER 0.9


WEATHER CONDITIONS
 THE FOLLOWING WEATHER WAS RECORDED YESTERDAY.
  RAIN
  LIGHT RAIN
  FOG


RELATIVE HUMIDITY (PERCENT)
 HIGHEST   100          1200 AM
 LOWEST     57           500 PM
 AVERAGE    79

..........................................................


THE SYRACUSE NY CLIMATE NORMALS FOR TODAY
                         NORMAL    RECORD    YEAR
 MAXIMUM TEMPERATURE (F)   81        95      1931
 MINIMUM TEMPERATURE (F)   60        48      1988


SUNRISE AND SUNSET
JUNE 30 2015..........SUNRISE   528 AM EDT   SUNSET   848 PM EDT
JULY  1 2015..........SUNRISE   529 AM EDT   SUNSET   848 PM EDT


-  INDICATES NEGATIVE NUMBERS.
R  INDICATES RECORD WAS SET OR TIED.
MM INDICATES DATA IS MISSING.
T  INDICATES TRACE AMOUNT.




$$
