000
CDUS41 KBGM 210532
CLISYR


CLIMATE REPORT
NATIONAL WEATHER SERVICE BINGHAMTON NY
132 AM EDT THU SEP 21 2017


...................................

...THE SYRACUSE NY CLIMATE SUMMARY FOR SEPTEMBER 20 2017...

CLIMATE NORMAL PERIOD 1981 TO 2010
CLIMATE RECORD PERIOD 1902 TO 2017


WEATHER ITEM   OBSERVED TIME   RECORD YEAR NORMAL DEPARTURE LAST
                VALUE   (LST)  VALUE       VALUE  FROM      YEAR
                                                  NORMAL
..................................................................
TEMPERATURE (F)
 YESTERDAY
  MAXIMUM         82    218 PM  89    1946  71     11       84
  MINIMUM         55    520 AM  34    1993  50      5       57
  AVERAGE         69                        60      9       71

PRECIPITATION (IN)
  YESTERDAY        0.00          0.94 1977   0.13  -0.13     0.00
  MONTH TO DATE    1.22                      2.41  -1.19     3.67
  SINCE SEP 1      1.22                      2.41  -1.19     3.67
  SINCE JAN 1     33.74                     27.00   6.74    26.88

SNOWFALL (IN)
  YESTERDAY        0.0           0.0  2002   0.0    0.0      0.0
                                      2000
                                      2001
  MONTH TO DATE    0.0                       0.0    0.0      0.0
  SINCE SEP 1      0.0                       0.0    0.0      0.0
  SINCE JUL 1      0.0                       0.0    0.0      0.0
  SNOW DEPTH       0

DEGREE DAYS
 HEATING
  YESTERDAY        0                         6     -6        0
  MONTH TO DATE   72                        65      7       22
  SINCE SEP 1     72                        65      7       22
  SINCE JUL 1    108                        91     17       23

 COOLING
  YESTERDAY        4                         1      3        6
  MONTH TO DATE   37                        45     -8       85
  SINCE SEP 1     37                        45     -8       85
  SINCE JAN 1    487                       558    -71      797
..................................................................


WIND (MPH)
  HIGHEST WIND SPEED    12   HIGHEST WIND DIRECTION    NW (300)
  HIGHEST GUST SPEED    14   HIGHEST GUST DIRECTION     N (20)
  AVERAGE WIND SPEED     3.0


SKY COVER
  POSSIBLE SUNSHINE  MM
  AVERAGE SKY COVER 0.4


WEATHER CONDITIONS
 THE FOLLOWING WEATHER WAS RECORDED YESTERDAY.
  FOG


RELATIVE HUMIDITY (PERCENT)
 HIGHEST   100           100 AM
 LOWEST     54           100 PM
 AVERAGE    77

..........................................................


THE SYRACUSE NY CLIMATE NORMALS FOR TODAY
                         NORMAL    RECORD    YEAR
 MAXIMUM TEMPERATURE (F)   70        91      1931
 MINIMUM TEMPERATURE (F)   50        35      1973
                                             1929


SUNRISE AND SUNSET
SEPTEMBER 21 2017.....SUNRISE   651 AM EDT   SUNSET   703 PM EDT
SEPTEMBER 22 2017.....SUNRISE   652 AM EDT   SUNSET   701 PM EDT


-  INDICATES NEGATIVE NUMBERS.
R  INDICATES RECORD WAS SET OR TIED.
MM INDICATES DATA IS MISSING.
T  INDICATES TRACE AMOUNT.




$$
