000
CDUS41 KBGM 260710
CLISYR


CLIMATE REPORT
NATIONAL WEATHER SERVICE BINGHAMTON NY
310 AM EDT THU MAY 26 2016


...................................

...THE SYRACUSE NY CLIMATE SUMMARY FOR MAY 25 2016...

CLIMATE NORMAL PERIOD 1981 TO 2010
CLIMATE RECORD PERIOD 1902 TO 2016


WEATHER ITEM   OBSERVED TIME   RECORD YEAR NORMAL DEPARTURE LAST
                VALUE   (LST)  VALUE       VALUE  FROM      YEAR
                                                  NORMAL
..................................................................
TEMPERATURE (F)
 YESTERDAY
  MAXIMUM         84    327 PM  88    2007  72     12       87
                                      1932
  MINIMUM         47    458 AM  33    1992  49     -2       59
  AVERAGE         66                        60      6       73

PRECIPITATION (IN)
  YESTERDAY        0.00          1.09 1979   0.11  -0.11      T
  MONTH TO DATE    1.16                      2.58  -1.42     1.92
  SINCE MAR 1      5.62                      8.72  -3.10     6.23
  SINCE JAN 1     12.14                     13.29  -1.15    10.11

SNOWFALL (IN)
  YESTERDAY        0.0           0.0  2002   0.0    0.0      0.0
                                      2001
  MONTH TO DATE    T                         0.1   -0.1      0.0
  SINCE MAR 1     13.5                      21.9   -8.4     12.9
  SINCE JUL 1     80.3                     123.8  -43.5    119.7
  SNOW DEPTH       0

DEGREE DAYS
 HEATING
  YESTERDAY        0                         6     -6        0
  MONTH TO DATE  261                       224     37      121
  SINCE MAR 1   1699                      1728    -29     1839
  SINCE JUL 1   5798                      6559   -761     7063

 COOLING
  YESTERDAY        1                         1      0        8
  MONTH TO DATE    1                        15    -14       64
  SINCE MAR 1      1                        19    -18       64
  SINCE JAN 1      1                        19    -18       64
..................................................................


WIND (MPH)
  HIGHEST WIND SPEED    16   HIGHEST WIND DIRECTION     W (250)
  HIGHEST GUST SPEED    20   HIGHEST GUST DIRECTION    NW (320)
  AVERAGE WIND SPEED     5.5


SKY COVER
  POSSIBLE SUNSHINE  MM
  AVERAGE SKY COVER 0.5


WEATHER CONDITIONS
 THE FOLLOWING WEATHER WAS RECORDED YESTERDAY.
  NO SIGNIFICANT WEATHER WAS OBSERVED.


RELATIVE HUMIDITY (PERCENT)
 HIGHEST    93           500 AM
 LOWEST     30          1000 AM
 AVERAGE    62

..........................................................


THE SYRACUSE NY CLIMATE NORMALS FOR TODAY
                         NORMAL    RECORD    YEAR
 MAXIMUM TEMPERATURE (F)   72        90      2011
                                             2010
 MINIMUM TEMPERATURE (F)   50        36      1969


SUNRISE AND SUNSET
MAY 26 2016...........SUNRISE   531 AM EDT   SUNSET   833 PM EDT
MAY 27 2016...........SUNRISE   530 AM EDT   SUNSET   834 PM EDT


-  INDICATES NEGATIVE NUMBERS.
R  INDICATES RECORD WAS SET OR TIED.
MM INDICATES DATA IS MISSING.
T  INDICATES TRACE AMOUNT.




$$

HEDEN
