000
CDUS41 KBGM 170644
CLISYR


CLIMATE REPORT
NATIONAL WEATHER SERVICE BINGHAMTON NY
244 AM EDT WED SEP 17 2014


...................................

...THE SYRACUSE NY CLIMATE SUMMARY FOR SEPTEMBER 16 2014...

CLIMATE NORMAL PERIOD 1981 TO 2010
CLIMATE RECORD PERIOD 1902 TO 2014


WEATHER ITEM   OBSERVED TIME   RECORD YEAR NORMAL DEPARTURE LAST
                VALUE   (LST)  VALUE       VALUE  FROM      YEAR
                                                  NORMAL
..................................................................
TEMPERATURE (F)
 YESTERDAY
  MAXIMUM         68    229 PM  98    1939  72     -4       57
  MINIMUM         50   1159 PM  35    1964  52     -2       41
  AVERAGE         59                        62     -3       49

PRECIPITATION (IN)
  YESTERDAY        0.18          2.30 1999   0.12   0.06     0.05
  MONTH TO DATE    1.41                      1.90  -0.49     2.52
  SINCE SEP 1      1.41                      1.90  -0.49     2.52
  SINCE JAN 1     30.45                     26.49   3.96    29.10

SNOWFALL (IN)
  YESTERDAY        0.0           0.0  2002   0.0    0.0      0.0
                                      2000
                                      2001
  MONTH TO DATE    0.0                       0.0    0.0      0.0
  SINCE SEP 1      0.0                       0.0    0.0      0.0
  SINCE JUL 1      0.0                       0.0    0.0      0.0
  SNOW DEPTH       0

DEGREE DAYS
 HEATING
  YESTERDAY        6                         4      2       16
  MONTH TO DATE   46                        44      2       72
  SINCE SEP 1     46                        44      2       72
  SINCE JUL 1     57                        70    -13       78

 COOLING
  YESTERDAY        0                         2     -2        0
  MONTH TO DATE   64                        41     23       67
  SINCE SEP 1     64                        41     23       67
  SINCE JAN 1    623                       554     69      710
..................................................................


WIND (MPH)
  HIGHEST WIND SPEED    17   HIGHEST WIND DIRECTION    NW (310)
  HIGHEST GUST SPEED    22   HIGHEST GUST DIRECTION     W (290)
  AVERAGE WIND SPEED     7.1


SKY COVER
  POSSIBLE SUNSHINE  MM
  AVERAGE SKY COVER 0.6


WEATHER CONDITIONS
 THE FOLLOWING WEATHER WAS RECORDED YESTERDAY.
  RAIN
  LIGHT RAIN
  FOG


RELATIVE HUMIDITY (PERCENT)
 HIGHEST    93           200 AM
 LOWEST     45           200 PM
 AVERAGE    69

..........................................................


THE SYRACUSE NY CLIMATE NORMALS FOR TODAY
                         NORMAL    RECORD    YEAR
 MAXIMUM TEMPERATURE (F)   72        89      1942
 MINIMUM TEMPERATURE (F)   52        36      1986


SUNRISE AND SUNSET
SEPTEMBER 17 2014.....SUNRISE   646 AM EDT   SUNSET   711 PM EDT
SEPTEMBER 18 2014.....SUNRISE   647 AM EDT   SUNSET   709 PM EDT


-  INDICATES NEGATIVE NUMBERS.
R  INDICATES RECORD WAS SET OR TIED.
MM INDICATES DATA IS MISSING.
T  INDICATES TRACE AMOUNT.




$$
