000
CDUS41 KBGM 290558
CLISYR


CLIMATE REPORT
NATIONAL WEATHER SERVICE BINGHAMTON NY
157 AM EDT MON MAY 29 2017


...................................

...THE SYRACUSE NY CLIMATE SUMMARY FOR MAY 28 2017...

CLIMATE NORMAL PERIOD 1981 TO 2010
CLIMATE RECORD PERIOD 1902 TO 2017


WEATHER ITEM   OBSERVED TIME   RECORD YEAR NORMAL DEPARTURE LAST
                VALUE   (LST)  VALUE       VALUE  FROM      YEAR
                                                  NORMAL
..................................................................
TEMPERATURE (F)
 YESTERDAY
  MAXIMUM         76    400 PM  91    2016  72      4       91
                                      2012
                                      1911
  MINIMUM         48    449 AM  35    1983  50     -2       63
  AVERAGE         62                        61      1       77

PRECIPITATION (IN)
  YESTERDAY        0.00          1.52 1941   0.10  -0.10     0.00
  MONTH TO DATE    4.61                      2.89   1.72     1.16
  SINCE MAR 1     13.41                      9.03   4.38     5.62
  SINCE JAN 1     19.99                     13.60   6.39    12.14

SNOWFALL (IN)
  YESTERDAY        0.0           T    1951   0.0    0.0      0.0
  MONTH TO DATE    0.0                       0.1   -0.1       T
  SINCE MAR 1     31.2                      21.9    9.3     13.5
  SINCE JUL 1    134.9                     123.8   11.1     80.3
  SNOW DEPTH       0

DEGREE DAYS
 HEATING
  YESTERDAY        3                         5     -2        0
  MONTH TO DATE  298                       240     58      261
  SINCE MAR 1   1796                      1744     52     1699
  SINCE JUL 1   6065                      6575   -510     5798

 COOLING
  YESTERDAY        0                         1     -1       12
  MONTH TO DATE   18                        18      0       30
  SINCE MAR 1     30                        22      8       30
  SINCE JAN 1     30                        22      8       30
..................................................................


WIND (MPH)
  HIGHEST WIND SPEED    15   HIGHEST WIND DIRECTION    SE (130)
  HIGHEST GUST SPEED    21   HIGHEST GUST DIRECTION    SE (120)
  AVERAGE WIND SPEED     6.3


SKY COVER
  POSSIBLE SUNSHINE  MM
  AVERAGE SKY COVER 0.7


WEATHER CONDITIONS
 THE FOLLOWING WEATHER WAS RECORDED YESTERDAY.
  FOG


RELATIVE HUMIDITY (PERCENT)
 HIGHEST   100          1200 AM
 LOWEST     50           400 PM
 AVERAGE    75

..........................................................


THE SYRACUSE NY CLIMATE NORMALS FOR TODAY
                         NORMAL    RECORD    YEAR
 MAXIMUM TEMPERATURE (F)   73        93      2012
 MINIMUM TEMPERATURE (F)   51        37      1992


SUNRISE AND SUNSET
MAY 29 2017...........SUNRISE   529 AM EDT   SUNSET   835 PM EDT
MAY 30 2017...........SUNRISE   529 AM EDT   SUNSET   836 PM EDT


-  INDICATES NEGATIVE NUMBERS.
R  INDICATES RECORD WAS SET OR TIED.
MM INDICATES DATA IS MISSING.
T  INDICATES TRACE AMOUNT.




$$
