000
CDUS41 KBGM 260525
CLISYR


CLIMATE REPORT
NATIONAL WEATHER SERVICE BINGHAMTON NY
118 AM EDT WED JUL 26 2017


...................................

...THE SYRACUSE NY CLIMATE SUMMARY FOR JULY 25 2017...

CLIMATE NORMAL PERIOD 1981 TO 2010
CLIMATE RECORD PERIOD 1902 TO 2017


WEATHER ITEM   OBSERVED TIME   RECORD YEAR NORMAL DEPARTURE LAST
                VALUE   (LST)  VALUE       VALUE  FROM      YEAR
                                                  NORMAL
..................................................................
TEMPERATURE (F)
 YESTERDAY
  MAXIMUM         66    557 PM  95    1941  82    -16       81
  MINIMUM         60    735 AM  45    1976  61     -1       64
  AVERAGE         63                        72     -9       73

PRECIPITATION (IN)
  YESTERDAY        0.03          1.29 2016   0.12  -0.09     1.29
  MONTH TO DATE    3.72                      3.06   0.66     2.62
  SINCE JUN 1      8.41                      6.37   2.04     4.57
  SINCE JAN 1     30.25                     20.30   9.95    19.13

SNOWFALL (IN)
  YESTERDAY        0.0           0.0  2002   0.0    0.0      0.0
                                      2000
                                      2001
  MONTH TO DATE    0.0                       0.0    0.0      0.0
  SINCE JUN 1      0.0                       0.0    0.0       T
  SINCE JUL 1      0.0                       0.0    0.0      0.0
  SNOW DEPTH       0

DEGREE DAYS
 HEATING
  YESTERDAY        2                         0      2        0
  MONTH TO DATE    2                         2      0        0
  SINCE JUN 1     73                        63     10       53
  SINCE JUL 1      2                         2      0        0

 COOLING
  YESTERDAY        0                         7     -7        8
  MONTH TO DATE  159                       167     -8      217
  SINCE JUN 1    262                       280    -18      318
  SINCE JAN 1    294                       310    -16      374
..................................................................


WIND (MPH)
  HIGHEST WIND SPEED    13   HIGHEST WIND DIRECTION     W (280)
  HIGHEST GUST SPEED    16   HIGHEST GUST DIRECTION     W (290)
  AVERAGE WIND SPEED     6.7


SKY COVER
  POSSIBLE SUNSHINE  MM
  AVERAGE SKY COVER 1.0


WEATHER CONDITIONS
 THE FOLLOWING WEATHER WAS RECORDED YESTERDAY.
  LIGHT RAIN
  FOG


RELATIVE HUMIDITY (PERCENT)
 HIGHEST   100          1200 AM
 LOWEST     87           100 PM
 AVERAGE    94

..........................................................


THE SYRACUSE NY CLIMATE NORMALS FOR TODAY
                         NORMAL    RECORD    YEAR
 MAXIMUM TEMPERATURE (F)   82        94      1939
                                             1930
 MINIMUM TEMPERATURE (F)   61        48      1984


SUNRISE AND SUNSET
JULY 26 2017..........SUNRISE   549 AM EDT   SUNSET   832 PM EDT
JULY 27 2017..........SUNRISE   550 AM EDT   SUNSET   831 PM EDT


-  INDICATES NEGATIVE NUMBERS.
R  INDICATES RECORD WAS SET OR TIED.
MM INDICATES DATA IS MISSING.
T  INDICATES TRACE AMOUNT.

$$
