000
CDUS41 KBGM 230552
CLISYR


CLIMATE REPORT
NATIONAL WEATHER SERVICE BINGHAMTON NY
1249 AM EST TUE JAN 23 2018


...................................

...THE SYRACUSE NY CLIMATE SUMMARY FOR JANUARY 22 2018...

CLIMATE NORMAL PERIOD 1981 TO 2010
CLIMATE RECORD PERIOD 1902 TO 2018


WEATHER ITEM   OBSERVED TIME   RECORD YEAR NORMAL DEPARTURE LAST
                VALUE   (LST)  VALUE       VALUE  FROM      YEAR
                                                  NORMAL
..................................................................
TEMPERATURE (F)
 YESTERDAY
  MAXIMUM         46   1143 PM  68    1906  31     15       51
  MINIMUM         33    707 AM -19    1984  15     18       32
  AVERAGE         40                        23     17       42

PRECIPITATION (IN)
  YESTERDAY        0.05          1.41 1904   0.08  -0.03     0.00
  MONTH TO DATE    2.79                      1.85   0.94     2.36
  SINCE DEC 1      5.13                      5.07   0.06     5.60
  SINCE JAN 1      2.79                      1.85   0.94     2.36

SNOWFALL (IN)
  YESTERDAY       MM            11.8  2005   1.1   MM        0.0
  MONTH TO DATE   38.1                      24.1   14.0      4.8
  SINCE DEC 1     72.3                      56.8   15.5     42.0
  SINCE JUL 1     77.5                      66.7   10.8     67.4
  SNOW DEPTH       0

DEGREE DAYS
 HEATING
  YESTERDAY       25                        42    -17       23
  MONTH TO DATE  999                       911     88      787
  SINCE DEC 1   2260                      2015    245     1878
  SINCE JUL 1   3457                      3364     93     3072

 COOLING
  YESTERDAY        0                         0      0        0
  MONTH TO DATE    0                         0      0        0
  SINCE DEC 1      0                         0      0        0
  SINCE JAN 1      0                         0      0        0
..................................................................


WIND (MPH)
  HIGHEST WIND SPEED    15   HIGHEST WIND DIRECTION    SE (130)
  HIGHEST GUST SPEED    22   HIGHEST GUST DIRECTION    SE (140)
  AVERAGE WIND SPEED     8.6


SKY COVER
  POSSIBLE SUNSHINE  MM
  AVERAGE SKY COVER 0.9


WEATHER CONDITIONS
 THE FOLLOWING WEATHER WAS RECORDED YESTERDAY.
  LIGHT RAIN
  FOG


RELATIVE HUMIDITY (PERCENT)
 HIGHEST   100           200 AM
 LOWEST     92           100 AM
 AVERAGE    96

..........................................................


THE SYRACUSE NY CLIMATE NORMALS FOR TODAY
                         NORMAL    RECORD    YEAR
 MAXIMUM TEMPERATURE (F)   31        68      1906
 MINIMUM TEMPERATURE (F)   15       -18      1976


SUNRISE AND SUNSET
JANUARY 23 2018.......SUNRISE   728 AM EST   SUNSET   505 PM EST
JANUARY 24 2018.......SUNRISE   727 AM EST   SUNSET   506 PM EST


-  INDICATES NEGATIVE NUMBERS.
R  INDICATES RECORD WAS SET OR TIED.
MM INDICATES DATA IS MISSING.
T  INDICATES TRACE AMOUNT.

$$
