000
CDUS41 KBGM 030611
CLISYR


CLIMATE REPORT
NATIONAL WEATHER SERVICE BINGHAMTON NY
110 AM EST TUE MAR 3 2015


...................................

...THE SYRACUSE NY CLIMATE SUMMARY FOR MARCH 2 2015...

CLIMATE NORMAL PERIOD 1981 TO 2010
CLIMATE RECORD PERIOD 1902 TO 2015


WEATHER ITEM   OBSERVED TIME   RECORD YEAR NORMAL DEPARTURE LAST
                VALUE   (LST)  VALUE       VALUE  FROM      YEAR
                                                  NORMAL
..................................................................
TEMPERATURE (F)
 YESTERDAY
  MAXIMUM         24    335 PM  69    1991  38    -14       29
  MINIMUM         10   1159 PM -15    1980  21    -11       10
  AVERAGE         17                        29    -12       20

PRECIPITATION (IN)
  YESTERDAY        0.07          1.19 2007   0.09  -0.02     0.18
  MONTH TO DATE    0.17                      0.17   0.00     0.18
  SINCE MAR 1      0.17                      0.17   0.00     0.18
  SINCE JAN 1      4.27                      4.74  -0.47     5.73

SNOWFALL (IN)
  YESTERDAY        2.0           9.2  1984   0.9    1.1      3.7
  MONTH TO DATE    3.8                       1.7    2.1      3.7
  SINCE MAR 1      3.8                       1.7    2.1      3.7
  SINCE JUL 1    110.5                     103.6    6.9    113.6
  SNOW DEPTH      29

DEGREE DAYS
 HEATING
  YESTERDAY       48                        36     12       45
  MONTH TO DATE  105                        72     33       90
  SINCE MAR 1    105                        72     33       90
  SINCE JUL 1   5329                      4903    426     5182

 COOLING
  YESTERDAY        0                         0      0        0
  MONTH TO DATE    0                         0      0        0
  SINCE MAR 1      0                         0      0        0
  SINCE JAN 1      0                         0      0        0
..................................................................


WIND (MPH)
  HIGHEST WIND SPEED    33   HIGHEST WIND DIRECTION     W (280)
  HIGHEST GUST SPEED    43   HIGHEST GUST DIRECTION     W (280)
  AVERAGE WIND SPEED    16.4


SKY COVER
  POSSIBLE SUNSHINE  MM
  AVERAGE SKY COVER 0.9


WEATHER CONDITIONS
 THE FOLLOWING WEATHER WAS RECORDED YESTERDAY.
  LIGHT SNOW
  FOG
  BLOWING SNOW


RELATIVE HUMIDITY (PERCENT)
 HIGHEST   100           100 AM
 LOWEST     67           800 PM
 AVERAGE    84

..........................................................


THE SYRACUSE NY CLIMATE NORMALS FOR TODAY
                         NORMAL    RECORD    YEAR
 MAXIMUM TEMPERATURE (F)   38        63      2002
 MINIMUM TEMPERATURE (F)   21        -9      1950


SUNRISE AND SUNSET
MARCH  3 2015.........SUNRISE   638 AM EST   SUNSET   556 PM EST
MARCH  4 2015.........SUNRISE   636 AM EST   SUNSET   557 PM EST


-  INDICATES NEGATIVE NUMBERS.
R  INDICATES RECORD WAS SET OR TIED.
MM INDICATES DATA IS MISSING.
T  INDICATES TRACE AMOUNT.

$$
