577
CDUS41 KBGM 302118
CLISYR


CLIMATE REPORT
NATIONAL WEATHER SERVICE BINGHAMTON NY
518 PM EDT MON MAY 30 2016


...................................

...THE SYRACUSE NY CLIMATE SUMMARY FOR MAY 30 2016...
VALID TODAY AS OF 0500 PM LOCAL TIME.

CLIMATE NORMAL PERIOD 1981 TO 2010
CLIMATE RECORD PERIOD 1902 TO 2016


WEATHER ITEM   OBSERVED TIME   RECORD YEAR NORMAL DEPARTURE LAST
                VALUE   (LST)  VALUE       VALUE  FROM      YEAR
                                                  NORMAL
..................................................................
TEMPERATURE (F)
 TODAY
  MAXIMUM         84    319 PM  93    1987  73     11       87
  MINIMUM         64    425 AM  39    1996  51     13       67
                                      1966
                                      1961
  AVERAGE         74                        62     12       77

PRECIPITATION (IN)
  TODAY            T             1.48 2015   0.11  -0.11     1.48
  MONTH TO DATE    3.58                      3.11   0.47     3.40
  SINCE MAR 1      8.04                      9.25  -1.21     7.71
  SINCE JAN 1     14.56                     13.82   0.74    11.59

SNOWFALL (IN)
  TODAY            0.0           T    2001   0.0    0.0      0.0
  MONTH TO DATE    T                         0.1   -0.1      0.0
  SINCE MAR 1     13.5                      21.9   -8.4     12.9
  SINCE JUL 1     80.3                     123.8  -43.5    119.7
  SNOW DEPTH       0

DEGREE DAYS
 HEATING
  TODAY            0                         5     -5        0
  MONTH TO DATE  261                       250     11      121
  SINCE MAR 1   1699                      1754    -55     1839
  SINCE JUL 1   5798                      6585   -787     7063

 COOLING
  TODAY            9                         2      7       12
  MONTH TO DATE   51                        22     29      105
  SINCE MAR 1     51                        26     25      105
  SINCE JAN 1     51                        26     25      105
..................................................................


WIND (MPH)
  HIGHEST WIND SPEED    18   HIGHEST WIND DIRECTION    NW (320)
  HIGHEST GUST SPEED    23   HIGHEST GUST DIRECTION     W (260)
  AVERAGE WIND SPEED    10.6


SKY COVER
  POSSIBLE SUNSHINE  MM
  AVERAGE SKY COVER 0.7


WEATHER CONDITIONS
 THE FOLLOWING WEATHER WAS RECORDED TODAY.
  LIGHT RAIN


RELATIVE HUMIDITY (PERCENT)
 HIGHEST   100           200 AM
 LOWEST     43           300 PM
 AVERAGE    72

..........................................................


THE SYRACUSE NY CLIMATE NORMALS FOR TOMORROW
                         NORMAL    RECORD    YEAR
 MAXIMUM TEMPERATURE (F)   73        92      2011
                                             2010
                                             1999
 MINIMUM TEMPERATURE (F)   51        36      1966


SUNRISE AND SUNSET
MAY 30 2016...........SUNRISE   528 AM EDT   SUNSET   836 PM EDT
MAY 31 2016...........SUNRISE   528 AM EDT   SUNSET   837 PM EDT


-  INDICATES NEGATIVE NUMBERS.
R  INDICATES RECORD WAS SET OR TIED.
MM INDICATES DATA IS MISSING.
T  INDICATES TRACE AMOUNT.

$$
