000
CDUS41 KBGM 252218
CLISYR


CLIMATE REPORT
NATIONAL WEATHER SERVICE BINGHAMTON NY
518 PM EST THU DEC 25 2014


...................................

...THE SYRACUSE NY CLIMATE SUMMARY FOR DECEMBER 25 2014...
VALID TODAY AS OF 0500 PM LOCAL TIME.

CLIMATE NORMAL PERIOD 1981 TO 2010
CLIMATE RECORD PERIOD 1902 TO 2014


WEATHER ITEM   OBSERVED TIME   RECORD YEAR NORMAL DEPARTURE LAST
                VALUE   (LST)  VALUE       VALUE  FROM      YEAR
                                                  NORMAL
..................................................................
TEMPERATURE (F)
 TODAY
  MAXIMUM         59    119 AM  66    1932  34     25       22
  MINIMUM         41    459 PM -22    1980  19     22       -2
  AVERAGE         50                        26     24       10

PRECIPITATION (IN)
  TODAY            0.01          1.11 1978   0.10  -0.09      T
  MONTH TO DATE    3.02                      2.66   0.36     2.35
  SINCE DEC 1      3.02                      2.66   0.36     2.35
  SINCE JAN 1     40.50                     37.91   2.59    39.88

SNOWFALL (IN)
  TODAY            0.0          15.6  1978   1.1   -1.1      0.3
  MONTH TO DATE   16.4                      26.1   -9.7     24.6
  SINCE DEC 1     16.4                      26.1   -9.7     24.6
  SINCE JUL 1     27.4                      36.0   -8.6     38.9
  SNOW DEPTH       0

DEGREE DAYS
 HEATING
  TODAY           15                        39    -24       55
  MONTH TO DATE  812                       867    -55      918
  SINCE DEC 1    812                       867    -55      918
  SINCE JUL 1   1997                      2216   -219     2251

 COOLING
  TODAY            0                         0      0        0
  MONTH TO DATE    0                         0      0        0
  SINCE DEC 1      0                         0      0        0
  SINCE JAN 1    647                       569     78      712
..................................................................


WIND (MPH)
  HIGHEST WIND SPEED    36   HIGHEST WIND DIRECTION    SW (240)
  HIGHEST GUST SPEED    45   HIGHEST GUST DIRECTION    SW (240)
  AVERAGE WIND SPEED    19.9


SKY COVER
  POSSIBLE SUNSHINE  MM
  AVERAGE SKY COVER 0.9


WEATHER CONDITIONS
 THE FOLLOWING WEATHER WAS RECORDED TODAY.
  LIGHT RAIN


RELATIVE HUMIDITY (PERCENT)
 HIGHEST    96          1200 AM
 LOWEST     60           600 AM
 AVERAGE    78

..........................................................


THE SYRACUSE NY CLIMATE NORMALS FOR TOMORROW
                         NORMAL    RECORD    YEAR
 MAXIMUM TEMPERATURE (F)   33        60      1982
 MINIMUM TEMPERATURE (F)   19       -12      1914


SUNRISE AND SUNSET
DECEMBER 25 2014......SUNRISE   735 AM EST   SUNSET   435 PM EST
DECEMBER 26 2014......SUNRISE   735 AM EST   SUNSET   435 PM EST


-  INDICATES NEGATIVE NUMBERS.
R  INDICATES RECORD WAS SET OR TIED.
MM INDICATES DATA IS MISSING.
T  INDICATES TRACE AMOUNT.




$$
