000
CDUS41 KBGM 230606
CLISYR


CLIMATE REPORT
NATIONAL WEATHER SERVICE BINGHAMTON NY
105 AM EST FRI JAN 23 2015


...................................

...THE SYRACUSE NY CLIMATE SUMMARY FOR JANUARY 22 2015...

CLIMATE NORMAL PERIOD 1981 TO 2010
CLIMATE RECORD PERIOD 1902 TO 2015


WEATHER ITEM   OBSERVED TIME   RECORD YEAR NORMAL DEPARTURE LAST
                VALUE   (LST)  VALUE       VALUE  FROM      YEAR
                                                  NORMAL
..................................................................
TEMPERATURE (F)
 YESTERDAY
  MAXIMUM         26    319 PM  68    1906  31     -5        5
  MINIMUM         18    837 PM -19    1984  15      3      -12
  AVERAGE         22                        23     -1       -3

PRECIPITATION (IN)
  YESTERDAY        0.01          1.41 1904   0.08  -0.07      T
  MONTH TO DATE    1.35                      1.85  -0.50     1.93
  SINCE DEC 1      4.37                      5.07  -0.70     4.82
  SINCE JAN 1      1.35                      1.85  -0.50     1.93

SNOWFALL (IN)
  YESTERDAY        0.3          11.8  2005   1.1   -0.8       T
  MONTH TO DATE   12.4                      24.1  -11.7     17.7
  SINCE DEC 1     29.9                      56.8  -26.9     46.7
  SINCE JUL 1     40.9                      66.7  -25.8     61.0
  SNOW DEPTH       2

DEGREE DAYS
 HEATING
  YESTERDAY       43                        42      1       68
  MONTH TO DATE 1026                       911    115      941
  SINCE DEC 1   2034                      2015     19     2083
  SINCE JUL 1   3219                      3364   -145     3416

 COOLING
  YESTERDAY        0                         0      0        0
  MONTH TO DATE    0                         0      0        0
  SINCE DEC 1      0                         0      0        0
  SINCE JAN 1      0                         0      0        0
..................................................................


WIND (MPH)
  HIGHEST WIND SPEED    16   HIGHEST WIND DIRECTION     W (270)
  HIGHEST GUST SPEED    19   HIGHEST GUST DIRECTION     W (280)
  AVERAGE WIND SPEED     6.0


SKY COVER
  POSSIBLE SUNSHINE  MM
  AVERAGE SKY COVER 0.7


WEATHER CONDITIONS
 THE FOLLOWING WEATHER WAS RECORDED YESTERDAY.
  LIGHT SNOW
  FOG


RELATIVE HUMIDITY (PERCENT)
 HIGHEST    91           500 AM
 LOWEST     55           200 PM
 AVERAGE    73

..........................................................


THE SYRACUSE NY CLIMATE NORMALS FOR TODAY
                         NORMAL    RECORD    YEAR
 MAXIMUM TEMPERATURE (F)   31        68      1906
 MINIMUM TEMPERATURE (F)   15       -18      1976


SUNRISE AND SUNSET
JANUARY 23 2015.......SUNRISE   728 AM EST   SUNSET   505 PM EST
JANUARY 24 2015.......SUNRISE   728 AM EST   SUNSET   506 PM EST


-  INDICATES NEGATIVE NUMBERS.
R  INDICATES RECORD WAS SET OR TIED.
MM INDICATES DATA IS MISSING.
T  INDICATES TRACE AMOUNT.

$$
