000
CDUS41 KBGM 100625
CLISYR


CLIMATE REPORT
NATIONAL WEATHER SERVICE BINGHAMTON NY
125 AM EST SUN DEC 10 2017


...................................

...THE SYRACUSE NY CLIMATE SUMMARY FOR DECEMBER 9 2017...

CLIMATE NORMAL PERIOD 1981 TO 2010
CLIMATE RECORD PERIOD 1902 TO 2017


WEATHER ITEM   OBSERVED TIME   RECORD YEAR NORMAL DEPARTURE LAST
                VALUE   (LST)  VALUE       VALUE  FROM      YEAR
                                                  NORMAL
..................................................................
TEMPERATURE (F)
 YESTERDAY
  MAXIMUM         33    303 PM  67    1966  39     -6       30
  MINIMUM         22   1049 PM -11    1902  25     -3       22
  AVERAGE         28                        32     -4       26

PRECIPITATION (IN)
  YESTERDAY        0.00          1.21 1973   0.12  -0.12     0.09
  MONTH TO DATE    0.24                      1.03  -0.79     1.09
  SINCE DEC 1      0.24                      1.03  -0.79     1.09
  SINCE JAN 1     43.88                     36.28   7.60    38.47

SNOWFALL (IN)
  YESTERDAY        0.0           7.4  1981   1.0   -1.0      4.4
  MONTH TO DATE    T                         8.5   -8.5      6.4
  SINCE DEC 1      T                         8.5   -8.5      6.4
  SINCE JUL 1      5.2                      18.4  -13.2     31.8
  SNOW DEPTH       0

DEGREE DAYS
 HEATING
  YESTERDAY       37                        33      4       39
  MONTH TO DATE  264                       286    -22      267
  SINCE DEC 1    264                       286    -22      267
  SINCE JUL 1   1461                      1635   -174     1461

 COOLING
  YESTERDAY        0                         0      0        0
  MONTH TO DATE    0                         0      0        0
  SINCE DEC 1      0                         0      0        0
  SINCE JAN 1    562                       569     -7      809
..................................................................


WIND (MPH)
  HIGHEST WIND SPEED    10   HIGHEST WIND DIRECTION    SW (220)
  HIGHEST GUST SPEED    12   HIGHEST GUST DIRECTION    SW (210)
  AVERAGE WIND SPEED     3.9


SKY COVER
  POSSIBLE SUNSHINE  MM
  AVERAGE SKY COVER 0.7


WEATHER CONDITIONS
 THE FOLLOWING WEATHER WAS RECORDED YESTERDAY.
  NO SIGNIFICANT WEATHER WAS OBSERVED.


RELATIVE HUMIDITY (PERCENT)
 HIGHEST    96           900 PM
 LOWEST     57          1200 AM
 AVERAGE    77

..........................................................


THE SYRACUSE NY CLIMATE NORMALS FOR TODAY
                         NORMAL    RECORD    YEAR
 MAXIMUM TEMPERATURE (F)   38        70      1966
 MINIMUM TEMPERATURE (F)   25        -1      1982
                                             1904


SUNRISE AND SUNSET
DECEMBER 10 2017......SUNRISE   725 AM EST   SUNSET   429 PM EST
DECEMBER 11 2017......SUNRISE   726 AM EST   SUNSET   429 PM EST


-  INDICATES NEGATIVE NUMBERS.
R  INDICATES RECORD WAS SET OR TIED.
MM INDICATES DATA IS MISSING.
T  INDICATES TRACE AMOUNT.




$$
