000
CDUS41 KBGM 160810
CLISYR


CLIMATE REPORT
NATIONAL WEATHER SERVICE BINGHAMTON NY
410 AM EDT MON OCT 16 2017


...................................

...THE SYRACUSE NY CLIMATE SUMMARY FOR OCTOBER 15 2017...

CLIMATE NORMAL PERIOD 1981 TO 2010
CLIMATE RECORD PERIOD 1902 TO 2017


WEATHER ITEM   OBSERVED TIME   RECORD YEAR NORMAL DEPARTURE LAST
                VALUE   (LST)  VALUE       VALUE  FROM      YEAR
                                                  NORMAL
..................................................................
TEMPERATURE (F)
 YESTERDAY
  MAXIMUM         80    253 PM  83    1947  60     20       67
  MINIMUM         51   1159 PM  29    1996  41     10       34
  AVERAGE         66                        51     15       51

PRECIPITATION (IN)
  YESTERDAY        0.11          1.20 2003   0.11   0.00     0.00
  MONTH TO DATE    1.82                      1.69   0.13     1.80
  SINCE SEP 1      3.20                      5.38  -2.18     5.50
  SINCE JAN 1     35.72                     29.97   5.75    28.71

SNOWFALL (IN)
  YESTERDAY        0.0           T    1972   0.0    0.0      0.0
  MONTH TO DATE    0.0                       0.0    0.0      0.0
  SINCE SEP 1      0.0                       0.0    0.0      0.0
  SINCE JUL 1      0.0                       0.0    0.0      0.0
  SNOW DEPTH       0

DEGREE DAYS
 HEATING
  YESTERDAY        0                        14    -14       14
  MONTH TO DATE   70                       180   -110      147
  SINCE SEP 1    173                       321   -148      235
  SINCE JUL 1    209                       347   -138      236

 COOLING
  YESTERDAY        1                         0      1        0
  MONTH TO DATE   17                         0     17        0
  SINCE SEP 1    112                        52     60       90
  SINCE JAN 1    562                       565     -3      802
..................................................................


WIND (MPH)
  HIGHEST WIND SPEED    45   HIGHEST WIND DIRECTION     W (270)
  HIGHEST GUST SPEED    54   HIGHEST GUST DIRECTION     W (280)
  AVERAGE WIND SPEED    15.8


SKY COVER
  POSSIBLE SUNSHINE  MM
  AVERAGE SKY COVER 0.8


WEATHER CONDITIONS
 THE FOLLOWING WEATHER WAS RECORDED YESTERDAY.
  HEAVY RAIN
  RAIN
  LIGHT RAIN
  FOG
  HAZE


RELATIVE HUMIDITY (PERCENT)
 HIGHEST    93          1200 AM
 LOWEST     58           100 PM
 AVERAGE    76

..........................................................


THE SYRACUSE NY CLIMATE NORMALS FOR TODAY
                         NORMAL    RECORD    YEAR
 MAXIMUM TEMPERATURE (F)   60        82      1962
                                             1947
 MINIMUM TEMPERATURE (F)   41        27      1940


SUNRISE AND SUNSET
OCTOBER 16 2017.......SUNRISE   720 AM EDT   SUNSET   620 PM EDT
OCTOBER 17 2017.......SUNRISE   721 AM EDT   SUNSET   618 PM EDT


-  INDICATES NEGATIVE NUMBERS.
R  INDICATES RECORD WAS SET OR TIED.
MM INDICATES DATA IS MISSING.
T  INDICATES TRACE AMOUNT.




$$
