893
CDUS41 KBGM 300602
CLISYR


CLIMATE REPORT
NATIONAL WEATHER SERVICE BINGHAMTON NY
201 AM EDT FRI SEP 30 2016


...................................

...THE SYRACUSE NY CLIMATE SUMMARY FOR SEPTEMBER 29 2016...

CLIMATE NORMAL PERIOD 1981 TO 2010
CLIMATE RECORD PERIOD 1902 TO 2016


WEATHER ITEM   OBSERVED TIME   RECORD YEAR NORMAL DEPARTURE LAST
                VALUE   (LST)  VALUE       VALUE  FROM      YEAR
                                                  NORMAL
..................................................................
TEMPERATURE (F)
 YESTERDAY
  MAXIMUM         62        MM  90    1959  67     -5       74
  MINIMUM         53        MM  30    2000  47      6       65
  AVERAGE         58                        57      1       70

PRECIPITATION (IN)
  YESTERDAY        T             1.89 2015   0.13  -0.13     1.89
  MONTH TO DATE    3.68                      3.57   0.11     3.96
  SINCE SEP 1      3.68                      3.57   0.11     3.96
  SINCE JAN 1     26.89                     28.16  -1.27    31.28

SNOWFALL (IN)
  YESTERDAY        0.0           0.0  2002   0.0    0.0      0.0
  MONTH TO DATE    0.0                       0.0    0.0      0.0
  SINCE SEP 1      0.0                       0.0    0.0      0.0
  SINCE JUL 1      0.0                       0.0    0.0      0.0
  SNOW DEPTH       0

DEGREE DAYS
 HEATING
  YESTERDAY        7                         9     -2        0
  MONTH TO DATE   78                       131    -53       43
  SINCE SEP 1     78                       131    -53       43
  SINCE JUL 1     79                       157    -78       51

 COOLING
  YESTERDAY        0                         1     -1        5
  MONTH TO DATE   90                        54     36      145
  SINCE SEP 1     90                        54     36      145
  SINCE JAN 1    802                       567    235      717
..................................................................


WIND (MPH)
  HIGHEST WIND SPEED    15   HIGHEST WIND DIRECTION     E (80)
  HIGHEST GUST SPEED    21   HIGHEST GUST DIRECTION     E (80)
  AVERAGE WIND SPEED    10.0


SKY COVER
  POSSIBLE SUNSHINE  MM
  AVERAGE SKY COVER 0.8


WEATHER CONDITIONS
 THE FOLLOWING WEATHER WAS RECORDED YESTERDAY.
  LIGHT RAIN


RELATIVE HUMIDITY (PERCENT)
 HIGHEST    83          1200 AM
 LOWEST     64           200 PM
 AVERAGE    74

..........................................................


THE SYRACUSE NY CLIMATE NORMALS FOR TODAY
                         NORMAL    RECORD    YEAR
 MAXIMUM TEMPERATURE (F)   66        89      1953
 MINIMUM TEMPERATURE (F)   47        28      1991


SUNRISE AND SUNSET
SEPTEMBER 30 2016.....SUNRISE   701 AM EDT   SUNSET   647 PM EDT
OCTOBER  1 2016.......SUNRISE   702 AM EDT   SUNSET   645 PM EDT


-  INDICATES NEGATIVE NUMBERS.
R  INDICATES RECORD WAS SET OR TIED.
MM INDICATES DATA IS MISSING.
T  INDICATES TRACE AMOUNT.




$$
