974
CDUS41 KBGM 180641
CLISYR


CLIMATE REPORT
NATIONAL WEATHER SERVICE BINGHAMTON NY
141 AM EST SUN FEB 18 2018


...................................

...THE SYRACUSE NY CLIMATE SUMMARY FOR FEBRUARY 17 2018...

CLIMATE NORMAL PERIOD 1981 TO 2010
CLIMATE RECORD PERIOD 1902 TO 2018


WEATHER ITEM   OBSERVED TIME   RECORD YEAR NORMAL DEPARTURE LAST
                VALUE   (LST)  VALUE       VALUE  FROM      YEAR
                                                  NORMAL
..................................................................
TEMPERATURE (F)
 YESTERDAY
  MAXIMUM         35    538 PM  60    2006  35      0       30
                                      1981
  MINIMUM         19    440 AM -17    1979  18      1       18
  AVERAGE         27                        26      1       24

PRECIPITATION (IN)
  YESTERDAY        T             1.31 1954   0.07  -0.07     0.01
  MONTH TO DATE    1.52                      1.21   0.31     2.30
  SINCE DEC 1      6.99                      6.93   0.06     8.57
  SINCE JAN 1      4.65                      3.71   0.94     5.33

SNOWFALL (IN)
  YESTERDAY        0.3           7.8  1953   0.9   -0.6      0.5
  MONTH TO DATE   21.8                      15.8    6.0     32.4
  SINCE DEC 1    100.5                      82.5   18.0     78.0
  SINCE JUL 1    105.7                      92.4   13.3    103.4
  SNOW DEPTH       0

DEGREE DAYS
 HEATING
  YESTERDAY       38                        39     -1       41
  MONTH TO DATE  660                       682    -22      639
  SINCE DEC 1   3219                      3069    150     2832
  SINCE JUL 1   4416                      4418     -2     4026

 COOLING
  YESTERDAY        0                         0      0        0
  MONTH TO DATE    0                         0      0        0
  SINCE DEC 1      0                         0      0        0
  SINCE JAN 1      0                         0      0        0
..................................................................


WIND (MPH)
  HIGHEST WIND SPEED    18   HIGHEST WIND DIRECTION     S (180)
  HIGHEST GUST SPEED    24   HIGHEST GUST DIRECTION     S (170)
  AVERAGE WIND SPEED     6.8


SKY COVER
  POSSIBLE SUNSHINE  MM
  AVERAGE SKY COVER 0.9


WEATHER CONDITIONS
 THE FOLLOWING WEATHER WAS RECORDED YESTERDAY.
  LIGHT SNOW
  FOG


RELATIVE HUMIDITY (PERCENT)
 HIGHEST    92          1100 PM
 LOWEST     43           200 PM
 AVERAGE    68

..........................................................


THE SYRACUSE NY CLIMATE NORMALS FOR TODAY
                         NORMAL    RECORD    YEAR
 MAXIMUM TEMPERATURE (F)   35        62      1981
 MINIMUM TEMPERATURE (F)   18       -26      1979


SUNRISE AND SUNSET
FEBRUARY 18 2018......SUNRISE   658 AM EST   SUNSET   540 PM EST
FEBRUARY 19 2018......SUNRISE   656 AM EST   SUNSET   541 PM EST


-  INDICATES NEGATIVE NUMBERS.
R  INDICATES RECORD WAS SET OR TIED.
MM INDICATES DATA IS MISSING.
T  INDICATES TRACE AMOUNT.




$$
