000
CDUS41 KBGM 150925
CLISYR


CLIMATE REPORT
NATIONAL WEATHER SERVICE BINGHAMTON NY
522 AM EDT TUE APR 15 2014


...................................

...THE SYRACUSE NY CLIMATE SUMMARY FOR APRIL 14 2014...

CLIMATE NORMAL PERIOD 1981 TO 2010
CLIMATE RECORD PERIOD 1902 TO 2014


WEATHER ITEM   OBSERVED TIME   RECORD YEAR NORMAL DEPARTURE LAST
                VALUE   (LST)  VALUE       VALUE  FROM      YEAR
                                                  NORMAL
..................................................................
TEMPERATURE (F)
 YESTERDAY
  MAXIMUM         79    241 PM  83    1968  57     22       49
  MINIMUM         53    112 AM  22    1943  36     17       32
  AVERAGE         66                        46     20       41

PRECIPITATION (IN)
  YESTERDAY        0.34          0.65 1948   0.11   0.23     0.01
  MONTH TO DATE    2.02                      1.57   0.45     2.56
  SINCE MAR 1      5.50                      4.52   0.98     4.58
  SINCE JAN 1     11.05                      9.09   1.96     9.00

SNOWFALL (IN)
  YESTERDAY        0.0           2.0  1957   0.1   -0.1       T
  MONTH TO DATE    0.1                       2.6   -2.5     12.0
  SINCE MAR 1     21.8                      20.6    1.2     32.2
  SINCE JUL 1    131.7                     122.5    9.2    115.4
  SNOW DEPTH       0

DEGREE DAYS
 HEATING
  YESTERDAY        0                        19    -19       24
  MONTH TO DATE  267                       301    -34      332
  SINCE MAR 1   1478                      1258    220     1296
  SINCE JUL 1   6570                      6089    481     5667

 COOLING
  YESTERDAY        1                         0      1        0
  MONTH TO DATE    1                         0      1        0
  SINCE MAR 1      1                         0      1        0
  SINCE JAN 1      1                         0      1        0
..................................................................


WIND (MPH)
  HIGHEST WIND SPEED    31   HIGHEST WIND DIRECTION     S (190)
  HIGHEST GUST SPEED    41   HIGHEST GUST DIRECTION     S (160)
  AVERAGE WIND SPEED    14.1


SKY COVER
  POSSIBLE SUNSHINE  MM
  AVERAGE SKY COVER 0.9


WEATHER CONDITIONS
 THE FOLLOWING WEATHER WAS RECORDED YESTERDAY.
  HEAVY RAIN
  RAIN
  LIGHT RAIN
  FOG


RELATIVE HUMIDITY (PERCENT)
 HIGHEST   100           600 PM
 LOWEST     39           300 PM
 AVERAGE    70

..........................................................


THE SYRACUSE NY CLIMATE NORMALS FOR TODAY
                         NORMAL    RECORD    YEAR
 MAXIMUM TEMPERATURE (F)   57        87      1994
 MINIMUM TEMPERATURE (F)   37        18      1926


SUNRISE AND SUNSET
APRIL 15 2014.........SUNRISE   623 AM EDT   SUNSET   747 PM EDT
APRIL 16 2014.........SUNRISE   621 AM EDT   SUNSET   748 PM EDT


-  INDICATES NEGATIVE NUMBERS.
R  INDICATES RECORD WAS SET OR TIED.
MM INDICATES DATA IS MISSING.
T  INDICATES TRACE AMOUNT.




$$
