000
CDUS41 KBGM 220709
CLISYR


CLIMATE REPORT
NATIONAL WEATHER SERVICE BINGHAMTON NY
309 AM EDT WED MAR 22 2017


...................................

...THE SYRACUSE NY CLIMATE SUMMARY FOR MARCH 21 2017...

CLIMATE NORMAL PERIOD 1981 TO 2010
CLIMATE RECORD PERIOD 1902 TO 2017


WEATHER ITEM   OBSERVED TIME   RECORD YEAR NORMAL DEPARTURE LAST
                VALUE   (LST)  VALUE       VALUE  FROM      YEAR
                                                  NORMAL
..................................................................
TEMPERATURE (F)
 YESTERDAY
  MAXIMUM         46    503 PM  81    2012  45      1       40
  MINIMUM         33    130 AM   0    1988  27      6       24
  AVERAGE         40                        36      4       32

PRECIPITATION (IN)
  YESTERDAY        T             1.36 1945   0.10  -0.10      T
  MONTH TO DATE    2.02                      1.92   0.10     1.87
  SINCE MAR 1      2.02                      1.92   0.10     1.87
  SINCE JAN 1      8.60                      6.49   2.11     8.39

SNOWFALL (IN)
  YESTERDAY        T             6.5  1974   0.5   -0.5       T
  MONTH TO DATE   30.2                      14.4   15.8      5.4
  SINCE MAR 1     30.2                      14.4   15.8      5.4
  SINCE JUL 1    133.9                     116.3   17.6     72.2
  SNOW DEPTH       4

DEGREE DAYS
 HEATING
  YESTERDAY       25                        29     -4       33
  MONTH TO DATE  783                       689     94      573
  SINCE MAR 1    783                       689     94      573
  SINCE JUL 1   5052                      5520   -468     4672

 COOLING
  YESTERDAY        0                         0      0        0
  MONTH TO DATE    0                         0      0        0
  SINCE MAR 1      0                         0      0        0
  SINCE JAN 1      0                         0      0        0
..................................................................


WIND (MPH)
  HIGHEST WIND SPEED    30   HIGHEST WIND DIRECTION     W (290)
  HIGHEST GUST SPEED    39   HIGHEST GUST DIRECTION     W (280)
  AVERAGE WIND SPEED     9.7


SKY COVER
  POSSIBLE SUNSHINE  MM
  AVERAGE SKY COVER 0.8


WEATHER CONDITIONS
 THE FOLLOWING WEATHER WAS RECORDED YESTERDAY.
  LIGHT SNOW
  FOG


RELATIVE HUMIDITY (PERCENT)
 HIGHEST    89           400 AM
 LOWEST     45           500 PM
 AVERAGE    67

..........................................................


THE SYRACUSE NY CLIMATE NORMALS FOR TODAY
                         NORMAL    RECORD    YEAR
 MAXIMUM TEMPERATURE (F)   46        82      1938
 MINIMUM TEMPERATURE (F)   27         5      1988


SUNRISE AND SUNSET
MARCH 22 2017.........SUNRISE   704 AM EDT   SUNSET   719 PM EDT
MARCH 23 2017.........SUNRISE   702 AM EDT   SUNSET   721 PM EDT


-  INDICATES NEGATIVE NUMBERS.
R  INDICATES RECORD WAS SET OR TIED.
MM INDICATES DATA IS MISSING.
T  INDICATES TRACE AMOUNT.




$$
