000
CDUS41 KBGM 212231
CLISYR


CLIMATE REPORT
NATIONAL WEATHER SERVICE BINGHAMTON NY
531 PM EST TUE NOV 21 2017


...................................

...THE SYRACUSE NY CLIMATE SUMMARY FOR NOVEMBER 21 2017...
VALID AS OF 0500 PM LOCAL TIME.

CLIMATE NORMAL PERIOD 1981 TO 2010
CLIMATE RECORD PERIOD 1902 TO 2017


WEATHER ITEM   OBSERVED TIME   RECORD YEAR NORMAL DEPARTURE LAST
                VALUE   (LST)  VALUE       VALUE  FROM      YEAR
                                                  NORMAL
..................................................................
TEMPERATURE (F)
 TODAY
  MAXIMUM         52    220 PM  71    1931  46      6       30
  MINIMUM         28    254 AM   9    1987  31     -3       26
  AVERAGE         40                        39      1       28

PRECIPITATION (IN)
  TODAY            0.00          1.27 1954   0.12  -0.12     0.39
  MONTH TO DATE    3.38                      2.47   0.91     2.16
  SINCE SEP 1     10.85                      9.60   1.25    13.55
  SINCE JAN 1     43.37                     34.19   9.18    36.76

SNOWFALL (IN)
  TODAY            0.0          18.3  2016   0.4   -0.4     18.3
  MONTH TO DATE    5.2                       4.7    0.5     24.7
  SINCE SEP 1      5.2                       5.1    0.1     24.9
  SINCE JUL 1      5.2                       5.1    0.1     24.9
  SNOW DEPTH       1

DEGREE DAYS
 HEATING
  TODAY           25                        26     -1       37
  MONTH TO DATE  562                       478     84      441
  SINCE SEP 1    920                      1069   -149      944
  SINCE JUL 1    956                      1095   -139      945

 COOLING
  TODAY            0                         0      0        0
  MONTH TO DATE    0                         0      0        0
  SINCE SEP 1    112                        56     56       97
  SINCE JAN 1    562                       569     -7      809
..................................................................


WIND (MPH)
  HIGHEST WIND SPEED    20   HIGHEST WIND DIRECTION     S (180)
  HIGHEST GUST SPEED    28   HIGHEST GUST DIRECTION     S (190)
  AVERAGE WIND SPEED     9.0


SKY COVER
  POSSIBLE SUNSHINE  MM
  AVERAGE SKY COVER 0.4


WEATHER CONDITIONS
 THE FOLLOWING WEATHER WAS RECORDED TODAY.
  NO SIGNIFICANT WEATHER WAS OBSERVED.


RELATIVE HUMIDITY (PERCENT)
 HIGHEST    78          1200 AM
 LOWEST     33           100 PM
 AVERAGE    56

..........................................................


THE SYRACUSE NY CLIMATE NORMALS FOR TOMORROW
                         NORMAL    RECORD    YEAR
 MAXIMUM TEMPERATURE (F)   46        71      1953
                                             1913
 MINIMUM TEMPERATURE (F)   31        11      2008


SUNRISE AND SUNSET
NOVEMBER 21 2017......SUNRISE   705 AM EST   SUNSET   435 PM EST
NOVEMBER 22 2017......SUNRISE   706 AM EST   SUNSET   435 PM EST


-  INDICATES NEGATIVE NUMBERS.
R  INDICATES RECORD WAS SET OR TIED.
MM INDICATES DATA IS MISSING.
T  INDICATES TRACE AMOUNT.




$$
