000
CDUS41 KBGM 172117
CLISYR


CLIMATE REPORT
NATIONAL WEATHER SERVICE BINGHAMTON NY
517 PM EDT SUN SEP 17 2017


...................................

...THE SYRACUSE NY CLIMATE SUMMARY FOR SEPTEMBER 17 2017...
VALID TODAY AS OF 0500 PM LOCAL TIME.

CLIMATE NORMAL PERIOD 1981 TO 2010
CLIMATE RECORD PERIOD 1902 TO 2017


WEATHER ITEM   OBSERVED TIME   RECORD YEAR NORMAL DEPARTURE LAST
                VALUE   (LST)  VALUE       VALUE  FROM      YEAR
                                                  NORMAL
..................................................................
TEMPERATURE (F)
 TODAY
  MAXIMUM         84    237 PM  89    1942  72     12       77
  MINIMUM         56    607 AM  36    1986  52      4       58
  AVERAGE         70                        62      8       68

PRECIPITATION (IN)
  TODAY            0.00          0.95 1974   0.13  -0.13     0.36
  MONTH TO DATE    1.22                      2.03  -0.81     2.02
  SINCE SEP 1      1.22                      2.03  -0.81     2.02
  SINCE JAN 1     33.74                     26.62   7.12    25.23

SNOWFALL (IN)
  TODAY            0.0           0.0  2002   0.0    0.0      0.0
                                      2000
                                      2001
  MONTH TO DATE    0.0                       0.0    0.0      0.0
  SINCE SEP 1      0.0                       0.0    0.0      0.0
  SINCE JUL 1      0.0                       0.0    0.0      0.0
  SNOW DEPTH       0

DEGREE DAYS
 HEATING
  TODAY            0                         5     -5        0
  MONTH TO DATE   72                        49     23       22
  SINCE SEP 1     72                        49     23       22
  SINCE JUL 1    108                        75     33       23

 COOLING
  TODAY            5                         1      4        3
  MONTH TO DATE   19                        42    -23       65
  SINCE SEP 1     19                        42    -23       65
  SINCE JAN 1    469                       555    -86      777
..................................................................


WIND (MPH)
  HIGHEST WIND SPEED     8   HIGHEST WIND DIRECTION     E (70)
  HIGHEST GUST SPEED     9   HIGHEST GUST DIRECTION     E (80)
  AVERAGE WIND SPEED     2.4


SKY COVER
  POSSIBLE SUNSHINE  MM
  AVERAGE SKY COVER 0.4


WEATHER CONDITIONS
 THE FOLLOWING WEATHER WAS RECORDED TODAY.
  FOG
  FOG W/VISIBILITY <= 1/4 MILE


RELATIVE HUMIDITY (PERCENT)
 HIGHEST   100           100 AM
 LOWEST     51           200 PM
 AVERAGE    76

..........................................................


THE SYRACUSE NY CLIMATE NORMALS FOR TOMORROW
                         NORMAL    RECORD    YEAR
 MAXIMUM TEMPERATURE (F)   71        91      1955
 MINIMUM TEMPERATURE (F)   51        34      1939


SUNRISE AND SUNSET
SEPTEMBER 17 2017.....SUNRISE   646 AM EDT   SUNSET   710 PM EDT
SEPTEMBER 18 2017.....SUNRISE   648 AM EDT   SUNSET   709 PM EDT


-  INDICATES NEGATIVE NUMBERS.
R  INDICATES RECORD WAS SET OR TIED.
MM INDICATES DATA IS MISSING.
T  INDICATES TRACE AMOUNT.




$$
