000
CDUS41 KBGM 182121
CLISYR


CLIMATE REPORT
NATIONAL WEATHER SERVICE BINGHAMTON NY
521 PM EDT MON AUG 18 2014


...................................

...THE SYRACUSE NY CLIMATE SUMMARY FOR AUGUST 18 2014...
VALID TODAY AS OF 0500 PM LOCAL TIME.

CLIMATE NORMAL PERIOD 1981 TO 2010
CLIMATE RECORD PERIOD 1902 TO 2014


WEATHER ITEM   OBSERVED TIME   RECORD YEAR NORMAL DEPARTURE LAST
                VALUE   (LST)  VALUE       VALUE  FROM      YEAR
                                                  NORMAL
..................................................................
TEMPERATURE (F)
 TODAY
  MAXIMUM         73    256 PM  93    1913  80     -7       80
  MINIMUM         58    604 AM  46    1918  60     -2       58
  AVERAGE         66                        70     -4       69

PRECIPITATION (IN)
  TODAY            T             1.16 1973   0.12  -0.12     0.00
  MONTH TO DATE    1.86                      2.08  -0.22     1.29
  SINCE JUN 1      9.78                      9.17   0.61    11.35
  SINCE JAN 1     27.16                     23.10   4.06    25.29

SNOWFALL (IN)
  TODAY            0.0           0.0  2002   0.0    0.0      0.0
                                      2000
                                      2001
  MONTH TO DATE    0.0                       0.0    0.0      0.0
  SINCE JUN 1      0.0                       0.0    0.0      0.0
  SINCE JUL 1      0.0                       0.0    0.0      0.0
  SNOW DEPTH       0

DEGREE DAYS
 HEATING
  TODAY            0                         1     -1        0
  MONTH TO DATE    6                         5      1        3
  SINCE JUN 1     31                        74    -43       67
  SINCE JUL 1      8                        13     -5        6

 COOLING
  TODAY            1                         5     -4        4
  MONTH TO DATE   86                       106    -20       63
  SINCE JUN 1    443                       422     21      490
  SINCE JAN 1    499                       452     47      542
..................................................................


WIND (MPH)
  HIGHEST WIND SPEED    13   HIGHEST WIND DIRECTION    NW (300)
  HIGHEST GUST SPEED    16   HIGHEST GUST DIRECTION    NW (300)
  AVERAGE WIND SPEED     5.7


SKY COVER
  POSSIBLE SUNSHINE  MM
  AVERAGE SKY COVER 0.8


WEATHER CONDITIONS
 THE FOLLOWING WEATHER WAS RECORDED TODAY.
  LIGHT RAIN


RELATIVE HUMIDITY (PERCENT)
 HIGHEST    86           500 AM
 LOWEST     49           200 PM
 AVERAGE    68

..........................................................


THE SYRACUSE NY CLIMATE NORMALS FOR TOMORROW
                         NORMAL    RECORD    YEAR
 MAXIMUM TEMPERATURE (F)   80        94      1936
 MINIMUM TEMPERATURE (F)   60        46      1988
                                             1977


SUNRISE AND SUNSET
AUGUST 18 2014........SUNRISE   613 AM EDT   SUNSET   802 PM EDT
AUGUST 19 2014........SUNRISE   614 AM EDT   SUNSET   801 PM EDT


-  INDICATES NEGATIVE NUMBERS.
R  INDICATES RECORD WAS SET OR TIED.
MM INDICATES DATA IS MISSING.
T  INDICATES TRACE AMOUNT.




$$
