000
CDUS41 KBGM 200238
CLISYR


CLIMATE REPORT
NATIONAL WEATHER SERVICE BINGHAMTON NY
1037 PM EDT WED JUL 19 2017


...................................

...THE SYRACUSE NY CLIMATE SUMMARY FOR JULY 19 2017...
VALID AS OF 1000 PM LOCAL TIME.

CLIMATE NORMAL PERIOD 1981 TO 2010
CLIMATE RECORD PERIOD 1902 TO 2017


WEATHER ITEM   OBSERVED TIME   RECORD YEAR NORMAL DEPARTURE LAST
                VALUE   (LST)  VALUE       VALUE  FROM      YEAR
                                                  NORMAL
..................................................................
TEMPERATURE (F)
 TODAY
  MAXIMUM         86    339 PM  97    1946  82      4       77
  MINIMUM         61    514 AM  49    1939  61      0       61
  AVERAGE         74                        72      2       69

PRECIPITATION (IN)
  TODAY            0.00          1.58 1975   0.12  -0.12     0.00
  MONTH TO DATE    3.05                      2.32   0.73     1.33
  SINCE JUN 1      7.74                      5.63   2.11     3.28
  SINCE JAN 1     29.58                     19.56  10.02    17.84

SNOWFALL (IN)
  TODAY            0.0           0.0  2002   0.0    0.0      0.0
                                      2000
                                      2001
  MONTH TO DATE    0.0                       0.0    0.0      0.0
  SINCE JUN 1      0.0                       0.0    0.0       T
  SINCE JUL 1      0.0                       0.0    0.0      0.0
  SNOW DEPTH       0

DEGREE DAYS
 HEATING
  TODAY            0                         0      0        0
  MONTH TO DATE    0                         2     -2        0
  SINCE JUN 1     71                        63      8       53
  SINCE JUL 1      0                         2     -2        0

 COOLING
  TODAY            9                         7      2        4
  MONTH TO DATE  127                       125      2      157
  SINCE JUN 1    230                       238     -8      258
  SINCE JAN 1    262                       268     -6      314
..................................................................


WIND (MPH)
  HIGHEST WIND SPEED    15   HIGHEST WIND DIRECTION     W (250)
  HIGHEST GUST SPEED    22   HIGHEST GUST DIRECTION     W (250)
  AVERAGE WIND SPEED     4.7


SKY COVER
  POSSIBLE SUNSHINE  MM
  AVERAGE SKY COVER 0.4


WEATHER CONDITIONS
 THE FOLLOWING WEATHER WAS RECORDED TODAY.
  FOG


RELATIVE HUMIDITY (PERCENT)
 HIGHEST   100           100 AM
 LOWEST     51          1100 AM
 AVERAGE    76

..........................................................


THE SYRACUSE NY CLIMATE NORMALS FOR TOMORROW
                         NORMAL    RECORD    YEAR
 MAXIMUM TEMPERATURE (F)   82        96      1991
 MINIMUM TEMPERATURE (F)   61        45      1965


SUNRISE AND SUNSET
JULY 19 2017..........SUNRISE   542 AM EDT   SUNSET   839 PM EDT
JULY 20 2017..........SUNRISE   543 AM EDT   SUNSET   838 PM EDT


-  INDICATES NEGATIVE NUMBERS.
R  INDICATES RECORD WAS SET OR TIED.
MM INDICATES DATA IS MISSING.
T  INDICATES TRACE AMOUNT.




$$
