000
CDUS41 KBGM 052346
CLISYR


CLIMATE REPORT
NATIONAL WEATHER SERVICE BINGHAMTON NY
746 PM EDT SUN JUL 5 2015


...................................

...THE SYRACUSE NY CLIMATE SUMMARY FOR JULY 5 2015...
VALID TODAY AS OF 0500 PM LOCAL TIME.

CLIMATE NORMAL PERIOD 1981 TO 2010
CLIMATE RECORD PERIOD 1902 TO 2015


WEATHER ITEM   OBSERVED TIME   RECORD YEAR NORMAL DEPARTURE LAST
                VALUE   (LST)  VALUE       VALUE  FROM      YEAR
                                                  NORMAL
..................................................................
TEMPERATURE (F)
 TODAY
  MAXIMUM         81    244 PM 100    1911  81      0       81
  MINIMUM         57    453 AM  46    1982  60     -3       56
  AVERAGE         69                        71     -2       69

PRECIPITATION (IN)
  TODAY            0.00          1.32 1951   0.12  -0.12     0.00
  MONTH TO DATE    0.87                      0.59   0.28     0.54
  SINCE JUN 1     10.79                      3.90   6.89     3.28
  SINCE JAN 1     22.91                     17.83   5.08    20.66

SNOWFALL (IN)
  TODAY            0.0           T    1992   0.0    0.0      0.0
  MONTH TO DATE    0.0                       0.0    0.0      0.0
  SINCE JUN 1      0.0                       0.0    0.0      0.0
  SINCE JUL 1      0.0                       0.0    0.0      0.0
  SNOW DEPTH       0

DEGREE DAYS
 HEATING
  TODAY            0                         0      0        0
  MONTH TO DATE    2                         2      0        0
  SINCE JUN 1     55                        63     -8       23
  SINCE JUL 1      2                         2      0        0

 COOLING
  TODAY            4                         6     -2        4
  MONTH TO DATE   10                        30    -20       49
  SINCE JUN 1     99                       143    -44      196
  SINCE JAN 1    204                       173     31      252
..................................................................


WIND (MPH)
  HIGHEST WIND SPEED    12   HIGHEST WIND DIRECTION    NW (320)
  HIGHEST GUST SPEED    17   HIGHEST GUST DIRECTION     W (280)
  AVERAGE WIND SPEED     4.8


SKY COVER
  POSSIBLE SUNSHINE  MM
  AVERAGE SKY COVER 0.2


WEATHER CONDITIONS
 THE FOLLOWING WEATHER WAS RECORDED TODAY.
  FOG


RELATIVE HUMIDITY (PERCENT)
 HIGHEST   100           500 AM
 LOWEST     45           500 PM
 AVERAGE    73

..........................................................


THE SYRACUSE NY CLIMATE NORMALS FOR TOMORROW
                         NORMAL    RECORD    YEAR
 MAXIMUM TEMPERATURE (F)   81        95      2012
 MINIMUM TEMPERATURE (F)   61        46      1940


SUNRISE AND SUNSET
JULY  5 2015..........SUNRISE   531 AM EDT   SUNSET   847 PM EDT
JULY  6 2015..........SUNRISE   532 AM EDT   SUNSET   847 PM EDT


-  INDICATES NEGATIVE NUMBERS.
R  INDICATES RECORD WAS SET OR TIED.
MM INDICATES DATA IS MISSING.
T  INDICATES TRACE AMOUNT.




$$
