000
CDUS41 KBGM 250538
CLISYR


CLIMATE REPORT
NATIONAL WEATHER SERVICE BINGHAMTON NY
137 AM EDT WED MAR 25 2015


...................................

...THE SYRACUSE NY CLIMATE SUMMARY FOR MARCH 24 2015...

CLIMATE NORMAL PERIOD 1981 TO 2010
CLIMATE RECORD PERIOD 1902 TO 2015


WEATHER ITEM   OBSERVED TIME   RECORD YEAR NORMAL DEPARTURE LAST
                VALUE   (LST)  VALUE       VALUE  FROM      YEAR
                                                  NORMAL
..................................................................
TEMPERATURE (F)
 YESTERDAY
  MAXIMUM         33        MM  78    1910  46    -13       25
  MINIMUM          8        MM   6    1906  28    -20       13
  AVERAGE         21                        37    -16       19

PRECIPITATION (IN)
  YESTERDAY        0.00          1.17 1953   0.10  -0.10      T
  MONTH TO DATE    1.04                      2.23  -1.19     1.66
  SINCE MAR 1      1.04                      2.23  -1.19     1.66
  SINCE JAN 1      4.92                      6.80  -1.88     7.21

SNOWFALL (IN)
  YESTERDAY        0.0           4.8  1960   0.4   -0.4      0.4
  MONTH TO DATE   12.3                      15.7   -3.4     21.0
  SINCE MAR 1     12.3                      15.7   -3.4     21.0
  SINCE JUL 1    119.1                     117.6    1.5    130.9
  SNOW DEPTH       4

DEGREE DAYS
 HEATING
  YESTERDAY       44                        28     16       46
  MONTH TO DATE  941                       774    167      982
  SINCE MAR 1    941                       774    167      982
  SINCE JUL 1   6165                      5605    560     6074

 COOLING
  YESTERDAY        0                         0      0        0
  MONTH TO DATE    0                         0      0        0
  SINCE MAR 1      0                         0      0        0
  SINCE JAN 1      0                         0      0        0
..................................................................


WIND (MPH)
  HIGHEST WIND SPEED     5   HIGHEST WIND DIRECTION     N (360)
  HIGHEST GUST SPEED    MM   HIGHEST GUST DIRECTION    MM
  AVERAGE WIND SPEED     1.5


SKY COVER
  POSSIBLE SUNSHINE  MM
  AVERAGE SKY COVER 0.3


WEATHER CONDITIONS
 THE FOLLOWING WEATHER WAS RECORDED YESTERDAY.
  NO SIGNIFICANT WEATHER WAS OBSERVED.


RELATIVE HUMIDITY (PERCENT)
 HIGHEST    80           500 AM
 LOWEST     38           200 PM
 AVERAGE    59

..........................................................


THE SYRACUSE NY CLIMATE NORMALS FOR TODAY
                         NORMAL    RECORD    YEAR
 MAXIMUM TEMPERATURE (F)   47        78      1988
 MINIMUM TEMPERATURE (F)   28         7      1960


SUNRISE AND SUNSET
MARCH 25 2015.........SUNRISE   659 AM EDT   SUNSET   722 PM EDT
MARCH 26 2015.........SUNRISE   658 AM EDT   SUNSET   724 PM EDT


-  INDICATES NEGATIVE NUMBERS.
R  INDICATES RECORD WAS SET OR TIED.
MM INDICATES DATA IS MISSING.
T  INDICATES TRACE AMOUNT.




$$
