000
CDUS41 KBGM 270550
CLISYR


CLIMATE REPORT
NATIONAL WEATHER SERVICE BINGHAMTON NY
149 AM EDT THU AUG 27 2015


...................................

...THE SYRACUSE NY CLIMATE SUMMARY FOR AUGUST 26 2015...

CLIMATE NORMAL PERIOD 1981 TO 2010
CLIMATE RECORD PERIOD 1902 TO 2015


WEATHER ITEM   OBSERVED TIME   RECORD YEAR NORMAL DEPARTURE LAST
                VALUE   (LST)  VALUE       VALUE  FROM      YEAR
                                                  NORMAL
..................................................................
TEMPERATURE (F)
 YESTERDAY
  MAXIMUM         74    103 PM  96    1948  79     -5       85
  MINIMUM         59    512 AM  43    1977  58      1       58
  AVERAGE         67                        68     -1       72

PRECIPITATION (IN)
  YESTERDAY        0.03          1.64 1975   0.11  -0.08     0.00
  MONTH TO DATE    1.79                      3.00  -1.21     3.49
  SINCE JUN 1     15.08                     10.09   4.99    11.41
  SINCE JAN 1     27.20                     24.02   3.18    28.79

SNOWFALL (IN)
  YESTERDAY        0.0           0.0  2002   0.0    0.0      0.0
  MONTH TO DATE    0.0                       0.0    0.0      0.0
  SINCE JUN 1      0.0                       0.0    0.0      0.0
  SINCE JUL 1      0.0                       0.0    0.0      0.0
  SNOW DEPTH       0

DEGREE DAYS
 HEATING
  YESTERDAY        0                         1     -1        0
  MONTH TO DATE    0                        13    -13        8
  SINCE JUN 1     58                        82    -24       33
  SINCE JUL 1      5                        21    -16       10

 COOLING
  YESTERDAY        2                         4     -2        7
  MONTH TO DATE  164                       145     19      122
  SINCE JUN 1    450                       461    -11      479
  SINCE JAN 1    555                       491     64      535
..................................................................


WIND (MPH)
  HIGHEST WIND SPEED    14   HIGHEST WIND DIRECTION    SW (240)
  HIGHEST GUST SPEED    18   HIGHEST GUST DIRECTION     W (260)
  AVERAGE WIND SPEED     6.9


SKY COVER
  POSSIBLE SUNSHINE  MM
  AVERAGE SKY COVER 0.9


WEATHER CONDITIONS
 THE FOLLOWING WEATHER WAS RECORDED YESTERDAY.
  LIGHT RAIN
  FOG


RELATIVE HUMIDITY (PERCENT)
 HIGHEST    93          1000 PM
 LOWEST     53           100 PM
 AVERAGE    73

..........................................................


THE SYRACUSE NY CLIMATE NORMALS FOR TODAY
                         NORMAL    RECORD    YEAR
 MAXIMUM TEMPERATURE (F)   79        97      1948
 MINIMUM TEMPERATURE (F)   58        40      1940


SUNRISE AND SUNSET
AUGUST 27 2015........SUNRISE   623 AM EDT   SUNSET   748 PM EDT
AUGUST 28 2015........SUNRISE   624 AM EDT   SUNSET   747 PM EDT


-  INDICATES NEGATIVE NUMBERS.
R  INDICATES RECORD WAS SET OR TIED.
MM INDICATES DATA IS MISSING.
T  INDICATES TRACE AMOUNT.




$$
