483
CDUS41 KBGM 182310
CLISYR


CLIMATE REPORT
NATIONAL WEATHER SERVICE BINGHAMTON NY
709 PM EDT MON MAY 18 2015


...................................

...THE SYRACUSE NY CLIMATE SUMMARY FOR MAY 18 2015...
VALID TODAY AS OF 0500 PM LOCAL TIME.

CLIMATE NORMAL PERIOD 1981 TO 2010
CLIMATE RECORD PERIOD 1902 TO 2015


WEATHER ITEM   OBSERVED TIME   RECORD YEAR NORMAL DEPARTURE LAST
                VALUE   (LST)  VALUE       VALUE  FROM      YEAR
                                                  NORMAL
..................................................................
TEMPERATURE (F)
 TODAY
  MAXIMUM         86    148 PM  90    1962  70     16       60
  MINIMUM         58    526 AM  30    1983  47     11       39
  AVERAGE         72                        58     14       50

PRECIPITATION (IN)
  TODAY            T             1.10 1976   0.10  -0.10     0.03
  MONTH TO DATE    1.29                      1.80  -0.51     3.46
  SINCE MAR 1      5.60                      7.94  -2.34    11.58
  SINCE JAN 1      9.48                     12.51  -3.03    17.13

SNOWFALL (IN)
  TODAY            0.0           T    2014   0.0    0.0       T
                                      1976
  MONTH TO DATE    0.0                       0.1   -0.1       T
  SINCE MAR 1     12.9                      21.9   -9.0     22.1
  SINCE JUL 1    119.7                     123.8   -4.1    132.0
  SNOW DEPTH       0

DEGREE DAYS
 HEATING
  TODAY            0                         8     -8       15
  MONTH TO DATE   62                       178   -116      141
  SINCE MAR 1   1780                      1682     98     1914
  SINCE JUL 1   7004                      6513    491     7006

 COOLING
  TODAY            7                         1      6        0
  MONTH TO DATE   56                         8     48       32
  SINCE MAR 1     56                        12     44       33
  SINCE JAN 1     56                        12     44       33
..................................................................


WIND (MPH)
  HIGHEST WIND SPEED    14   HIGHEST WIND DIRECTION     W (260)
  HIGHEST GUST SPEED    16   HIGHEST GUST DIRECTION    NW (330)
  AVERAGE WIND SPEED     4.9


SKY COVER
  POSSIBLE SUNSHINE  MM
  AVERAGE SKY COVER 0.7


WEATHER CONDITIONS
 THE FOLLOWING WEATHER WAS RECORDED TODAY.
  THUNDERSTORM
  LIGHT RAIN


RELATIVE HUMIDITY (PERCENT)
 HIGHEST    93           300 AM
 LOWEST     51           100 PM
 AVERAGE    72

..........................................................


THE SYRACUSE NY CLIMATE NORMALS FOR TOMORROW
                         NORMAL    RECORD    YEAR
 MAXIMUM TEMPERATURE (F)   70        92      1971
 MINIMUM TEMPERATURE (F)   47        32      2009
                                             1944


SUNRISE AND SUNSET
MAY 18 2015...........SUNRISE   538 AM EDT   SUNSET   824 PM EDT
MAY 19 2015...........SUNRISE   537 AM EDT   SUNSET   825 PM EDT


-  INDICATES NEGATIVE NUMBERS.
R  INDICATES RECORD WAS SET OR TIED.
MM INDICATES DATA IS MISSING.
T  INDICATES TRACE AMOUNT.




$$
