000
CDUS41 KBGM 140555
CLISYR


CLIMATE REPORT
NATIONAL WEATHER SERVICE BINGHAMTON NY
1253 AM EST SAT JAN 14 2017


...................................

...THE SYRACUSE NY CLIMATE SUMMARY FOR JANUARY 13 2017...

CLIMATE NORMAL PERIOD 1981 TO 2010
CLIMATE RECORD PERIOD 1902 TO 2017


WEATHER ITEM   OBSERVED TIME   RECORD YEAR NORMAL DEPARTURE LAST
                VALUE   (LST)  VALUE       VALUE  FROM      YEAR
                                                  NORMAL
..................................................................
TEMPERATURE (F)
 YESTERDAY
  MAXIMUM         35    102 AM  68    1932  31      4       22
  MINIMUM         19   1159 PM -22    1914  16      3       13
  AVERAGE         27                        23      4       18

PRECIPITATION (IN)
  YESTERDAY        T             0.82 2012   0.09  -0.09     0.19
  MONTH TO DATE    1.28                      1.14   0.14     1.12
  SINCE DEC 1      4.52                      4.36   0.16     5.95
  SINCE JAN 1      1.28                      1.14   0.14     1.12

SNOWFALL (IN)
  YESTERDAY        0.1          13.7  2016   1.1   -1.0     13.7
  MONTH TO DATE    4.8                      13.9   -9.1     19.3
  SINCE DEC 1     42.0                      46.6   -4.6     21.4
  SINCE JUL 1     67.4                      56.5   10.9     22.2
  SNOW DEPTH       0

DEGREE DAYS
 HEATING
  YESTERDAY       38                        42     -4       47
  MONTH TO DATE  505                       533    -28      504
  SINCE DEC 1   1596                      1637    -41     1235
  SINCE JUL 1   2790                      2986   -196     2320

 COOLING
  YESTERDAY        0                         0      0        0
  MONTH TO DATE    0                         0      0        0
  SINCE DEC 1      0                         0      0        0
  SINCE JAN 1      0                         0      0        0
..................................................................


WIND (MPH)
  HIGHEST WIND SPEED    25   HIGHEST WIND DIRECTION     W (280)
  HIGHEST GUST SPEED    34   HIGHEST GUST DIRECTION     W (280)
  AVERAGE WIND SPEED    13.3


SKY COVER
  POSSIBLE SUNSHINE  MM
  AVERAGE SKY COVER 1.0


WEATHER CONDITIONS
 THE FOLLOWING WEATHER WAS RECORDED YESTERDAY.
  LIGHT RAIN
  LIGHT SNOW


RELATIVE HUMIDITY (PERCENT)
 HIGHEST    96           200 AM
 LOWEST     53          1100 AM
 AVERAGE    75

..........................................................


THE SYRACUSE NY CLIMATE NORMALS FOR TODAY
                         NORMAL    RECORD    YEAR
 MAXIMUM TEMPERATURE (F)   31        69      1995
 MINIMUM TEMPERATURE (F)   15       -18      2004


SUNRISE AND SUNSET
JANUARY 14 2017.......SUNRISE   734 AM EST   SUNSET   454 PM EST
JANUARY 15 2017.......SUNRISE   733 AM EST   SUNSET   455 PM EST


-  INDICATES NEGATIVE NUMBERS.
R  INDICATES RECORD WAS SET OR TIED.
MM INDICATES DATA IS MISSING.
T  INDICATES TRACE AMOUNT.

$$
