000
CDUS41 KBGM 302249
CLISYR


CLIMATE REPORT
NATIONAL WEATHER SERVICE BINGHAMTON NY
549 PM EST WED NOV 30 2016


...................................

...THE SYRACUSE NY CLIMATE SUMMARY FOR NOVEMBER 30 2016...
VALID TODAY AS OF 0500 PM LOCAL TIME.

CLIMATE NORMAL PERIOD 1981 TO 2010
CLIMATE RECORD PERIOD 1902 TO 2016


WEATHER ITEM   OBSERVED TIME   RECORD YEAR NORMAL DEPARTURE LAST
                VALUE   (LST)  VALUE       VALUE  FROM      YEAR
                                                  NORMAL
..................................................................
TEMPERATURE (F)
 TODAY
  MAXIMUM         55    353 PM  67    1998  42     13       43
  MINIMUM         34    248 AM   5    1976  28      6       21
  AVERAGE         45                        35     10       32

PRECIPITATION (IN)
  TODAY            0.01          2.07 1944   0.12  -0.11     0.00
  MONTH TO DATE    2.77                      3.53  -0.76     0.89
  SINCE SEP 1     14.16                     10.66   3.50     9.71
  SINCE JAN 1     37.37                     35.25   2.12    37.03

SNOWFALL (IN)
  TODAY            0.0           4.5  1958   0.6   -0.6      0.0
  MONTH TO DATE   25.2                       9.5   15.7      0.4
  SINCE SEP 1     25.4                       9.9   15.5      0.8
  SINCE JUL 1     25.4                       9.9   15.5      0.8
  SNOW DEPTH       0

DEGREE DAYS
 HEATING
  TODAY           20                        30    -10       33
  MONTH TO DATE  690                       732    -42      565
  SINCE SEP 1   1193                      1323   -130     1077
  SINCE JUL 1   1194                      1349   -155     1085

 COOLING
  TODAY            0                         0      0        0
  MONTH TO DATE    0                         0      0        0
  SINCE SEP 1     97                        56     41      145
  SINCE JAN 1    809                       569    240      717
..................................................................


WIND (MPH)
  HIGHEST WIND SPEED    16   HIGHEST WIND DIRECTION     E (110)
  HIGHEST GUST SPEED    20   HIGHEST GUST DIRECTION     E (100)
  AVERAGE WIND SPEED     6.6


SKY COVER
  POSSIBLE SUNSHINE  MM
  AVERAGE SKY COVER 0.9


WEATHER CONDITIONS
 THE FOLLOWING WEATHER WAS RECORDED TODAY.
  LIGHT RAIN
  FOG


RELATIVE HUMIDITY (PERCENT)
 HIGHEST   100          1200 AM
 LOWEST     77           300 PM
 AVERAGE    89

..........................................................


THE SYRACUSE NY CLIMATE NORMALS FOR TOMORROW
                         NORMAL    RECORD    YEAR
 MAXIMUM TEMPERATURE (F)   42        68      2006
 MINIMUM TEMPERATURE (F)   28         1      1936


SUNRISE AND SUNSET
NOVEMBER 30 2016......SUNRISE   716 AM EST   SUNSET   431 PM EST
DECEMBER  1 2016......SUNRISE   717 AM EST   SUNSET   430 PM EST


-  INDICATES NEGATIVE NUMBERS.
R  INDICATES RECORD WAS SET OR TIED.
MM INDICATES DATA IS MISSING.
T  INDICATES TRACE AMOUNT.




$$
