000
CDUS41 KBGM 190559
CLISYR


CLIMATE REPORT
NATIONAL WEATHER SERVICE BINGHAMTON NY
1258 AM EST SUN NOV 19 2017


...................................

...THE SYRACUSE NY CLIMATE SUMMARY FOR NOVEMBER 18 2017...

CLIMATE NORMAL PERIOD 1981 TO 2010
CLIMATE RECORD PERIOD 1902 TO 2017


WEATHER ITEM   OBSERVED TIME   RECORD YEAR NORMAL DEPARTURE LAST
                VALUE   (LST)  VALUE       VALUE  FROM      YEAR
                                                  NORMAL
..................................................................
TEMPERATURE (F)
 YESTERDAY
  MAXIMUM         49   1155 PM  72    1958  48      1       63
  MINIMUM         24    117 AM  10    1924  32     -8       30
  AVERAGE         37                        40     -3       47

PRECIPITATION (IN)
  YESTERDAY        0.36          0.79 1929   0.12   0.24     0.00
  MONTH TO DATE    2.86                      2.11   0.75     1.02
  SINCE SEP 1     10.33                      9.24   1.09    12.41
  SINCE JAN 1     42.85                     33.83   9.02    35.62

SNOWFALL (IN)
  YESTERDAY        0.0           2.8  1980   0.3   -0.3      0.0
  MONTH TO DATE    0.9                       3.6   -2.7      0.0
  SINCE SEP 1      0.9                       4.0   -3.1      0.2
  SINCE JUL 1      0.9                       4.0   -3.1      0.2
  SNOW DEPTH       0

DEGREE DAYS
 HEATING
  YESTERDAY       28                        25      3       18
  MONTH TO DATE  479                       400     79      358
  SINCE SEP 1    837                       991   -154      861
  SINCE JUL 1    873                      1017   -144      862

 COOLING
  YESTERDAY        0                         0      0        0
  MONTH TO DATE    0                         0      0        0
  SINCE SEP 1    112                        56     56       97
  SINCE JAN 1    562                       569     -7      809
..................................................................


WIND (MPH)
  HIGHEST WIND SPEED    16   HIGHEST WIND DIRECTION     S (180)
  HIGHEST GUST SPEED    22   HIGHEST GUST DIRECTION     S (180)
  AVERAGE WIND SPEED     8.6


SKY COVER
  POSSIBLE SUNSHINE  MM
  AVERAGE SKY COVER 0.9


WEATHER CONDITIONS
 THE FOLLOWING WEATHER WAS RECORDED YESTERDAY.
  RAIN
  LIGHT RAIN
  FOG


RELATIVE HUMIDITY (PERCENT)
 HIGHEST    96           700 PM
 LOWEST     49          1200 PM
 AVERAGE    73

..........................................................


THE SYRACUSE NY CLIMATE NORMALS FOR TODAY
                         NORMAL    RECORD    YEAR
 MAXIMUM TEMPERATURE (F)   47        74      1921
 MINIMUM TEMPERATURE (F)   32        14      1962


SUNRISE AND SUNSET
NOVEMBER 19 2017......SUNRISE   702 AM EST   SUNSET   437 PM EST
NOVEMBER 20 2017......SUNRISE   704 AM EST   SUNSET   436 PM EST


-  INDICATES NEGATIVE NUMBERS.
R  INDICATES RECORD WAS SET OR TIED.
MM INDICATES DATA IS MISSING.
T  INDICATES TRACE AMOUNT.




$$
