000
CDUS41 KBGM 170321
CLISYR


CLIMATE REPORT
NATIONAL WEATHER SERVICE BINGHAMTON NY
1021 PM EST TUE DEC 16 2014


...................................

...THE SYRACUSE NY CLIMATE SUMMARY FOR DECEMBER 16 2014...
VALID AS OF 1000 PM LOCAL TIME.

CLIMATE NORMAL PERIOD 1981 TO 2010
CLIMATE RECORD PERIOD 1902 TO 2014


WEATHER ITEM   OBSERVED TIME   RECORD YEAR NORMAL DEPARTURE LAST
                VALUE   (LST)  VALUE       VALUE  FROM      YEAR
                                                  NORMAL
..................................................................
TEMPERATURE (F)
 TODAY
  MAXIMUM         42    959 PM  55    1971  36      6       21
  MINIMUM         33    605 AM  -1    1917  22     11        2
  AVERAGE         38                        29      9       12

PRECIPITATION (IN)
  TODAY            0.18          1.22 1927   0.10   0.08     0.12
  MONTH TO DATE    2.04                      1.77   0.27     1.17
  SINCE DEC 1      2.04                      1.77   0.27     1.17
  SINCE JAN 1     39.52                     37.02   2.50    38.70

SNOWFALL (IN)
  TODAY            0.0          10.7  2007   1.1   -1.1      5.4
  MONTH TO DATE   15.8                      16.2   -0.4     17.4
  SINCE DEC 1     15.8                      16.2   -0.4     17.4
  SINCE JUL 1     26.8                      26.1    0.7     31.7
  SNOW DEPTH       2

DEGREE DAYS
 HEATING
  TODAY           27                        36     -9       53
  MONTH TO DATE  541                       530     11      589
  SINCE DEC 1    541                       530     11      589
  SINCE JUL 1   1726                      1879   -153     1922

 COOLING
  TODAY            0                         0      0        0
  MONTH TO DATE    0                         0      0        0
  SINCE DEC 1      0                         0      0        0
  SINCE JAN 1    647                       569     78      712
..................................................................


WIND (MPH)
  HIGHEST WIND SPEED    14   HIGHEST WIND DIRECTION    SE (130)
  HIGHEST GUST SPEED    17   HIGHEST GUST DIRECTION    SE (130)
  AVERAGE WIND SPEED     7.3


SKY COVER
  POSSIBLE SUNSHINE  MM
  AVERAGE SKY COVER 1.0


WEATHER CONDITIONS
 THE FOLLOWING WEATHER WAS RECORDED TODAY.
  RAIN
  LIGHT RAIN
  FOG


RELATIVE HUMIDITY (PERCENT)
 HIGHEST   100           800 AM
 LOWEST     76           100 PM
 AVERAGE    88

..........................................................


THE SYRACUSE NY CLIMATE NORMALS FOR TOMORROW
                         NORMAL    RECORD    YEAR
 MAXIMUM TEMPERATURE (F)   36        62      2000
 MINIMUM TEMPERATURE (F)   22       -10      1919


SUNRISE AND SUNSET
DECEMBER 16 2014......SUNRISE   730 AM EST   SUNSET   430 PM EST
DECEMBER 17 2014......SUNRISE   731 AM EST   SUNSET   431 PM EST


-  INDICATES NEGATIVE NUMBERS.
R  INDICATES RECORD WAS SET OR TIED.
MM INDICATES DATA IS MISSING.
T  INDICATES TRACE AMOUNT.




$$
