000
CDUS41 KBGM 210547
CLISYR


CLIMATE REPORT
NATIONAL WEATHER SERVICE BINGHAMTON NY
146 AM EDT SUN SEP 21 2014


...................................

...THE SYRACUSE NY CLIMATE SUMMARY FOR SEPTEMBER 20 2014...

CLIMATE NORMAL PERIOD 1981 TO 2010
CLIMATE RECORD PERIOD 1902 TO 2014


WEATHER ITEM   OBSERVED TIME   RECORD YEAR NORMAL DEPARTURE LAST
                VALUE   (LST)  VALUE       VALUE  FROM      YEAR
                                                  NORMAL
..................................................................
TEMPERATURE (F)
 YESTERDAY
  MAXIMUM         76    241 PM  89    1946  71      5       81
  MINIMUM         56   1247 AM  34    1993  50      6       50
  AVERAGE         66                        60      6       66

PRECIPITATION (IN)
  YESTERDAY        0.00          0.94 1977   0.13  -0.13     0.00
  MONTH TO DATE    1.41                      2.41  -1.00     2.52
  SINCE SEP 1      1.41                      2.41  -1.00     2.52
  SINCE JAN 1     30.45                     27.00   3.45    29.10

SNOWFALL (IN)
  YESTERDAY        0.0           0.0  2002   0.0    0.0      0.0
                                      2000
                                      2001
  MONTH TO DATE    0.0                       0.0    0.0      0.0
  SINCE SEP 1      0.0                       0.0    0.0      0.0
  SINCE JUL 1      0.0                       0.0    0.0      0.0
  SNOW DEPTH       0

DEGREE DAYS
 HEATING
  YESTERDAY        0                         6     -6        0
  MONTH TO DATE   78                        65     13       96
  SINCE SEP 1     78                        65     13       96
  SINCE JUL 1     89                        91     -2      102

 COOLING
  YESTERDAY        1                         1      0        1
  MONTH TO DATE   65                        45     20       68
  SINCE SEP 1     65                        45     20       68
  SINCE JAN 1    624                       558     66      711
..................................................................


WIND (MPH)
  HIGHEST WIND SPEED    26   HIGHEST WIND DIRECTION     S (180)
  HIGHEST GUST SPEED    36   HIGHEST GUST DIRECTION     S (170)
  AVERAGE WIND SPEED    16.1


SKY COVER
  POSSIBLE SUNSHINE  MM
  AVERAGE SKY COVER 0.6


WEATHER CONDITIONS
 THE FOLLOWING WEATHER WAS RECORDED YESTERDAY.
  NO SIGNIFICANT WEATHER WAS OBSERVED.


RELATIVE HUMIDITY (PERCENT)
 HIGHEST    78           600 AM
 LOWEST     57          1200 PM
 AVERAGE    68

..........................................................


THE SYRACUSE NY CLIMATE NORMALS FOR TODAY
                         NORMAL    RECORD    YEAR
 MAXIMUM TEMPERATURE (F)   70        91      1931
 MINIMUM TEMPERATURE (F)   50        35      1973
                                             1929


SUNRISE AND SUNSET
SEPTEMBER 21 2014.....SUNRISE   651 AM EDT   SUNSET   704 PM EDT
SEPTEMBER 22 2014.....SUNRISE   652 AM EDT   SUNSET   702 PM EDT


-  INDICATES NEGATIVE NUMBERS.
R  INDICATES RECORD WAS SET OR TIED.
MM INDICATES DATA IS MISSING.
T  INDICATES TRACE AMOUNT.




$$
