000
CDUS41 KBGM 290530
CLISYR


CLIMATE REPORT
NATIONAL WEATHER SERVICE BINGHAMTON NY
129 AM EDT FRI APR 29 2016


...................................

...THE SYRACUSE NY CLIMATE SUMMARY FOR APRIL 28 2016...

CLIMATE NORMAL PERIOD 1981 TO 2010
CLIMATE RECORD PERIOD 1902 TO 2016


WEATHER ITEM   OBSERVED TIME   RECORD YEAR NORMAL DEPARTURE LAST
                VALUE   (LST)  VALUE       VALUE  FROM      YEAR
                                                  NORMAL
..................................................................
TEMPERATURE (F)
 YESTERDAY
  MAXIMUM         57    156 PM  92    1990  63     -6       64
  MINIMUM         28    519 AM  24    1947  41    -13       40
  AVERAGE         43                        52     -9       52

PRECIPITATION (IN)
  YESTERDAY        0.00          1.10 1928   0.10  -0.10     0.00
  MONTH TO DATE    2.01                      2.98  -0.97     2.79
  SINCE MAR 1      4.46                      5.93  -1.47     4.31
  SINCE JAN 1     10.98                     10.50   0.48     8.19

SNOWFALL (IN)
  YESTERDAY        0.0           T    2010   0.0    0.0      0.0
                                      2004
                                      1987
  MONTH TO DATE    8.1                       3.7    4.4      0.6
  SINCE MAR 1     13.5                      21.7   -8.2     12.9
  SINCE JUL 1     80.3                     123.6  -43.3    119.7
  SNOW DEPTH       0

DEGREE DAYS
 HEATING
  YESTERDAY       22                        13      9       13
  MONTH TO DATE  633                       521    112      532
  SINCE MAR 1   1408                      1478    -70     1701
  SINCE JUL 1   5507                      6309   -802     6925

 COOLING
  YESTERDAY        0                         0      0        0
  MONTH TO DATE    0                         0      0        0
  SINCE MAR 1      0                         0      0        0
  SINCE JAN 1      0                         0      0        0
..................................................................


WIND (MPH)
  HIGHEST WIND SPEED    14   HIGHEST WIND DIRECTION    NW (330)
  HIGHEST GUST SPEED    17   HIGHEST GUST DIRECTION    NW (320)
  AVERAGE WIND SPEED     4.0


SKY COVER
  POSSIBLE SUNSHINE  MM
  AVERAGE SKY COVER 0.9


WEATHER CONDITIONS
 THE FOLLOWING WEATHER WAS RECORDED YESTERDAY.
  NO SIGNIFICANT WEATHER WAS OBSERVED.


RELATIVE HUMIDITY (PERCENT)
 HIGHEST    85           500 AM
 LOWEST     25           200 PM
 AVERAGE    55

..........................................................


THE SYRACUSE NY CLIMATE NORMALS FOR TODAY
                         NORMAL    RECORD    YEAR
 MAXIMUM TEMPERATURE (F)   63        85      1962
 MINIMUM TEMPERATURE (F)   41        27      1977
                                             1949


SUNRISE AND SUNSET
APRIL 29 2016.........SUNRISE   600 AM EDT   SUNSET   804 PM EDT
APRIL 30 2016.........SUNRISE   559 AM EDT   SUNSET   805 PM EDT


-  INDICATES NEGATIVE NUMBERS.
R  INDICATES RECORD WAS SET OR TIED.
MM INDICATES DATA IS MISSING.
T  INDICATES TRACE AMOUNT.

$$
