650
CDUS41 KBGM 180604
CLISYR


CLIMATE REPORT
NATIONAL WEATHER SERVICE BINGHAMTON NY
103 AM EST SAT FEB 18 2017


...................................

...THE SYRACUSE NY CLIMATE SUMMARY FOR FEBRUARY 17 2017...

CLIMATE NORMAL PERIOD 1981 TO 2010
CLIMATE RECORD PERIOD 1902 TO 2017


WEATHER ITEM   OBSERVED TIME   RECORD YEAR NORMAL DEPARTURE LAST
                VALUE   (LST)  VALUE       VALUE  FROM      YEAR
                                                  NORMAL
..................................................................
TEMPERATURE (F)
 YESTERDAY
  MAXIMUM         30    312 PM  60    2006  35     -5       31
                                      1981
  MINIMUM         18   1159 PM -17    1979  18      0       20
  AVERAGE         24                        26     -2       26

PRECIPITATION (IN)
  YESTERDAY        0.01          1.31 1954   0.07  -0.06     0.04
  MONTH TO DATE    2.30                      1.21   1.09     3.21
  SINCE DEC 1      8.57                      6.93   1.64     9.75
  SINCE JAN 1      5.33                      3.71   1.62     4.92

SNOWFALL (IN)
  YESTERDAY        0.5           7.8  1953   0.9   -0.4      0.5
  MONTH TO DATE   32.4                      15.8   16.6     21.6
  SINCE DEC 1     78.0                      82.5   -4.5     62.5
  SINCE JUL 1    103.4                      92.4   11.0     63.3
  SNOW DEPTH      12

DEGREE DAYS
 HEATING
  YESTERDAY       41                        39      2       39
  MONTH TO DATE  639                       682    -43      675
  SINCE DEC 1   2832                      3069   -237     2610
  SINCE JUL 1   4026                      4418   -392     3695

 COOLING
  YESTERDAY        0                         0      0        0
  MONTH TO DATE    0                         0      0        0
  SINCE DEC 1      0                         0      0        0
  SINCE JAN 1      0                         0      0        0
..................................................................


WIND (MPH)
  HIGHEST WIND SPEED    17   HIGHEST WIND DIRECTION     W (290)
  HIGHEST GUST SPEED    22   HIGHEST GUST DIRECTION    NW (310)
  AVERAGE WIND SPEED     7.2


SKY COVER
  POSSIBLE SUNSHINE  MM
  AVERAGE SKY COVER 0.9


WEATHER CONDITIONS
 THE FOLLOWING WEATHER WAS RECORDED YESTERDAY.
  LIGHT SNOW
  FOG
  HAZE


RELATIVE HUMIDITY (PERCENT)
 HIGHEST    96          1000 AM
 LOWEST     68           200 PM
 AVERAGE    82

..........................................................


THE SYRACUSE NY CLIMATE NORMALS FOR TODAY
                         NORMAL    RECORD    YEAR
 MAXIMUM TEMPERATURE (F)   35        62      1981
 MINIMUM TEMPERATURE (F)   18       -26      1979


SUNRISE AND SUNSET
FEBRUARY 18 2017......SUNRISE   657 AM EST   SUNSET   540 PM EST
FEBRUARY 19 2017......SUNRISE   656 AM EST   SUNSET   541 PM EST


-  INDICATES NEGATIVE NUMBERS.
R  INDICATES RECORD WAS SET OR TIED.
MM INDICATES DATA IS MISSING.
T  INDICATES TRACE AMOUNT.




$$
