818
CDUS41 KBGM 221913
CLISYR


CLIMATE REPORT
NATIONAL WEATHER SERVICE BINGHAMTON NY
312 PM EDT MON MAY 22 2017


...................................

...THE SYRACUSE NY CLIMATE SUMMARY FOR MAY 21 2017...

CLIMATE NORMAL PERIOD 1981 TO 2010
CLIMATE RECORD PERIOD 1902 TO 2017


WEATHER ITEM   OBSERVED TIME   RECORD YEAR NORMAL DEPARTURE LAST
                VALUE   (LST)  VALUE       VALUE  FROM      YEAR
                                                  NORMAL
..................................................................
TEMPERATURE (F)
 YESTERDAY
  MAXIMUM         70   1155 AM  96    1977  70      0       70
  MINIMUM         49   1215 AM  33    1906  48      1       46
  AVERAGE         60                        59      1       58

PRECIPITATION (IN)
  YESTERDAY        0.39          1.11 1947   0.11   0.28      T
  MONTH TO DATE    3.67                      2.13   1.54     1.10
  SINCE MAR 1     12.47                      8.27   4.20     5.56
  SINCE JAN 1     19.05                     12.84   6.21    12.08

SNOWFALL (IN)
  YESTERDAY        0.0           T    2006   0.0    0.0      0.0
  MONTH TO DATE    0.0                       0.1   -0.1       T
  SINCE MAR 1     31.2                      21.9    9.3     13.5
  SINCE JUL 1    134.9                     123.8   11.1     80.3
  SNOW DEPTH       0

DEGREE DAYS
 HEATING
  YESTERDAY        5                         7     -2        7
  MONTH TO DATE  263                       199     64      254
  SINCE MAR 1   1761                      1703     58     1692
  SINCE JUL 1   6030                      6534   -504     5791

 COOLING
  YESTERDAY        0                         1     -1        0
  MONTH TO DATE   18                        11      7        0
  SINCE MAR 1     30                        15     15        0
  SINCE JAN 1     30                        15     15        0
..................................................................


WIND (MPH)
  HIGHEST WIND SPEED    21   HIGHEST WIND DIRECTION     S (180)
  HIGHEST GUST SPEED    27   HIGHEST GUST DIRECTION    SE (130)
  AVERAGE WIND SPEED     9.7


SKY COVER
  POSSIBLE SUNSHINE  MM
  AVERAGE SKY COVER 0.9


WEATHER CONDITIONS
 THE FOLLOWING WEATHER WAS RECORDED YESTERDAY.
  HEAVY RAIN
  RAIN
  LIGHT RAIN
  FOG


RELATIVE HUMIDITY (PERCENT)
 HIGHEST   100          1100 PM
 LOWEST     39           400 PM
 AVERAGE    70

..........................................................


THE SYRACUSE NY CLIMATE NORMALS FOR TODAY
                         NORMAL    RECORD    YEAR
 MAXIMUM TEMPERATURE (F)   71        92      1911
 MINIMUM TEMPERATURE (F)   48        35      1990
                                             1967


SUNRISE AND SUNSET
MAY 22 2017...........SUNRISE   534 AM EDT   SUNSET   829 PM EDT
MAY 23 2017...........SUNRISE   533 AM EDT   SUNSET   830 PM EDT


-  INDICATES NEGATIVE NUMBERS.
R  INDICATES RECORD WAS SET OR TIED.
MM INDICATES DATA IS MISSING.
T  INDICATES TRACE AMOUNT.




$$
