000
CDUS41 KBGM 290224
CLISYR


CLIMATE REPORT
NATIONAL WEATHER SERVICE BINGHAMTON NY
1024 PM EDT SUN SEP 28 2014


...................................

...THE SYRACUSE NY CLIMATE SUMMARY FOR SEPTEMBER 28 2014...
VALID AS OF 1000 PM LOCAL TIME.

CLIMATE NORMAL PERIOD 1981 TO 2010
CLIMATE RECORD PERIOD 1902 TO 2014


WEATHER ITEM   OBSERVED TIME   RECORD YEAR NORMAL DEPARTURE LAST
                VALUE   (LST)  VALUE       VALUE  FROM      YEAR
                                                  NORMAL
..................................................................
TEMPERATURE (F)
 TODAY
  MAXIMUM         81    215 PM  87    1946  67     14       73
  MINIMUM         51    616 AM  25    1947  47      4       45
  AVERAGE         66                        57      9       59

PRECIPITATION (IN)
  TODAY            0.00          0.93 2006   0.12  -0.12     0.00
  MONTH TO DATE    1.60                      3.44  -1.84     3.20
  SINCE SEP 1      1.60                      3.44  -1.84     3.20
  SINCE JAN 1     30.64                     28.03   2.61    29.78

SNOWFALL (IN)
  TODAY            0.0           0.0  2002   0.0    0.0      0.0
  MONTH TO DATE    0.0                       0.0    0.0      0.0
  SINCE SEP 1      0.0                       0.0    0.0      0.0
  SINCE JUL 1      0.0                       0.0    0.0      0.0
  SNOW DEPTH       0

DEGREE DAYS
 HEATING
  TODAY            0                         8     -8        6
  MONTH TO DATE  103                       122    -19      164
  SINCE SEP 1    103                       122    -19      164
  SINCE JUL 1    114                       148    -34      170

 COOLING
  TODAY            1                         1      0        0
  MONTH TO DATE   73                        53     20       68
  SINCE SEP 1     73                        53     20       68
  SINCE JAN 1    632                       566     66      711
..................................................................


WIND (MPH)
  HIGHEST WIND SPEED    10   HIGHEST WIND DIRECTION    NW (320)
  HIGHEST GUST SPEED    12   HIGHEST GUST DIRECTION    NW (330)
  AVERAGE WIND SPEED     2.1


SKY COVER
  POSSIBLE SUNSHINE  MM
  AVERAGE SKY COVER 0.5


WEATHER CONDITIONS
 THE FOLLOWING WEATHER WAS RECORDED TODAY.
  FOG


RELATIVE HUMIDITY (PERCENT)
 HIGHEST    96           500 AM
 LOWEST     42           200 PM
 AVERAGE    69

..........................................................


THE SYRACUSE NY CLIMATE NORMALS FOR TOMORROW
                         NORMAL    RECORD    YEAR
 MAXIMUM TEMPERATURE (F)   67        90      1959
 MINIMUM TEMPERATURE (F)   47        30      2000


SUNRISE AND SUNSET
SEPTEMBER 28 2014.....SUNRISE   658 AM EDT   SUNSET   651 PM EDT
SEPTEMBER 29 2014.....SUNRISE   659 AM EDT   SUNSET   649 PM EDT


-  INDICATES NEGATIVE NUMBERS.
R  INDICATES RECORD WAS SET OR TIED.
MM INDICATES DATA IS MISSING.
T  INDICATES TRACE AMOUNT.




$$
