000
CDUS41 KBGM 180328
CLISYR


CLIMATE REPORT
NATIONAL WEATHER SERVICE BINGHAMTON NY
1028 PM EST WED DEC 17 2014


...................................

...THE SYRACUSE NY CLIMATE SUMMARY FOR DECEMBER 17 2014...
VALID AS OF 1000 PM LOCAL TIME.

CLIMATE NORMAL PERIOD 1981 TO 2010
CLIMATE RECORD PERIOD 1902 TO 2014


WEATHER ITEM   OBSERVED TIME   RECORD YEAR NORMAL DEPARTURE LAST
                VALUE   (LST)  VALUE       VALUE  FROM      YEAR
                                                  NORMAL
..................................................................
TEMPERATURE (F)
 TODAY
  MAXIMUM         41    908 AM  62    2000  36      5       18
  MINIMUM         31    247 AM -10    1919  22      9       -3
  AVERAGE         36                        29      7        8

PRECIPITATION (IN)
  TODAY            0.06          0.77 1929   0.10  -0.04     0.17
  MONTH TO DATE    2.13                      1.87   0.26     1.34
  SINCE DEC 1      2.13                      1.87   0.26     1.34
  SINCE JAN 1     39.61                     37.12   2.49    38.87

SNOWFALL (IN)
  TODAY            T            12.2  1973   1.2   -1.2      2.5
  MONTH TO DATE   15.8                      17.4   -1.6     19.9
  SINCE DEC 1     15.8                      17.4   -1.6     19.9
  SINCE JUL 1     26.8                      27.3   -0.5     34.2
  SNOW DEPTH       0

DEGREE DAYS
 HEATING
  TODAY           29                        36     -7       57
  MONTH TO DATE  570                       566      4      646
  SINCE DEC 1    570                       566      4      646
  SINCE JUL 1   1755                      1915   -160     1979

 COOLING
  TODAY            0                         0      0        0
  MONTH TO DATE    0                         0      0        0
  SINCE DEC 1      0                         0      0        0
  SINCE JAN 1    647                       569     78      712
..................................................................


WIND (MPH)
  HIGHEST WIND SPEED    24   HIGHEST WIND DIRECTION     W (260)
  HIGHEST GUST SPEED    30   HIGHEST GUST DIRECTION    SW (240)
  AVERAGE WIND SPEED    13.2


SKY COVER
  POSSIBLE SUNSHINE  MM
  AVERAGE SKY COVER 0.9


WEATHER CONDITIONS
 THE FOLLOWING WEATHER WAS RECORDED TODAY.
  LIGHT RAIN
  SNOW
  LIGHT SNOW
  FOG


RELATIVE HUMIDITY (PERCENT)
 HIGHEST   100           200 AM
 LOWEST     85          1200 PM
 AVERAGE    93

..........................................................


THE SYRACUSE NY CLIMATE NORMALS FOR TOMORROW
                         NORMAL    RECORD    YEAR
 MAXIMUM TEMPERATURE (F)   35        58      1921
 MINIMUM TEMPERATURE (F)   22       -13      1919


SUNRISE AND SUNSET
DECEMBER 17 2014......SUNRISE   731 AM EST   SUNSET   431 PM EST
DECEMBER 18 2014......SUNRISE   731 AM EST   SUNSET   431 PM EST


-  INDICATES NEGATIVE NUMBERS.
R  INDICATES RECORD WAS SET OR TIED.
MM INDICATES DATA IS MISSING.
T  INDICATES TRACE AMOUNT.




$$
