000
CDUS41 KBGM 252200
CLISYR


CLIMATE REPORT
NATIONAL WEATHER SERVICE BINGHAMTON NY
600 PM EDT WED MAR 25 2015


...................................

...THE SYRACUSE NY CLIMATE SUMMARY FOR MARCH 25 2015...
VALID TODAY AS OF 0500 PM LOCAL TIME.

CLIMATE NORMAL PERIOD 1981 TO 2010
CLIMATE RECORD PERIOD 1902 TO 2015


WEATHER ITEM   OBSERVED TIME   RECORD YEAR NORMAL DEPARTURE LAST
                VALUE   (LST)  VALUE       VALUE  FROM      YEAR
                                                  NORMAL
..................................................................
TEMPERATURE (F)
 TODAY
  MAXIMUM         48   1254 PM  78    1988  47      1       38
  MINIMUM         17    624 AM   7    1960  28    -11       15
  AVERAGE         33                        38     -5       27

PRECIPITATION (IN)
  TODAY            0.08          1.57 1913   0.10  -0.02      T
  MONTH TO DATE    1.12                      2.33  -1.21     1.66
  SINCE MAR 1      1.12                      2.33  -1.21     1.66
  SINCE JAN 1      5.00                      6.90  -1.90     7.21

SNOWFALL (IN)
  TODAY           MM             1.7  1974   0.4   MM        0.2
  MONTH TO DATE   12.3                      16.1   -3.8     21.2
  SINCE MAR 1     12.3                      16.1   -3.8     21.2
  SINCE JUL 1    119.1                     118.0    1.1    131.1
  SNOW DEPTH       3

DEGREE DAYS
 HEATING
  TODAY           32                        27      5       38
  MONTH TO DATE  973                       801    172     1020
  SINCE MAR 1    973                       801    172     1020
  SINCE JUL 1   6197                      5632    565     6112

 COOLING
  TODAY            0                         0      0        0
  MONTH TO DATE    0                         0      0        0
  SINCE MAR 1      0                         0      0        0
  SINCE JAN 1      0                         0      0        0
..................................................................


WIND (MPH)
  HIGHEST WIND SPEED    28   HIGHEST WIND DIRECTION     S (170)
  HIGHEST GUST SPEED    37   HIGHEST GUST DIRECTION     S (170)
  AVERAGE WIND SPEED     8.8


SKY COVER
  POSSIBLE SUNSHINE  MM
  AVERAGE SKY COVER 0.6


WEATHER CONDITIONS
 THE FOLLOWING WEATHER WAS RECORDED TODAY.
  RAIN
  LIGHT RAIN


RELATIVE HUMIDITY (PERCENT)
 HIGHEST    77           500 AM
 LOWEST     36          1100 AM
 AVERAGE    57

..........................................................


THE SYRACUSE NY CLIMATE NORMALS FOR TOMORROW
                         NORMAL    RECORD    YEAR
 MAXIMUM TEMPERATURE (F)   47        81      1945
 MINIMUM TEMPERATURE (F)   29         5      1960


SUNRISE AND SUNSET
MARCH 25 2015.........SUNRISE   659 AM EDT   SUNSET   722 PM EDT
MARCH 26 2015.........SUNRISE   658 AM EDT   SUNSET   724 PM EDT


-  INDICATES NEGATIVE NUMBERS.
R  INDICATES RECORD WAS SET OR TIED.
MM INDICATES DATA IS MISSING.
T  INDICATES TRACE AMOUNT.




$$
