217
CDUS41 KBGM 030551
CLISYR


CLIMATE REPORT
NATIONAL WEATHER SERVICE BINGHAMTON NY
1250 AM EST WED FEB 3 2016


...................................

...THE SYRACUSE NY CLIMATE SUMMARY FOR FEBRUARY 2 2016...

CLIMATE NORMAL PERIOD 1981 TO 2010
CLIMATE RECORD PERIOD 1902 TO 2016


WEATHER ITEM   OBSERVED TIME   RECORD YEAR NORMAL DEPARTURE LAST
                VALUE   (LST)  VALUE       VALUE  FROM      YEAR
                                                  NORMAL
..................................................................
TEMPERATURE (F)
 YESTERDAY
  MAXIMUM         41    413 PM  53    1973  32      9       14
  MINIMUM         29   1236 AM -19    1961  16     13        1
  AVERAGE         35                        24     11        8

PRECIPITATION (IN)
  YESTERDAY        0.00          0.87 1973   0.07  -0.07     0.34
  MONTH TO DATE    T                         0.14  -0.14     0.40
  SINCE DEC 1      6.54                      5.86   0.68     5.02
  SINCE JAN 1      1.71                      2.64  -0.93     2.00

SNOWFALL (IN)
  YESTERDAY        0.0           8.8  2015   1.0   -1.0      8.8
  MONTH TO DATE    0.0                       2.0   -2.0     10.0
  SINCE DEC 1     40.9                      68.7  -27.8     45.8
  SINCE JUL 1     41.7                      78.6  -36.9     56.8
  SNOW DEPTH       0

DEGREE DAYS
 HEATING
  YESTERDAY       30                        41    -11       57
  MONTH TO DATE   53                        82    -29      104
  SINCE DEC 1   1988                      2469   -481     2584
  SINCE JUL 1   3073                      3818   -745     3769

 COOLING
  YESTERDAY        0                         0      0        0
  MONTH TO DATE    0                         0      0        0
  SINCE DEC 1      0                         0      0        0
  SINCE JAN 1      0                         0      0        0
..................................................................


WIND (MPH)
  HIGHEST WIND SPEED    15   HIGHEST WIND DIRECTION     E (80)
  HIGHEST GUST SPEED    19   HIGHEST GUST DIRECTION     E (80)
  AVERAGE WIND SPEED     6.9


SKY COVER
  POSSIBLE SUNSHINE  MM
  AVERAGE SKY COVER 0.8


WEATHER CONDITIONS
 THE FOLLOWING WEATHER WAS RECORDED YESTERDAY.
  NO SIGNIFICANT WEATHER WAS OBSERVED.


RELATIVE HUMIDITY (PERCENT)
 HIGHEST    85          1200 AM
 LOWEST     55           400 PM
 AVERAGE    70

..........................................................


THE SYRACUSE NY CLIMATE NORMALS FOR TODAY
                         NORMAL    RECORD    YEAR
 MAXIMUM TEMPERATURE (F)   32        54      1991
 MINIMUM TEMPERATURE (F)   16       -14      1961


SUNRISE AND SUNSET
FEBRUARY  3 2016......SUNRISE   718 AM EST   SUNSET   519 PM EST
FEBRUARY  4 2016......SUNRISE   717 AM EST   SUNSET   520 PM EST


-  INDICATES NEGATIVE NUMBERS.
R  INDICATES RECORD WAS SET OR TIED.
MM INDICATES DATA IS MISSING.
T  INDICATES TRACE AMOUNT.




$$
