000
CDUS41 KBGM 210403
CLISYR


CLIMATE REPORT
NATIONAL WEATHER SERVICE BINGHAMTON NY
1102 PM EST SAT JAN 20 2018


...................................

...THE SYRACUSE NY CLIMATE SUMMARY FOR JANUARY 20 2018...
VALID AS OF 1000 PM LOCAL TIME.

CLIMATE NORMAL PERIOD 1981 TO 2010
CLIMATE RECORD PERIOD 1902 TO 2018


WEATHER ITEM   OBSERVED TIME   RECORD YEAR NORMAL DEPARTURE LAST
                VALUE   (LST)  VALUE       VALUE  FROM      YEAR
                                                  NORMAL
..................................................................
TEMPERATURE (F)
 TODAY
  MAXIMUM         43    320 PM  61    1951  31     12       43
  MINIMUM         30    959 PM  -9    1983  15     15       34
  AVERAGE         37                        23     14       39

PRECIPITATION (IN)
  TODAY            0.00          1.22 1986   0.08  -0.08     0.01
  MONTH TO DATE    2.74                      1.69   1.05     2.36
  SINCE DEC 1      5.08                      4.91   0.17     5.60
  SINCE JAN 1      2.74                      1.69   1.05     2.36

SNOWFALL (IN)
  TODAY            0.0          13.5  1978   1.1   -1.1      0.0
  MONTH TO DATE   38.1                      21.8   16.3      4.8
  SINCE DEC 1     72.3                      54.5   17.8     42.0
  SINCE JUL 1     77.5                      64.4   13.1     67.4
  SNOW DEPTH       7

DEGREE DAYS
 HEATING
  TODAY           28                        42    -14       26
  MONTH TO DATE  940                       827    113      744
  SINCE DEC 1   2201                      1931    270     1835
  SINCE JUL 1   3398                      3280    118     3029

 COOLING
  TODAY            0                         0      0        0
  MONTH TO DATE    0                         0      0        0
  SINCE DEC 1      0                         0      0        0
  SINCE JAN 1      0                         0      0        0
..................................................................


WIND (MPH)
  HIGHEST WIND SPEED    28   HIGHEST WIND DIRECTION     W (250)
  HIGHEST GUST SPEED    34   HIGHEST GUST DIRECTION     W (250)
  AVERAGE WIND SPEED    11.5


SKY COVER
  POSSIBLE SUNSHINE  MM
  AVERAGE SKY COVER 0.7


WEATHER CONDITIONS
 THE FOLLOWING WEATHER WAS RECORDED TODAY.
  NO SIGNIFICANT WEATHER WAS OBSERVED.


RELATIVE HUMIDITY (PERCENT)
 HIGHEST    78           900 PM
 LOWEST     52          1200 AM
 AVERAGE    65

..........................................................


THE SYRACUSE NY CLIMATE NORMALS FOR TOMORROW
                         NORMAL    RECORD    YEAR
 MAXIMUM TEMPERATURE (F)   31        68      1906
 MINIMUM TEMPERATURE (F)   15       -12      2005


SUNRISE AND SUNSET
JANUARY 20 2018.......SUNRISE   730 AM EST   SUNSET   501 PM EST
JANUARY 21 2018.......SUNRISE   730 AM EST   SUNSET   502 PM EST


-  INDICATES NEGATIVE NUMBERS.
R  INDICATES RECORD WAS SET OR TIED.
MM INDICATES DATA IS MISSING.
T  INDICATES TRACE AMOUNT.




$$
