000
CDUS41 KBGM 260552
CLISYR


CLIMATE REPORT
NATIONAL WEATHER SERVICE BINGHAMTON NY
151 AM EDT WED APR 26 2017


...................................

...THE SYRACUSE NY CLIMATE SUMMARY FOR APRIL 25 2017...

CLIMATE NORMAL PERIOD 1981 TO 2010
CLIMATE RECORD PERIOD 1902 TO 2017


WEATHER ITEM   OBSERVED TIME   RECORD YEAR NORMAL DEPARTURE LAST
                VALUE   (LST)  VALUE       VALUE  FROM      YEAR
                                                  NORMAL
..................................................................
TEMPERATURE (F)
 YESTERDAY
  MAXIMUM         58    405 PM  88    2009  62     -4       50
  MINIMUM         47    948 AM  19    1919  40      7       42
  AVERAGE         53                        51      2       46

PRECIPITATION (IN)
  YESTERDAY        0.19          1.79 1976   0.10   0.09     0.11
  MONTH TO DATE    4.80                      2.68   2.12     1.60
  SINCE MAR 1      8.65                      5.63   3.02     4.05
  SINCE JAN 1     15.23                     10.20   5.03    10.57

SNOWFALL (IN)
  YESTERDAY        0.0           1.7  1983   0.1   -0.1      0.0
  MONTH TO DATE    0.3                       3.6   -3.3      8.1
  SINCE MAR 1     31.2                      21.6    9.6     13.5
  SINCE JUL 1    134.9                     123.5   11.4     80.3
  SNOW DEPTH       0

DEGREE DAYS
 HEATING
  YESTERDAY       12                        14     -2       19
  MONTH TO DATE  397                       480    -83      561
  SINCE MAR 1   1469                      1437     32     1336
  SINCE JUL 1   5738                      6268   -530     5435

 COOLING
  YESTERDAY        0                         0      0        0
  MONTH TO DATE    8                         0      8        0
  SINCE MAR 1      8                         0      8        0
  SINCE JAN 1      8                         0      8        0
..................................................................


WIND (MPH)
  HIGHEST WIND SPEED    21   HIGHEST WIND DIRECTION     E (90)
  HIGHEST GUST SPEED    26   HIGHEST GUST DIRECTION     E (90)
  AVERAGE WIND SPEED    13.1


SKY COVER
  POSSIBLE SUNSHINE  MM
  AVERAGE SKY COVER 0.9


WEATHER CONDITIONS
 THE FOLLOWING WEATHER WAS RECORDED YESTERDAY.
  LIGHT RAIN
  FOG


RELATIVE HUMIDITY (PERCENT)
 HIGHEST    93           800 AM
 LOWEST     63          1200 AM
 AVERAGE    78

..........................................................


THE SYRACUSE NY CLIMATE NORMALS FOR TODAY
                         NORMAL    RECORD    YEAR
 MAXIMUM TEMPERATURE (F)   62        87      1990
 MINIMUM TEMPERATURE (F)   40        21      1919


SUNRISE AND SUNSET
APRIL 26 2017.........SUNRISE   605 AM EDT   SUNSET   800 PM EDT
APRIL 27 2017.........SUNRISE   603 AM EDT   SUNSET   801 PM EDT


-  INDICATES NEGATIVE NUMBERS.
R  INDICATES RECORD WAS SET OR TIED.
MM INDICATES DATA IS MISSING.
T  INDICATES TRACE AMOUNT.




$$
