959
CDUS41 KBGM 282117
CLISYR


CLIMATE REPORT
NATIONAL WEATHER SERVICE BINGHAMTON NY
516 PM EDT SAT MAY 28 2016


...................................

...THE SYRACUSE NY CLIMATE SUMMARY FOR MAY 28 2016...
VALID TODAY AS OF 0500 PM LOCAL TIME.

CLIMATE NORMAL PERIOD 1981 TO 2010
CLIMATE RECORD PERIOD 1902 TO 2016


WEATHER ITEM   OBSERVED TIME   RECORD YEAR NORMAL DEPARTURE LAST
                VALUE   (LST)  VALUE       VALUE  FROM      YEAR
                                                  NORMAL
..................................................................
TEMPERATURE (F)
 TODAY
  MAXIMUM         91R   359 PM  91    2012  72     19       74
                                      1911
  MINIMUM         63    449 AM  35    1983  50     13       58
  AVERAGE         77                        61     16       66

PRECIPITATION (IN)
  TODAY            0.00          1.52 1941   0.10  -0.10      T
  MONTH TO DATE    1.16                      2.89  -1.73     1.92
  SINCE MAR 1      5.62                      9.03  -3.41     6.23
  SINCE JAN 1     12.14                     13.60  -1.46    10.11

SNOWFALL (IN)
  TODAY            0.0           T    1951   0.0    0.0      0.0
  MONTH TO DATE    T                         0.1   -0.1      0.0
  SINCE MAR 1     13.5                      21.9   -8.4     12.9
  SINCE JUL 1     80.3                     123.8  -43.5    119.7
  SNOW DEPTH       0

DEGREE DAYS
 HEATING
  TODAY            0                         5     -5        0
  MONTH TO DATE  261                       240     21      121
  SINCE MAR 1   1699                      1744    -45     1839
  SINCE JUL 1   5798                      6575   -777     7063

 COOLING
  TODAY           12                         1     11        1
  MONTH TO DATE   30                        18     12       91
  SINCE MAR 1     30                        22      8       91
  SINCE JAN 1     30                        22      8       91
..................................................................


WIND (MPH)
  HIGHEST WIND SPEED    13   HIGHEST WIND DIRECTION     W (280)
  HIGHEST GUST SPEED    17   HIGHEST GUST DIRECTION     W (280)
  AVERAGE WIND SPEED     3.8


SKY COVER
  POSSIBLE SUNSHINE  MM
  AVERAGE SKY COVER 0.6


WEATHER CONDITIONS
 THE FOLLOWING WEATHER WAS RECORDED TODAY.
  NO SIGNIFICANT WEATHER WAS OBSERVED.


RELATIVE HUMIDITY (PERCENT)
 HIGHEST   100           100 AM
 LOWEST     38           100 PM
 AVERAGE    69

..........................................................


THE SYRACUSE NY CLIMATE NORMALS FOR TOMORROW
                         NORMAL    RECORD    YEAR
 MAXIMUM TEMPERATURE (F)   73        93      2012
 MINIMUM TEMPERATURE (F)   51        37      1992


SUNRISE AND SUNSET
MAY 28 2016...........SUNRISE   530 AM EDT   SUNSET   834 PM EDT
MAY 29 2016...........SUNRISE   529 AM EDT   SUNSET   835 PM EDT


-  INDICATES NEGATIVE NUMBERS.
R  INDICATES RECORD WAS SET OR TIED.
MM INDICATES DATA IS MISSING.
T  INDICATES TRACE AMOUNT.

$$
