000
CDUS41 KBGM 252116
CLISYR


CLIMATE REPORT
NATIONAL WEATHER SERVICE BINGHAMTON NY
516 PM EDT TUE AUG 25 2015


...................................

...THE SYRACUSE NY CLIMATE SUMMARY FOR AUGUST 25 2015...
VALID TODAY AS OF 0500 PM LOCAL TIME.

CLIMATE NORMAL PERIOD 1981 TO 2010
CLIMATE RECORD PERIOD 1902 TO 2015


WEATHER ITEM   OBSERVED TIME   RECORD YEAR NORMAL DEPARTURE LAST
                VALUE   (LST)  VALUE       VALUE  FROM      YEAR
                                                  NORMAL
..................................................................
TEMPERATURE (F)
 TODAY
  MAXIMUM         77   1231 PM  97    1948  79     -2       84
  MINIMUM         57    530 AM  38    1940  58     -1       58
  AVERAGE         67                        69     -2       71

PRECIPITATION (IN)
  TODAY            T             1.25 1998   0.11  -0.11     0.00
  MONTH TO DATE    1.76                      2.89  -1.13     3.49
  SINCE JUN 1     15.05                      9.98   5.07    11.41
  SINCE JAN 1     27.17                     23.91   3.26    28.79

SNOWFALL (IN)
  TODAY            0.0           0.0  2002   0.0    0.0      0.0
                                      2000
                                      2001
  MONTH TO DATE    0.0                       0.0    0.0      0.0
  SINCE JUN 1      0.0                       0.0    0.0      0.0
  SINCE JUL 1      0.0                       0.0    0.0      0.0
  SNOW DEPTH       0

DEGREE DAYS
 HEATING
  TODAY            0                         1     -1        0
  MONTH TO DATE    0                        12    -12        8
  SINCE JUN 1     58                        81    -23       33
  SINCE JUL 1      5                        20    -15       10

 COOLING
  TODAY            2                         5     -3        6
  MONTH TO DATE  162                       141     21      115
  SINCE JUN 1    448                       457     -9      472
  SINCE JAN 1    553                       487     66      528
..................................................................


WIND (MPH)
  HIGHEST WIND SPEED    18   HIGHEST WIND DIRECTION    NW (310)
  HIGHEST GUST SPEED    23   HIGHEST GUST DIRECTION    NW (310)
  AVERAGE WIND SPEED     5.5


SKY COVER
  POSSIBLE SUNSHINE  MM
  AVERAGE SKY COVER 0.5


WEATHER CONDITIONS
 THE FOLLOWING WEATHER WAS RECORDED TODAY.
  LIGHT RAIN
  FOG


RELATIVE HUMIDITY (PERCENT)
 HIGHEST   100          1200 AM
 LOWEST     40          1200 PM
 AVERAGE    70

..........................................................


THE SYRACUSE NY CLIMATE NORMALS FOR TOMORROW
                         NORMAL    RECORD    YEAR
 MAXIMUM TEMPERATURE (F)   79        96      1948
 MINIMUM TEMPERATURE (F)   58        43      1977


SUNRISE AND SUNSET
AUGUST 25 2015........SUNRISE   621 AM EDT   SUNSET   752 PM EDT
AUGUST 26 2015........SUNRISE   622 AM EDT   SUNSET   750 PM EDT


-  INDICATES NEGATIVE NUMBERS.
R  INDICATES RECORD WAS SET OR TIED.
MM INDICATES DATA IS MISSING.
T  INDICATES TRACE AMOUNT.




$$
