000
CDUS41 KBGM 140550
CLISYR


CLIMATE REPORT
NATIONAL WEATHER SERVICE BINGHAMTON NY
149 AM EDT MON APR 14 2014


...................................

...THE SYRACUSE NY CLIMATE SUMMARY FOR APRIL 13 2014...

CLIMATE NORMAL PERIOD 1981 TO 2010
CLIMATE RECORD PERIOD 1902 TO 2014


WEATHER ITEM   OBSERVED TIME   RECORD YEAR NORMAL DEPARTURE LAST
                VALUE   (LST)  VALUE       VALUE  FROM      YEAR
                                                  NORMAL
..................................................................
TEMPERATURE (F)
 YESTERDAY
  MAXIMUM         83    421 PM  85    1945  56     27       50
  MINIMUM         46    643 AM  21    1940  36     10       39
                                      1914
  AVERAGE         65                        46     19       45

PRECIPITATION (IN)
  YESTERDAY        0.05          1.42 2004   0.11  -0.06     0.02
  MONTH TO DATE    1.68                      1.46   0.22     2.55
  SINCE MAR 1      5.16                      4.41   0.75     4.57
  SINCE JAN 1     10.71                      8.98   1.73     8.99

SNOWFALL (IN)
  YESTERDAY        0.0           4.1  1961   0.2   -0.2      0.0
  MONTH TO DATE    0.1                       2.5   -2.4     12.0
  SINCE MAR 1     21.8                      20.5    1.3     32.2
  SINCE JUL 1    131.7                     122.4    9.3    115.4
  SNOW DEPTH       0

DEGREE DAYS
 HEATING
  YESTERDAY        0                        19    -19       20
  MONTH TO DATE  267                       282    -15      308
  SINCE MAR 1   1478                      1239    239     1272
  SINCE JUL 1   6570                      6070    500     5643

 COOLING
  YESTERDAY        0                         0      0        0
  MONTH TO DATE    0                         0      0        0
  SINCE MAR 1      0                         0      0        0
  SINCE JAN 1      0                         0      0        0
..................................................................


WIND (MPH)
  HIGHEST WIND SPEED    24   HIGHEST WIND DIRECTION     S (200)
  HIGHEST GUST SPEED    37   HIGHEST GUST DIRECTION     S (200)
  AVERAGE WIND SPEED     9.4


SKY COVER
  POSSIBLE SUNSHINE  MM
  AVERAGE SKY COVER 0.9


WEATHER CONDITIONS
 THE FOLLOWING WEATHER WAS RECORDED YESTERDAY.
  LIGHT RAIN


RELATIVE HUMIDITY (PERCENT)
 HIGHEST    93           600 AM
 LOWEST     30           200 PM
 AVERAGE    62

..........................................................


THE SYRACUSE NY CLIMATE NORMALS FOR TODAY
                         NORMAL    RECORD    YEAR
 MAXIMUM TEMPERATURE (F)   57        83      1968
 MINIMUM TEMPERATURE (F)   36        22      1943


SUNRISE AND SUNSET
APRIL 14 2014.........SUNRISE   624 AM EDT   SUNSET   746 PM EDT
APRIL 15 2014.........SUNRISE   623 AM EDT   SUNSET   747 PM EDT


-  INDICATES NEGATIVE NUMBERS.
R  INDICATES RECORD WAS SET OR TIED.
MM INDICATES DATA IS MISSING.
T  INDICATES TRACE AMOUNT.




$$
