000
CDUS41 KBGM 212218
CLISYR


CLIMATE REPORT
NATIONAL WEATHER SERVICE BINGHAMTON NY
516 PM EST FRI NOV 21 2014


...................................

...THE SYRACUSE NY CLIMATE SUMMARY FOR NOVEMBER 21 2014...
VALID TODAY AS OF 0500 PM LOCAL TIME.

CLIMATE NORMAL PERIOD 1981 TO 2010
CLIMATE RECORD PERIOD 1902 TO 2014


WEATHER ITEM   OBSERVED TIME   RECORD YEAR NORMAL DEPARTURE LAST
                VALUE   (LST)  VALUE       VALUE  FROM      YEAR
                                                  NORMAL
..................................................................
TEMPERATURE (F)
 TODAY
  MAXIMUM         32    219 PM  71    1931  46    -14       48
  MINIMUM         22    808 AM   9    1987  31     -9       23
  AVERAGE         27                        39    -12       36

PRECIPITATION (IN)
  TODAY            T             1.27 1954   0.12  -0.12     0.01
  MONTH TO DATE    1.53                      2.47  -0.94     1.76
  SINCE SEP 1      7.67                      9.60  -1.93     8.87
  SINCE JAN 1     36.71                     34.19   2.52    35.45

SNOWFALL (IN)
  TODAY           MM             5.9  1987   0.4   MM        0.0
  MONTH TO DATE    3.8                       4.7   -0.9      0.5
  SINCE SEP 1      3.8                       5.1   -1.3      0.5
  SINCE JUL 1      3.8                       5.1   -1.3      0.5
  SNOW DEPTH       0

DEGREE DAYS
 HEATING
  TODAY           38                        26     12       29
  MONTH TO DATE  518                       478     40      475
  SINCE SEP 1    940                      1069   -129      991
  SINCE JUL 1    951                      1095   -144      997

 COOLING
  TODAY            0                         0      0        0
  MONTH TO DATE    0                         0      0        0
  SINCE SEP 1     88                        56     32       69
  SINCE JAN 1    647                       569     78      712
..................................................................


WIND (MPH)
  HIGHEST WIND SPEED    26   HIGHEST WIND DIRECTION    SW (230)
  HIGHEST GUST SPEED    37   HIGHEST GUST DIRECTION    SW (230)
  AVERAGE WIND SPEED    15.5


SKY COVER
  POSSIBLE SUNSHINE  MM
  AVERAGE SKY COVER 0.9


WEATHER CONDITIONS
 THE FOLLOWING WEATHER WAS RECORDED TODAY.
  LIGHT SNOW
  FOG


RELATIVE HUMIDITY (PERCENT)
 HIGHEST    84           800 AM
 LOWEST     46           400 PM
 AVERAGE    65

..........................................................


THE SYRACUSE NY CLIMATE NORMALS FOR TOMORROW
                         NORMAL    RECORD    YEAR
 MAXIMUM TEMPERATURE (F)   46        71      1953
                                             1913
 MINIMUM TEMPERATURE (F)   31        11      2008


SUNRISE AND SUNSET
NOVEMBER 21 2014......SUNRISE   705 AM EST   SUNSET   436 PM EST
NOVEMBER 22 2014......SUNRISE   706 AM EST   SUNSET   435 PM EST


-  INDICATES NEGATIVE NUMBERS.
R  INDICATES RECORD WAS SET OR TIED.
MM INDICATES DATA IS MISSING.
T  INDICATES TRACE AMOUNT.




$$
