104
CDUS41 KBGM 200616
CLISYR


CLIMATE REPORT
NATIONAL WEATHER SERVICE BINGHAMTON NY
116 AM EST MON FEB 20 2017


...................................

...THE SYRACUSE NY CLIMATE SUMMARY FOR FEBRUARY 19 2017...

CLIMATE NORMAL PERIOD 1981 TO 2010
CLIMATE RECORD PERIOD 1902 TO 2017


WEATHER ITEM   OBSERVED TIME   RECORD YEAR NORMAL DEPARTURE LAST
                VALUE   (LST)  VALUE       VALUE  FROM      YEAR
                                                  NORMAL
..................................................................
TEMPERATURE (F)
 YESTERDAY
  MAXIMUM         52    257 PM  69    1981  35     17       38
  MINIMUM         34   1159 PM  -9    2007  18     16        2
  AVERAGE         43                        27     16       20

PRECIPITATION (IN)
  YESTERDAY        0.00          2.24 1940   0.07  -0.07      T
  MONTH TO DATE    2.30                      1.36   0.94     3.21
  SINCE DEC 1      8.57                      7.08   1.49     9.75
  SINCE JAN 1      5.33                      3.86   1.47     4.92

SNOWFALL (IN)
  YESTERDAY        0.0          15.4  1972   0.9   -0.9       T
  MONTH TO DATE   32.4                      17.6   14.8     21.9
  SINCE DEC 1     78.0                      84.3   -6.3     62.8
  SINCE JUL 1    103.4                      94.2    9.2     63.6
  SNOW DEPTH       7

DEGREE DAYS
 HEATING
  YESTERDAY       22                        38    -16       45
  MONTH TO DATE  688                       759    -71      772
  SINCE DEC 1   2881                      3146   -265     2707
  SINCE JUL 1   4075                      4495   -420     3792

 COOLING
  YESTERDAY        0                         0      0        0
  MONTH TO DATE    0                         0      0        0
  SINCE DEC 1      0                         0      0        0
  SINCE JAN 1      0                         0      0        0
..................................................................


WIND (MPH)
  HIGHEST WIND SPEED    24   HIGHEST WIND DIRECTION    NW (300)
  HIGHEST GUST SPEED    34   HIGHEST GUST DIRECTION     W (290)
  AVERAGE WIND SPEED    11.3


SKY COVER
  POSSIBLE SUNSHINE  MM
  AVERAGE SKY COVER 0.2


WEATHER CONDITIONS
 THE FOLLOWING WEATHER WAS RECORDED YESTERDAY.
  NO SIGNIFICANT WEATHER WAS OBSERVED.


RELATIVE HUMIDITY (PERCENT)
 HIGHEST    85           400 AM
 LOWEST     48           300 PM
 AVERAGE    67

..........................................................


THE SYRACUSE NY CLIMATE NORMALS FOR TODAY
                         NORMAL    RECORD    YEAR
 MAXIMUM TEMPERATURE (F)   35        65      1930
 MINIMUM TEMPERATURE (F)   18       -21      1966


SUNRISE AND SUNSET
FEBRUARY 20 2017......SUNRISE   654 AM EST   SUNSET   542 PM EST
FEBRUARY 21 2017......SUNRISE   653 AM EST   SUNSET   544 PM EST


-  INDICATES NEGATIVE NUMBERS.
R  INDICATES RECORD WAS SET OR TIED.
MM INDICATES DATA IS MISSING.
T  INDICATES TRACE AMOUNT.




$$
