000
CDUS41 KBGM 200259
CLISYR


CLIMATE REPORT
NATIONAL WEATHER SERVICE BINGHAMTON NY
1059 PM EDT SUN MAR 19 2017


...................................

...THE SYRACUSE NY CLIMATE SUMMARY FOR MARCH 19 2017...
VALID AS OF 1000 PM LOCAL TIME.

CLIMATE NORMAL PERIOD 1981 TO 2010
CLIMATE RECORD PERIOD 1902 TO 2017


WEATHER ITEM   OBSERVED TIME   RECORD YEAR NORMAL DEPARTURE LAST
                VALUE   (LST)  VALUE       VALUE  FROM      YEAR
                                                  NORMAL
..................................................................
TEMPERATURE (F)
 TODAY
  MAXIMUM         42    221 PM  79    2012  44     -2       35
  MINIMUM         30    500 AM -11    1993  26      4       20
  AVERAGE         36                        35      1       28

PRECIPITATION (IN)
  TODAY            T             0.82 2008   0.10  -0.10     0.00
  MONTH TO DATE    2.02                      1.72   0.30     1.87
  SINCE MAR 1      2.02                      1.72   0.30     1.87
  SINCE JAN 1      8.60                      6.29   2.31     8.39

SNOWFALL (IN)
  TODAY            T             5.9  2006   0.5   -0.5      0.0
  MONTH TO DATE   30.2                      13.4   16.8      5.4
  SINCE MAR 1     30.2                      13.4   16.8      5.4
  SINCE JUL 1    133.9                     115.3   18.6     72.2
  SNOW DEPTH       8

DEGREE DAYS
 HEATING
  TODAY           29                        30     -1       37
  MONTH TO DATE  721                       630     91      504
  SINCE MAR 1    721                       630     91      504
  SINCE JUL 1   4990                      5461   -471     4603

 COOLING
  TODAY            0                         0      0        0
  MONTH TO DATE    0                         0      0        0
  SINCE MAR 1      0                         0      0        0
  SINCE JAN 1      0                         0      0        0
..................................................................


WIND (MPH)
  HIGHEST WIND SPEED    17   HIGHEST WIND DIRECTION    NW (330)
  HIGHEST GUST SPEED    20   HIGHEST GUST DIRECTION     W (290)
  AVERAGE WIND SPEED     6.8


SKY COVER
  POSSIBLE SUNSHINE  MM
  AVERAGE SKY COVER 0.6


WEATHER CONDITIONS
 THE FOLLOWING WEATHER WAS RECORDED TODAY.
  LIGHT SNOW


RELATIVE HUMIDITY (PERCENT)
 HIGHEST    92          1200 AM
 LOWEST     51           200 PM
 AVERAGE    72

..........................................................


THE SYRACUSE NY CLIMATE NORMALS FOR TOMORROW
                         NORMAL    RECORD    YEAR
 MAXIMUM TEMPERATURE (F)   45        79      2012
 MINIMUM TEMPERATURE (F)   26         6      1967


SUNRISE AND SUNSET
MARCH 19 2017.........SUNRISE   709 AM EDT   SUNSET   716 PM EDT
MARCH 20 2017.........SUNRISE   707 AM EDT   SUNSET   717 PM EDT


-  INDICATES NEGATIVE NUMBERS.
R  INDICATES RECORD WAS SET OR TIED.
MM INDICATES DATA IS MISSING.
T  INDICATES TRACE AMOUNT.




$$
