000
CDUS41 KBGM 180545
CLISYR


CLIMATE REPORT
NATIONAL WEATHER SERVICE BINGHAMTON NY
144 AM EDT THU MAY 18 2017


...................................

...THE SYRACUSE NY CLIMATE SUMMARY FOR MAY 17 2017...

CLIMATE NORMAL PERIOD 1981 TO 2010
CLIMATE RECORD PERIOD 1902 TO 2017


WEATHER ITEM   OBSERVED TIME   RECORD YEAR NORMAL DEPARTURE LAST
                VALUE   (LST)  VALUE       VALUE  FROM      YEAR
                                                  NORMAL
..................................................................
TEMPERATURE (F)
 YESTERDAY
  MAXIMUM         88    332 PM  91    1977  69     19       60
  MINIMUM         55   1210 AM  30    1983  47      8       40
  AVERAGE         72                        58     14       50

PRECIPITATION (IN)
  YESTERDAY        0.00          0.91 1916   0.11  -0.11     0.00
  MONTH TO DATE    3.16                      1.70   1.46     1.10
  SINCE MAR 1     11.96                      7.84   4.12     5.56
  SINCE JAN 1     18.54                     12.41   6.13    12.08

SNOWFALL (IN)
  YESTERDAY        0.0           1.2  1973   0.0    0.0      0.0
  MONTH TO DATE    0.0                       0.1   -0.1       T
  SINCE MAR 1     31.2                      21.9    9.3     13.5
  SINCE JUL 1    134.9                     123.8   11.1     80.3
  SNOW DEPTH       0

DEGREE DAYS
 HEATING
  YESTERDAY        0                         8     -8       15
  MONTH TO DATE  244                       170     74      213
  SINCE MAR 1   1742                      1674     68     1651
  SINCE JUL 1   6011                      6505   -494     5750

 COOLING
  YESTERDAY        7                         1      6        0
  MONTH TO DATE    7                         7      0        0
  SINCE MAR 1     19                        11      8        0
  SINCE JAN 1     19                        11      8        0
..................................................................


WIND (MPH)
  HIGHEST WIND SPEED    23   HIGHEST WIND DIRECTION    SW (240)
  HIGHEST GUST SPEED    31   HIGHEST GUST DIRECTION    SW (240)
  AVERAGE WIND SPEED     8.8


SKY COVER
  POSSIBLE SUNSHINE  MM
  AVERAGE SKY COVER 0.6


WEATHER CONDITIONS
 THE FOLLOWING WEATHER WAS RECORDED YESTERDAY.
  NO SIGNIFICANT WEATHER WAS OBSERVED.


RELATIVE HUMIDITY (PERCENT)
 HIGHEST    78           600 AM
 LOWEST     35           500 PM
 AVERAGE    57

..........................................................


THE SYRACUSE NY CLIMATE NORMALS FOR TODAY
                         NORMAL    RECORD    YEAR
 MAXIMUM TEMPERATURE (F)   70        90      1962
 MINIMUM TEMPERATURE (F)   47        30      1983


SUNRISE AND SUNSET
MAY 18 2017...........SUNRISE   538 AM EDT   SUNSET   825 PM EDT
MAY 19 2017...........SUNRISE   537 AM EDT   SUNSET   826 PM EDT


-  INDICATES NEGATIVE NUMBERS.
R  INDICATES RECORD WAS SET OR TIED.
MM INDICATES DATA IS MISSING.
T  INDICATES TRACE AMOUNT.




$$
