000
CDUS41 KBGM 252253
CLISYR


CLIMATE REPORT
NATIONAL WEATHER SERVICE BINGHAMTON NY
553 PM EST WED FEB 25 2015


...................................

...THE SYRACUSE NY CLIMATE SUMMARY FOR FEBRUARY 25 2015...
VALID TODAY AS OF 0500 PM LOCAL TIME.

CLIMATE NORMAL PERIOD 1981 TO 2010
CLIMATE RECORD PERIOD 1902 TO 2015


WEATHER ITEM   OBSERVED TIME   RECORD YEAR NORMAL DEPARTURE LAST
                VALUE   (LST)  VALUE       VALUE  FROM      YEAR
                                                  NORMAL
..................................................................
TEMPERATURE (F)
 TODAY
  MAXIMUM         24    233 PM  66    1957  36    -12       22
  MINIMUM         13    300 AM -10    1993  19     -6       16
  AVERAGE         19                        28     -9       19

PRECIPITATION (IN)
  TODAY            0.01          1.30 1961   0.08  -0.07     0.09
  MONTH TO DATE    2.46                      1.82   0.64     3.29
  SINCE DEC 1      7.08                      7.54  -0.46     8.38
  SINCE JAN 1      4.06                      4.32  -0.26     5.49

SNOWFALL (IN)
  TODAY            0.4          13.6  2010   0.9   -0.5      2.8
  MONTH TO DATE   59.5                      22.8   36.7     36.5
  SINCE DEC 1     95.3                      89.5    5.8     90.8
  SINCE JUL 1    106.3                      99.4    6.9    105.1
  SNOW DEPTH      MM

DEGREE DAYS
 HEATING
  TODAY           46                        37      9       46
  MONTH TO DATE 1381                       985    396     1065
  SINCE DEC 1   3861                      3372    489     3598
  SINCE JUL 1   5046                      4721    325     4931

 COOLING
  TODAY            0                         0      0        0
  MONTH TO DATE    0                         0      0        0
  SINCE DEC 1      0                         0      0        0
  SINCE JAN 1      0                         0      0        0
..................................................................


WIND (MPH)
  HIGHEST WIND SPEED    21   HIGHEST WIND DIRECTION     W (290)
  HIGHEST GUST SPEED    MM   HIGHEST GUST DIRECTION    MM
  AVERAGE WIND SPEED    10.3


SKY COVER
  POSSIBLE SUNSHINE  MM
  AVERAGE SKY COVER 0.8


WEATHER CONDITIONS
 THE FOLLOWING WEATHER WAS RECORDED TODAY.
  LIGHT SNOW
  BLOWING SNOW


RELATIVE HUMIDITY (PERCENT)
 HIGHEST    67           300 AM
 LOWEST     45          1200 AM
 AVERAGE    56

..........................................................


THE SYRACUSE NY CLIMATE NORMALS FOR TOMORROW
                         NORMAL    RECORD    YEAR
 MAXIMUM TEMPERATURE (F)   37        64      1976
 MINIMUM TEMPERATURE (F)   20       -10      1995
                                             1990


SUNRISE AND SUNSET
FEBRUARY 25 2015......SUNRISE   647 AM EST   SUNSET   548 PM EST
FEBRUARY 26 2015......SUNRISE   646 AM EST   SUNSET   550 PM EST


-  INDICATES NEGATIVE NUMBERS.
R  INDICATES RECORD WAS SET OR TIED.
MM INDICATES DATA IS MISSING.
T  INDICATES TRACE AMOUNT.




$$
