000
CDUS41 KBGM 220245
CLISYR


CLIMATE REPORT
NATIONAL WEATHER SERVICE BINGHAMTON NY
1045 PM EDT FRI APR 21 2017


...................................

...THE SYRACUSE NY CLIMATE SUMMARY FOR APRIL 21 2017...
VALID AS OF 1000 PM LOCAL TIME.

CLIMATE NORMAL PERIOD 1981 TO 2010
CLIMATE RECORD PERIOD 1902 TO 2017


WEATHER ITEM   OBSERVED TIME   RECORD YEAR NORMAL DEPARTURE LAST
                VALUE   (LST)  VALUE       VALUE  FROM      YEAR
                                                  NORMAL
..................................................................
TEMPERATURE (F)
 TODAY
  MAXIMUM         59    152 PM  87    1954  60     -1       78
  MINIMUM         50    859 PM  24    1981  39     11       41
  AVERAGE         55                        49      6       60

PRECIPITATION (IN)
  TODAY            0.20          1.08 1991   0.10   0.10      T
  MONTH TO DATE    4.61                      2.29   2.32     1.49
  SINCE MAR 1      8.46                      5.24   3.22     3.94
  SINCE JAN 1     15.04                      9.81   5.23    10.46

SNOWFALL (IN)
  TODAY            0.0           2.5  1983   0.0    0.0      0.0
  MONTH TO DATE    0.3                       3.3   -3.0      8.1
  SINCE MAR 1     31.2                      21.3    9.9     13.5
  SINCE JUL 1    134.9                     123.2   11.7     80.3
  SNOW DEPTH       0

DEGREE DAYS
 HEATING
  TODAY           10                        16     -6        5
  MONTH TO DATE  336                       420    -84      494
  SINCE MAR 1   1408                      1377     31     1269
  SINCE JUL 1   5677                      6208   -531     5368

 COOLING
  TODAY            0                         0      0        0
  MONTH TO DATE    8                         0      8        0
  SINCE MAR 1      8                         0      8        0
  SINCE JAN 1      8                         0      8        0
..................................................................


WIND (MPH)
  HIGHEST WIND SPEED    20   HIGHEST WIND DIRECTION    NW (320)
  HIGHEST GUST SPEED    24   HIGHEST GUST DIRECTION    NW (330)
  AVERAGE WIND SPEED     7.5


SKY COVER
  POSSIBLE SUNSHINE  MM
  AVERAGE SKY COVER 0.9


WEATHER CONDITIONS
 THE FOLLOWING WEATHER WAS RECORDED TODAY.
  HEAVY RAIN
  RAIN
  LIGHT RAIN
  FOG


RELATIVE HUMIDITY (PERCENT)
 HIGHEST   100           100 AM
 LOWEST     71           700 PM
 AVERAGE    86

..........................................................


THE SYRACUSE NY CLIMATE NORMALS FOR TOMORROW
                         NORMAL    RECORD    YEAR
 MAXIMUM TEMPERATURE (F)   60        85      1954
 MINIMUM TEMPERATURE (F)   39        25      1984
                                             1983
                                             1978


SUNRISE AND SUNSET
APRIL 21 2017.........SUNRISE   612 AM EDT   SUNSET   754 PM EDT
APRIL 22 2017.........SUNRISE   611 AM EDT   SUNSET   756 PM EDT


-  INDICATES NEGATIVE NUMBERS.
R  INDICATES RECORD WAS SET OR TIED.
MM INDICATES DATA IS MISSING.
T  INDICATES TRACE AMOUNT.




$$
