000
CDUS41 KBGM 140545
CLISYR


CLIMATE REPORT
NATIONAL WEATHER SERVICE BINGHAMTON NY
144 AM EDT SUN SEP 14 2014


...................................

...THE SYRACUSE NY CLIMATE SUMMARY FOR SEPTEMBER 13 2014...

CLIMATE NORMAL PERIOD 1981 TO 2010
CLIMATE RECORD PERIOD 1902 TO 2014


WEATHER ITEM   OBSERVED TIME   RECORD YEAR NORMAL DEPARTURE LAST
                VALUE   (LST)  VALUE       VALUE  FROM      YEAR
                                                  NORMAL
..................................................................
TEMPERATURE (F)
 YESTERDAY
  MAXIMUM         66    319 PM  96    1931  73     -7       64
  MINIMUM         43    245 AM  32    1943  53    -10       50
  AVERAGE         55                        63     -8       57

PRECIPITATION (IN)
  YESTERDAY        0.36          2.47 1915   0.12   0.24     0.02
  MONTH TO DATE    1.14                      1.53  -0.39     2.44
  SINCE SEP 1      1.14                      1.53  -0.39     2.44
  SINCE JAN 1     30.18                     26.12   4.06    29.02

SNOWFALL (IN)
  YESTERDAY        0.0           0.0  2002   0.0    0.0      0.0
                                      2000
                                      1999
  MONTH TO DATE    0.0                       0.0    0.0      0.0
  SINCE SEP 1      0.0                       0.0    0.0      0.0
  SINCE JUL 1      0.0                       0.0    0.0      0.0
  SNOW DEPTH       0

DEGREE DAYS
 HEATING
  YESTERDAY       10                         4      6        8
  MONTH TO DATE   22                        32    -10       37
  SINCE SEP 1     22                        32    -10       37
  SINCE JUL 1     33                        58    -25       43

 COOLING
  YESTERDAY        0                         2     -2        0
  MONTH TO DATE   64                        35     29       67
  SINCE SEP 1     64                        35     29       67
  SINCE JAN 1    623                       548     75      710
..................................................................


WIND (MPH)
  HIGHEST WIND SPEED    45   HIGHEST WIND DIRECTION     W (250)
  HIGHEST GUST SPEED    68   HIGHEST GUST DIRECTION     W (250)
  AVERAGE WIND SPEED     7.6


SKY COVER
  POSSIBLE SUNSHINE  MM
  AVERAGE SKY COVER 0.8


WEATHER CONDITIONS
 THE FOLLOWING WEATHER WAS RECORDED YESTERDAY.
  RAIN
  LIGHT RAIN
  FOG


RELATIVE HUMIDITY (PERCENT)
 HIGHEST    96          1100 AM
 LOWEST     64           500 PM
 AVERAGE    80

..........................................................


THE SYRACUSE NY CLIMATE NORMALS FOR TODAY
                         NORMAL    RECORD    YEAR
 MAXIMUM TEMPERATURE (F)   73        90      1931
 MINIMUM TEMPERATURE (F)   53        35      1963


SUNRISE AND SUNSET
SEPTEMBER 14 2014.....SUNRISE   643 AM EDT   SUNSET   716 PM EDT
SEPTEMBER 15 2014.....SUNRISE   644 AM EDT   SUNSET   714 PM EDT


-  INDICATES NEGATIVE NUMBERS.
R  INDICATES RECORD WAS SET OR TIED.
MM INDICATES DATA IS MISSING.
T  INDICATES TRACE AMOUNT.

$$
