000
CDUS41 KBGM 120726
CLISYR


CLIMATE REPORT
NATIONAL WEATHER SERVICE BINGHAMTON NY
324 AM EDT SAT AUG 12 2017


...................................

...THE SYRACUSE NY CLIMATE SUMMARY FOR AUGUST 11 2017...

CLIMATE NORMAL PERIOD 1981 TO 2010
CLIMATE RECORD PERIOD 1902 TO 2017


WEATHER ITEM   OBSERVED TIME   RECORD YEAR NORMAL DEPARTURE LAST
                VALUE   (LST)  VALUE       VALUE  FROM      YEAR
                                                  NORMAL
..................................................................
TEMPERATURE (F)
 YESTERDAY
  MAXIMUM         78    349 PM  97    1944  81     -3       92
  MINIMUM         61    318 AM  46    1941  60      1       70
  AVERAGE         70                        71     -1       81

PRECIPITATION (IN)
  YESTERDAY        0.00          2.12 1938   0.11  -0.11     0.00
  MONTH TO DATE    0.85                      1.25  -0.40     1.80
  SINCE JUN 1      9.73                      8.34   1.39     6.40
  SINCE JAN 1     31.57                     22.27   9.30    20.96

SNOWFALL (IN)
  YESTERDAY        0.0           0.0  2002   0.0    0.0      0.0
                                      2000
                                      2001
  MONTH TO DATE    0.0                       0.0    0.0      0.0
  SINCE JUN 1      0.0                       0.0    0.0       T
  SINCE JUL 1      0.0                       0.0    0.0      0.0
  SNOW DEPTH       0

DEGREE DAYS
 HEATING
  YESTERDAY        0                         0      0        0
  MONTH TO DATE    0                         0      0        0
  SINCE JUN 1     73                        69      4       53
  SINCE JUL 1      2                         8     -6        0

 COOLING
  YESTERDAY        5                         6     -1       16
  MONTH TO DATE   55                        66    -11      112
  SINCE JUN 1    333                       382    -49      478
  SINCE JAN 1    365                       412    -47      534
..................................................................


WIND (MPH)
  HIGHEST WIND SPEED    15   HIGHEST WIND DIRECTION    SW (210)
  HIGHEST GUST SPEED    19   HIGHEST GUST DIRECTION    SW (210)
  AVERAGE WIND SPEED     7.6


SKY COVER
  POSSIBLE SUNSHINE  MM
  AVERAGE SKY COVER 0.9


WEATHER CONDITIONS
 THE FOLLOWING WEATHER WAS RECORDED YESTERDAY.
  NO SIGNIFICANT WEATHER WAS OBSERVED.


RELATIVE HUMIDITY (PERCENT)
 HIGHEST    90           200 AM
 LOWEST     62           100 PM
 AVERAGE    76

..........................................................


THE SYRACUSE NY CLIMATE NORMALS FOR TODAY
                         NORMAL    RECORD    YEAR
 MAXIMUM TEMPERATURE (F)   81        95      2002
                                             1947
                                             1944
 MINIMUM TEMPERATURE (F)   60        48      1987
                                             1950


SUNRISE AND SUNSET
AUGUST 12 2017........SUNRISE   607 AM EDT   SUNSET   811 PM EDT
AUGUST 13 2017........SUNRISE   608 AM EDT   SUNSET   810 PM EDT


-  INDICATES NEGATIVE NUMBERS.
R  INDICATES RECORD WAS SET OR TIED.
MM INDICATES DATA IS MISSING.
T  INDICATES TRACE AMOUNT.

$$
