354
CDUS41 KBGM 202216
CLISYR


CLIMATE REPORT
NATIONAL WEATHER SERVICE BINGHAMTON NY
516 PM EST FRI JAN 20 2017


...................................

...THE SYRACUSE NY CLIMATE SUMMARY FOR JANUARY 20 2017...
VALID TODAY AS OF 0500 PM LOCAL TIME.

CLIMATE NORMAL PERIOD 1981 TO 2010
CLIMATE RECORD PERIOD 1902 TO 2017


WEATHER ITEM   OBSERVED TIME   RECORD YEAR NORMAL DEPARTURE LAST
                VALUE   (LST)  VALUE       VALUE  FROM      YEAR
                                                  NORMAL
..................................................................
TEMPERATURE (F)
 TODAY
  MAXIMUM         43    344 PM  61    1951  31     12       26
  MINIMUM         34    814 AM  -9    1983  15     19       21
  AVERAGE         39                        23     16       24

PRECIPITATION (IN)
  TODAY            0.00          1.22 1986   0.08  -0.08     0.03
  MONTH TO DATE    2.35                      1.69   0.66     1.62
  SINCE DEC 1      5.59                      4.91   0.68     6.45
  SINCE JAN 1      2.35                      1.69   0.66     1.62

SNOWFALL (IN)
  TODAY            0.0          13.5  1978   1.1   -1.1      0.7
  MONTH TO DATE    4.8                      21.8  -17.0     36.7
  SINCE DEC 1     42.0                      54.5  -12.5     38.8
  SINCE JUL 1     67.4                      64.4    3.0     39.6
  SNOW DEPTH       0

DEGREE DAYS
 HEATING
  TODAY           26                        42    -16       41
  MONTH TO DATE  744                       827    -83      786
  SINCE DEC 1   1835                      1931    -96     1517
  SINCE JUL 1   3029                      3280   -251     2602

 COOLING
  TODAY            0                         0      0        0
  MONTH TO DATE    0                         0      0        0
  SINCE DEC 1      0                         0      0        0
  SINCE JAN 1      0                         0      0        0
..................................................................


WIND (MPH)
  HIGHEST WIND SPEED    16   HIGHEST WIND DIRECTION    SE (120)
  HIGHEST GUST SPEED    19   HIGHEST GUST DIRECTION    SE (120)
  AVERAGE WIND SPEED     7.7


SKY COVER
  POSSIBLE SUNSHINE  MM
  AVERAGE SKY COVER 1.0


WEATHER CONDITIONS
 THE FOLLOWING WEATHER WAS RECORDED TODAY.
  NO SIGNIFICANT WEATHER WAS OBSERVED.


RELATIVE HUMIDITY (PERCENT)
 HIGHEST    96           100 AM
 LOWEST     73          1200 PM
 AVERAGE    85

..........................................................


THE SYRACUSE NY CLIMATE NORMALS FOR TOMORROW
                         NORMAL    RECORD    YEAR
 MAXIMUM TEMPERATURE (F)   31        68      1906
 MINIMUM TEMPERATURE (F)   15       -12      2005


SUNRISE AND SUNSET
JANUARY 20 2017.......SUNRISE   730 AM EST   SUNSET   501 PM EST
JANUARY 21 2017.......SUNRISE   729 AM EST   SUNSET   503 PM EST


-  INDICATES NEGATIVE NUMBERS.
R  INDICATES RECORD WAS SET OR TIED.
MM INDICATES DATA IS MISSING.
T  INDICATES TRACE AMOUNT.

$$
