000
CDUS41 KBGM 100639
CLISYR


CLIMATE REPORT
NATIONAL WEATHER SERVICE BINGHAMTON NY
139 AM EST WED FEB 10 2016


...................................

...THE SYRACUSE NY CLIMATE SUMMARY FOR FEBRUARY 9 2016...

CLIMATE NORMAL PERIOD 1981 TO 2010
CLIMATE RECORD PERIOD 1902 TO 2016


WEATHER ITEM   OBSERVED TIME   RECORD YEAR NORMAL DEPARTURE LAST
                VALUE   (LST)  VALUE       VALUE  FROM      YEAR
                                                  NORMAL
..................................................................
TEMPERATURE (F)
 YESTERDAY
  MAXIMUM         31    210 PM  59    1925  33     -2       20
  MINIMUM         24   1159 PM -24    1934  17      7        9
  AVERAGE         28                        25      3       15

PRECIPITATION (IN)
  YESTERDAY        0.20          1.00 1958   0.07   0.13     0.43
  MONTH TO DATE    0.78                      0.63   0.15     1.53
  SINCE DEC 1      7.32                      6.35   0.97     6.15
  SINCE JAN 1      2.49                      3.13  -0.64     3.13

SNOWFALL (IN)
  YESTERDAY        4.1          14.9  1958   0.9    3.2      5.8
  MONTH TO DATE    4.1                       8.6   -4.5     27.0
  SINCE DEC 1     45.0                      75.3  -30.3     62.8
  SINCE JUL 1     45.8                      85.2  -39.4     73.8
  SNOW DEPTH       1

DEGREE DAYS
 HEATING
  YESTERDAY       37                        40     -3       50
  MONTH TO DATE  266                       366   -100      442
  SINCE DEC 1   2201                      2753   -552     2922
  SINCE JUL 1   3286                      4102   -816     4107

 COOLING
  YESTERDAY        0                         0      0        0
  MONTH TO DATE    0                         0      0        0
  SINCE DEC 1      0                         0      0        0
  SINCE JAN 1      0                         0      0        0
..................................................................


WIND (MPH)
  HIGHEST WIND SPEED    14   HIGHEST WIND DIRECTION     E (80)
  HIGHEST GUST SPEED    19   HIGHEST GUST DIRECTION     E (90)
  AVERAGE WIND SPEED     6.5


SKY COVER
  POSSIBLE SUNSHINE  MM
  AVERAGE SKY COVER 1.0


WEATHER CONDITIONS
 THE FOLLOWING WEATHER WAS RECORDED YESTERDAY.
  LIGHT SNOW
  FOG


RELATIVE HUMIDITY (PERCENT)
 HIGHEST   100           300 AM
 LOWEST     78          1200 AM
 AVERAGE    89

..........................................................


THE SYRACUSE NY CLIMATE NORMALS FOR TODAY
                         NORMAL    RECORD    YEAR
 MAXIMUM TEMPERATURE (F)   33        56      2001
 MINIMUM TEMPERATURE (F)   17       -17      1948


SUNRISE AND SUNSET
FEBRUARY 10 2016......SUNRISE   710 AM EST   SUNSET   528 PM EST
FEBRUARY 11 2016......SUNRISE   708 AM EST   SUNSET   530 PM EST


-  INDICATES NEGATIVE NUMBERS.
R  INDICATES RECORD WAS SET OR TIED.
MM INDICATES DATA IS MISSING.
T  INDICATES TRACE AMOUNT.




$$

HEDEN
