000
CDUS41 KBGM 300548
CLISYR


CLIMATE REPORT
NATIONAL WEATHER SERVICE BINGHAMTON NY
145 AM EDT SAT APR 30 2016


...................................

...THE SYRACUSE NY CLIMATE SUMMARY FOR APRIL 29 2016...

CLIMATE NORMAL PERIOD 1981 TO 2010
CLIMATE RECORD PERIOD 1902 TO 2016


WEATHER ITEM   OBSERVED TIME   RECORD YEAR NORMAL DEPARTURE LAST
                VALUE   (LST)  VALUE       VALUE  FROM      YEAR
                                                  NORMAL
..................................................................
TEMPERATURE (F)
 YESTERDAY
  MAXIMUM         53   1109 AM  85    1962  63    -10       69
  MINIMUM         38    528 AM  27    1977  41     -3       44
                                      1949
  AVERAGE         46                        52     -6       57

PRECIPITATION (IN)
  YESTERDAY        T             0.86 1962   0.11  -0.11     0.00
  MONTH TO DATE    2.01                      3.09  -1.08     2.79
  SINCE MAR 1      4.46                      6.04  -1.58     4.31
  SINCE JAN 1     10.98                     10.61   0.37     8.19

SNOWFALL (IN)
  YESTERDAY        0.0           T    2002   0.1   -0.1      0.0
  MONTH TO DATE    8.1                       3.8    4.3      0.6
  SINCE MAR 1     13.5                      21.8   -8.3     12.9
  SINCE JUL 1     80.3                     123.7  -43.4    119.7
  SNOW DEPTH       0

DEGREE DAYS
 HEATING
  YESTERDAY       19                        13      6        8
  MONTH TO DATE  652                       534    118      540
  SINCE MAR 1   1427                      1491    -64     1709
  SINCE JUL 1   5526                      6322   -796     6933

 COOLING
  YESTERDAY        0                         0      0        0
  MONTH TO DATE    0                         0      0        0
  SINCE MAR 1      0                         0      0        0
  SINCE JAN 1      0                         0      0        0
..................................................................


WIND (MPH)
  HIGHEST WIND SPEED    10   HIGHEST WIND DIRECTION     E (100)
  HIGHEST GUST SPEED    13   HIGHEST GUST DIRECTION    SE (120)
  AVERAGE WIND SPEED     3.2


SKY COVER
  POSSIBLE SUNSHINE  MM
  AVERAGE SKY COVER 0.9


WEATHER CONDITIONS
 THE FOLLOWING WEATHER WAS RECORDED YESTERDAY.
  LIGHT RAIN


RELATIVE HUMIDITY (PERCENT)
 HIGHEST    86           900 PM
 LOWEST     44          1000 AM
 AVERAGE    65

..........................................................


THE SYRACUSE NY CLIMATE NORMALS FOR TODAY
                         NORMAL    RECORD    YEAR
 MAXIMUM TEMPERATURE (F)   64        85      1970
 MINIMUM TEMPERATURE (F)   42        27      1978


SUNRISE AND SUNSET
APRIL 30 2016.........SUNRISE   559 AM EDT   SUNSET   805 PM EDT
MAY  1 2016...........SUNRISE   557 AM EDT   SUNSET   806 PM EDT


-  INDICATES NEGATIVE NUMBERS.
R  INDICATES RECORD WAS SET OR TIED.
MM INDICATES DATA IS MISSING.
T  INDICATES TRACE AMOUNT.




$$
