000
CDUS41 KBGM 272119
CLISYR


CLIMATE REPORT
NATIONAL WEATHER SERVICE BINGHAMTON NY
519 PM EDT SAT SEP 27 2014


...................................

...THE SYRACUSE NY CLIMATE SUMMARY FOR SEPTEMBER 27 2014...
VALID TODAY AS OF 0500 PM LOCAL TIME.

CLIMATE NORMAL PERIOD 1981 TO 2010
CLIMATE RECORD PERIOD 1902 TO 2014


WEATHER ITEM   OBSERVED TIME   RECORD YEAR NORMAL DEPARTURE LAST
                VALUE   (LST)  VALUE       VALUE  FROM      YEAR
                                                  NORMAL
..................................................................
TEMPERATURE (F)
 TODAY
  MAXIMUM         80    245 PM  83    1929  68     12       70
                                      1916
  MINIMUM         51    608 AM  30    1965  48      3       43
  AVERAGE         66                        58      8       57

PRECIPITATION (IN)
  TODAY            0.00          1.92 1985   0.13  -0.13     0.00
  MONTH TO DATE    1.60                      3.32  -1.72     3.20
  SINCE SEP 1      1.60                      3.32  -1.72     3.20
  SINCE JAN 1     30.64                     27.91   2.73    29.78

SNOWFALL (IN)
  TODAY            0.0           T    1951   0.0    0.0      0.0
  MONTH TO DATE    0.0                       0.0    0.0      0.0
  SINCE SEP 1      0.0                       0.0    0.0      0.0
  SINCE JUL 1      0.0                       0.0    0.0      0.0
  SNOW DEPTH       0

DEGREE DAYS
 HEATING
  TODAY            0                         8     -8        8
  MONTH TO DATE  103                       114    -11      158
  SINCE SEP 1    103                       114    -11      158
  SINCE JUL 1    114                       140    -26      164

 COOLING
  TODAY            1                         1      0        0
  MONTH TO DATE   72                        52     20       68
  SINCE SEP 1     72                        52     20       68
  SINCE JAN 1    631                       565     66      711
..................................................................


WIND (MPH)
  HIGHEST WIND SPEED    10   HIGHEST WIND DIRECTION    NW (330)
  HIGHEST GUST SPEED    14   HIGHEST GUST DIRECTION     W (280)
  AVERAGE WIND SPEED     2.8


SKY COVER
  POSSIBLE SUNSHINE  MM
  AVERAGE SKY COVER 0.0


WEATHER CONDITIONS
 THE FOLLOWING WEATHER WAS RECORDED TODAY.
  FOG


RELATIVE HUMIDITY (PERCENT)
 HIGHEST    96           500 AM
 LOWEST     48           100 PM
 AVERAGE    72

..........................................................


THE SYRACUSE NY CLIMATE NORMALS FOR TOMORROW
                         NORMAL    RECORD    YEAR
 MAXIMUM TEMPERATURE (F)   67        87      1946
 MINIMUM TEMPERATURE (F)   47        25      1947


SUNRISE AND SUNSET
SEPTEMBER 27 2014.....SUNRISE   657 AM EDT   SUNSET   653 PM EDT
SEPTEMBER 28 2014.....SUNRISE   658 AM EDT   SUNSET   651 PM EDT


-  INDICATES NEGATIVE NUMBERS.
R  INDICATES RECORD WAS SET OR TIED.
MM INDICATES DATA IS MISSING.
T  INDICATES TRACE AMOUNT.




$$
