000
CDUS41 KBGM 240557
CLISYR


CLIMATE REPORT
NATIONAL WEATHER SERVICE BINGHAMTON NY
157 AM EDT WED MAY 24 2017


...................................

...THE SYRACUSE NY CLIMATE SUMMARY FOR MAY 23 2017...

CLIMATE NORMAL PERIOD 1981 TO 2010
CLIMATE RECORD PERIOD 1902 TO 2017


WEATHER ITEM   OBSERVED TIME   RECORD YEAR NORMAL DEPARTURE LAST
                VALUE   (LST)  VALUE       VALUE  FROM      YEAR
                                                  NORMAL
..................................................................
TEMPERATURE (F)
 YESTERDAY
  MAXIMUM         74    512 PM  93    1977  71      3       79
  MINIMUM         44    341 AM  32    1967  49     -5       48
  AVERAGE         59                        60     -1       64

PRECIPITATION (IN)
  YESTERDAY        0.00          1.69 2004   0.11  -0.11     0.00
  MONTH TO DATE    3.90                      2.36   1.54     1.16
  SINCE MAR 1     12.70                      8.50   4.20     5.62
  SINCE JAN 1     19.28                     13.07   6.21    12.14

SNOWFALL (IN)
  YESTERDAY        0.0           T    1963   0.0    0.0      0.0
  MONTH TO DATE    0.0                       0.1   -0.1       T
  SINCE MAR 1     31.2                      21.9    9.3     13.5
  SINCE JUL 1    134.9                     123.8   11.1     80.3
  SNOW DEPTH       0

DEGREE DAYS
 HEATING
  YESTERDAY        6                         6      0        1
  MONTH TO DATE  275                       212     63      259
  SINCE MAR 1   1773                      1716     57     1697
  SINCE JUL 1   6042                      6547   -505     5796

 COOLING
  YESTERDAY        0                         1     -1        0
  MONTH TO DATE   18                        13      5        0
  SINCE MAR 1     30                        17     13        0
  SINCE JAN 1     30                        17     13        0
..................................................................


WIND (MPH)
  HIGHEST WIND SPEED     9   HIGHEST WIND DIRECTION    NE (50)
  HIGHEST GUST SPEED    13   HIGHEST GUST DIRECTION     W (270)
  AVERAGE WIND SPEED     2.9


SKY COVER
  POSSIBLE SUNSHINE  MM
  AVERAGE SKY COVER 0.7


WEATHER CONDITIONS
 THE FOLLOWING WEATHER WAS RECORDED YESTERDAY.
  NO SIGNIFICANT WEATHER WAS OBSERVED.


RELATIVE HUMIDITY (PERCENT)
 HIGHEST    93           200 AM
 LOWEST     38           500 PM
 AVERAGE    66

..........................................................


THE SYRACUSE NY CLIMATE NORMALS FOR TODAY
                         NORMAL    RECORD    YEAR
 MAXIMUM TEMPERATURE (F)   71        89      2007
                                             1991
                                             1975
 MINIMUM TEMPERATURE (F)   49        30      1963


SUNRISE AND SUNSET
MAY 24 2017...........SUNRISE   533 AM EDT   SUNSET   831 PM EDT
MAY 25 2017...........SUNRISE   532 AM EDT   SUNSET   832 PM EDT


-  INDICATES NEGATIVE NUMBERS.
R  INDICATES RECORD WAS SET OR TIED.
MM INDICATES DATA IS MISSING.
T  INDICATES TRACE AMOUNT.




$$
