000
CDUS41 KBGM 240332
CLISYR


CLIMATE REPORT
NATIONAL WEATHER SERVICE BINGHAMTON NY
1031 PM EST TUE DEC 23 2014


...................................

...THE SYRACUSE NY CLIMATE SUMMARY FOR DECEMBER 23 2014...
VALID AS OF 1000 PM LOCAL TIME.

CLIMATE NORMAL PERIOD 1981 TO 2010
CLIMATE RECORD PERIOD 1902 TO 2014


WEATHER ITEM   OBSERVED TIME   RECORD YEAR NORMAL DEPARTURE LAST
                VALUE   (LST)  VALUE       VALUE  FROM      YEAR
                                                  NORMAL
..................................................................
TEMPERATURE (F)
 TODAY
  MAXIMUM         41    242 PM  61    1957  34      7       41
  MINIMUM         33    816 AM  -7    1943  20     13       27
  AVERAGE         37                        27     10       34

PRECIPITATION (IN)
  TODAY            0.20          1.01 1907   0.10   0.10     0.12
  MONTH TO DATE    2.58                      2.46   0.12     2.30
  SINCE DEC 1      2.58                      2.46   0.12     2.30
  SINCE JAN 1     40.06                     37.71   2.35    39.83

SNOWFALL (IN)
  TODAY            0.0           4.6  2009   1.1   -1.1      0.4
  MONTH TO DATE   16.4                      24.0   -7.6     20.9
  SINCE DEC 1     16.4                      24.0   -7.6     20.9
  SINCE JUL 1     27.4                      33.9   -6.5     35.2
  SNOW DEPTH       0

DEGREE DAYS
 HEATING
  TODAY           28                        38    -10       31
  MONTH TO DATE  776                       790    -14      819
  SINCE DEC 1    776                       790    -14      819
  SINCE JUL 1   1961                      2139   -178     2152

 COOLING
  TODAY            0                         0      0        0
  MONTH TO DATE    0                         0      0        0
  SINCE DEC 1      0                         0      0        0
  SINCE JAN 1    647                       569     78      712
..................................................................


WIND (MPH)
  HIGHEST WIND SPEED    17   HIGHEST WIND DIRECTION     E (80)
  HIGHEST GUST SPEED    21   HIGHEST GUST DIRECTION     E (90)
  AVERAGE WIND SPEED    11.3


SKY COVER
  POSSIBLE SUNSHINE  MM
  AVERAGE SKY COVER 0.9


WEATHER CONDITIONS
 THE FOLLOWING WEATHER WAS RECORDED TODAY.
  RAIN
  LIGHT RAIN
  FOG


RELATIVE HUMIDITY (PERCENT)
 HIGHEST   100           200 AM
 LOWEST     92           900 PM
 AVERAGE    96

..........................................................


THE SYRACUSE NY CLIMATE NORMALS FOR TOMORROW
                         NORMAL    RECORD    YEAR
 MAXIMUM TEMPERATURE (F)   34        58      1965
 MINIMUM TEMPERATURE (F)   20       -14      1989


SUNRISE AND SUNSET
DECEMBER 23 2014......SUNRISE   734 AM EST   SUNSET   433 PM EST
DECEMBER 24 2014......SUNRISE   734 AM EST   SUNSET   434 PM EST


-  INDICATES NEGATIVE NUMBERS.
R  INDICATES RECORD WAS SET OR TIED.
MM INDICATES DATA IS MISSING.
T  INDICATES TRACE AMOUNT.




$$
