000
CDUS41 KBGM 260329
CLISYR


CLIMATE REPORT
NATIONAL WEATHER SERVICE BINGHAMTON NY
1028 PM EST TUE NOV 25 2014


...................................

...THE SYRACUSE NY CLIMATE SUMMARY FOR NOVEMBER 25 2014...
VALID AS OF 1000 PM LOCAL TIME.

CLIMATE NORMAL PERIOD 1981 TO 2010
CLIMATE RECORD PERIOD 1902 TO 2014


WEATHER ITEM   OBSERVED TIME   RECORD YEAR NORMAL DEPARTURE LAST
                VALUE   (LST)  VALUE       VALUE  FROM      YEAR
                                                  NORMAL
..................................................................
TEMPERATURE (F)
 TODAY
  MAXIMUM         50    239 PM  67    2001  44      6       34
  MINIMUM         38    959 PM   8    1938  30      8       17
  AVERAGE         44                        37      7       26

PRECIPITATION (IN)
  TODAY            0.00          0.78 1950   0.11  -0.11     0.03
  MONTH TO DATE    1.88                      2.94  -1.06     2.24
  SINCE SEP 1      8.02                     10.07  -2.05     9.35
  SINCE JAN 1     37.06                     34.66   2.40    35.93

SNOWFALL (IN)
  TODAY            0.0           2.6  1996   0.6   -0.6      1.5
  MONTH TO DATE    4.4                       6.7   -2.3      8.7
  SINCE SEP 1      4.4                       7.1   -2.7      8.7
  SINCE JUL 1      4.4                       7.1   -2.7      8.7
  SNOW DEPTH       0

DEGREE DAYS
 HEATING
  TODAY           21                        28     -7       39
  MONTH TO DATE  590                       587      3      615
  SINCE SEP 1   1012                      1178   -166     1131
  SINCE JUL 1   1023                      1204   -181     1137

 COOLING
  TODAY            0                         0      0        0
  MONTH TO DATE    0                         0      0        0
  SINCE SEP 1     88                        56     32       69
  SINCE JAN 1    647                       569     78      712
..................................................................


WIND (MPH)
  HIGHEST WIND SPEED    28   HIGHEST WIND DIRECTION     W (250)
  HIGHEST GUST SPEED    32   HIGHEST GUST DIRECTION     W (250)
  AVERAGE WIND SPEED    11.0


SKY COVER
  POSSIBLE SUNSHINE  MM
  AVERAGE SKY COVER 0.6


WEATHER CONDITIONS
 THE FOLLOWING WEATHER WAS RECORDED TODAY.
  NO SIGNIFICANT WEATHER WAS OBSERVED.


RELATIVE HUMIDITY (PERCENT)
 HIGHEST    82           200 AM
 LOWEST     42          1200 PM
 AVERAGE    62

..........................................................


THE SYRACUSE NY CLIMATE NORMALS FOR TOMORROW
                         NORMAL    RECORD    YEAR
 MAXIMUM TEMPERATURE (F)   44        67      1979
 MINIMUM TEMPERATURE (F)   30         5      1938


SUNRISE AND SUNSET
NOVEMBER 25 2014......SUNRISE   709 AM EST   SUNSET   433 PM EST
NOVEMBER 26 2014......SUNRISE   711 AM EST   SUNSET   433 PM EST


-  INDICATES NEGATIVE NUMBERS.
R  INDICATES RECORD WAS SET OR TIED.
MM INDICATES DATA IS MISSING.
T  INDICATES TRACE AMOUNT.




$$
