000
CDUS41 KBGM 150549
CLISYR


CLIMATE REPORT
NATIONAL WEATHER SERVICE BINGHAMTON NY
1248 AM EST WED FEB 15 2017


...................................

...THE SYRACUSE NY CLIMATE SUMMARY FOR FEBRUARY 14 2017...

CLIMATE NORMAL PERIOD 1981 TO 2010
CLIMATE RECORD PERIOD 1902 TO 2017


WEATHER ITEM   OBSERVED TIME   RECORD YEAR NORMAL DEPARTURE LAST
                VALUE   (LST)  VALUE       VALUE  FROM      YEAR
                                                  NORMAL
..................................................................
TEMPERATURE (F)
 YESTERDAY
  MAXIMUM         40    416 PM  57    1946  34      6        4
                                      1938
  MINIMUM         23    803 AM -23    2016  17      6      -23
  AVERAGE         32                        26      6       -9

PRECIPITATION (IN)
  YESTERDAY        T             1.34 1914   0.08  -0.08      T
  MONTH TO DATE    2.03                      1.00   1.03     1.09
  SINCE DEC 1      8.30                      6.72   1.58     7.63
  SINCE JAN 1      5.06                      3.50   1.56     2.80

SNOWFALL (IN)
  YESTERDAY        0.0          18.0  1960   0.9   -0.9       T
  MONTH TO DATE   26.1                      13.2   12.9     15.8
  SINCE DEC 1     71.7                      79.9   -8.2     56.7
  SINCE JUL 1     97.1                      89.8    7.3     57.5
  SNOW DEPTH      12

DEGREE DAYS
 HEATING
  YESTERDAY       33                        39     -6       74
  MONTH TO DATE  524                       565    -41      542
  SINCE DEC 1   2717                      2952   -235     2477
  SINCE JUL 1   3911                      4301   -390     3562

 COOLING
  YESTERDAY        0                         0      0        0
  MONTH TO DATE    0                         0      0        0
  SINCE DEC 1      0                         0      0        0
  SINCE JAN 1      0                         0      0        0
..................................................................


WIND (MPH)
  HIGHEST WIND SPEED    15   HIGHEST WIND DIRECTION     W (260)
  HIGHEST GUST SPEED    17   HIGHEST GUST DIRECTION     W (270)
  AVERAGE WIND SPEED     6.7


SKY COVER
  POSSIBLE SUNSHINE  MM
  AVERAGE SKY COVER 0.8


WEATHER CONDITIONS
 THE FOLLOWING WEATHER WAS RECORDED YESTERDAY.
  NO SIGNIFICANT WEATHER WAS OBSERVED.


RELATIVE HUMIDITY (PERCENT)
 HIGHEST    88           100 AM
 LOWEST     50           300 PM
 AVERAGE    69

..........................................................


THE SYRACUSE NY CLIMATE NORMALS FOR TODAY
                         NORMAL    RECORD    YEAR
 MAXIMUM TEMPERATURE (F)   34        64      1954
 MINIMUM TEMPERATURE (F)   18       -17      1943


SUNRISE AND SUNSET
FEBRUARY 15 2017......SUNRISE   702 AM EST   SUNSET   536 PM EST
FEBRUARY 16 2017......SUNRISE   700 AM EST   SUNSET   537 PM EST


-  INDICATES NEGATIVE NUMBERS.
R  INDICATES RECORD WAS SET OR TIED.
MM INDICATES DATA IS MISSING.
T  INDICATES TRACE AMOUNT.




$$
