000
CDUS41 KBGM 150557
CLISYR


CLIMATE REPORT
NATIONAL WEATHER SERVICE BINGHAMTON NY
1257 AM EST SUN JAN 15 2017


...................................

...THE SYRACUSE NY CLIMATE SUMMARY FOR JANUARY 14 2017...

CLIMATE NORMAL PERIOD 1981 TO 2010
CLIMATE RECORD PERIOD 1902 TO 2017


WEATHER ITEM   OBSERVED TIME   RECORD YEAR NORMAL DEPARTURE LAST
                VALUE   (LST)  VALUE       VALUE  FROM      YEAR
                                                  NORMAL
..................................................................
TEMPERATURE (F)
 YESTERDAY
  MAXIMUM         26    438 PM  69    1995  31     -5       27
  MINIMUM         13    715 AM -18    2004  15     -2       17
  AVERAGE         20                        23     -3       22

PRECIPITATION (IN)
  YESTERDAY        0.00          0.76 2005   0.08  -0.08     0.04
  MONTH TO DATE    1.28                      1.22   0.06     1.16
  SINCE DEC 1      4.52                      4.44   0.08     5.99
  SINCE JAN 1      1.28                      1.22   0.06     1.16

SNOWFALL (IN)
  YESTERDAY        0.0           7.6  1978   1.1   -1.1      1.0
  MONTH TO DATE    4.8                      15.0  -10.2     20.3
  SINCE DEC 1     42.0                      47.7   -5.7     22.4
  SINCE JUL 1     67.4                      57.6    9.8     23.2
  SNOW DEPTH       0

DEGREE DAYS
 HEATING
  YESTERDAY       45                        42      3       43
  MONTH TO DATE  550                       575    -25      547
  SINCE DEC 1   1641                      1679    -38     1278
  SINCE JUL 1   2835                      3028   -193     2363

 COOLING
  YESTERDAY        0                         0      0        0
  MONTH TO DATE    0                         0      0        0
  SINCE DEC 1      0                         0      0        0
  SINCE JAN 1      0                         0      0        0
..................................................................


WIND (MPH)
  HIGHEST WIND SPEED     9   HIGHEST WIND DIRECTION     E (70)
  HIGHEST GUST SPEED    11   HIGHEST GUST DIRECTION    NE (60)
  AVERAGE WIND SPEED     3.8


SKY COVER
  POSSIBLE SUNSHINE  MM
  AVERAGE SKY COVER 0.7


WEATHER CONDITIONS
 THE FOLLOWING WEATHER WAS RECORDED YESTERDAY.
  NO SIGNIFICANT WEATHER WAS OBSERVED.


RELATIVE HUMIDITY (PERCENT)
 HIGHEST    91          1100 PM
 LOWEST     62          1200 PM
 AVERAGE    77

..........................................................


THE SYRACUSE NY CLIMATE NORMALS FOR TODAY
                         NORMAL    RECORD    YEAR
 MAXIMUM TEMPERATURE (F)   31        68      1995
 MINIMUM TEMPERATURE (F)   15       -24      1957


SUNRISE AND SUNSET
JANUARY 15 2017.......SUNRISE   733 AM EST   SUNSET   455 PM EST
JANUARY 16 2017.......SUNRISE   733 AM EST   SUNSET   456 PM EST


-  INDICATES NEGATIVE NUMBERS.
R  INDICATES RECORD WAS SET OR TIED.
MM INDICATES DATA IS MISSING.
T  INDICATES TRACE AMOUNT.




$$
