000
CDUS41 KBGM 200539
CLISYR


CLIMATE REPORT
NATIONAL WEATHER SERVICE BINGHAMTON NY
139 AM EDT SAT SEP 20 2014


...................................

...THE SYRACUSE NY CLIMATE SUMMARY FOR SEPTEMBER 19 2014...

CLIMATE NORMAL PERIOD 1981 TO 2010
CLIMATE RECORD PERIOD 1902 TO 2014


WEATHER ITEM   OBSERVED TIME   RECORD YEAR NORMAL DEPARTURE LAST
                VALUE   (LST)  VALUE       VALUE  FROM      YEAR
                                                  NORMAL
..................................................................
TEMPERATURE (F)
 YESTERDAY
  MAXIMUM         64    411 PM  89    1955  71     -7       78
  MINIMUM         37    530 AM  34    1943  51    -14       46
  AVERAGE         51                        61    -10       62

PRECIPITATION (IN)
  YESTERDAY        0.00          1.77 1989   0.12  -0.12     0.00
  MONTH TO DATE    1.41                      2.28  -0.87     2.52
  SINCE SEP 1      1.41                      2.28  -0.87     2.52
  SINCE JAN 1     30.45                     26.87   3.58    29.10

SNOWFALL (IN)
  YESTERDAY        0.0           0.0  2002   0.0    0.0      0.0
                                      2000
                                      2001
  MONTH TO DATE    0.0                       0.0    0.0      0.0
  SINCE SEP 1      0.0                       0.0    0.0      0.0
  SINCE JUL 1      0.0                       0.0    0.0      0.0
  SNOW DEPTH       0

DEGREE DAYS
 HEATING
  YESTERDAY       14                         5      9        3
  MONTH TO DATE   78                        59     19       96
  SINCE SEP 1     78                        59     19       96
  SINCE JUL 1     89                        85      4      102

 COOLING
  YESTERDAY        0                         1     -1        0
  MONTH TO DATE   64                        44     20       67
  SINCE SEP 1     64                        44     20       67
  SINCE JAN 1    623                       557     66      710
..................................................................


WIND (MPH)
  HIGHEST WIND SPEED    14   HIGHEST WIND DIRECTION    SE (150)
  HIGHEST GUST SPEED    19   HIGHEST GUST DIRECTION     S (170)
  AVERAGE WIND SPEED     3.8


SKY COVER
  POSSIBLE SUNSHINE  MM
  AVERAGE SKY COVER 0.4


WEATHER CONDITIONS
 THE FOLLOWING WEATHER WAS RECORDED YESTERDAY.
  FOG


RELATIVE HUMIDITY (PERCENT)
 HIGHEST    92           500 AM
 LOWEST     42           200 PM
 AVERAGE    67

..........................................................


THE SYRACUSE NY CLIMATE NORMALS FOR TODAY
                         NORMAL    RECORD    YEAR
 MAXIMUM TEMPERATURE (F)   71        89      1946
 MINIMUM TEMPERATURE (F)   50        34      1993


SUNRISE AND SUNSET
SEPTEMBER 20 2014.....SUNRISE   649 AM EDT   SUNSET   705 PM EDT
SEPTEMBER 21 2014.....SUNRISE   651 AM EDT   SUNSET   704 PM EDT


-  INDICATES NEGATIVE NUMBERS.
R  INDICATES RECORD WAS SET OR TIED.
MM INDICATES DATA IS MISSING.
T  INDICATES TRACE AMOUNT.




$$
