000
CDUS41 KBGM 130323
CLISYR


CLIMATE REPORT
NATIONAL WEATHER SERVICE BINGHAMTON NY
1022 PM EST TUE DEC 12 2017


...................................

...THE SYRACUSE NY CLIMATE SUMMARY FOR DECEMBER 12 2017...
VALID AS OF 1000 PM LOCAL TIME.

CLIMATE NORMAL PERIOD 1981 TO 2010
CLIMATE RECORD PERIOD 1902 TO 2017


WEATHER ITEM   OBSERVED TIME   RECORD YEAR NORMAL DEPARTURE LAST
                VALUE   (LST)  VALUE       VALUE  FROM      YEAR
                                                  NORMAL
..................................................................
TEMPERATURE (F)
 TODAY
  MAXIMUM         33    124 PM  61    1979  37     -4       37
  MINIMUM         16    959 PM -10    1988  24     -8       27
  AVERAGE         25                        30     -5       32

PRECIPITATION (IN)
  TODAY            0.35          1.23 1983   0.11   0.24     0.37
  MONTH TO DATE    0.64                      1.36  -0.72     1.53
  SINCE DEC 1      0.64                      1.36  -0.72     1.53
  SINCE JAN 1     44.28                     36.61   7.67    38.91

SNOWFALL (IN)
  TODAY            5.1           6.1  2003   1.1    4.0      4.0
  MONTH TO DATE    7.2                      11.7   -4.5     12.6
  SINCE DEC 1      7.2                      11.7   -4.5     12.6
  SINCE JUL 1     12.4                      21.6   -9.2     38.0
  SNOW DEPTH       6

DEGREE DAYS
 HEATING
  TODAY           40                        34      6       33
  MONTH TO DATE  378                       388    -10      387
  SINCE DEC 1    378                       388    -10      387
  SINCE JUL 1   1575                      1737   -162     1581

 COOLING
  TODAY            0                         0      0        0
  MONTH TO DATE    0                         0      0        0
  SINCE DEC 1      0                         0      0        0
  SINCE JAN 1    562                       569     -7      809
..................................................................


WIND (MPH)
  HIGHEST WIND SPEED    31   HIGHEST WIND DIRECTION     W (270)
  HIGHEST GUST SPEED    37   HIGHEST GUST DIRECTION     W (260)
  AVERAGE WIND SPEED    13.2


SKY COVER
  POSSIBLE SUNSHINE  MM
  AVERAGE SKY COVER 0.9


WEATHER CONDITIONS
 THE FOLLOWING WEATHER WAS RECORDED TODAY.
  LIGHT SNOW
  FOG
  BLOWING SNOW


RELATIVE HUMIDITY (PERCENT)
 HIGHEST   100           100 AM
 LOWEST     61           900 PM
 AVERAGE    81

..........................................................


THE SYRACUSE NY CLIMATE NORMALS FOR TOMORROW
                         NORMAL    RECORD    YEAR
 MAXIMUM TEMPERATURE (F)   37        61      1923
 MINIMUM TEMPERATURE (F)   23        -5      1982


SUNRISE AND SUNSET
DECEMBER 12 2017......SUNRISE   727 AM EST   SUNSET   430 PM EST
DECEMBER 13 2017......SUNRISE   728 AM EST   SUNSET   430 PM EST


-  INDICATES NEGATIVE NUMBERS.
R  INDICATES RECORD WAS SET OR TIED.
MM INDICATES DATA IS MISSING.
T  INDICATES TRACE AMOUNT.




$$
