000
CDUS41 KBGM 170550
CLISYR


CLIMATE REPORT
NATIONAL WEATHER SERVICE BINGHAMTON NY
1250 AM EST FRI NOV 17 2017


...................................

...THE SYRACUSE NY CLIMATE SUMMARY FOR NOVEMBER 16 2017...

CLIMATE NORMAL PERIOD 1981 TO 2010
CLIMATE RECORD PERIOD 1902 TO 2017


WEATHER ITEM   OBSERVED TIME   RECORD YEAR NORMAL DEPARTURE LAST
                VALUE   (LST)  VALUE       VALUE  FROM      YEAR
                                                  NORMAL
..................................................................
TEMPERATURE (F)
 YESTERDAY
  MAXIMUM         49    952 AM  71    1990  48      1       55
  MINIMUM         35   1058 PM   6    1933  33      2       42
  AVERAGE         42                        41      1       49

PRECIPITATION (IN)
  YESTERDAY        0.10          1.75 1926   0.12  -0.02      T
  MONTH TO DATE    2.50                      1.87   0.63     1.02
  SINCE SEP 1      9.97                      9.00   0.97    12.41
  SINCE JAN 1     42.49                     33.59   8.90    35.62

SNOWFALL (IN)
  YESTERDAY        T             3.3  1997   0.2   -0.2      0.0
  MONTH TO DATE    0.9                       3.0   -2.1      0.0
  SINCE SEP 1      0.9                       3.4   -2.5      0.2
  SINCE JUL 1      0.9                       3.4   -2.5      0.2
  SNOW DEPTH       0

DEGREE DAYS
 HEATING
  YESTERDAY       23                        24     -1       16
  MONTH TO DATE  417                       350     67      320
  SINCE SEP 1    775                       941   -166      823
  SINCE JUL 1    811                       967   -156      824

 COOLING
  YESTERDAY        0                         0      0        0
  MONTH TO DATE    0                         0      0        0
  SINCE SEP 1    112                        56     56       97
  SINCE JAN 1    562                       569     -7      809
..................................................................


WIND (MPH)
  HIGHEST WIND SPEED    29   HIGHEST WIND DIRECTION    NW (300)
  HIGHEST GUST SPEED    39   HIGHEST GUST DIRECTION    NW (300)
  AVERAGE WIND SPEED    15.6


SKY COVER
  POSSIBLE SUNSHINE  MM
  AVERAGE SKY COVER 0.9


WEATHER CONDITIONS
 THE FOLLOWING WEATHER WAS RECORDED YESTERDAY.
  RAIN
  LIGHT RAIN
  LIGHT SNOW
  FOG


RELATIVE HUMIDITY (PERCENT)
 HIGHEST    85           700 PM
 LOWEST     60           100 AM
 AVERAGE    73

..........................................................


THE SYRACUSE NY CLIMATE NORMALS FOR TODAY
                         NORMAL    RECORD    YEAR
 MAXIMUM TEMPERATURE (F)   48        71      1931
 MINIMUM TEMPERATURE (F)   33        12      1924


SUNRISE AND SUNSET
NOVEMBER 17 2017......SUNRISE   700 AM EST   SUNSET   439 PM EST
NOVEMBER 18 2017......SUNRISE   701 AM EST   SUNSET   438 PM EST


-  INDICATES NEGATIVE NUMBERS.
R  INDICATES RECORD WAS SET OR TIED.
MM INDICATES DATA IS MISSING.
T  INDICATES TRACE AMOUNT.




$$
