000
CDUS41 KBGM 170523
CLISYR


CLIMATE REPORT
NATIONAL WEATHER SERVICE BINGHAMTON NY
121 AM EDT THU APR 17 2014


...................................

...THE SYRACUSE NY CLIMATE SUMMARY FOR APRIL 16 2014...

CLIMATE NORMAL PERIOD 1981 TO 2010
CLIMATE RECORD PERIOD 1902 TO 2014


WEATHER ITEM   OBSERVED TIME   RECORD YEAR NORMAL DEPARTURE LAST
                VALUE   (LST)  VALUE       VALUE  FROM      YEAR
                                                  NORMAL
..................................................................
TEMPERATURE (F)
 YESTERDAY
  MAXIMUM         37    400 PM  90    2012  58    -21       64
  MINIMUM         22R   559 AM  23    1943  37    -15       44
  AVERAGE         30                        47    -17       54

PRECIPITATION (IN)
  YESTERDAY        T             1.80 1976   0.10  -0.10     0.25
  MONTH TO DATE    2.60                      1.78   0.82     2.81
  SINCE MAR 1      6.08                      4.73   1.35     4.83
  SINCE JAN 1     11.63                      9.30   2.33     9.25

SNOWFALL (IN)
  YESTERDAY        0.3           5.8  2007   0.1    0.2      0.0
  MONTH TO DATE    0.4                       2.8   -2.4     12.0
  SINCE MAR 1     22.1                      20.8    1.3     32.2
  SINCE JUL 1    132.0                     122.7    9.3    115.4
  SNOW DEPTH       0

DEGREE DAYS
 HEATING
  YESTERDAY       35                        18     17       11
  MONTH TO DATE  321                       337    -16      358
  SINCE MAR 1   1532                      1294    238     1322
  SINCE JUL 1   6624                      6125    499     5693

 COOLING
  YESTERDAY        0                         0      0        0
  MONTH TO DATE    1                         0      1        0
  SINCE MAR 1      1                         0      1        0
  SINCE JAN 1      1                         0      1        0
..................................................................


WIND (MPH)
  HIGHEST WIND SPEED    24   HIGHEST WIND DIRECTION    NW (300)
  HIGHEST GUST SPEED    32   HIGHEST GUST DIRECTION    NW (300)
  AVERAGE WIND SPEED     8.5


SKY COVER
  POSSIBLE SUNSHINE  MM
  AVERAGE SKY COVER 0.5


WEATHER CONDITIONS
 THE FOLLOWING WEATHER WAS RECORDED YESTERDAY.
  LIGHT SNOW
  FOG


RELATIVE HUMIDITY (PERCENT)
 HIGHEST    88           400 AM
 LOWEST     32           500 PM
 AVERAGE    60

..........................................................


THE SYRACUSE NY CLIMATE NORMALS FOR TODAY
                         NORMAL    RECORD    YEAR
 MAXIMUM TEMPERATURE (F)   58        89      2002
 MINIMUM TEMPERATURE (F)   37        22      1908


SUNRISE AND SUNSET
APRIL 17 2014.........SUNRISE   619 AM EDT   SUNSET   749 PM EDT
APRIL 18 2014.........SUNRISE   618 AM EDT   SUNSET   751 PM EDT


-  INDICATES NEGATIVE NUMBERS.
R  INDICATES RECORD WAS SET OR TIED.
MM INDICATES DATA IS MISSING.
T  INDICATES TRACE AMOUNT.

$$
