000
CDUS41 KBGM 230547
CLISYR


CLIMATE REPORT
NATIONAL WEATHER SERVICE BINGHAMTON NY
146 AM EDT SAT AUG 23 2014


...................................

...THE SYRACUSE NY CLIMATE SUMMARY FOR AUGUST 22 2014...

CLIMATE NORMAL PERIOD 1981 TO 2010
CLIMATE RECORD PERIOD 1902 TO 2014


WEATHER ITEM   OBSERVED TIME   RECORD YEAR NORMAL DEPARTURE LAST
                VALUE   (LST)  VALUE       VALUE  FROM      YEAR
                                                  NORMAL
..................................................................
TEMPERATURE (F)
 YESTERDAY
  MAXIMUM         77    258 PM  97    1916  80     -3       88
  MINIMUM         63    527 AM  43    1988  59      4       64
  AVERAGE         70                        69      1       76

PRECIPITATION (IN)
  YESTERDAY        T             4.21 2010   0.11  -0.11     0.39
  MONTH TO DATE    2.88                      2.55   0.33     1.68
  SINCE JUN 1     10.80                      9.64   1.16    11.74
  SINCE JAN 1     28.18                     23.57   4.61    25.68

SNOWFALL (IN)
  YESTERDAY        0.0           0.0  2002   0.0    0.0      0.0
                                      2000
                                      2001
  MONTH TO DATE    0.0                       0.0    0.0      0.0
  SINCE JUN 1      0.0                       0.0    0.0      0.0
  SINCE JUL 1      0.0                       0.0    0.0      0.0
  SNOW DEPTH       0

DEGREE DAYS
 HEATING
  YESTERDAY        0                         1     -1        0
  MONTH TO DATE    8                         9     -1        3
  SINCE JUN 1     33                        78    -45       67
  SINCE JUL 1     10                        17     -7        6

 COOLING
  YESTERDAY        5                         5      0       11
  MONTH TO DATE  103                       126    -23       96
  SINCE JUN 1    460                       442     18      523
  SINCE JAN 1    516                       472     44      575
..................................................................


WIND (MPH)
  HIGHEST WIND SPEED    15   HIGHEST WIND DIRECTION     E (80)
  HIGHEST GUST SPEED    20   HIGHEST GUST DIRECTION     E (90)
  AVERAGE WIND SPEED     4.8


SKY COVER
  POSSIBLE SUNSHINE  MM
  AVERAGE SKY COVER 0.8


WEATHER CONDITIONS
 THE FOLLOWING WEATHER WAS RECORDED YESTERDAY.
  LIGHT RAIN
  FOG
  FOG W/VISIBILITY <= 1/4 MILE


RELATIVE HUMIDITY (PERCENT)
 HIGHEST   100           100 AM
 LOWEST     69           300 PM
 AVERAGE    85

..........................................................


THE SYRACUSE NY CLIMATE NORMALS FOR TODAY
                         NORMAL    RECORD    YEAR
 MAXIMUM TEMPERATURE (F)   79        92      1936
                                             1918
 MINIMUM TEMPERATURE (F)   59        45      1988
                                             1971


SUNRISE AND SUNSET
AUGUST 23 2014........SUNRISE   619 AM EDT   SUNSET   754 PM EDT
AUGUST 24 2014........SUNRISE   620 AM EDT   SUNSET   753 PM EDT


-  INDICATES NEGATIVE NUMBERS.
R  INDICATES RECORD WAS SET OR TIED.
MM INDICATES DATA IS MISSING.
T  INDICATES TRACE AMOUNT.

$$
