000
CDUS41 KBGM 230627
CLISYR


CLIMATE REPORT
NATIONAL WEATHER SERVICE BINGHAMTON NY
216 AM EDT THU MAR 23 2017


...................................

...THE SYRACUSE NY CLIMATE SUMMARY FOR MARCH 22 2017...

CLIMATE NORMAL PERIOD 1981 TO 2010
CLIMATE RECORD PERIOD 1902 TO 2017


WEATHER ITEM   OBSERVED TIME   RECORD YEAR NORMAL DEPARTURE LAST
                VALUE   (LST)  VALUE       VALUE  FROM      YEAR
                                                  NORMAL
..................................................................
TEMPERATURE (F)
 YESTERDAY
  MAXIMUM         34   1222 AM  82    1938  46    -12       53
  MINIMUM         15    826 AM   5    1988  27    -12       26
  AVERAGE         25                        36    -11       40

PRECIPITATION (IN)
  YESTERDAY        0.02          1.34 1955   0.11  -0.09     0.01
  MONTH TO DATE    2.04                      2.03   0.01     1.88
  SINCE MAR 1      2.04                      2.03   0.01     1.88
  SINCE JAN 1      8.62                      6.60   2.02     8.40

SNOWFALL (IN)
  YESTERDAY        0.5           5.5  1977   0.4    0.1      0.0
  MONTH TO DATE   30.7                      14.8   15.9      5.4
  SINCE MAR 1     30.7                      14.8   15.9      5.4
  SINCE JUL 1    134.4                     116.7   17.7     72.2
  SNOW DEPTH       5

DEGREE DAYS
 HEATING
  YESTERDAY       40                        29     11       25
  MONTH TO DATE  823                       718    105      598
  SINCE MAR 1    823                       718    105      598
  SINCE JUL 1   5092                      5549   -457     4697

 COOLING
  YESTERDAY        0                         0      0        0
  MONTH TO DATE    0                         0      0        0
  SINCE MAR 1      0                         0      0        0
  SINCE JAN 1      0                         0      0        0
..................................................................


WIND (MPH)
  HIGHEST WIND SPEED    28   HIGHEST WIND DIRECTION    NW (330)
  HIGHEST GUST SPEED    36   HIGHEST GUST DIRECTION    NW (330)
  AVERAGE WIND SPEED    16.3


SKY COVER
  POSSIBLE SUNSHINE  MM
  AVERAGE SKY COVER 0.5


WEATHER CONDITIONS
 THE FOLLOWING WEATHER WAS RECORDED YESTERDAY.
  LIGHT SNOW
  FOG
  BLOWING SNOW


RELATIVE HUMIDITY (PERCENT)
 HIGHEST   100           200 AM
 LOWEST     41           400 PM
 AVERAGE    71

..........................................................


THE SYRACUSE NY CLIMATE NORMALS FOR TODAY
                         NORMAL    RECORD    YEAR
 MAXIMUM TEMPERATURE (F)   46        81      1938
 MINIMUM TEMPERATURE (F)   28         4      1934


SUNRISE AND SUNSET
MARCH 23 2017.........SUNRISE   702 AM EDT   SUNSET   721 PM EDT
MARCH 24 2017.........SUNRISE   700 AM EDT   SUNSET   722 PM EDT


-  INDICATES NEGATIVE NUMBERS.
R  INDICATES RECORD WAS SET OR TIED.
MM INDICATES DATA IS MISSING.
T  INDICATES TRACE AMOUNT.

$$
