000
CDUS41 KBGM 060316
CLISYR


CLIMATE REPORT
NATIONAL WEATHER SERVICE BINGHAMTON NY
1016 PM EST TUE DEC 5 2017


...................................

...THE SYRACUSE NY CLIMATE SUMMARY FOR DECEMBER 5 2017...
VALID AS OF 1000 PM LOCAL TIME.

CLIMATE NORMAL PERIOD 1981 TO 2010
CLIMATE RECORD PERIOD 1902 TO 2017


WEATHER ITEM   OBSERVED TIME   RECORD YEAR NORMAL DEPARTURE LAST
                VALUE   (LST)  VALUE       VALUE  FROM      YEAR
                                                  NORMAL
..................................................................
TEMPERATURE (F)
 TODAY
  MAXIMUM         54    643 PM  69    2001  40     14       40
  MINIMUM         42    959 PM   0    1926  26     16       30
  AVERAGE         48                        33     15       35

PRECIPITATION (IN)
  TODAY            0.22          1.05 1994   0.12   0.10     0.08
  MONTH TO DATE    0.23                      0.58  -0.35     0.63
  SINCE DEC 1      0.23                      0.58  -0.35     0.63
  SINCE JAN 1     43.87                     35.83   8.04    38.01

SNOWFALL (IN)
  TODAY            0.0          15.2  1991   1.0   -1.0      0.5
  MONTH TO DATE    0.0                       4.5   -4.5      0.5
  SINCE DEC 1      0.0                       4.5   -4.5      0.5
  SINCE JUL 1      5.2                      14.4   -9.2     25.9
  SNOW DEPTH       0

DEGREE DAYS
 HEATING
  TODAY           17                        32    -15       30
  MONTH TO DATE  129                       155    -26      136
  SINCE DEC 1    129                       155    -26      136
  SINCE JUL 1   1326                      1504   -178     1330

 COOLING
  TODAY            0                         0      0        0
  MONTH TO DATE    0                         0      0        0
  SINCE DEC 1      0                         0      0        0
  SINCE JAN 1    562                       569     -7      809
..................................................................


WIND (MPH)
  HIGHEST WIND SPEED    32   HIGHEST WIND DIRECTION     W (290)
  HIGHEST GUST SPEED    42   HIGHEST GUST DIRECTION     S (170)
  AVERAGE WIND SPEED    15.3


SKY COVER
  POSSIBLE SUNSHINE  MM
  AVERAGE SKY COVER 1.0


WEATHER CONDITIONS
 THE FOLLOWING WEATHER WAS RECORDED TODAY.
  HEAVY RAIN
  LIGHT RAIN
  FOG


RELATIVE HUMIDITY (PERCENT)
 HIGHEST    96           900 PM
 LOWEST     60          1200 AM
 AVERAGE    78

..........................................................


THE SYRACUSE NY CLIMATE NORMALS FOR TOMORROW
                         NORMAL    RECORD    YEAR
 MAXIMUM TEMPERATURE (F)   40        72      2001
 MINIMUM TEMPERATURE (F)   26         2      1940


SUNRISE AND SUNSET
DECEMBER  5 2017......SUNRISE   721 AM EST   SUNSET   430 PM EST
DECEMBER  6 2017......SUNRISE   722 AM EST   SUNSET   429 PM EST


-  INDICATES NEGATIVE NUMBERS.
R  INDICATES RECORD WAS SET OR TIED.
MM INDICATES DATA IS MISSING.
T  INDICATES TRACE AMOUNT.




$$
