000
CDUS41 KBGM 190643
CLISYR


CLIMATE REPORT
NATIONAL WEATHER SERVICE BINGHAMTON NY
242 AM EDT MON JUN 19 2017


...................................

...THE SYRACUSE NY CLIMATE SUMMARY FOR JUNE 18 2017...

CLIMATE NORMAL PERIOD 1981 TO 2010
CLIMATE RECORD PERIOD 1902 TO 2017


WEATHER ITEM   OBSERVED TIME   RECORD YEAR NORMAL DEPARTURE LAST
                VALUE   (LST)  VALUE       VALUE  FROM      YEAR
                                                  NORMAL
..................................................................
TEMPERATURE (F)
 YESTERDAY
  MAXIMUM         90    421 PM  96    1957  78     12       85
  MINIMUM         69    710 PM  42    1958  57     12       55
                                      1950
  AVERAGE         80                        68     12       70

PRECIPITATION (IN)
  YESTERDAY        0.68          1.19 1905   0.11   0.57     0.00
  MONTH TO DATE    2.80                      1.97   0.83     1.60
  SINCE JUN 1      2.80                      1.97   0.83     1.60
  SINCE JAN 1     24.64                     15.90   8.74    16.16

SNOWFALL (IN)
  YESTERDAY        0.0           0.0  2002   0.0    0.0      0.0
                                      2001
  MONTH TO DATE    0.0                       0.0    0.0       T
  SINCE JUN 1      0.0                       0.0    0.0       T
  SINCE JUL 1    134.9                     123.8   11.1     80.3
  SNOW DEPTH       0

DEGREE DAYS
 HEATING
  YESTERDAY        0                         1     -1        0
  MONTH TO DATE   60                        49     11       49
  SINCE JUN 1     60                        49     11       49
  SINCE JUL 1   6127                      6639   -512     5847

 COOLING
  YESTERDAY       15                         4     11        5
  MONTH TO DATE   72                        52     20       37
  SINCE JUN 1     72                        52     20       37
  SINCE JAN 1    104                        82     22       93
..................................................................


WIND (MPH)
  HIGHEST WIND SPEED    26   HIGHEST WIND DIRECTION     W (280)
  HIGHEST GUST SPEED    35   HIGHEST GUST DIRECTION     S (200)
  AVERAGE WIND SPEED    12.1


SKY COVER
  POSSIBLE SUNSHINE  MM
  AVERAGE SKY COVER 0.7


WEATHER CONDITIONS
 THE FOLLOWING WEATHER WAS RECORDED YESTERDAY.
  THUNDERSTORM
  HEAVY RAIN
  RAIN
  LIGHT RAIN
  FOG


RELATIVE HUMIDITY (PERCENT)
 HIGHEST    97           800 PM
 LOWEST     52           100 PM
 AVERAGE    75

..........................................................


THE SYRACUSE NY CLIMATE NORMALS FOR TODAY
                         NORMAL    RECORD    YEAR
 MAXIMUM TEMPERATURE (F)   79        95      1995
 MINIMUM TEMPERATURE (F)   57        40      1946


SUNRISE AND SUNSET
JUNE 19 2017..........SUNRISE   525 AM EDT   SUNSET   847 PM EDT
JUNE 20 2017..........SUNRISE   525 AM EDT   SUNSET   847 PM EDT


-  INDICATES NEGATIVE NUMBERS.
R  INDICATES RECORD WAS SET OR TIED.
MM INDICATES DATA IS MISSING.
T  INDICATES TRACE AMOUNT.




$$
