000
CDUS41 KBGM 142231
CLISYR


CLIMATE REPORT
NATIONAL WEATHER SERVICE BINGHAMTON NY
530 PM EST WED FEB 14 2018


...................................

...THE SYRACUSE NY CLIMATE SUMMARY FOR FEBRUARY 14 2018...
VALID TODAY AS OF 0500 PM LOCAL TIME.

CLIMATE NORMAL PERIOD 1981 TO 2010
CLIMATE RECORD PERIOD 1902 TO 2018


WEATHER ITEM   OBSERVED TIME   RECORD YEAR NORMAL DEPARTURE LAST
                VALUE   (LST)  VALUE       VALUE  FROM      YEAR
                                                  NORMAL
..................................................................
TEMPERATURE (F)
 TODAY
  MAXIMUM         46    454 PM  57    1946  34     12       40
                                      1938
  MINIMUM         24   1230 AM -23    2016  17      7       23
  AVERAGE         35                        26      9       32

PRECIPITATION (IN)
  TODAY            0.00          1.34 1914   0.08  -0.08      T
  MONTH TO DATE    1.39                      1.00   0.39     2.03
  SINCE DEC 1      6.86                      6.72   0.14     8.30
  SINCE JAN 1      4.52                      3.50   1.02     5.06

SNOWFALL (IN)
  TODAY            0.0          18.0  1960   0.9   -0.9      0.0
  MONTH TO DATE   21.5                      13.2    8.3     26.1
  SINCE DEC 1    100.2                      79.9   20.3     71.7
  SINCE JUL 1    105.4                      89.8   15.6     97.1
  SNOW DEPTH       5

DEGREE DAYS
 HEATING
  TODAY           30                        39     -9       33
  MONTH TO DATE  566                       565      1      524
  SINCE DEC 1   3125                      2952    173     2717
  SINCE JUL 1   4322                      4301     21     3911

 COOLING
  TODAY            0                         0      0        0
  MONTH TO DATE    0                         0      0        0
  SINCE DEC 1      0                         0      0        0
  SINCE JAN 1      0                         0      0        0
..................................................................


WIND (MPH)
  HIGHEST WIND SPEED    16   HIGHEST WIND DIRECTION    SW (240)
  HIGHEST GUST SPEED    20   HIGHEST GUST DIRECTION    SW (240)
  AVERAGE WIND SPEED     7.0


SKY COVER
  POSSIBLE SUNSHINE  MM
  AVERAGE SKY COVER 0.9


WEATHER CONDITIONS
 THE FOLLOWING WEATHER WAS RECORDED TODAY.
  NO SIGNIFICANT WEATHER WAS OBSERVED.


RELATIVE HUMIDITY (PERCENT)
 HIGHEST    82          1000 AM
 LOWEST     51           100 AM
 AVERAGE    67

..........................................................


THE SYRACUSE NY CLIMATE NORMALS FOR TOMORROW
                         NORMAL    RECORD    YEAR
 MAXIMUM TEMPERATURE (F)   34        64      1954
 MINIMUM TEMPERATURE (F)   18       -17      1943


SUNRISE AND SUNSET
FEBRUARY 14 2018......SUNRISE   703 AM EST   SUNSET   534 PM EST
FEBRUARY 15 2018......SUNRISE   702 AM EST   SUNSET   536 PM EST


-  INDICATES NEGATIVE NUMBERS.
R  INDICATES RECORD WAS SET OR TIED.
MM INDICATES DATA IS MISSING.
T  INDICATES TRACE AMOUNT.




$$
