000
CDUS41 KBGM 260602
CLISYR


CLIMATE REPORT
NATIONAL WEATHER SERVICE BINGHAMTON NY
201 AM EDT TUE APR 26 2016


...................................

...THE SYRACUSE NY CLIMATE SUMMARY FOR APRIL 25 2016...

CLIMATE NORMAL PERIOD 1981 TO 2010
CLIMATE RECORD PERIOD 1902 TO 2016


WEATHER ITEM   OBSERVED TIME   RECORD YEAR NORMAL DEPARTURE LAST
                VALUE   (LST)  VALUE       VALUE  FROM      YEAR
                                                  NORMAL
..................................................................
TEMPERATURE (F)
 YESTERDAY
  MAXIMUM         50   1044 AM  88    2009  62    -12       50
  MINIMUM         42    521 AM  19    1919  40      2       27
  AVERAGE         46                        51     -5       39

PRECIPITATION (IN)
  YESTERDAY        0.11          1.79 1976   0.10   0.01     0.00
  MONTH TO DATE    1.60                      2.68  -1.08     2.79
  SINCE MAR 1      4.05                      5.63  -1.58     4.31
  SINCE JAN 1     10.57                     10.20   0.37     8.19

SNOWFALL (IN)
  YESTERDAY        0.0           1.7  1983   0.1   -0.1      0.0
  MONTH TO DATE    8.1                       3.6    4.5      0.6
  SINCE MAR 1     13.5                      21.6   -8.1     12.9
  SINCE JUL 1     80.3                     123.5  -43.2    119.7
  SNOW DEPTH       0

DEGREE DAYS
 HEATING
  YESTERDAY       19                        14      5       26
  MONTH TO DATE  561                       480     81      480
  SINCE MAR 1   1336                      1437   -101     1649
  SINCE JUL 1   5435                      6268   -833     6873

 COOLING
  YESTERDAY        0                         0      0        0
  MONTH TO DATE    0                         0      0        0
  SINCE MAR 1      0                         0      0        0
  SINCE JAN 1      0                         0      0        0
..................................................................


WIND (MPH)
  HIGHEST WIND SPEED     8   HIGHEST WIND DIRECTION    NE (30)
  HIGHEST GUST SPEED    12   HIGHEST GUST DIRECTION    NE (30)
  AVERAGE WIND SPEED     3.5


SKY COVER
  POSSIBLE SUNSHINE  MM
  AVERAGE SKY COVER 1.0


WEATHER CONDITIONS
 THE FOLLOWING WEATHER WAS RECORDED YESTERDAY.
  LIGHT RAIN
  FOG


RELATIVE HUMIDITY (PERCENT)
 HIGHEST    89           800 PM
 LOWEST     34          1000 AM
 AVERAGE    62

..........................................................


THE SYRACUSE NY CLIMATE NORMALS FOR TODAY
                         NORMAL    RECORD    YEAR
 MAXIMUM TEMPERATURE (F)   62        87      1990
 MINIMUM TEMPERATURE (F)   40        21      1919


SUNRISE AND SUNSET
APRIL 26 2016.........SUNRISE   605 AM EDT   SUNSET   801 PM EDT
APRIL 27 2016.........SUNRISE   603 AM EDT   SUNSET   802 PM EDT


-  INDICATES NEGATIVE NUMBERS.
R  INDICATES RECORD WAS SET OR TIED.
MM INDICATES DATA IS MISSING.
T  INDICATES TRACE AMOUNT.




$$
