000
CDUS41 KBGM 150558
CLISYR


CLIMATE REPORT
NATIONAL WEATHER SERVICE BINGHAMTON NY
158 AM EDT TUE AUG 15 2017


...................................

...THE SYRACUSE NY CLIMATE SUMMARY FOR AUGUST 14 2017...

CLIMATE NORMAL PERIOD 1981 TO 2010
CLIMATE RECORD PERIOD 1902 TO 2017


WEATHER ITEM   OBSERVED TIME   RECORD YEAR NORMAL DEPARTURE LAST
                VALUE   (LST)  VALUE       VALUE  FROM      YEAR
                                                  NORMAL
..................................................................
TEMPERATURE (F)
 YESTERDAY
  MAXIMUM         82    418 PM 101    2002  81      1       81
  MINIMUM         55    539 AM  48    1966  60     -5       69
                                      1946
                                      1903
  AVERAGE         69                        70     -1       75

PRECIPITATION (IN)
  YESTERDAY        0.00          1.55 1929   0.12  -0.12      T
  MONTH TO DATE    0.88                      1.60  -0.72     2.98
  SINCE JUN 1      9.76                      8.69   1.07     7.58
  SINCE JAN 1     31.60                     22.62   8.98    22.14

SNOWFALL (IN)
  YESTERDAY        0.0           0.0  2002   0.0    0.0      0.0
                                      2000
                                      2001
  MONTH TO DATE    0.0                       0.0    0.0      0.0
  SINCE JUN 1      0.0                       0.0    0.0       T
  SINCE JUL 1      0.0                       0.0    0.0      0.0
  SNOW DEPTH       0

DEGREE DAYS
 HEATING
  YESTERDAY        0                         1     -1        0
  MONTH TO DATE    0                         1     -1        0
  SINCE JUN 1     73                        70      3       53
  SINCE JUL 1      2                         9     -7        0

 COOLING
  YESTERDAY        4                         6     -2       10
  MONTH TO DATE   69                        84    -15      158
  SINCE JUN 1    347                       400    -53      524
  SINCE JAN 1    379                       430    -51      580
..................................................................


WIND (MPH)
  HIGHEST WIND SPEED    13   HIGHEST WIND DIRECTION     S (180)
  HIGHEST GUST SPEED    18   HIGHEST GUST DIRECTION     S (170)
  AVERAGE WIND SPEED     5.3


SKY COVER
  POSSIBLE SUNSHINE  MM
  AVERAGE SKY COVER 0.6


WEATHER CONDITIONS
 THE FOLLOWING WEATHER WAS RECORDED YESTERDAY.
  NO SIGNIFICANT WEATHER WAS OBSERVED.


RELATIVE HUMIDITY (PERCENT)
 HIGHEST    93           300 AM
 LOWEST     39           200 PM
 AVERAGE    66

..........................................................


THE SYRACUSE NY CLIMATE NORMALS FOR TODAY
                         NORMAL    RECORD    YEAR
 MAXIMUM TEMPERATURE (F)   80        97      1965
 MINIMUM TEMPERATURE (F)   60        46      1972


SUNRISE AND SUNSET
AUGUST 15 2017........SUNRISE   610 AM EDT   SUNSET   807 PM EDT
AUGUST 16 2017........SUNRISE   612 AM EDT   SUNSET   805 PM EDT


-  INDICATES NEGATIVE NUMBERS.
R  INDICATES RECORD WAS SET OR TIED.
MM INDICATES DATA IS MISSING.
T  INDICATES TRACE AMOUNT.




$$
