000
CDUS41 KBGM 062222
CLISYR


CLIMATE REPORT
NATIONAL WEATHER SERVICE BINGHAMTON NY
522 PM EST SAT FEB 6 2016


...................................

...THE SYRACUSE NY CLIMATE SUMMARY FOR FEBRUARY 6 2016...
VALID TODAY AS OF 0500 PM LOCAL TIME.

CLIMATE NORMAL PERIOD 1981 TO 2010
CLIMATE RECORD PERIOD 1902 TO 2016


WEATHER ITEM   OBSERVED TIME   RECORD YEAR NORMAL DEPARTURE LAST
                VALUE   (LST)  VALUE       VALUE  FROM      YEAR
                                                  NORMAL
..................................................................
TEMPERATURE (F)
 TODAY
  MAXIMUM         40   1156 AM  55    1938  33      7       22
  MINIMUM         26    221 AM -17    1948  16     10        5
                                      1906
  AVERAGE         33                        24      9       14

PRECIPITATION (IN)
  TODAY            0.00          0.91 2008   0.07  -0.07     0.02
  MONTH TO DATE    0.58                      0.42   0.16     0.64
  SINCE DEC 1      7.12                      6.14   0.98     5.26
  SINCE JAN 1      2.29                      2.92  -0.63     2.24

SNOWFALL (IN)
  TODAY            0.0           7.1  1978   0.9   -0.9      0.4
  MONTH TO DATE    T                         5.9   -5.9     15.5
  SINCE DEC 1     40.9                      72.6  -31.7     51.3
  SINCE JUL 1     41.7                      82.5  -40.8     62.3
  SNOW DEPTH       0

DEGREE DAYS
 HEATING
  TODAY           32                        41     -9       51
  MONTH TO DATE  166                       246    -80      303
  SINCE DEC 1   2101                      2633   -532     2783
  SINCE JUL 1   3186                      3982   -796     3968

 COOLING
  TODAY            0                         0      0        0
  MONTH TO DATE    0                         0      0        0
  SINCE DEC 1      0                         0      0        0
  SINCE JAN 1      0                         0      0        0
..................................................................


WIND (MPH)
  HIGHEST WIND SPEED    23   HIGHEST WIND DIRECTION    SW (240)
  HIGHEST GUST SPEED    29   HIGHEST GUST DIRECTION    SW (220)
  AVERAGE WIND SPEED    10.9


SKY COVER
  POSSIBLE SUNSHINE  MM
  AVERAGE SKY COVER 0.8


WEATHER CONDITIONS
 THE FOLLOWING WEATHER WAS RECORDED TODAY.
  NO SIGNIFICANT WEATHER WAS OBSERVED.


RELATIVE HUMIDITY (PERCENT)
 HIGHEST    75           100 AM
 LOWEST     44          1200 PM
 AVERAGE    60

..........................................................


THE SYRACUSE NY CLIMATE NORMALS FOR TOMORROW
                         NORMAL    RECORD    YEAR
 MAXIMUM TEMPERATURE (F)   33        55      1904
 MINIMUM TEMPERATURE (F)   16       -20      1966


SUNRISE AND SUNSET
FEBRUARY  6 2016......SUNRISE   715 AM EST   SUNSET   523 PM EST
FEBRUARY  7 2016......SUNRISE   713 AM EST   SUNSET   524 PM EST


-  INDICATES NEGATIVE NUMBERS.
R  INDICATES RECORD WAS SET OR TIED.
MM INDICATES DATA IS MISSING.
T  INDICATES TRACE AMOUNT.




$$
