000
CDUS41 KBGM 220531
CLISYR


CLIMATE REPORT
NATIONAL WEATHER SERVICE BINGHAMTON NY
130 AM EDT FRI JUL 22 2016


...................................

...THE SYRACUSE NY CLIMATE SUMMARY FOR JULY 21 2016...

CLIMATE NORMAL PERIOD 1981 TO 2010
CLIMATE RECORD PERIOD 1902 TO 2016


WEATHER ITEM   OBSERVED TIME   RECORD YEAR NORMAL DEPARTURE LAST
                VALUE   (LST)  VALUE       VALUE  FROM      YEAR
                                                  NORMAL
..................................................................
TEMPERATURE (F)
 YESTERDAY
  MAXIMUM         88    451 PM 101    2011  82      6       78
  MINIMUM         57    522 AM  46    1965  61     -4       62
  AVERAGE         73                        72      1       70

PRECIPITATION (IN)
  YESTERDAY        0.00          1.57 1988   0.12  -0.12      T
  MONTH TO DATE    1.33                      2.57  -1.24     2.26
  SINCE JUN 1      3.28                      5.88  -2.60    12.18
  SINCE JAN 1     17.84                     19.81  -1.97    24.30

SNOWFALL (IN)
  YESTERDAY        0.0           0.0  2002   0.0    0.0      0.0
                                      2000
                                      2001
  MONTH TO DATE    0.0                       0.0    0.0      0.0
  SINCE JUN 1      T                         0.0    0.0      0.0
  SINCE JUL 1      0.0                       0.0    0.0      0.0
  SNOW DEPTH       0

DEGREE DAYS
 HEATING
  YESTERDAY        0                         0      0        0
  MONTH TO DATE    0                         2     -2        5
  SINCE JUN 1     53                        63    -10       58
  SINCE JUL 1      0                         2     -2        5

 COOLING
  YESTERDAY        8                         7      1        5
  MONTH TO DATE  168                       139     29      114
  SINCE JUN 1    269                       252     17      203
  SINCE JAN 1    325                       282     43      308
..................................................................


WIND (MPH)
  HIGHEST WIND SPEED    14   HIGHEST WIND DIRECTION    SW (220)
  HIGHEST GUST SPEED    17   HIGHEST GUST DIRECTION    SW (220)
  AVERAGE WIND SPEED     5.3


SKY COVER
  POSSIBLE SUNSHINE  MM
  AVERAGE SKY COVER 0.5


WEATHER CONDITIONS
 THE FOLLOWING WEATHER WAS RECORDED YESTERDAY.
  HAZE


RELATIVE HUMIDITY (PERCENT)
 HIGHEST   100           600 AM
 LOWEST     31           500 PM
 AVERAGE    66

..........................................................


THE SYRACUSE NY CLIMATE NORMALS FOR TODAY
                         NORMAL    RECORD    YEAR
 MAXIMUM TEMPERATURE (F)   82        98      2002
 MINIMUM TEMPERATURE (F)   61        48      1970


SUNRISE AND SUNSET
JULY 22 2016..........SUNRISE   545 AM EDT   SUNSET   836 PM EDT
JULY 23 2016..........SUNRISE   546 AM EDT   SUNSET   835 PM EDT


-  INDICATES NEGATIVE NUMBERS.
R  INDICATES RECORD WAS SET OR TIED.
MM INDICATES DATA IS MISSING.
T  INDICATES TRACE AMOUNT.




$$
