000
CDUS41 KBGM 302122
CLISYR


CLIMATE REPORT
NATIONAL WEATHER SERVICE BINGHAMTON NY
522 PM EDT SUN AUG 30 2015


...................................

...THE SYRACUSE NY CLIMATE SUMMARY FOR AUGUST 30 2015...
VALID TODAY AS OF 0500 PM LOCAL TIME.

CLIMATE NORMAL PERIOD 1981 TO 2010
CLIMATE RECORD PERIOD 1902 TO 2015


WEATHER ITEM   OBSERVED TIME   RECORD YEAR NORMAL DEPARTURE LAST
                VALUE   (LST)  VALUE       VALUE  FROM      YEAR
                                                  NORMAL
..................................................................
TEMPERATURE (F)
 TODAY
  MAXIMUM         80    156 PM  96    1953  78      2       84
  MINIMUM         64    640 AM  40    1965  57      7       58
  AVERAGE         72                        68      4       71

PRECIPITATION (IN)
  TODAY            0.00          2.70 1954   0.11  -0.11     0.00
  MONTH TO DATE    1.91                      3.45  -1.54     3.49
  SINCE JUN 1     15.20                     10.54   4.66    11.41
  SINCE JAN 1     27.32                     24.47   2.85    28.79

SNOWFALL (IN)
  TODAY            0.0           0.0  2002   0.0    0.0      0.0
  MONTH TO DATE    0.0                       0.0    0.0      0.0
  SINCE JUN 1      0.0                       0.0    0.0      0.0
  SINCE JUL 1      0.0                       0.0    0.0      0.0
  SNOW DEPTH       0

DEGREE DAYS
 HEATING
  TODAY            0                         1     -1        0
  MONTH TO DATE    3                        17    -14        9
  SINCE JUN 1     61                        86    -25       34
  SINCE JUL 1      8                        25    -17       11

 COOLING
  TODAY            7                         4      3        6
  MONTH TO DATE  174                       161     13      136
  SINCE JUN 1    460                       477    -17      493
  SINCE JAN 1    565                       507     58      549
..................................................................


WIND (MPH)
  HIGHEST WIND SPEED     8   HIGHEST WIND DIRECTION    NE (40)
  HIGHEST GUST SPEED    12   HIGHEST GUST DIRECTION    NE (60)
  AVERAGE WIND SPEED     3.4


SKY COVER
  POSSIBLE SUNSHINE  MM
  AVERAGE SKY COVER 0.9


WEATHER CONDITIONS
 THE FOLLOWING WEATHER WAS RECORDED TODAY.
  NO SIGNIFICANT WEATHER WAS OBSERVED.


RELATIVE HUMIDITY (PERCENT)
 HIGHEST    93           700 AM
 LOWEST     58           200 PM
 AVERAGE    76

..........................................................


THE SYRACUSE NY CLIMATE NORMALS FOR TOMORROW
                         NORMAL    RECORD    YEAR
 MAXIMUM TEMPERATURE (F)   78        93      2012
 MINIMUM TEMPERATURE (F)   57        40      1965


SUNRISE AND SUNSET
AUGUST 30 2015........SUNRISE   626 AM EDT   SUNSET   743 PM EDT
AUGUST 31 2015........SUNRISE   627 AM EDT   SUNSET   741 PM EDT


-  INDICATES NEGATIVE NUMBERS.
R  INDICATES RECORD WAS SET OR TIED.
MM INDICATES DATA IS MISSING.
T  INDICATES TRACE AMOUNT.




$$
