000
CDUS41 KBGM 250328
CLISYR


CLIMATE REPORT
NATIONAL WEATHER SERVICE BINGHAMTON NY
1027 PM EST MON NOV 24 2014


...................................

...THE SYRACUSE NY CLIMATE SUMMARY FOR NOVEMBER 24 2014...
VALID AS OF 1000 PM LOCAL TIME.

CLIMATE NORMAL PERIOD 1981 TO 2010
CLIMATE RECORD PERIOD 1902 TO 2014


WEATHER ITEM   OBSERVED TIME   RECORD YEAR NORMAL DEPARTURE LAST
                VALUE   (LST)  VALUE       VALUE  FROM      YEAR
                                                  NORMAL
..................................................................
TEMPERATURE (F)
 TODAY
  MAXIMUM         72R   229 PM  70    1931  45     27       25
  MINIMUM         50    525 AM   5    1956  30     20       17
  AVERAGE         61                        38     23       21

PRECIPITATION (IN)
  TODAY            0.16          1.14 1912   0.12   0.04     0.07
  MONTH TO DATE    1.88                      2.83  -0.95     2.21
  SINCE SEP 1      8.02                      9.96  -1.94     9.32
  SINCE JAN 1     37.06                     34.55   2.51    35.90

SNOWFALL (IN)
  TODAY            0.0           5.1  1970   0.5   -0.5      2.2
  MONTH TO DATE    4.4                       6.1   -1.7      7.2
  SINCE SEP 1      4.4                       6.5   -2.1      7.2
  SINCE JUL 1      4.4                       6.5   -2.1      7.2
  SNOW DEPTH       0

DEGREE DAYS
 HEATING
  TODAY            4                        27    -23       44
  MONTH TO DATE  568                       559      9      576
  SINCE SEP 1    990                      1150   -160     1092
  SINCE JUL 1   1001                      1176   -175     1098

 COOLING
  TODAY            0                         0      0        0
  MONTH TO DATE    0                         0      0        0
  SINCE SEP 1     88                        56     32       69
  SINCE JAN 1    647                       569     78      712
..................................................................


WIND (MPH)
  HIGHEST WIND SPEED    31   HIGHEST WIND DIRECTION     S (190)
  HIGHEST GUST SPEED    42   HIGHEST GUST DIRECTION     S (200)
  AVERAGE WIND SPEED    18.0


SKY COVER
  POSSIBLE SUNSHINE  MM
  AVERAGE SKY COVER 0.7


WEATHER CONDITIONS
 THE FOLLOWING WEATHER WAS RECORDED TODAY.
  LIGHT RAIN
  FOG
  HAZE


RELATIVE HUMIDITY (PERCENT)
 HIGHEST    93           500 AM
 LOWEST     47           200 PM
 AVERAGE    70

..........................................................


THE SYRACUSE NY CLIMATE NORMALS FOR TOMORROW
                         NORMAL    RECORD    YEAR
 MAXIMUM TEMPERATURE (F)   44        67      2001
 MINIMUM TEMPERATURE (F)   30         8      1938


SUNRISE AND SUNSET
NOVEMBER 24 2014......SUNRISE   708 AM EST   SUNSET   434 PM EST
NOVEMBER 25 2014......SUNRISE   709 AM EST   SUNSET   433 PM EST


-  INDICATES NEGATIVE NUMBERS.
R  INDICATES RECORD WAS SET OR TIED.
MM INDICATES DATA IS MISSING.
T  INDICATES TRACE AMOUNT.

$$
