000
CDUS41 KBGM 240708
CLISYR


CLIMATE REPORT
NATIONAL WEATHER SERVICE BINGHAMTON NY
308 AM EDT TUE MAY 24 2016


...................................

...THE SYRACUSE NY CLIMATE SUMMARY FOR MAY 23 2016...

CLIMATE NORMAL PERIOD 1981 TO 2010
CLIMATE RECORD PERIOD 1902 TO 2016


WEATHER ITEM   OBSERVED TIME   RECORD YEAR NORMAL DEPARTURE LAST
                VALUE   (LST)  VALUE       VALUE  FROM      YEAR
                                                  NORMAL
..................................................................
TEMPERATURE (F)
 YESTERDAY
  MAXIMUM         79    303 PM  93    1977  71      8       64
  MINIMUM         48    453 AM  32    1967  49     -1       34
  AVERAGE         64                        60      4       49

PRECIPITATION (IN)
  YESTERDAY        0.00          1.69 2004   0.11  -0.11     0.00
  MONTH TO DATE    1.16                      2.36  -1.20     1.92
  SINCE MAR 1      5.62                      8.50  -2.88     6.23
  SINCE JAN 1     12.14                     13.07  -0.93    10.11

SNOWFALL (IN)
  YESTERDAY        0.0           T    1963   0.0    0.0      0.0
  MONTH TO DATE    T                         0.1   -0.1      0.0
  SINCE MAR 1     13.5                      21.9   -8.4     12.9
  SINCE JUL 1     80.3                     123.8  -43.5    119.7
  SNOW DEPTH       0

DEGREE DAYS
 HEATING
  YESTERDAY        1                         6     -5       16
  MONTH TO DATE  259                       212     47      120
  SINCE MAR 1   1697                      1716    -19     1838
  SINCE JUL 1   5796                      6547   -751     7062

 COOLING
  YESTERDAY        0                         1     -1        0
  MONTH TO DATE    0                        13    -13       56
  SINCE MAR 1      0                        17    -17       56
  SINCE JAN 1      0                        17    -17       56
..................................................................


WIND (MPH)
  HIGHEST WIND SPEED    18   HIGHEST WIND DIRECTION     N (340)
  HIGHEST GUST SPEED    23   HIGHEST GUST DIRECTION    NW (330)
  AVERAGE WIND SPEED     5.3


SKY COVER
  POSSIBLE SUNSHINE  MM
  AVERAGE SKY COVER 0.4


WEATHER CONDITIONS
 THE FOLLOWING WEATHER WAS RECORDED YESTERDAY.
  FOG


RELATIVE HUMIDITY (PERCENT)
 HIGHEST   100           500 AM
 LOWEST     26           400 PM
 AVERAGE    63

..........................................................


THE SYRACUSE NY CLIMATE NORMALS FOR TODAY
                         NORMAL    RECORD    YEAR
 MAXIMUM TEMPERATURE (F)   71        89      2007
                                             1991
                                             1975
 MINIMUM TEMPERATURE (F)   49        30      1963


SUNRISE AND SUNSET
MAY 24 2016...........SUNRISE   532 AM EDT   SUNSET   831 PM EDT
MAY 25 2016...........SUNRISE   532 AM EDT   SUNSET   832 PM EDT


-  INDICATES NEGATIVE NUMBERS.
R  INDICATES RECORD WAS SET OR TIED.
MM INDICATES DATA IS MISSING.
T  INDICATES TRACE AMOUNT.




$$
