000
CDUS41 KBGM 150323
CLISYR


CLIMATE REPORT
NATIONAL WEATHER SERVICE BINGHAMTON NY
1022 PM EST TUE NOV 14 2017


...................................

...THE SYRACUSE NY CLIMATE SUMMARY FOR NOVEMBER 14 2017...
VALID AS OF 1000 PM LOCAL TIME.

CLIMATE NORMAL PERIOD 1981 TO 2010
CLIMATE RECORD PERIOD 1902 TO 2017


WEATHER ITEM   OBSERVED TIME   RECORD YEAR NORMAL DEPARTURE LAST
                VALUE   (LST)  VALUE       VALUE  FROM      YEAR
                                                  NORMAL
..................................................................
TEMPERATURE (F)
 TODAY
  MAXIMUM         41    206 PM  72    1994  49     -8       58
  MINIMUM         33    959 PM  12    1905  33      0       25
  AVERAGE         37                        41     -4       42

PRECIPITATION (IN)
  TODAY            0.00          0.95 1995   0.12  -0.12     0.00
  MONTH TO DATE    2.40                      1.63   0.77     1.02
  SINCE SEP 1      9.87                      8.76   1.11    12.41
  SINCE JAN 1     42.39                     33.35   9.04    35.62

SNOWFALL (IN)
  TODAY            0.0          10.3  1997   0.2   -0.2      0.0
  MONTH TO DATE    0.9                       2.5   -1.6      0.0
  SINCE SEP 1      0.9                       2.9   -2.0      0.2
  SINCE JUL 1      0.9                       2.9   -2.0      0.2
  SNOW DEPTH       0

DEGREE DAYS
 HEATING
  TODAY           28                        24      4       23
  MONTH TO DATE  363                       302     61      283
  SINCE SEP 1    721                       893   -172      786
  SINCE JUL 1    757                       919   -162      787

 COOLING
  TODAY            0                         0      0        0
  MONTH TO DATE    0                         0      0        0
  SINCE SEP 1    112                        56     56       97
  SINCE JAN 1    562                       569     -7      809
..................................................................


WIND (MPH)
  HIGHEST WIND SPEED     9   HIGHEST WIND DIRECTION     W (280)
  HIGHEST GUST SPEED    12   HIGHEST GUST DIRECTION    SW (230)
  AVERAGE WIND SPEED     4.4


SKY COVER
  POSSIBLE SUNSHINE  MM
  AVERAGE SKY COVER 1.0


WEATHER CONDITIONS
 THE FOLLOWING WEATHER WAS RECORDED TODAY.
  NO SIGNIFICANT WEATHER WAS OBSERVED.


RELATIVE HUMIDITY (PERCENT)
 HIGHEST    92          1200 AM
 LOWEST     64          1100 AM
 AVERAGE    78

..........................................................


THE SYRACUSE NY CLIMATE NORMALS FOR TOMORROW
                         NORMAL    RECORD    YEAR
 MAXIMUM TEMPERATURE (F)   49        73      1956
 MINIMUM TEMPERATURE (F)   33        12      1933


SUNRISE AND SUNSET
NOVEMBER 14 2017......SUNRISE   656 AM EST   SUNSET   441 PM EST
NOVEMBER 15 2017......SUNRISE   657 AM EST   SUNSET   440 PM EST


-  INDICATES NEGATIVE NUMBERS.
R  INDICATES RECORD WAS SET OR TIED.
MM INDICATES DATA IS MISSING.
T  INDICATES TRACE AMOUNT.




$$
