000
CDUS41 KBGM 242117
CLISYR


CLIMATE REPORT
NATIONAL WEATHER SERVICE BINGHAMTON NY
516 PM EDT FRI JUL 24 2015


...................................

...THE SYRACUSE NY CLIMATE SUMMARY FOR JULY 24 2015...
VALID TODAY AS OF 0500 PM LOCAL TIME.

CLIMATE NORMAL PERIOD 1981 TO 2010
CLIMATE RECORD PERIOD 1902 TO 2015


WEATHER ITEM   OBSERVED TIME   RECORD YEAR NORMAL DEPARTURE LAST
                VALUE   (LST)  VALUE       VALUE  FROM      YEAR
                                                  NORMAL
..................................................................
TEMPERATURE (F)
 TODAY
  MAXIMUM         82    331 PM  93    2001  82      0       72
                                      1987
                                      1941
  MINIMUM         56    512 AM  46    1985  61     -5       59
  AVERAGE         69                        72     -3       66

PRECIPITATION (IN)
  TODAY            0.00          2.11 1971   0.12  -0.12     0.00
  MONTH TO DATE    2.26                      2.94  -0.68     2.03
  SINCE JUN 1     12.18                      6.25   5.93     4.77
  SINCE JAN 1     24.30                     20.18   4.12    22.15

SNOWFALL (IN)
  TODAY            0.0           0.0  2002   0.0    0.0      0.0
                                      2000
                                      2001
  MONTH TO DATE    0.0                       0.0    0.0      0.0
  SINCE JUN 1      0.0                       0.0    0.0      0.0
  SINCE JUL 1      0.0                       0.0    0.0      0.0
  SNOW DEPTH       0

DEGREE DAYS
 HEATING
  TODAY            0                         0      0        0
  MONTH TO DATE    5                         2      3        0
  SINCE JUN 1     58                        63     -5       23
  SINCE JUL 1      5                         2      3        0

 COOLING
  TODAY            4                         7     -3        1
  MONTH TO DATE  125                       160    -35      188
  SINCE JUN 1    214                       273    -59      335
  SINCE JAN 1    319                       303     16      391
..................................................................


WIND (MPH)
  HIGHEST WIND SPEED    16   HIGHEST WIND DIRECTION    NW (310)
  HIGHEST GUST SPEED    20   HIGHEST GUST DIRECTION     W (260)
  AVERAGE WIND SPEED     6.0


SKY COVER
  POSSIBLE SUNSHINE  MM
  AVERAGE SKY COVER 0.3


WEATHER CONDITIONS
 THE FOLLOWING WEATHER WAS RECORDED TODAY.
  NO SIGNIFICANT WEATHER WAS OBSERVED.


RELATIVE HUMIDITY (PERCENT)
 HIGHEST    86           500 AM
 LOWEST     36           400 PM
 AVERAGE    61

..........................................................


THE SYRACUSE NY CLIMATE NORMALS FOR TOMORROW
                         NORMAL    RECORD    YEAR
 MAXIMUM TEMPERATURE (F)   82        95      1941
 MINIMUM TEMPERATURE (F)   61        45      1976


SUNRISE AND SUNSET
JULY 24 2015..........SUNRISE   547 AM EDT   SUNSET   835 PM EDT
JULY 25 2015..........SUNRISE   548 AM EDT   SUNSET   834 PM EDT


-  INDICATES NEGATIVE NUMBERS.
R  INDICATES RECORD WAS SET OR TIED.
MM INDICATES DATA IS MISSING.
T  INDICATES TRACE AMOUNT.




$$
