000
CDUS41 KBGM 222119
CLISYR


CLIMATE REPORT
NATIONAL WEATHER SERVICE BINGHAMTON NY
518 PM EDT SUN MAR 22 2015


...................................

...THE SYRACUSE NY CLIMATE SUMMARY FOR MARCH 22 2015...
VALID TODAY AS OF 0500 PM LOCAL TIME.

CLIMATE NORMAL PERIOD 1981 TO 2010
CLIMATE RECORD PERIOD 1902 TO 2015


WEATHER ITEM   OBSERVED TIME   RECORD YEAR NORMAL DEPARTURE LAST
                VALUE   (LST)  VALUE       VALUE  FROM      YEAR
                                                  NORMAL
..................................................................
TEMPERATURE (F)
 TODAY
  MAXIMUM         28   1228 AM  82    1938  46    -18       42
  MINIMUM         15    810 AM   5    1988  27    -12       24
  AVERAGE         22                        36    -14       33

PRECIPITATION (IN)
  TODAY            0.02          1.34 1955   0.11  -0.09      T
  MONTH TO DATE    1.04                      2.03  -0.99     1.66
  SINCE MAR 1      1.04                      2.03  -0.99     1.66
  SINCE JAN 1      4.92                      6.60  -1.68     7.21

SNOWFALL (IN)
  TODAY            0.5           5.5  1977   0.4    0.1       T
  MONTH TO DATE   12.3                      14.8   -2.5     20.0
  SINCE MAR 1     12.3                      14.8   -2.5     20.0
  SINCE JUL 1    119.1                     116.7    2.4    129.9
  SNOW DEPTH       5

DEGREE DAYS
 HEATING
  TODAY           43                        29     14       32
  MONTH TO DATE  848                       718    130      896
  SINCE MAR 1    848                       718    130      896
  SINCE JUL 1   6072                      5549    523     5988

 COOLING
  TODAY            0                         0      0        0
  MONTH TO DATE    0                         0      0        0
  SINCE MAR 1      0                         0      0        0
  SINCE JAN 1      0                         0      0        0
..................................................................


WIND (MPH)
  HIGHEST WIND SPEED    24   HIGHEST WIND DIRECTION    NW (300)
  HIGHEST GUST SPEED    30   HIGHEST GUST DIRECTION     W (280)
  AVERAGE WIND SPEED    13.8


SKY COVER
  POSSIBLE SUNSHINE  MM
  AVERAGE SKY COVER 0.7


WEATHER CONDITIONS
 THE FOLLOWING WEATHER WAS RECORDED TODAY.
  LIGHT SNOW
  FOG


RELATIVE HUMIDITY (PERCENT)
 HIGHEST    92           400 AM
 LOWEST     47           100 PM
 AVERAGE    70

..........................................................


THE SYRACUSE NY CLIMATE NORMALS FOR TOMORROW
                         NORMAL    RECORD    YEAR
 MAXIMUM TEMPERATURE (F)   46        81      1938
 MINIMUM TEMPERATURE (F)   28         4      1934


SUNRISE AND SUNSET
MARCH 22 2015.........SUNRISE   705 AM EDT   SUNSET   719 PM EDT
MARCH 23 2015.........SUNRISE   703 AM EDT   SUNSET   720 PM EDT


-  INDICATES NEGATIVE NUMBERS.
R  INDICATES RECORD WAS SET OR TIED.
MM INDICATES DATA IS MISSING.
T  INDICATES TRACE AMOUNT.




$$
