000
CDUS41 KBGM 190721
CLISYR


CLIMATE REPORT
NATIONAL WEATHER SERVICE BINGHAMTON NY
220 AM EST FRI JAN 19 2018


...................................

...THE SYRACUSE NY CLIMATE SUMMARY FOR JANUARY 18 2018...

CLIMATE NORMAL PERIOD 1981 TO 2010
CLIMATE RECORD PERIOD 1902 TO 2018


WEATHER ITEM   OBSERVED TIME   RECORD YEAR NORMAL DEPARTURE LAST
                VALUE   (LST)  VALUE       VALUE  FROM      YEAR
                                                  NORMAL
..................................................................
TEMPERATURE (F)
 YESTERDAY
  MAXIMUM         21        MM  61    1973  31    -10       38
  MINIMUM         -5        MM -15    1945  15    -20       34
  AVERAGE          8                        23    -15       36

PRECIPITATION (IN)
  YESTERDAY        0.00          0.76 1920   0.08  -0.08     0.16
  MONTH TO DATE    2.74                      1.53   1.21     2.35
  SINCE DEC 1      5.08                      4.75   0.33     5.59
  SINCE JAN 1      2.74                      1.53   1.21     2.35

SNOWFALL (IN)
  YESTERDAY        0.0          19.8  1992   1.1   -1.1      0.0
  MONTH TO DATE   38.1                      19.5   18.6      4.8
  SINCE DEC 1     72.3                      52.2   20.1     42.0
  SINCE JUL 1     77.5                      62.1   15.4     67.4
  SNOW DEPTH       9

DEGREE DAYS
 HEATING
  YESTERDAY       57                        42     15       29
  MONTH TO DATE  873                       743    130      689
  SINCE DEC 1   2134                      1847    287     1780
  SINCE JUL 1   3331                      3196    135     2974

 COOLING
  YESTERDAY        0                         0      0        0
  MONTH TO DATE    0                         0      0        0
  SINCE DEC 1      0                         0      0        0
  SINCE JAN 1      0                         0      0        0
..................................................................


WIND (MPH)
  HIGHEST WIND SPEED    19   HIGHEST WIND DIRECTION     W (250)
  HIGHEST GUST SPEED    99   HIGHEST GUST DIRECTION    MM
  AVERAGE WIND SPEED    MM


SKY COVER
  POSSIBLE SUNSHINE  MM
  AVERAGE SKY COVER 0.6


WEATHER CONDITIONS
 THE FOLLOWING WEATHER WAS RECORDED YESTERDAY.
  NO SIGNIFICANT WEATHER WAS OBSERVED.


RELATIVE HUMIDITY (PERCENT)
 HIGHEST   100           100 AM
 LOWEST     67          1000 AM
 AVERAGE    84

..........................................................


THE SYRACUSE NY CLIMATE NORMALS FOR TODAY
                         NORMAL    RECORD    YEAR
 MAXIMUM TEMPERATURE (F)   31        64      1996
 MINIMUM TEMPERATURE (F)   15       -20      1904


SUNRISE AND SUNSET
JANUARY 19 2018.......SUNRISE   731 AM EST   SUNSET   500 PM EST
JANUARY 20 2018.......SUNRISE   730 AM EST   SUNSET   501 PM EST


-  INDICATES NEGATIVE NUMBERS.
R  INDICATES RECORD WAS SET OR TIED.
MM INDICATES DATA IS MISSING.
T  INDICATES TRACE AMOUNT.

$$
