261
CDUS41 KBGM 150736
CLISYR


CLIMATE REPORT
NATIONAL WEATHER SERVICE BINGHAMTON NY
336 AM EDT FRI MAY 15 2015


...................................

...THE SYRACUSE NY CLIMATE SUMMARY FOR MAY 14 2015...

CLIMATE NORMAL PERIOD 1981 TO 2010
CLIMATE RECORD PERIOD 1902 TO 2015


WEATHER ITEM   OBSERVED TIME   RECORD YEAR NORMAL DEPARTURE LAST
                VALUE   (LST)  VALUE       VALUE  FROM      YEAR
                                                  NORMAL
..................................................................
TEMPERATURE (F)
 YESTERDAY
  MAXIMUM         66    247 PM  87    1942  68     -2       85
  MINIMUM         36    405 AM  30    1939  46    -10       60
  AVERAGE         51                        57     -6       73

PRECIPITATION (IN)
  YESTERDAY        0.00          1.00 1905   0.10  -0.10     0.27
  MONTH TO DATE    1.01                      1.39  -0.38     1.99
  SINCE MAR 1      5.32                      7.53  -2.21    10.11
  SINCE JAN 1      9.20                     12.10  -2.90    15.66

SNOWFALL (IN)
  YESTERDAY        0.0           0.0  2002   0.0    0.0      0.0
                                      2001
  MONTH TO DATE    0.0                       0.1   -0.1      0.0
  SINCE MAR 1     12.9                      21.9   -9.0     22.1
  SINCE JUL 1    119.7                     123.8   -4.1    132.0
  SNOW DEPTH       0

DEGREE DAYS
 HEATING
  YESTERDAY       14                         9      5        0
  MONTH TO DATE   55                       146    -91      101
  SINCE MAR 1   1773                      1650    123     1874
  SINCE JUL 1   6997                      6481    516     6966

 COOLING
  YESTERDAY        0                         1     -1        8
  MONTH TO DATE   45                         4     41       21
  SINCE MAR 1     45                         8     37       22
  SINCE JAN 1     45                         8     37       22
..................................................................


WIND (MPH)
  HIGHEST WIND SPEED    14   HIGHEST WIND DIRECTION     W (290)
  HIGHEST GUST SPEED    19   HIGHEST GUST DIRECTION    NW (300)
  AVERAGE WIND SPEED     4.9


SKY COVER
  POSSIBLE SUNSHINE  MM
  AVERAGE SKY COVER 0.2


WEATHER CONDITIONS
 THE FOLLOWING WEATHER WAS RECORDED YESTERDAY.
  NO SIGNIFICANT WEATHER WAS OBSERVED.


RELATIVE HUMIDITY (PERCENT)
 HIGHEST   100           400 AM
 LOWEST     21           500 PM
 AVERAGE    61

..........................................................


THE SYRACUSE NY CLIMATE NORMALS FOR TODAY
                         NORMAL    RECORD    YEAR
 MAXIMUM TEMPERATURE (F)   69        87      1940
 MINIMUM TEMPERATURE (F)   46        33      1977
                                             1917


SUNRISE AND SUNSET
MAY 15 2015...........SUNRISE   541 AM EDT   SUNSET   821 PM EDT
MAY 16 2015...........SUNRISE   540 AM EDT   SUNSET   822 PM EDT


-  INDICATES NEGATIVE NUMBERS.
R  INDICATES RECORD WAS SET OR TIED.
MM INDICATES DATA IS MISSING.
T  INDICATES TRACE AMOUNT.




$$

HEDEN
