000
CDUS41 KBGM 300604
CLISYR


CLIMATE REPORT
NATIONAL WEATHER SERVICE BINGHAMTON NY
104 AM EST WED NOV 30 2016


...................................

...THE SYRACUSE NY CLIMATE SUMMARY FOR NOVEMBER 29 2016...

CLIMATE NORMAL PERIOD 1981 TO 2010
CLIMATE RECORD PERIOD 1902 TO 2016


WEATHER ITEM   OBSERVED TIME   RECORD YEAR NORMAL DEPARTURE LAST
                VALUE   (LST)  VALUE       VALUE  FROM      YEAR
                                                  NORMAL
..................................................................
TEMPERATURE (F)
 YESTERDAY
  MAXIMUM         56    120 PM  70    2005  43     13       39
  MINIMUM         37   1115 PM   9    1903  29      8       28
  AVERAGE         47                        36     11       34

PRECIPITATION (IN)
  YESTERDAY        0.03          1.58 1987   0.12  -0.09     0.00
  MONTH TO DATE    2.76                      3.41  -0.65     0.89
  SINCE SEP 1     14.15                     10.54   3.61     9.71
  SINCE JAN 1     37.36                     35.13   2.23    37.03

SNOWFALL (IN)
  YESTERDAY        0.0           4.4  2003   0.5   -0.5      0.0
                                      1967
  MONTH TO DATE   25.2                       8.9   16.3      0.4
  SINCE SEP 1     25.4                       9.3   16.1      0.8
  SINCE JUL 1     25.4                       9.3   16.1      0.8
  SNOW DEPTH       0

DEGREE DAYS
 HEATING
  YESTERDAY       18                        29    -11       31
  MONTH TO DATE  670                       702    -32      532
  SINCE SEP 1   1173                      1293   -120     1044
  SINCE JUL 1   1174                      1319   -145     1052

 COOLING
  YESTERDAY        0                         0      0        0
  MONTH TO DATE    0                         0      0        0
  SINCE SEP 1     97                        56     41      145
  SINCE JAN 1    809                       569    240      717
..................................................................


WIND (MPH)
  HIGHEST WIND SPEED    26   HIGHEST WIND DIRECTION     S (170)
  HIGHEST GUST SPEED    38   HIGHEST GUST DIRECTION    SE (150)
  AVERAGE WIND SPEED     7.5


SKY COVER
  POSSIBLE SUNSHINE  MM
  AVERAGE SKY COVER 0.9


WEATHER CONDITIONS
 THE FOLLOWING WEATHER WAS RECORDED YESTERDAY.
  LIGHT RAIN
  FOG


RELATIVE HUMIDITY (PERCENT)
 HIGHEST   100           600 PM
 LOWEST     70           200 AM
 AVERAGE    85

..........................................................


THE SYRACUSE NY CLIMATE NORMALS FOR TODAY
                         NORMAL    RECORD    YEAR
 MAXIMUM TEMPERATURE (F)   42        67      1998
 MINIMUM TEMPERATURE (F)   28         5      1976


SUNRISE AND SUNSET
NOVEMBER 30 2016......SUNRISE   716 AM EST   SUNSET   431 PM EST
DECEMBER  1 2016......SUNRISE   717 AM EST   SUNSET   430 PM EST


-  INDICATES NEGATIVE NUMBERS.
R  INDICATES RECORD WAS SET OR TIED.
MM INDICATES DATA IS MISSING.
T  INDICATES TRACE AMOUNT.




$$
