000
CDUS41 KBGM 102123
CLISYR


CLIMATE REPORT
NATIONAL WEATHER SERVICE BINGHAMTON NY
522 PM EDT THU AUG 10 2017


...................................

...THE SYRACUSE NY CLIMATE SUMMARY FOR AUGUST 10 2017...
VALID TODAY AS OF 0500 PM LOCAL TIME.

CLIMATE NORMAL PERIOD 1981 TO 2010
CLIMATE RECORD PERIOD 1902 TO 2017


WEATHER ITEM   OBSERVED TIME   RECORD YEAR NORMAL DEPARTURE LAST
                VALUE   (LST)  VALUE       VALUE  FROM      YEAR
                                                  NORMAL
..................................................................
TEMPERATURE (F)
 TODAY
  MAXIMUM         81    206 PM  97    1949  81      0       89
  MINIMUM         59    503 AM  48    1948  61     -2       70
  AVERAGE         70                        71     -1       80

PRECIPITATION (IN)
  TODAY            0.00          1.99 1935   0.12  -0.12     1.01
  MONTH TO DATE    0.85                      1.14  -0.29     1.80
  SINCE JUN 1      9.73                      8.23   1.50     6.40
  SINCE JAN 1     31.57                     22.16   9.41    20.96

SNOWFALL (IN)
  TODAY            0.0           0.0  2002   0.0    0.0      0.0
                                      2000
                                      2001
  MONTH TO DATE    0.0                       0.0    0.0      0.0
  SINCE JUN 1      0.0                       0.0    0.0       T
  SINCE JUL 1      0.0                       0.0    0.0      0.0
  SNOW DEPTH       0

DEGREE DAYS
 HEATING
  TODAY            0                         0      0        0
  MONTH TO DATE    0                         0      0        0
  SINCE JUN 1     73                        69      4       53
  SINCE JUL 1      2                         8     -6        0

 COOLING
  TODAY            5                         6     -1       15
  MONTH TO DATE   55                        60     -5       96
  SINCE JUN 1    333                       376    -43      462
  SINCE JAN 1    365                       406    -41      518
..................................................................


WIND (MPH)
  HIGHEST WIND SPEED     9   HIGHEST WIND DIRECTION    NE (40)
  HIGHEST GUST SPEED    12   HIGHEST GUST DIRECTION    NE (40)
  AVERAGE WIND SPEED     3.9


SKY COVER
  POSSIBLE SUNSHINE  MM
  AVERAGE SKY COVER 0.5


WEATHER CONDITIONS
 THE FOLLOWING WEATHER WAS RECORDED TODAY.
  NO SIGNIFICANT WEATHER WAS OBSERVED.


RELATIVE HUMIDITY (PERCENT)
 HIGHEST   100           200 AM
 LOWEST     54          1100 AM
 AVERAGE    77

..........................................................


THE SYRACUSE NY CLIMATE NORMALS FOR TOMORROW
                         NORMAL    RECORD    YEAR
 MAXIMUM TEMPERATURE (F)   81        97      1944
 MINIMUM TEMPERATURE (F)   60        46      1941


SUNRISE AND SUNSET
AUGUST 10 2017........SUNRISE   605 AM EDT   SUNSET   814 PM EDT
AUGUST 11 2017........SUNRISE   606 AM EDT   SUNSET   812 PM EDT


-  INDICATES NEGATIVE NUMBERS.
R  INDICATES RECORD WAS SET OR TIED.
MM INDICATES DATA IS MISSING.
T  INDICATES TRACE AMOUNT.




$$
