000
CDUS41 KBGM 180548
CLISYR


CLIMATE REPORT
NATIONAL WEATHER SERVICE BINGHAMTON NY
148 AM EDT MON JUL 18 2016


...................................

...THE SYRACUSE NY CLIMATE SUMMARY FOR JULY 17 2016...

CLIMATE NORMAL PERIOD 1981 TO 2010
CLIMATE RECORD PERIOD 1902 TO 2016


WEATHER ITEM   OBSERVED TIME   RECORD YEAR NORMAL DEPARTURE LAST
                VALUE   (LST)  VALUE       VALUE  FROM      YEAR
                                                  NORMAL
..................................................................
TEMPERATURE (F)
 YESTERDAY
  MAXIMUM         81    401 PM 101    2012  82     -1       79
  MINIMUM         60    239 AM  46    1946  61     -1       53
  AVERAGE         71                        72     -1       66

PRECIPITATION (IN)
  YESTERDAY        T             0.88 1914   0.13  -0.13      T
  MONTH TO DATE    1.31                      2.08  -0.77     2.09
  SINCE JUN 1      3.26                      5.39  -2.13    12.01
  SINCE JAN 1     17.82                     19.32  -1.50    24.13

SNOWFALL (IN)
  YESTERDAY        0.0           0.0  2002   0.0    0.0      0.0
                                      2001
                                      2000
  MONTH TO DATE    0.0                       0.0    0.0      0.0
  SINCE JUN 1      T                         0.0    0.0      0.0
  SINCE JUL 1      0.0                       0.0    0.0      0.0
  SNOW DEPTH       0

DEGREE DAYS
 HEATING
  YESTERDAY        0                         0      0        0
  MONTH TO DATE    0                         2     -2        5
  SINCE JUN 1     53                        63    -10       58
  SINCE JUL 1      0                         2     -2        5

 COOLING
  YESTERDAY        6                         7     -1        1
  MONTH TO DATE  144                       111     33       69
  SINCE JUN 1    245                       224     21      158
  SINCE JAN 1    301                       254     47      263
..................................................................


WIND (MPH)
  HIGHEST WIND SPEED    10   HIGHEST WIND DIRECTION     E (70)
  HIGHEST GUST SPEED    14   HIGHEST GUST DIRECTION     W (290)
  AVERAGE WIND SPEED     3.6


SKY COVER
  POSSIBLE SUNSHINE  MM
  AVERAGE SKY COVER 0.7


WEATHER CONDITIONS
 THE FOLLOWING WEATHER WAS RECORDED YESTERDAY.
  LIGHT RAIN


RELATIVE HUMIDITY (PERCENT)
 HIGHEST   100           300 AM
 LOWEST     45           300 PM
 AVERAGE    73

..........................................................


THE SYRACUSE NY CLIMATE NORMALS FOR TODAY
                         NORMAL    RECORD    YEAR
 MAXIMUM TEMPERATURE (F)   82        97      1953
 MINIMUM TEMPERATURE (F)   61        51      1971
                                             1956
                                             1941


SUNRISE AND SUNSET
JULY 18 2016..........SUNRISE   542 AM EDT   SUNSET   839 PM EDT
JULY 19 2016..........SUNRISE   543 AM EDT   SUNSET   839 PM EDT


-  INDICATES NEGATIVE NUMBERS.
R  INDICATES RECORD WAS SET OR TIED.
MM INDICATES DATA IS MISSING.
T  INDICATES TRACE AMOUNT.




$$
