000
CDUS41 KBGM 240642
CLISYR


CLIMATE REPORT
NATIONAL WEATHER SERVICE BINGHAMTON NY
242 AM EDT FRI JUL 24 2015


...................................

...THE SYRACUSE NY CLIMATE SUMMARY FOR JULY 23 2015...

CLIMATE NORMAL PERIOD 1981 TO 2010
CLIMATE RECORD PERIOD 1902 TO 2015


WEATHER ITEM   OBSERVED TIME   RECORD YEAR NORMAL DEPARTURE LAST
                VALUE   (LST)  VALUE       VALUE  FROM      YEAR
                                                  NORMAL
..................................................................
TEMPERATURE (F)
 YESTERDAY
  MAXIMUM         78    418 PM  98    1933  82     -4       89
  MINIMUM         59   1154 PM  50    1977  61     -2       67
                                      1923
  AVERAGE         69                        72     -3       78

PRECIPITATION (IN)
  YESTERDAY        0.00          2.83 1938   0.12  -0.12     0.19
  MONTH TO DATE    2.26                      2.82  -0.56     2.03
  SINCE JUN 1     12.18                      6.13   6.05     4.77
  SINCE JAN 1     24.30                     20.06   4.24    22.15

SNOWFALL (IN)
  YESTERDAY        0.0           0.0  2002   0.0    0.0      0.0
                                      2000
                                      2001
  MONTH TO DATE    0.0                       0.0    0.0      0.0
  SINCE JUN 1      0.0                       0.0    0.0      0.0
  SINCE JUL 1      0.0                       0.0    0.0      0.0
  SNOW DEPTH       0

DEGREE DAYS
 HEATING
  YESTERDAY        0                         0      0        0
  MONTH TO DATE    5                         2      3        0
  SINCE JUN 1     58                        63     -5       23
  SINCE JUL 1      5                         2      3        0

 COOLING
  YESTERDAY        4                         7     -3       13
  MONTH TO DATE  121                       153    -32      187
  SINCE JUN 1    210                       266    -56      334
  SINCE JAN 1    315                       296     19      390
..................................................................


WIND (MPH)
  HIGHEST WIND SPEED    20   HIGHEST WIND DIRECTION     W (280)
  HIGHEST GUST SPEED    24   HIGHEST GUST DIRECTION     W (280)
  AVERAGE WIND SPEED     8.4


SKY COVER
  POSSIBLE SUNSHINE  MM
  AVERAGE SKY COVER 0.4


WEATHER CONDITIONS
 THE FOLLOWING WEATHER WAS RECORDED YESTERDAY.
  NO SIGNIFICANT WEATHER WAS OBSERVED.


RELATIVE HUMIDITY (PERCENT)
 HIGHEST    84           300 AM
 LOWEST     29           600 PM
 AVERAGE    57

..........................................................


THE SYRACUSE NY CLIMATE NORMALS FOR TODAY
                         NORMAL    RECORD    YEAR
 MAXIMUM TEMPERATURE (F)   82        93      2001
                                             1987
                                             1941
 MINIMUM TEMPERATURE (F)   61        46      1985


SUNRISE AND SUNSET
JULY 24 2015..........SUNRISE   547 AM EDT   SUNSET   835 PM EDT
JULY 25 2015..........SUNRISE   548 AM EDT   SUNSET   834 PM EDT


-  INDICATES NEGATIVE NUMBERS.
R  INDICATES RECORD WAS SET OR TIED.
MM INDICATES DATA IS MISSING.
T  INDICATES TRACE AMOUNT.




$$
