000
CDUS41 KBGM 050648
CLISYR


CLIMATE REPORT
NATIONAL WEATHER SERVICE BINGHAMTON NY
147 AM EST FRI FEB 5 2016


...................................

...THE SYRACUSE NY CLIMATE SUMMARY FOR FEBRUARY 4 2016...

CLIMATE NORMAL PERIOD 1981 TO 2010
CLIMATE RECORD PERIOD 1902 TO 2016


WEATHER ITEM   OBSERVED TIME   RECORD YEAR NORMAL DEPARTURE LAST
                VALUE   (LST)  VALUE       VALUE  FROM      YEAR
                                                  NORMAL
..................................................................
TEMPERATURE (F)
 YESTERDAY
  MAXIMUM         46   1208 AM  60    1991  32     14       32
  MINIMUM         32   1159 PM -15    1908  16     16       14
  AVERAGE         39                        24     15       23

PRECIPITATION (IN)
  YESTERDAY        T             1.89 1961   0.07  -0.07     0.17
  MONTH TO DATE    0.58                      0.28   0.30     0.57
  SINCE DEC 1      7.12                      6.00   1.12     5.19
  SINCE JAN 1      2.29                      2.78  -0.49     2.17

SNOWFALL (IN)
  YESTERDAY        T            20.8  1961   1.0   -1.0      2.9
  MONTH TO DATE    T                         4.0   -4.0     13.3
  SINCE DEC 1     40.9                      70.7  -29.8     49.1
  SINCE JUL 1     41.7                      80.6  -38.9     60.1
  SNOW DEPTH       0

DEGREE DAYS
 HEATING
  YESTERDAY       26                        41    -15       42
  MONTH TO DATE   99                       164    -65      201
  SINCE DEC 1   2034                      2551   -517     2681
  SINCE JUL 1   3119                      3900   -781     3866

 COOLING
  YESTERDAY        0                         0      0        0
  MONTH TO DATE    0                         0      0        0
  SINCE DEC 1      0                         0      0        0
  SINCE JAN 1      0                         0      0        0
..................................................................


WIND (MPH)
  HIGHEST WIND SPEED    21   HIGHEST WIND DIRECTION     W (250)
  HIGHEST GUST SPEED    26   HIGHEST GUST DIRECTION     W (250)
  AVERAGE WIND SPEED    10.2


SKY COVER
  POSSIBLE SUNSHINE  MM
  AVERAGE SKY COVER 0.9


WEATHER CONDITIONS
 THE FOLLOWING WEATHER WAS RECORDED YESTERDAY.
  LIGHT RAIN
  LIGHT SNOW


RELATIVE HUMIDITY (PERCENT)
 HIGHEST    75           500 PM
 LOWEST     57          1200 PM
 AVERAGE    66

..........................................................


THE SYRACUSE NY CLIMATE NORMALS FOR TODAY
                         NORMAL    RECORD    YEAR
 MAXIMUM TEMPERATURE (F)   32        55      1962
 MINIMUM TEMPERATURE (F)   16       -19      1918


SUNRISE AND SUNSET
FEBRUARY  5 2016......SUNRISE   716 AM EST   SUNSET   522 PM EST
FEBRUARY  6 2016......SUNRISE   715 AM EST   SUNSET   523 PM EST


-  INDICATES NEGATIVE NUMBERS.
R  INDICATES RECORD WAS SET OR TIED.
MM INDICATES DATA IS MISSING.
T  INDICATES TRACE AMOUNT.




$$
