000
CDUS41 KBGM 190539
CLISYR


CLIMATE REPORT
NATIONAL WEATHER SERVICE BINGHAMTON NY
137 AM EDT SUN OCT 19 2014


...................................

...THE SYRACUSE NY CLIMATE SUMMARY FOR OCTOBER 18 2014...

CLIMATE NORMAL PERIOD 1981 TO 2010
CLIMATE RECORD PERIOD 1902 TO 2014


WEATHER ITEM   OBSERVED TIME   RECORD YEAR NORMAL DEPARTURE LAST
                VALUE   (LST)  VALUE       VALUE  FROM      YEAR
                                                  NORMAL
..................................................................
TEMPERATURE (F)
 YESTERDAY
  MAXIMUM         60    435 AM  83    1947  59      1       60
  MINIMUM         45   1159 PM  26    1939  40      5       47
  AVERAGE         53                        50      3       54

PRECIPITATION (IN)
  YESTERDAY        0.16          1.27 1928   0.10   0.06     0.03
  MONTH TO DATE    3.21                      2.01   1.20     2.85
  SINCE SEP 1      4.81                      5.70  -0.89     6.05
  SINCE JAN 1     33.85                     30.29   3.56    32.63

SNOWFALL (IN)
  YESTERDAY        0.0           T    1976   0.1   -0.1      0.0
  MONTH TO DATE    0.0                       0.1   -0.1      0.0
  SINCE SEP 1      0.0                       0.1   -0.1      0.0
  SINCE JUL 1      0.0                       0.1   -0.1      0.0
  SNOW DEPTH       0

DEGREE DAYS
 HEATING
  YESTERDAY       12                        15     -3       11
  MONTH TO DATE  132                       225    -93      107
  SINCE SEP 1    235                       366   -131      279
  SINCE JUL 1    246                       392   -146      285

 COOLING
  YESTERDAY        0                         0      0        0
  MONTH TO DATE   13                         0     13        1
  SINCE SEP 1     88                        52     36       69
  SINCE JAN 1    647                       565     82      712
..................................................................


WIND (MPH)
  HIGHEST WIND SPEED    21   HIGHEST WIND DIRECTION     W (270)
  HIGHEST GUST SPEED    MM   HIGHEST GUST DIRECTION    MM
  AVERAGE WIND SPEED    12.2


SKY COVER
  POSSIBLE SUNSHINE  MM
  AVERAGE SKY COVER 0.9


WEATHER CONDITIONS
 THE FOLLOWING WEATHER WAS RECORDED YESTERDAY.
  LIGHT RAIN
  FOG


RELATIVE HUMIDITY (PERCENT)
 HIGHEST    92          1100 PM
 LOWEST     67           100 PM
 AVERAGE    80

..........................................................


THE SYRACUSE NY CLIMATE NORMALS FOR TODAY
                         NORMAL    RECORD    YEAR
 MAXIMUM TEMPERATURE (F)   59        81      1953
 MINIMUM TEMPERATURE (F)   40        22      1922


SUNRISE AND SUNSET
OCTOBER 19 2014.......SUNRISE   723 AM EDT   SUNSET   615 PM EDT
OCTOBER 20 2014.......SUNRISE   724 AM EDT   SUNSET   614 PM EDT


-  INDICATES NEGATIVE NUMBERS.
R  INDICATES RECORD WAS SET OR TIED.
MM INDICATES DATA IS MISSING.
T  INDICATES TRACE AMOUNT.

$$
