179
CDUS41 KBGM 020616
CLISYR


CLIMATE REPORT
NATIONAL WEATHER SERVICE BINGHAMTON NY
215 AM EDT MON MAY 2 2016


...................................

...THE SYRACUSE NY CLIMATE SUMMARY FOR MAY 1 2016...

CLIMATE NORMAL PERIOD 1981 TO 2010
CLIMATE RECORD PERIOD 1902 TO 2016


WEATHER ITEM   OBSERVED TIME   RECORD YEAR NORMAL DEPARTURE LAST
                VALUE   (LST)  VALUE       VALUE  FROM      YEAR
                                                  NORMAL
..................................................................
TEMPERATURE (F)
 YESTERDAY
  MAXIMUM         54   1201 AM  87    1936  64    -10       69
  MINIMUM         45   1149 AM  27    1978  42      3       45
  AVERAGE         50                        53     -3       57

PRECIPITATION (IN)
  YESTERDAY        0.24          1.26 1953   0.10   0.14     0.00
  MONTH TO DATE    0.24                      0.10   0.14     0.00
  SINCE MAR 1      4.70                      6.24  -1.54     4.31
  SINCE JAN 1     11.22                     10.81   0.41     8.19

SNOWFALL (IN)
  YESTERDAY        0.0           0.8  1963   0.0    0.0      0.0
  MONTH TO DATE    0.0                       0.0    0.0      0.0
  SINCE MAR 1     13.5                      21.8   -8.3     12.9
  SINCE JUL 1     80.3                     123.7  -43.4    119.7
  SNOW DEPTH       0

DEGREE DAYS
 HEATING
  YESTERDAY       15                        12      3        8
  MONTH TO DATE   15                        12      3        8
  SINCE MAR 1   1453                      1516    -63     1726
  SINCE JUL 1   5552                      6347   -795     6950

 COOLING
  YESTERDAY        0                         0      0        0
  MONTH TO DATE    0                         0      0        0
  SINCE MAR 1      0                         4     -4        0
  SINCE JAN 1      0                         4     -4        0
..................................................................


WIND (MPH)
  HIGHEST WIND SPEED    20   HIGHEST WIND DIRECTION    SE (120)
  HIGHEST GUST SPEED    24   HIGHEST GUST DIRECTION    SE (120)
  AVERAGE WIND SPEED     9.0


SKY COVER
  POSSIBLE SUNSHINE  MM
  AVERAGE SKY COVER 1.0


WEATHER CONDITIONS
 THE FOLLOWING WEATHER WAS RECORDED YESTERDAY.
  LIGHT RAIN
  FOG


RELATIVE HUMIDITY (PERCENT)
 HIGHEST   100           700 AM
 LOWEST     64          1200 AM
 AVERAGE    82

..........................................................


THE SYRACUSE NY CLIMATE NORMALS FOR TODAY
                         NORMAL    RECORD    YEAR
 MAXIMUM TEMPERATURE (F)   64        86      2001
 MINIMUM TEMPERATURE (F)   42        26      1903


SUNRISE AND SUNSET
MAY  2 2016...........SUNRISE   556 AM EDT   SUNSET   807 PM EDT
MAY  3 2016...........SUNRISE   555 AM EDT   SUNSET   809 PM EDT


-  INDICATES NEGATIVE NUMBERS.
R  INDICATES RECORD WAS SET OR TIED.
MM INDICATES DATA IS MISSING.
T  INDICATES TRACE AMOUNT.

$$
