000
CDUS41 KBGM 190220
CLISYR


CLIMATE REPORT
NATIONAL WEATHER SERVICE BINGHAMTON NY
1019 PM EDT THU MAY 18 2017


...................................

...THE SYRACUSE NY CLIMATE SUMMARY FOR MAY 18 2017...
VALID AS OF 1000 PM LOCAL TIME.

CLIMATE NORMAL PERIOD 1981 TO 2010
CLIMATE RECORD PERIOD 1902 TO 2017


WEATHER ITEM   OBSERVED TIME   RECORD YEAR NORMAL DEPARTURE LAST
                VALUE   (LST)  VALUE       VALUE  FROM      YEAR
                                                  NORMAL
..................................................................
TEMPERATURE (F)
 TODAY
  MAXIMUM         88    239 PM  90    1962  70     18       62
  MINIMUM         63    151 AM  30    1983  47     16       35
  AVERAGE         76                        58     18       49

PRECIPITATION (IN)
  TODAY            0.01          1.10 1976   0.10  -0.09     0.00
  MONTH TO DATE    3.17                      1.80   1.37     1.10
  SINCE MAR 1     11.97                      7.94   4.03     5.56
  SINCE JAN 1     18.55                     12.51   6.04    12.08

SNOWFALL (IN)
  TODAY            0.0           T    2014   0.0    0.0      0.0
                                      1976
  MONTH TO DATE    0.0                       0.1   -0.1       T
  SINCE MAR 1     31.2                      21.9    9.3     13.5
  SINCE JUL 1    134.9                     123.8   11.1     80.3
  SNOW DEPTH       0

DEGREE DAYS
 HEATING
  TODAY            0                         8     -8       16
  MONTH TO DATE  244                       178     66      229
  SINCE MAR 1   1742                      1682     60     1667
  SINCE JUL 1   6011                      6513   -502     5766

 COOLING
  TODAY           11                         1     10        0
  MONTH TO DATE   18                         8     10        0
  SINCE MAR 1     30                        12     18        0
  SINCE JAN 1     30                        12     18        0
..................................................................


WIND (MPH)
  HIGHEST WIND SPEED    24   HIGHEST WIND DIRECTION    SW (240)
  HIGHEST GUST SPEED    33   HIGHEST GUST DIRECTION    SW (240)
  AVERAGE WIND SPEED    10.3


SKY COVER
  POSSIBLE SUNSHINE  MM
  AVERAGE SKY COVER 0.6


WEATHER CONDITIONS
 THE FOLLOWING WEATHER WAS RECORDED TODAY.
  THUNDERSTORM
  LIGHT RAIN


RELATIVE HUMIDITY (PERCENT)
 HIGHEST    87           100 AM
 LOWEST     40           100 PM
 AVERAGE    64

..........................................................


THE SYRACUSE NY CLIMATE NORMALS FOR TOMORROW
                         NORMAL    RECORD    YEAR
 MAXIMUM TEMPERATURE (F)   70        92      1971
 MINIMUM TEMPERATURE (F)   47        32      2009
                                             1944


SUNRISE AND SUNSET
MAY 18 2017...........SUNRISE   538 AM EDT   SUNSET   825 PM EDT
MAY 19 2017...........SUNRISE   537 AM EDT   SUNSET   826 PM EDT


-  INDICATES NEGATIVE NUMBERS.
R  INDICATES RECORD WAS SET OR TIED.
MM INDICATES DATA IS MISSING.
T  INDICATES TRACE AMOUNT.




$$
