000
CDUS41 KBGM 262152
CLISYR


CLIMATE REPORT
NATIONAL WEATHER SERVICE BINGHAMTON NY
551 PM EDT SAT JUL 26 2014


...................................

...THE SYRACUSE NY CLIMATE SUMMARY FOR JULY 26 2014...
VALID TODAY AS OF 0500 PM LOCAL TIME.

CLIMATE NORMAL PERIOD 1981 TO 2010
CLIMATE RECORD PERIOD 1902 TO 2014


WEATHER ITEM   OBSERVED TIME   RECORD YEAR NORMAL DEPARTURE LAST
                VALUE   (LST)  VALUE       VALUE  FROM      YEAR
                                                  NORMAL
..................................................................
TEMPERATURE (F)
 TODAY
  MAXIMUM         82    218 PM  94    1939  82      0       80
                                      1930
  MINIMUM         59    517 AM  48    1984  61     -2       53
  AVERAGE         71                        72     -1       67

PRECIPITATION (IN)
  TODAY            0.00          1.36 1971   0.12  -0.12     0.00
  MONTH TO DATE    2.03                      3.18  -1.15     1.85
  SINCE JUN 1      4.77                      6.49  -1.72     8.65
  SINCE JAN 1     22.15                     20.42   1.73    22.59

SNOWFALL (IN)
  TODAY            0.0           0.0  2002   0.0    0.0      0.0
                                      2000
                                      2001
  MONTH TO DATE    0.0                       0.0    0.0      0.0
  SINCE JUN 1      0.0                       0.0    0.0      0.0
  SINCE JUL 1      0.0                       0.0    0.0      0.0
  SNOW DEPTH       0

DEGREE DAYS
 HEATING
  TODAY            0                         0      0        0
  MONTH TO DATE    0                         2     -2        3
  SINCE JUN 1     23                        63    -40       64
  SINCE JUL 1      0                         2     -2        3

 COOLING
  TODAY            6                         7     -1        2
  MONTH TO DATE  197                       174     23      287
  SINCE JUN 1    344                       287     57      411
  SINCE JAN 1    400                       317     83      463
..................................................................


WIND (MPH)
  HIGHEST WIND SPEED    13   HIGHEST WIND DIRECTION     W (260)
  HIGHEST GUST SPEED    17   HIGHEST GUST DIRECTION    SW (240)
  AVERAGE WIND SPEED     4.2


SKY COVER
  POSSIBLE SUNSHINE  MM
  AVERAGE SKY COVER 0.6


WEATHER CONDITIONS
 THE FOLLOWING WEATHER WAS RECORDED TODAY.
  NO SIGNIFICANT WEATHER WAS OBSERVED.


RELATIVE HUMIDITY (PERCENT)
 HIGHEST    84           100 AM
 LOWEST     42           400 PM
 AVERAGE    63

..........................................................


THE SYRACUSE NY CLIMATE NORMALS FOR TOMORROW
                         NORMAL    RECORD    YEAR
 MAXIMUM TEMPERATURE (F)   82        95      1941
 MINIMUM TEMPERATURE (F)   61        50      2001
                                             1977


SUNRISE AND SUNSET
JULY 26 2014..........SUNRISE   549 AM EDT   SUNSET   833 PM EDT
JULY 27 2014..........SUNRISE   550 AM EDT   SUNSET   831 PM EDT


-  INDICATES NEGATIVE NUMBERS.
R  INDICATES RECORD WAS SET OR TIED.
MM INDICATES DATA IS MISSING.
T  INDICATES TRACE AMOUNT.




$$

JSY
