000
CDUS41 KBGM 180230
CLISYR


CLIMATE REPORT
NATIONAL WEATHER SERVICE BINGHAMTON NY
1030 PM EDT MON APR 17 2017


...................................

...THE SYRACUSE NY CLIMATE SUMMARY FOR APRIL 17 2017...
VALID AS OF 1000 PM LOCAL TIME.

CLIMATE NORMAL PERIOD 1981 TO 2010
CLIMATE RECORD PERIOD 1902 TO 2017


WEATHER ITEM   OBSERVED TIME   RECORD YEAR NORMAL DEPARTURE LAST
                VALUE   (LST)  VALUE       VALUE  FROM      YEAR
                                                  NORMAL
..................................................................
TEMPERATURE (F)
 TODAY
  MAXIMUM         57   1207 AM  89    2002  58     -1       73
  MINIMUM         44    859 PM  22    1908  37      7       38
  AVERAGE         51                        48      3       56

PRECIPITATION (IN)
  TODAY            T             0.74 1918   0.11  -0.11     0.00
  MONTH TO DATE    3.16                      1.89   1.27     1.49
  SINCE MAR 1      7.01                      4.84   2.17     3.94
  SINCE JAN 1     13.59                      9.41   4.18    10.46

SNOWFALL (IN)
  TODAY            0.0           3.9  1965   0.2   -0.2      0.0
  MONTH TO DATE    0.3                       3.0   -2.7      8.1
  SINCE MAR 1     31.2                      21.0   10.2     13.5
  SINCE JUL 1    134.9                     122.9   12.0     80.3
  SNOW DEPTH       0

DEGREE DAYS
 HEATING
  TODAY           14                        17     -3        9
  MONTH TO DATE  282                       354    -72      452
  SINCE MAR 1   1354                      1311     43     1227
  SINCE JUL 1   5623                      6142   -519     5326

 COOLING
  TODAY            0                         0      0        0
  MONTH TO DATE    4                         0      4        0
  SINCE MAR 1      4                         0      4        0
  SINCE JAN 1      4                         0      4        0
..................................................................


WIND (MPH)
  HIGHEST WIND SPEED    22   HIGHEST WIND DIRECTION     W (280)
  HIGHEST GUST SPEED    26   HIGHEST GUST DIRECTION     W (290)
  AVERAGE WIND SPEED    12.7


SKY COVER
  POSSIBLE SUNSHINE  MM
  AVERAGE SKY COVER 0.6


WEATHER CONDITIONS
 THE FOLLOWING WEATHER WAS RECORDED TODAY.
  LIGHT RAIN


RELATIVE HUMIDITY (PERCENT)
 HIGHEST    93           200 AM
 LOWEST     52           600 PM
 AVERAGE    73

..........................................................


THE SYRACUSE NY CLIMATE NORMALS FOR TOMORROW
                         NORMAL    RECORD    YEAR
 MAXIMUM TEMPERATURE (F)   59        85      1976
 MINIMUM TEMPERATURE (F)   38        22      1948


SUNRISE AND SUNSET
APRIL 17 2017.........SUNRISE   619 AM EDT   SUNSET   750 PM EDT
APRIL 18 2017.........SUNRISE   617 AM EDT   SUNSET   751 PM EDT


-  INDICATES NEGATIVE NUMBERS.
R  INDICATES RECORD WAS SET OR TIED.
MM INDICATES DATA IS MISSING.
T  INDICATES TRACE AMOUNT.




$$
