000
CDUS41 KBGM 090522
CLISYR


CLIMATE REPORT
NATIONAL WEATHER SERVICE BINGHAMTON NY
1221 AM EST TUE JAN 9 2018


...................................

...THE SYRACUSE NY CLIMATE SUMMARY FOR JANUARY 8 2018...

CLIMATE NORMAL PERIOD 1981 TO 2010
CLIMATE RECORD PERIOD 1902 TO 2018


WEATHER ITEM   OBSERVED TIME   RECORD YEAR NORMAL DEPARTURE LAST
                VALUE   (LST)  VALUE       VALUE  FROM      YEAR
                                                  NORMAL
..................................................................
TEMPERATURE (F)
 YESTERDAY
  MAXIMUM         37    640 PM  70    2008  32      5       18
  MINIMUM         24    711 AM -17    1968  16      8        7
  AVERAGE         31                        24      7       13

PRECIPITATION (IN)
  YESTERDAY        0.04          1.17 1998   0.08  -0.04     0.10
  MONTH TO DATE    0.38                      0.71  -0.33     0.78
  SINCE DEC 1      2.72                      3.93  -1.21     4.02
  SINCE JAN 1      0.38                      0.71  -0.33     0.78

SNOWFALL (IN)
  YESTERDAY        0.6           9.0  2009   1.1   -0.5      2.4
  MONTH TO DATE   24.1                       8.4   15.7      3.8
  SINCE DEC 1     58.3                      41.1   17.2     41.0
  SINCE JUL 1     63.5                      51.0   12.5     66.4
  SNOW DEPTH      17

DEGREE DAYS
 HEATING
  YESTERDAY       34                        41     -7       52
  MONTH TO DATE  432                       326    106      331
  SINCE DEC 1   1693                      1430    263     1422
  SINCE JUL 1   2890                      2779    111     2616

 COOLING
  YESTERDAY        0                         0      0        0
  MONTH TO DATE    0                         0      0        0
  SINCE DEC 1      0                         0      0        0
  SINCE JAN 1      0                         0      0        0
..................................................................


WIND (MPH)
  HIGHEST WIND SPEED    22   HIGHEST WIND DIRECTION     W (250)
  HIGHEST GUST SPEED    28   HIGHEST GUST DIRECTION    SW (230)
  AVERAGE WIND SPEED    10.2


SKY COVER
  POSSIBLE SUNSHINE  MM
  AVERAGE SKY COVER 1.0


WEATHER CONDITIONS
 THE FOLLOWING WEATHER WAS RECORDED YESTERDAY.
  LIGHT RAIN
  LIGHT SNOW
  FOG
  HAZE


RELATIVE HUMIDITY (PERCENT)
 HIGHEST   100           600 AM
 LOWEST     46           100 AM
 AVERAGE    73

..........................................................


THE SYRACUSE NY CLIMATE NORMALS FOR TODAY
                         NORMAL    RECORD    YEAR
 MAXIMUM TEMPERATURE (F)   32        64      1937
 MINIMUM TEMPERATURE (F)   16       -22      1968


SUNRISE AND SUNSET
JANUARY  9 2018.......SUNRISE   735 AM EST   SUNSET   448 PM EST
JANUARY 10 2018.......SUNRISE   735 AM EST   SUNSET   449 PM EST


-  INDICATES NEGATIVE NUMBERS.
R  INDICATES RECORD WAS SET OR TIED.
MM INDICATES DATA IS MISSING.
T  INDICATES TRACE AMOUNT.




$$
