000
CDUS41 KBGM 120603
CLISYR


CLIMATE REPORT
NATIONAL WEATHER SERVICE BINGHAMTON NY
202 AM EDT SAT APR 12 2014


...................................

...THE SYRACUSE NY CLIMATE SUMMARY FOR APRIL 11 2014...

CLIMATE NORMAL PERIOD 1981 TO 2010
CLIMATE RECORD PERIOD 1902 TO 2014


WEATHER ITEM   OBSERVED TIME   RECORD YEAR NORMAL DEPARTURE LAST
                VALUE   (LST)  VALUE       VALUE  FROM      YEAR
                                                  NORMAL
..................................................................
TEMPERATURE (F)
 YESTERDAY
  MAXIMUM         60    419 PM  85    2011  55      5       42
  MINIMUM         39   1148 PM  19    1909  35      4       34
  AVERAGE         50                        45      5       38

PRECIPITATION (IN)
  YESTERDAY        0.07          0.91 1992   0.11  -0.04     0.15
  MONTH TO DATE    1.63                      1.23   0.40     1.70
  SINCE MAR 1      5.11                      4.18   0.93     3.72
  SINCE JAN 1     10.66                      8.75   1.91     8.14

SNOWFALL (IN)
  YESTERDAY        0.0           2.7  1982   0.2   -0.2       T
  MONTH TO DATE    0.1                       2.2   -2.1     12.0
  SINCE MAR 1     21.8                      20.2    1.6     32.2
  SINCE JUL 1    131.7                     122.1    9.6    115.4
  SNOW DEPTH       0

DEGREE DAYS
 HEATING
  YESTERDAY       15                        20     -5       27
  MONTH TO DATE  253                       243     10      261
  SINCE MAR 1   1464                      1200    264     1225
  SINCE JUL 1   6556                      6031    525     5596

 COOLING
  YESTERDAY        0                         0      0        0
  MONTH TO DATE    0                         0      0        0
  SINCE MAR 1      0                         0      0        0
  SINCE JAN 1      0                         0      0        0
..................................................................


WIND (MPH)
  HIGHEST WIND SPEED    17   HIGHEST WIND DIRECTION    NW (300)
  HIGHEST GUST SPEED    23   HIGHEST GUST DIRECTION    NW (300)
  AVERAGE WIND SPEED     5.3


SKY COVER
  POSSIBLE SUNSHINE  MM
  AVERAGE SKY COVER 0.7


WEATHER CONDITIONS
 THE FOLLOWING WEATHER WAS RECORDED YESTERDAY.
  LIGHT RAIN
  FOG


RELATIVE HUMIDITY (PERCENT)
 HIGHEST   100           400 AM
 LOWEST     35           600 PM
 AVERAGE    68

..........................................................


THE SYRACUSE NY CLIMATE NORMALS FOR TODAY
                         NORMAL    RECORD    YEAR
 MAXIMUM TEMPERATURE (F)   56        83      1945
 MINIMUM TEMPERATURE (F)   36        19      1976
                                             1967


SUNRISE AND SUNSET
APRIL 12 2014.........SUNRISE   628 AM EDT   SUNSET   744 PM EDT
APRIL 13 2014.........SUNRISE   626 AM EDT   SUNSET   745 PM EDT


-  INDICATES NEGATIVE NUMBERS.
R  INDICATES RECORD WAS SET OR TIED.
MM INDICATES DATA IS MISSING.
T  INDICATES TRACE AMOUNT.




$$
