000
CDUS41 KBGM 080320
CLISYR


CLIMATE REPORT
NATIONAL WEATHER SERVICE BINGHAMTON NY
1020 PM EST THU DEC 7 2017


...................................

...THE SYRACUSE NY CLIMATE SUMMARY FOR DECEMBER 7 2017...
VALID AS OF 1000 PM LOCAL TIME.

CLIMATE NORMAL PERIOD 1981 TO 2010
CLIMATE RECORD PERIOD 1902 TO 2017


WEATHER ITEM   OBSERVED TIME   RECORD YEAR NORMAL DEPARTURE LAST
                VALUE   (LST)  VALUE       VALUE  FROM      YEAR
                                                  NORMAL
..................................................................
TEMPERATURE (F)
 TODAY
  MAXIMUM         36    106 AM  70    1998  39     -3       42
  MINIMUM         29    733 PM   2    1906  26      3       29
  AVERAGE         33                        32      1       36

PRECIPITATION (IN)
  TODAY            T             1.40 1959   0.11  -0.11     0.07
  MONTH TO DATE    0.24                      0.80  -0.56     0.99
  SINCE DEC 1      0.24                      0.80  -0.56     0.99
  SINCE JAN 1     43.88                     36.05   7.83    38.37

SNOWFALL (IN)
  TODAY            T             9.3  2010   1.0   -1.0      0.2
  MONTH TO DATE    T                         6.5   -6.5      1.3
  SINCE DEC 1      T                         6.5   -6.5      1.3
  SINCE JUL 1      5.2                      16.4  -11.2     26.7
  SNOW DEPTH       0

DEGREE DAYS
 HEATING
  TODAY           32                        33     -1       29
  MONTH TO DATE  191                       220    -29      196
  SINCE DEC 1    191                       220    -29      196
  SINCE JUL 1   1388                      1569   -181     1390

 COOLING
  TODAY            0                         0      0        0
  MONTH TO DATE    0                         0      0        0
  SINCE DEC 1      0                         0      0        0
  SINCE JAN 1    562                       569     -7      809
..................................................................


WIND (MPH)
  HIGHEST WIND SPEED    22   HIGHEST WIND DIRECTION     W (250)
  HIGHEST GUST SPEED    28   HIGHEST GUST DIRECTION     W (260)
  AVERAGE WIND SPEED    12.2


SKY COVER
  POSSIBLE SUNSHINE  MM
  AVERAGE SKY COVER 0.9


WEATHER CONDITIONS
 THE FOLLOWING WEATHER WAS RECORDED TODAY.
  LIGHT SNOW
  FOG


RELATIVE HUMIDITY (PERCENT)
 HIGHEST    85           600 PM
 LOWEST     52           400 AM
 AVERAGE    69

..........................................................


THE SYRACUSE NY CLIMATE NORMALS FOR TOMORROW
                         NORMAL    RECORD    YEAR
 MAXIMUM TEMPERATURE (F)   39        69      1966
 MINIMUM TEMPERATURE (F)   25        -7      1906


SUNRISE AND SUNSET
DECEMBER  7 2017......SUNRISE   723 AM EST   SUNSET   429 PM EST
DECEMBER  8 2017......SUNRISE   724 AM EST   SUNSET   429 PM EST


-  INDICATES NEGATIVE NUMBERS.
R  INDICATES RECORD WAS SET OR TIED.
MM INDICATES DATA IS MISSING.
T  INDICATES TRACE AMOUNT.




$$
