000
CDUS41 KBGM 242127
CLISYR


CLIMATE REPORT
NATIONAL WEATHER SERVICE BINGHAMTON NY
527 PM EDT THU JUL 24 2014


...................................

...THE SYRACUSE NY CLIMATE SUMMARY FOR JULY 24 2014...
VALID TODAY AS OF 0500 PM LOCAL TIME.

CLIMATE NORMAL PERIOD 1981 TO 2010
CLIMATE RECORD PERIOD 1902 TO 2014


WEATHER ITEM   OBSERVED TIME   RECORD YEAR NORMAL DEPARTURE LAST
                VALUE   (LST)  VALUE       VALUE  FROM      YEAR
                                                  NORMAL
..................................................................
TEMPERATURE (F)
 TODAY
  MAXIMUM         72    359 PM  93    2001  82    -10       71
                                      1987
                                      1941
  MINIMUM         60    556 AM  46    1985  61     -1       54
  AVERAGE         66                        72     -6       63

PRECIPITATION (IN)
  TODAY            0.00          2.11 1971   0.12  -0.12     0.01
  MONTH TO DATE    2.03                      2.94  -0.91     1.85
  SINCE JUN 1      4.77                      6.25  -1.48     8.65
  SINCE JAN 1     22.15                     20.18   1.97    22.59

SNOWFALL (IN)
  TODAY            0.0           0.0  2002   0.0    0.0      0.0
                                      2000
                                      2001
  MONTH TO DATE    0.0                       0.0    0.0      0.0
  SINCE JUN 1      0.0                       0.0    0.0      0.0
  SINCE JUL 1      0.0                       0.0    0.0      0.0
  SNOW DEPTH       0

DEGREE DAYS
 HEATING
  TODAY            0                         0      0        2
  MONTH TO DATE    0                         2     -2        2
  SINCE JUN 1     23                        63    -40       63
  SINCE JUL 1      0                         2     -2        2

 COOLING
  TODAY            1                         7     -6        0
  MONTH TO DATE  188                       160     28      285
  SINCE JUN 1    335                       273     62      409
  SINCE JAN 1    391                       303     88      461
..................................................................


WIND (MPH)
  HIGHEST WIND SPEED    17   HIGHEST WIND DIRECTION     W (290)
  HIGHEST GUST SPEED    23   HIGHEST GUST DIRECTION     W (290)
  AVERAGE WIND SPEED     8.7


SKY COVER
  POSSIBLE SUNSHINE  MM
  AVERAGE SKY COVER 0.7


WEATHER CONDITIONS
 THE FOLLOWING WEATHER WAS RECORDED TODAY.
  NO SIGNIFICANT WEATHER WAS OBSERVED.


RELATIVE HUMIDITY (PERCENT)
 HIGHEST    78          1200 AM
 LOWEST     41           400 PM
 AVERAGE    60

..........................................................


THE SYRACUSE NY CLIMATE NORMALS FOR TOMORROW
                         NORMAL    RECORD    YEAR
 MAXIMUM TEMPERATURE (F)   82        95      1941
 MINIMUM TEMPERATURE (F)   61        45      1976


SUNRISE AND SUNSET
JULY 24 2014..........SUNRISE   547 AM EDT   SUNSET   835 PM EDT
JULY 25 2014..........SUNRISE   548 AM EDT   SUNSET   834 PM EDT


-  INDICATES NEGATIVE NUMBERS.
R  INDICATES RECORD WAS SET OR TIED.
MM INDICATES DATA IS MISSING.
T  INDICATES TRACE AMOUNT.




$$
