000
CDUS41 KBGM 170317
CLISYR


CLIMATE REPORT
NATIONAL WEATHER SERVICE BINGHAMTON NY
1016 PM EST FRI FEB 16 2018


...................................

...THE SYRACUSE NY CLIMATE SUMMARY FOR FEBRUARY 16 2018...
VALID AS OF 1000 PM LOCAL TIME.

CLIMATE NORMAL PERIOD 1981 TO 2010
CLIMATE RECORD PERIOD 1902 TO 2018


WEATHER ITEM   OBSERVED TIME   RECORD YEAR NORMAL DEPARTURE LAST
                VALUE   (LST)  VALUE       VALUE  FROM      YEAR
                                                  NORMAL
..................................................................
TEMPERATURE (F)
 TODAY
  MAXIMUM         44   1240 AM  63    1954  34     10       26
  MINIMUM         24    952 PM -17    2015  18      6       21
  AVERAGE         34                        26      8       24

PRECIPITATION (IN)
  TODAY            0.11          1.98 2016   0.07   0.04     0.01
  MONTH TO DATE    1.52                      1.14   0.38     2.29
  SINCE DEC 1      6.99                      6.86   0.13     8.56
  SINCE JAN 1      4.65                      3.64   1.01     5.32

SNOWFALL (IN)
  TODAY            T            11.1  1958   0.9   -0.9      4.8
  MONTH TO DATE   21.5                      14.9    6.6     31.9
  SINCE DEC 1    100.2                      81.6   18.6     77.5
  SINCE JUL 1    105.4                      91.5   13.9    102.9
  SNOW DEPTH       0

DEGREE DAYS
 HEATING
  TODAY           31                        39     -8       41
  MONTH TO DATE  622                       643    -21      598
  SINCE DEC 1   3181                      3030    151     2791
  SINCE JUL 1   4378                      4379     -1     3985

 COOLING
  TODAY            0                         0      0        0
  MONTH TO DATE    0                         0      0        0
  SINCE DEC 1      0                         0      0        0
  SINCE JAN 1      0                         0      0        0
..................................................................


WIND (MPH)
  HIGHEST WIND SPEED    28   HIGHEST WIND DIRECTION     W (290)
  HIGHEST GUST SPEED    37   HIGHEST GUST DIRECTION     W (280)
  AVERAGE WIND SPEED    10.8


SKY COVER
  POSSIBLE SUNSHINE  MM
  AVERAGE SKY COVER 0.8


WEATHER CONDITIONS
 THE FOLLOWING WEATHER WAS RECORDED TODAY.
  RAIN
  LIGHT RAIN
  LIGHT SNOW
  FOG


RELATIVE HUMIDITY (PERCENT)
 HIGHEST   100           100 AM
 LOWEST     63           900 PM
 AVERAGE    82

..........................................................


THE SYRACUSE NY CLIMATE NORMALS FOR TOMORROW
                         NORMAL    RECORD    YEAR
 MAXIMUM TEMPERATURE (F)   35        60      2006
                                             1981
 MINIMUM TEMPERATURE (F)   18       -17      1979


SUNRISE AND SUNSET
FEBRUARY 16 2018......SUNRISE   701 AM EST   SUNSET   537 PM EST
FEBRUARY 17 2018......SUNRISE   659 AM EST   SUNSET   538 PM EST


-  INDICATES NEGATIVE NUMBERS.
R  INDICATES RECORD WAS SET OR TIED.
MM INDICATES DATA IS MISSING.
T  INDICATES TRACE AMOUNT.




$$
