000
CDUS41 KBGM 290319
CLISYR


CLIMATE REPORT
NATIONAL WEATHER SERVICE BINGHAMTON NY
1019 PM EST WED JAN 28 2015


...................................

...THE SYRACUSE NY CLIMATE SUMMARY FOR JANUARY 28 2015...
VALID AS OF 1000 PM LOCAL TIME.

CLIMATE NORMAL PERIOD 1981 TO 2010
CLIMATE RECORD PERIOD 1902 TO 2015


WEATHER ITEM   OBSERVED TIME   RECORD YEAR NORMAL DEPARTURE LAST
                VALUE   (LST)  VALUE       VALUE  FROM      YEAR
                                                  NORMAL
..................................................................
TEMPERATURE (F)
 TODAY
  MAXIMUM         22    352 PM  64    1916  32    -10       11
  MINIMUM          0    756 AM -18    2005  15    -15       -4
  AVERAGE         11                        24    -13        4

PRECIPITATION (IN)
  TODAY            0.00          0.75 1974   0.07  -0.07     0.00
  MONTH TO DATE    1.40                      2.29  -0.89     2.20
  SINCE DEC 1      4.42                      5.51  -1.09     5.09
  SINCE JAN 1      1.40                      2.29  -0.89     2.20

SNOWFALL (IN)
  TODAY            0.0           9.3  2009   1.1   -1.1      0.0
  MONTH TO DATE   13.8                      30.7  -16.9     25.3
  SINCE DEC 1     31.3                      63.4  -32.1     54.3
  SINCE JUL 1     42.3                      73.3  -31.0     68.6
  SNOW DEPTH       2

DEGREE DAYS
 HEATING
  TODAY           54                        42     12       61
  MONTH TO DATE 1315                      1163    152     1251
  SINCE DEC 1   2323                      2267     56     2393
  SINCE JUL 1   3508                      3616   -108     3726

 COOLING
  TODAY            0                         0      0        0
  MONTH TO DATE    0                         0      0        0
  SINCE DEC 1      0                         0      0        0
  SINCE JAN 1      0                         0      0        0
..................................................................


WIND (MPH)
  HIGHEST WIND SPEED    16   HIGHEST WIND DIRECTION    NW (300)
  HIGHEST GUST SPEED    19   HIGHEST GUST DIRECTION    NW (300)
  AVERAGE WIND SPEED     5.6


SKY COVER
  POSSIBLE SUNSHINE  MM
  AVERAGE SKY COVER 0.2


WEATHER CONDITIONS
 THE FOLLOWING WEATHER WAS RECORDED TODAY.
  NO SIGNIFICANT WEATHER WAS OBSERVED.


RELATIVE HUMIDITY (PERCENT)
 HIGHEST    91           800 AM
 LOWEST     45           300 PM
 AVERAGE    68

..........................................................


THE SYRACUSE NY CLIMATE NORMALS FOR TOMORROW
                         NORMAL    RECORD    YEAR
 MAXIMUM TEMPERATURE (F)   32        58      1950
 MINIMUM TEMPERATURE (F)   16        -6      1934


SUNRISE AND SUNSET
JANUARY 28 2015.......SUNRISE   724 AM EST   SUNSET   511 PM EST
JANUARY 29 2015.......SUNRISE   723 AM EST   SUNSET   513 PM EST


-  INDICATES NEGATIVE NUMBERS.
R  INDICATES RECORD WAS SET OR TIED.
MM INDICATES DATA IS MISSING.
T  INDICATES TRACE AMOUNT.




$$
