000
CDUS41 KBGM 210255
CLISYR


CLIMATE REPORT
NATIONAL WEATHER SERVICE BINGHAMTON NY
1054 PM EDT SAT MAY 20 2017


...................................

...THE SYRACUSE NY CLIMATE SUMMARY FOR MAY 20 2017...
VALID AS OF 1000 PM LOCAL TIME.

CLIMATE NORMAL PERIOD 1981 TO 2010
CLIMATE RECORD PERIOD 1902 TO 2017


WEATHER ITEM   OBSERVED TIME   RECORD YEAR NORMAL DEPARTURE LAST
                VALUE   (LST)  VALUE       VALUE  FROM      YEAR
                                                  NORMAL
..................................................................
TEMPERATURE (F)
 TODAY
  MAXIMUM         70    354 PM  90    1962  70      0       73
  MINIMUM         43    456 AM  32    2002  48     -5       43
                                      1944
  AVERAGE         57                        59     -2       58

PRECIPITATION (IN)
  TODAY            0.00          0.90 1969   0.11  -0.11     0.00
  MONTH TO DATE    3.28                      2.02   1.26     1.10
  SINCE MAR 1     12.08                      8.16   3.92     5.56
  SINCE JAN 1     18.66                     12.73   5.93    12.08

SNOWFALL (IN)
  TODAY            0.0           0.0  2002   0.0    0.0      0.0
                                      2001
  MONTH TO DATE    0.0                       0.1   -0.1       T
  SINCE MAR 1     31.2                      21.9    9.3     13.5
  SINCE JUL 1    134.9                     123.8   11.1     80.3
  SNOW DEPTH       0

DEGREE DAYS
 HEATING
  TODAY            8                         7      1        7
  MONTH TO DATE  258                       192     66      247
  SINCE MAR 1   1756                      1696     60     1685
  SINCE JUL 1   6025                      6527   -502     5784

 COOLING
  TODAY            0                         1     -1        0
  MONTH TO DATE   18                        10      8        0
  SINCE MAR 1     30                        14     16        0
  SINCE JAN 1     30                        14     16        0
..................................................................


WIND (MPH)
  HIGHEST WIND SPEED    13   HIGHEST WIND DIRECTION    NE (50)
  HIGHEST GUST SPEED    17   HIGHEST GUST DIRECTION    NE (60)
  AVERAGE WIND SPEED     4.9


SKY COVER
  POSSIBLE SUNSHINE  MM
  AVERAGE SKY COVER 0.6


WEATHER CONDITIONS
 THE FOLLOWING WEATHER WAS RECORDED TODAY.
  NO SIGNIFICANT WEATHER WAS OBSERVED.


RELATIVE HUMIDITY (PERCENT)
 HIGHEST    86          1200 AM
 LOWEST     29           200 PM
 AVERAGE    58

..........................................................


THE SYRACUSE NY CLIMATE NORMALS FOR TOMORROW
                         NORMAL    RECORD    YEAR
 MAXIMUM TEMPERATURE (F)   70        96      1977
 MINIMUM TEMPERATURE (F)   48        33      1906


SUNRISE AND SUNSET
MAY 20 2017...........SUNRISE   536 AM EDT   SUNSET   827 PM EDT
MAY 21 2017...........SUNRISE   535 AM EDT   SUNSET   828 PM EDT


-  INDICATES NEGATIVE NUMBERS.
R  INDICATES RECORD WAS SET OR TIED.
MM INDICATES DATA IS MISSING.
T  INDICATES TRACE AMOUNT.




$$
