000
CDUS41 KBGM 122116
CLISYR


CLIMATE REPORT
NATIONAL WEATHER SERVICE BINGHAMTON NY
516 PM EDT THU OCT 12 2017


...................................

...THE SYRACUSE NY CLIMATE SUMMARY FOR OCTOBER 12 2017...
VALID TODAY AS OF 0500 PM LOCAL TIME.

CLIMATE NORMAL PERIOD 1981 TO 2010
CLIMATE RECORD PERIOD 1902 TO 2017


WEATHER ITEM   OBSERVED TIME   RECORD YEAR NORMAL DEPARTURE LAST
                VALUE   (LST)  VALUE       VALUE  FROM      YEAR
                                                  NORMAL
..................................................................
TEMPERATURE (F)
 TODAY
  MAXIMUM         62    335 PM  86    1928  61      1       71
  MINIMUM         47    656 AM  28    1964  42      5       45
                                      1956
  AVERAGE         55                        52      3       58

PRECIPITATION (IN)
  TODAY            0.04          1.70 1946   0.10  -0.06     0.00
  MONTH TO DATE    1.71                      1.36   0.35     1.67
  SINCE SEP 1      3.09                      5.05  -1.96     5.37
  SINCE JAN 1     35.61                     29.64   5.97    28.58

SNOWFALL (IN)
  TODAY            0.0           0.3  1988   0.0    0.0      0.0
  MONTH TO DATE    0.0                       0.0    0.0      0.0
  SINCE SEP 1      0.0                       0.0    0.0      0.0
  SINCE JUL 1      0.0                       0.0    0.0      0.0
  SNOW DEPTH      MM

DEGREE DAYS
 HEATING
  TODAY           10                        13     -3        7
  MONTH TO DATE   58                       138    -80       98
  SINCE SEP 1    161                       279   -118      186
  SINCE JUL 1    197                       305   -108      187

 COOLING
  TODAY            0                         0      0        0
  MONTH TO DATE   16                         0     16        0
  SINCE SEP 1    111                        52     59       90
  SINCE JAN 1    561                       565     -4      802
..................................................................


WIND (MPH)
  HIGHEST WIND SPEED    15   HIGHEST WIND DIRECTION     E (100)
  HIGHEST GUST SPEED    20   HIGHEST GUST DIRECTION     E (80)
  AVERAGE WIND SPEED    11.0


SKY COVER
  POSSIBLE SUNSHINE  MM
  AVERAGE SKY COVER 0.9


WEATHER CONDITIONS
 THE FOLLOWING WEATHER WAS RECORDED TODAY.
  LIGHT RAIN
  FOG


RELATIVE HUMIDITY (PERCENT)
 HIGHEST   100           100 AM
 LOWEST     64           400 PM
 AVERAGE    82

..........................................................


THE SYRACUSE NY CLIMATE NORMALS FOR TOMORROW
                         NORMAL    RECORD    YEAR
 MAXIMUM TEMPERATURE (F)   61        83      1995
 MINIMUM TEMPERATURE (F)   42        28      2006
                                             1993


SUNRISE AND SUNSET
OCTOBER 12 2017.......SUNRISE   715 AM EDT   SUNSET   626 PM EDT
OCTOBER 13 2017.......SUNRISE   716 AM EDT   SUNSET   625 PM EDT


-  INDICATES NEGATIVE NUMBERS.
R  INDICATES RECORD WAS SET OR TIED.
MM INDICATES DATA IS MISSING.
T  INDICATES TRACE AMOUNT.




$$
