000
CDUS41 KBGM 250553
CLISYR


CLIMATE REPORT
NATIONAL WEATHER SERVICE BINGHAMTON NY
152 AM EDT TUE AUG 25 2015


...................................

...THE SYRACUSE NY CLIMATE SUMMARY FOR AUGUST 24 2015...

CLIMATE NORMAL PERIOD 1981 TO 2010
CLIMATE RECORD PERIOD 1902 TO 2015


WEATHER ITEM   OBSERVED TIME   RECORD YEAR NORMAL DEPARTURE LAST
                VALUE   (LST)  VALUE       VALUE  FROM      YEAR
                                                  NORMAL
..................................................................
TEMPERATURE (F)
 YESTERDAY
  MAXIMUM         78    318 PM  93    1947  79     -1       81
  MINIMUM         59    332 AM  41    1940  59      0       57
  AVERAGE         69                        69      0       69

PRECIPITATION (IN)
  YESTERDAY        0.01          2.91 1993   0.11  -0.10     0.00
  MONTH TO DATE    1.76                      2.78  -1.02     3.49
  SINCE JUN 1     15.05                      9.87   5.18    11.41
  SINCE JAN 1     27.17                     23.80   3.37    28.79

SNOWFALL (IN)
  YESTERDAY        0.0           0.0  2002   0.0    0.0      0.0
                                      2000
                                      2001
  MONTH TO DATE    0.0                       0.0    0.0      0.0
  SINCE JUN 1      0.0                       0.0    0.0      0.0
  SINCE JUL 1      0.0                       0.0    0.0      0.0
  SNOW DEPTH       0

DEGREE DAYS
 HEATING
  YESTERDAY        0                         1     -1        0
  MONTH TO DATE    0                        11    -11        8
  SINCE JUN 1     58                        80    -22       33
  SINCE JUL 1      5                        19    -14       10

 COOLING
  YESTERDAY        4                         5     -1        4
  MONTH TO DATE  162                       136     26      109
  SINCE JUN 1    448                       452     -4      466
  SINCE JAN 1    553                       482     71      522
..................................................................


WIND (MPH)
  HIGHEST WIND SPEED    15   HIGHEST WIND DIRECTION     W (280)
  HIGHEST GUST SPEED    17   HIGHEST GUST DIRECTION     W (280)
  AVERAGE WIND SPEED     5.7


SKY COVER
  POSSIBLE SUNSHINE  MM
  AVERAGE SKY COVER 0.7


WEATHER CONDITIONS
 THE FOLLOWING WEATHER WAS RECORDED YESTERDAY.
  RAIN
  LIGHT RAIN


RELATIVE HUMIDITY (PERCENT)
 HIGHEST    93          1000 PM
 LOWEST     64           900 AM
 AVERAGE    79

..........................................................


THE SYRACUSE NY CLIMATE NORMALS FOR TODAY
                         NORMAL    RECORD    YEAR
 MAXIMUM TEMPERATURE (F)   79        97      1948
 MINIMUM TEMPERATURE (F)   58        38      1940


SUNRISE AND SUNSET
AUGUST 25 2015........SUNRISE   621 AM EDT   SUNSET   752 PM EDT
AUGUST 26 2015........SUNRISE   622 AM EDT   SUNSET   750 PM EDT


-  INDICATES NEGATIVE NUMBERS.
R  INDICATES RECORD WAS SET OR TIED.
MM INDICATES DATA IS MISSING.
T  INDICATES TRACE AMOUNT.




$$
