000
CDUS41 KBGM 160320
CLISYR


CLIMATE REPORT
NATIONAL WEATHER SERVICE BINGHAMTON NY
1019 PM EST WED FEB 15 2017


...................................

...THE SYRACUSE NY CLIMATE SUMMARY FOR FEBRUARY 15 2017...
VALID AS OF 1000 PM LOCAL TIME.

CLIMATE NORMAL PERIOD 1981 TO 2010
CLIMATE RECORD PERIOD 1902 TO 2017


WEATHER ITEM   OBSERVED TIME   RECORD YEAR NORMAL DEPARTURE LAST
                VALUE   (LST)  VALUE       VALUE  FROM      YEAR
                                                  NORMAL
..................................................................
TEMPERATURE (F)
 TODAY
  MAXIMUM         38    320 AM  64    1954  34      4       28
  MINIMUM         28    959 PM -17    1943  18     10      -11
  AVERAGE         33                        26      7        9

PRECIPITATION (IN)
  TODAY            0.25          2.30 1946   0.07   0.18     0.10
  MONTH TO DATE    2.28                      1.07   1.21     1.19
  SINCE DEC 1      8.55                      6.79   1.76     7.73
  SINCE JAN 1      5.31                      3.57   1.74     2.90

SNOWFALL (IN)
  TODAY            0.8          10.3  1963   0.8    0.0      2.2
  MONTH TO DATE   26.9                      14.0   12.9     18.0
  SINCE DEC 1     72.5                      80.7   -8.2     58.9
  SINCE JUL 1     97.9                      90.6    7.3     59.7
  SNOW DEPTH       8

DEGREE DAYS
 HEATING
  TODAY           32                        39     -7       56
  MONTH TO DATE  556                       604    -48      598
  SINCE DEC 1   2749                      2991   -242     2533
  SINCE JUL 1   3943                      4340   -397     3618

 COOLING
  TODAY            0                         0      0        0
  MONTH TO DATE    0                         0      0        0
  SINCE DEC 1      0                         0      0        0
  SINCE JAN 1      0                         0      0        0
..................................................................


WIND (MPH)
  HIGHEST WIND SPEED    23   HIGHEST WIND DIRECTION     W (270)
  HIGHEST GUST SPEED    30   HIGHEST GUST DIRECTION     W (270)
  AVERAGE WIND SPEED    10.3


SKY COVER
  POSSIBLE SUNSHINE  MM
  AVERAGE SKY COVER 1.0


WEATHER CONDITIONS
 THE FOLLOWING WEATHER WAS RECORDED TODAY.
  LIGHT RAIN
  HEAVY SNOW
  LIGHT SNOW
  FOG
  FOG W/VISIBILITY <= 1/4 MILE
  BLOWING SNOW


RELATIVE HUMIDITY (PERCENT)
 HIGHEST   100           900 AM
 LOWEST     64           400 PM
 AVERAGE    82

..........................................................


THE SYRACUSE NY CLIMATE NORMALS FOR TOMORROW
                         NORMAL    RECORD    YEAR
 MAXIMUM TEMPERATURE (F)   34        63      1954
 MINIMUM TEMPERATURE (F)   18       -17      2015


SUNRISE AND SUNSET
FEBRUARY 15 2017......SUNRISE   702 AM EST   SUNSET   536 PM EST
FEBRUARY 16 2017......SUNRISE   700 AM EST   SUNSET   537 PM EST


-  INDICATES NEGATIVE NUMBERS.
R  INDICATES RECORD WAS SET OR TIED.
MM INDICATES DATA IS MISSING.
T  INDICATES TRACE AMOUNT.




$$
