000
CDUS41 KBGM 170228
CLISYR


CLIMATE REPORT
NATIONAL WEATHER SERVICE BINGHAMTON NY
1027 PM EDT SAT AUG 16 2014


...................................

...THE SYRACUSE NY CLIMATE SUMMARY FOR AUGUST 16 2014...
VALID AS OF 1000 PM LOCAL TIME.

CLIMATE NORMAL PERIOD 1981 TO 2010
CLIMATE RECORD PERIOD 1902 TO 2014


WEATHER ITEM   OBSERVED TIME   RECORD YEAR NORMAL DEPARTURE LAST
                VALUE   (LST)  VALUE       VALUE  FROM      YEAR
                                                  NORMAL
..................................................................
TEMPERATURE (F)
 TODAY
  MAXIMUM         76    117 PM  95    2002  80     -4       77
                                      1944
  MINIMUM         55    601 AM  47    1972  60     -5       53
                                      1968
  AVERAGE         66                        70     -4       65

PRECIPITATION (IN)
  TODAY            0.30          2.51 1928   0.12   0.18     0.00
  MONTH TO DATE    1.73                      1.84  -0.11     1.29
  SINCE JUN 1      9.65                      8.93   0.72    11.35
  SINCE JAN 1     27.03                     22.86   4.17    25.29

SNOWFALL (IN)
  TODAY            0.0           0.0  2002   0.0    0.0      0.0
                                      2000
                                      2001
  MONTH TO DATE    0.0                       0.0    0.0      0.0
  SINCE JUN 1      0.0                       0.0    0.0      0.0
  SINCE JUL 1      0.0                       0.0    0.0      0.0
  SNOW DEPTH       0

DEGREE DAYS
 HEATING
  TODAY            0                         1     -1        0
  MONTH TO DATE    6                         3      3        3
  SINCE JUN 1     31                        72    -41       67
  SINCE JUL 1      8                        11     -3        6

 COOLING
  TODAY            1                         6     -5        0
  MONTH TO DATE   84                        96    -12       57
  SINCE JUN 1    441                       412     29      484
  SINCE JAN 1    497                       442     55      536
..................................................................


WIND (MPH)
  HIGHEST WIND SPEED    17   HIGHEST WIND DIRECTION    SW (220)
  HIGHEST GUST SPEED    22   HIGHEST GUST DIRECTION    SW (240)
  AVERAGE WIND SPEED     7.8


SKY COVER
  POSSIBLE SUNSHINE  MM
  AVERAGE SKY COVER 0.7


WEATHER CONDITIONS
 THE FOLLOWING WEATHER WAS RECORDED TODAY.
  HEAVY RAIN
  RAIN
  LIGHT RAIN
  FOG


RELATIVE HUMIDITY (PERCENT)
 HIGHEST    87           700 PM
 LOWEST     49           100 PM
 AVERAGE    68

..........................................................


THE SYRACUSE NY CLIMATE NORMALS FOR TOMORROW
                         NORMAL    RECORD    YEAR
 MAXIMUM TEMPERATURE (F)   80        97      1987
 MINIMUM TEMPERATURE (F)   60        44      1979


SUNRISE AND SUNSET
AUGUST 16 2014........SUNRISE   611 AM EDT   SUNSET   805 PM EDT
AUGUST 17 2014........SUNRISE   612 AM EDT   SUNSET   804 PM EDT


-  INDICATES NEGATIVE NUMBERS.
R  INDICATES RECORD WAS SET OR TIED.
MM INDICATES DATA IS MISSING.
T  INDICATES TRACE AMOUNT.

$$
