000
CDUS41 KBGM 242126
CLISYR


CLIMATE REPORT
NATIONAL WEATHER SERVICE BINGHAMTON NY
524 PM EDT SUN APR 24 2016


...................................

...THE SYRACUSE NY CLIMATE SUMMARY FOR APRIL 24 2016...
VALID TODAY AS OF 0500 PM LOCAL TIME.

CLIMATE NORMAL PERIOD 1981 TO 2010
CLIMATE RECORD PERIOD 1902 TO 2016


WEATHER ITEM   OBSERVED TIME   RECORD YEAR NORMAL DEPARTURE LAST
                VALUE   (LST)  VALUE       VALUE  FROM      YEAR
                                                  NORMAL
..................................................................
TEMPERATURE (F)
 TODAY
  MAXIMUM         55    147 PM  81    1960  61     -6       40
  MINIMUM         30    505 AM  23    1919  40    -10       31
  AVERAGE         43                        50     -7       36

PRECIPITATION (IN)
  TODAY            0.00          0.74 1966   0.10  -0.10     0.01
  MONTH TO DATE    1.49                      2.58  -1.09     2.79
  SINCE MAR 1      3.94                      5.53  -1.59     4.31
  SINCE JAN 1     10.46                     10.10   0.36     8.19

SNOWFALL (IN)
  TODAY            0.0           0.8  1971   0.0    0.0      0.1
  MONTH TO DATE    8.1                       3.5    4.6      0.6
  SINCE MAR 1     13.5                      21.5   -8.0     12.9
  SINCE JUL 1     80.3                     123.4  -43.1    119.7
  SNOW DEPTH       0

DEGREE DAYS
 HEATING
  TODAY           22                        15      7       29
  MONTH TO DATE  542                       466     76      454
  SINCE MAR 1   1317                      1423   -106     1623
  SINCE JUL 1   5416                      6254   -838     6847

 COOLING
  TODAY            0                         0      0        0
  MONTH TO DATE    0                         0      0        0
  SINCE MAR 1      0                         0      0        0
  SINCE JAN 1      0                         0      0        0
..................................................................


WIND (MPH)
  HIGHEST WIND SPEED    15   HIGHEST WIND DIRECTION    NW (310)
  HIGHEST GUST SPEED    20   HIGHEST GUST DIRECTION    NW (330)
  AVERAGE WIND SPEED     3.2


SKY COVER
  POSSIBLE SUNSHINE  MM
  AVERAGE SKY COVER 0.4


WEATHER CONDITIONS
 THE FOLLOWING WEATHER WAS RECORDED TODAY.
  NO SIGNIFICANT WEATHER WAS OBSERVED.


RELATIVE HUMIDITY (PERCENT)
 HIGHEST    85           400 AM
 LOWEST     24          1000 AM
 AVERAGE    55

..........................................................


THE SYRACUSE NY CLIMATE NORMALS FOR TOMORROW
                         NORMAL    RECORD    YEAR
 MAXIMUM TEMPERATURE (F)   62        88      2009
 MINIMUM TEMPERATURE (F)   40        19      1919


SUNRISE AND SUNSET
APRIL 24 2016.........SUNRISE   607 AM EDT   SUNSET   758 PM EDT
APRIL 25 2016.........SUNRISE   606 AM EDT   SUNSET   759 PM EDT


-  INDICATES NEGATIVE NUMBERS.
R  INDICATES RECORD WAS SET OR TIED.
MM INDICATES DATA IS MISSING.
T  INDICATES TRACE AMOUNT.

$$
