000
CDUS41 KBGM 120343
CLISYR


CLIMATE REPORT
NATIONAL WEATHER SERVICE BINGHAMTON NY
1043 PM EST SUN FEB 11 2018


...................................

...THE SYRACUSE NY CLIMATE SUMMARY FOR FEBRUARY 11 2018...
VALID AS OF 1000 PM LOCAL TIME.

CLIMATE NORMAL PERIOD 1981 TO 2010
CLIMATE RECORD PERIOD 1902 TO 2018


WEATHER ITEM   OBSERVED TIME   RECORD YEAR NORMAL DEPARTURE LAST
                VALUE   (LST)  VALUE       VALUE  FROM      YEAR
                                                  NORMAL
..................................................................
TEMPERATURE (F)
 TODAY
  MAXIMUM         41    349 PM  61    1932  33      8       37
  MINIMUM         24    514 AM -19    1979  17      7       25
  AVERAGE         33                        25      8       31

PRECIPITATION (IN)
  TODAY            0.12          1.15 1921   0.07   0.05      T
  MONTH TO DATE    1.37                      0.77   0.60     1.21
  SINCE DEC 1      6.84                      6.49   0.35     7.48
  SINCE JAN 1      4.50                      3.27   1.23     4.24

SNOWFALL (IN)
  TODAY            T            11.5  1991   0.9   -0.9      0.1
  MONTH TO DATE   21.5                      10.4   11.1     13.3
  SINCE DEC 1    100.2                      77.1   23.1     58.9
  SINCE JUL 1    105.4                      87.0   18.4     84.3
  SNOW DEPTH       0

DEGREE DAYS
 HEATING
  TODAY           32                        40     -8       34
  MONTH TO DATE  456                       446     10      420
  SINCE DEC 1   3015                      2833    182     2613
  SINCE JUL 1   4212                      4182     30     3807

 COOLING
  TODAY            0                         0      0        0
  MONTH TO DATE    0                         0      0        0
  SINCE DEC 1      0                         0      0        0
  SINCE JAN 1      0                         0      0        0
..................................................................


WIND (MPH)
  HIGHEST WIND SPEED    21   HIGHEST WIND DIRECTION     W (290)
  HIGHEST GUST SPEED    25   HIGHEST GUST DIRECTION    NW (300)
  AVERAGE WIND SPEED     6.5


SKY COVER
  POSSIBLE SUNSHINE  MM
  AVERAGE SKY COVER 1.0


WEATHER CONDITIONS
 THE FOLLOWING WEATHER WAS RECORDED TODAY.
  LIGHT RAIN
  LT FREEZING RAIN
  LIGHT SNOW
  FOG


RELATIVE HUMIDITY (PERCENT)
 HIGHEST   100          1200 AM
 LOWEST     92           100 AM
 AVERAGE    96

..........................................................


THE SYRACUSE NY CLIMATE NORMALS FOR TOMORROW
                         NORMAL    RECORD    YEAR
 MAXIMUM TEMPERATURE (F)   34        60      1999
                                             1932
 MINIMUM TEMPERATURE (F)   17       -22      1979


SUNRISE AND SUNSET
FEBRUARY 11 2018......SUNRISE   708 AM EST   SUNSET   530 PM EST
FEBRUARY 12 2018......SUNRISE   706 AM EST   SUNSET   532 PM EST


-  INDICATES NEGATIVE NUMBERS.
R  INDICATES RECORD WAS SET OR TIED.
MM INDICATES DATA IS MISSING.
T  INDICATES TRACE AMOUNT.




$$
