794
CDUS41 KBGM 220218
CLISYR


CLIMATE REPORT
NATIONAL WEATHER SERVICE BINGHAMTON NY
1018 PM EDT FRI JUL 21 2017


...................................

...THE SYRACUSE NY CLIMATE SUMMARY FOR JULY 21 2017...
VALID AS OF 1000 PM LOCAL TIME.

CLIMATE NORMAL PERIOD 1981 TO 2010
CLIMATE RECORD PERIOD 1902 TO 2017


WEATHER ITEM   OBSERVED TIME   RECORD YEAR NORMAL DEPARTURE LAST
                VALUE   (LST)  VALUE       VALUE  FROM      YEAR
                                                  NORMAL
..................................................................
TEMPERATURE (F)
 TODAY
  MAXIMUM         84    106 PM 101    2011  82      2       88
  MINIMUM         66    526 AM  46    1965  61      5       57
  AVERAGE         75                        72      3       73

PRECIPITATION (IN)
  TODAY            0.00          1.57 1988   0.12  -0.12     0.00
  MONTH TO DATE    3.08                      2.57   0.51     1.33
  SINCE JUN 1      7.77                      5.88   1.89     3.28
  SINCE JAN 1     29.61                     19.81   9.80    17.84

SNOWFALL (IN)
  TODAY            0.0           0.0  2002   0.0    0.0      0.0
                                      2000
                                      2001
  MONTH TO DATE    0.0                       0.0    0.0      0.0
  SINCE JUN 1      0.0                       0.0    0.0       T
  SINCE JUL 1      0.0                       0.0    0.0      0.0
  SNOW DEPTH       0

DEGREE DAYS
 HEATING
  TODAY            0                         0      0        0
  MONTH TO DATE    0                         2     -2        0
  SINCE JUN 1     71                        63      8       53
  SINCE JUL 1      0                         2     -2        0

 COOLING
  TODAY           10                         7      3        8
  MONTH TO DATE  147                       139      8      167
  SINCE JUN 1    250                       252     -2      268
  SINCE JAN 1    282                       282      0      324
..................................................................


WIND (MPH)
  HIGHEST WIND SPEED    15   HIGHEST WIND DIRECTION    NW (320)
  HIGHEST GUST SPEED    20   HIGHEST GUST DIRECTION     W (270)
  AVERAGE WIND SPEED     7.5


SKY COVER
  POSSIBLE SUNSHINE  MM
  AVERAGE SKY COVER 0.8


WEATHER CONDITIONS
 THE FOLLOWING WEATHER WAS RECORDED TODAY.
  FOG


RELATIVE HUMIDITY (PERCENT)
 HIGHEST   100           200 AM
 LOWEST     50           600 PM
 AVERAGE    75

..........................................................


THE SYRACUSE NY CLIMATE NORMALS FOR TOMORROW
                         NORMAL    RECORD    YEAR
 MAXIMUM TEMPERATURE (F)   82        98      2002
 MINIMUM TEMPERATURE (F)   61        48      1970


SUNRISE AND SUNSET
JULY 21 2017..........SUNRISE   544 AM EDT   SUNSET   837 PM EDT
JULY 22 2017..........SUNRISE   545 AM EDT   SUNSET   836 PM EDT


-  INDICATES NEGATIVE NUMBERS.
R  INDICATES RECORD WAS SET OR TIED.
MM INDICATES DATA IS MISSING.
T  INDICATES TRACE AMOUNT.




$$
