180
CDUS41 KBGM 230526
CLISYR


CLIMATE REPORT
NATIONAL WEATHER SERVICE BINGHAMTON NY
1225 AM EST THU FEB 23 2017


...................................

...THE SYRACUSE NY CLIMATE SUMMARY FOR FEBRUARY 22 2017...

CLIMATE NORMAL PERIOD 1981 TO 2010
CLIMATE RECORD PERIOD 1902 TO 2017


WEATHER ITEM   OBSERVED TIME   RECORD YEAR NORMAL DEPARTURE LAST
                VALUE   (LST)  VALUE       VALUE  FROM      YEAR
                                                  NORMAL
..................................................................
TEMPERATURE (F)
 YESTERDAY
  MAXIMUM         60        MM  66    1981  36     24       30
  MINIMUM         34        MM  -4    1918  19     15       15
  AVERAGE         47                        27     20       23

PRECIPITATION (IN)
  YESTERDAY        0.00          1.21 1937   0.07  -0.07     0.00
  MONTH TO DATE    2.33                      1.58   0.75     3.21
  SINCE DEC 1      8.60                      7.30   1.30     9.75
  SINCE JAN 1      5.36                      4.08   1.28     4.92

SNOWFALL (IN)
  YESTERDAY        0.0           8.3  1950   0.8   -0.8      0.0
  MONTH TO DATE   32.4                      20.2   12.2     21.9
  SINCE DEC 1     78.0                      86.9   -8.9     62.8
  SINCE JUL 1    103.4                      96.8    6.6     63.6
  SNOW DEPTH       0

DEGREE DAYS
 HEATING
  YESTERDAY       18                        38    -20       42
  MONTH TO DATE  772                       873   -101      864
  SINCE DEC 1   2965                      3260   -295     2799
  SINCE JUL 1   4159                      4609   -450     3884

 COOLING
  YESTERDAY        0                         0      0        0
  MONTH TO DATE    0                         0      0        0
  SINCE DEC 1      0                         0      0        0
  SINCE JAN 1      0                         0      0        0
..................................................................


WIND (MPH)
  HIGHEST WIND SPEED     7   HIGHEST WIND DIRECTION     E (80)
  HIGHEST GUST SPEED    MM   HIGHEST GUST DIRECTION    MM
  AVERAGE WIND SPEED     4.1


SKY COVER
  POSSIBLE SUNSHINE  MM
  AVERAGE SKY COVER 0.8


WEATHER CONDITIONS
 THE FOLLOWING WEATHER WAS RECORDED YESTERDAY.
  NO SIGNIFICANT WEATHER WAS OBSERVED.


RELATIVE HUMIDITY (PERCENT)
 HIGHEST    89           400 AM
 LOWEST     43           100 PM
 AVERAGE    66

..........................................................


THE SYRACUSE NY CLIMATE NORMALS FOR TODAY
                         NORMAL    RECORD    YEAR
 MAXIMUM TEMPERATURE (F)   36        67      1984
 MINIMUM TEMPERATURE (F)   19        -7      1914


SUNRISE AND SUNSET
FEBRUARY 23 2017......SUNRISE   650 AM EST   SUNSET   546 PM EST
FEBRUARY 24 2017......SUNRISE   648 AM EST   SUNSET   548 PM EST


-  INDICATES NEGATIVE NUMBERS.
R  INDICATES RECORD WAS SET OR TIED.
MM INDICATES DATA IS MISSING.
T  INDICATES TRACE AMOUNT.




$$
