000
CDUS41 KBGM 200717
CLISYR


CLIMATE REPORT
NATIONAL WEATHER SERVICE BINGHAMTON NY
317 AM EDT WED MAY 20 2015


...................................

...THE SYRACUSE NY CLIMATE SUMMARY FOR MAY 19 2015...

CLIMATE NORMAL PERIOD 1981 TO 2010
CLIMATE RECORD PERIOD 1902 TO 2015


WEATHER ITEM   OBSERVED TIME   RECORD YEAR NORMAL DEPARTURE LAST
                VALUE   (LST)  VALUE       VALUE  FROM      YEAR
                                                  NORMAL
..................................................................
TEMPERATURE (F)
 YESTERDAY
  MAXIMUM         76    951 AM  92    1971  70      6       69
  MINIMUM         50   1159 PM  32    2009  47      3       37
                                      1944
  AVERAGE         63                        58      5       53

PRECIPITATION (IN)
  YESTERDAY        0.01          2.36 1969   0.11  -0.10     0.00
  MONTH TO DATE    1.92                      1.91   0.01     3.46
  SINCE MAR 1      6.23                      8.05  -1.82    11.58
  SINCE JAN 1     10.11                     12.62  -2.51    17.13

SNOWFALL (IN)
  YESTERDAY        0.0           T    1976   0.0    0.0      0.0
  MONTH TO DATE    0.0                       0.1   -0.1       T
  SINCE MAR 1     12.9                      21.9   -9.0     22.1
  SINCE JUL 1    119.7                     123.8   -4.1    132.0
  SNOW DEPTH       0

DEGREE DAYS
 HEATING
  YESTERDAY        2                         7     -5       12
  MONTH TO DATE   64                       185   -121      153
  SINCE MAR 1   1782                      1689     93     1926
  SINCE JUL 1   7006                      6520    486     7018

 COOLING
  YESTERDAY        0                         1     -1        0
  MONTH TO DATE   56                         9     47       32
  SINCE MAR 1     56                        13     43       33
  SINCE JAN 1     56                        13     43       33
..................................................................


WIND (MPH)
  HIGHEST WIND SPEED    29   HIGHEST WIND DIRECTION     W (290)
  HIGHEST GUST SPEED    36   HIGHEST GUST DIRECTION     W (280)
  AVERAGE WIND SPEED    12.2


SKY COVER
  POSSIBLE SUNSHINE  MM
  AVERAGE SKY COVER 0.6


WEATHER CONDITIONS
 THE FOLLOWING WEATHER WAS RECORDED YESTERDAY.
  LIGHT RAIN
  FOG


RELATIVE HUMIDITY (PERCENT)
 HIGHEST   100           100 AM
 LOWEST     52           300 PM
 AVERAGE    76

..........................................................


THE SYRACUSE NY CLIMATE NORMALS FOR TODAY
                         NORMAL    RECORD    YEAR
 MAXIMUM TEMPERATURE (F)   70        90      1962
 MINIMUM TEMPERATURE (F)   48        32      2002
                                             1944


SUNRISE AND SUNSET
MAY 20 2015...........SUNRISE   536 AM EDT   SUNSET   826 PM EDT
MAY 21 2015...........SUNRISE   535 AM EDT   SUNSET   827 PM EDT


-  INDICATES NEGATIVE NUMBERS.
R  INDICATES RECORD WAS SET OR TIED.
MM INDICATES DATA IS MISSING.
T  INDICATES TRACE AMOUNT.




$$
