000
CDUS41 KBGM 190551
CLISYR


CLIMATE REPORT
NATIONAL WEATHER SERVICE BINGHAMTON NY
151 AM EDT FRI AUG 19 2016


...................................

...THE SYRACUSE NY CLIMATE SUMMARY FOR AUGUST 18 2016...

CLIMATE NORMAL PERIOD 1981 TO 2010
CLIMATE RECORD PERIOD 1902 TO 2016


WEATHER ITEM   OBSERVED TIME   RECORD YEAR NORMAL DEPARTURE LAST
                VALUE   (LST)  VALUE       VALUE  FROM      YEAR
                                                  NORMAL
..................................................................
TEMPERATURE (F)
 YESTERDAY
  MAXIMUM         83    248 PM  93    1913  80      3       89
  MINIMUM         65    352 AM  46    1918  60      5       67
  AVERAGE         74                        70      4       78

PRECIPITATION (IN)
  YESTERDAY        T             1.16 1973   0.12  -0.12     0.05
  MONTH TO DATE    3.39                      2.08   1.31     1.45
  SINCE JUN 1      7.99                      9.17  -1.18    14.74
  SINCE JAN 1     22.55                     23.10  -0.55    26.86

SNOWFALL (IN)
  YESTERDAY        0.0           0.0  2002   0.0    0.0      0.0
                                      2000
                                      2001
  MONTH TO DATE    0.0                       0.0    0.0      0.0
  SINCE JUN 1      T                         0.0    0.0      0.0
  SINCE JUL 1      0.0                       0.0    0.0      0.0
  SNOW DEPTH       0

DEGREE DAYS
 HEATING
  YESTERDAY        0                         1     -1        0
  MONTH TO DATE    0                         5     -5        0
  SINCE JUN 1     53                        74    -21       58
  SINCE JUL 1      0                        13    -13        5

 COOLING
  YESTERDAY        9                         5      4       13
  MONTH TO DATE  197                       106     91      120
  SINCE JUN 1    563                       422    141      406
  SINCE JAN 1    619                       452    167      511
..................................................................


WIND (MPH)
  HIGHEST WIND SPEED    15   HIGHEST WIND DIRECTION    NW (330)
  HIGHEST GUST SPEED    18   HIGHEST GUST DIRECTION    NW (320)
  AVERAGE WIND SPEED     4.8


SKY COVER
  POSSIBLE SUNSHINE  MM
  AVERAGE SKY COVER 0.6


WEATHER CONDITIONS
 THE FOLLOWING WEATHER WAS RECORDED YESTERDAY.
  LIGHT RAIN


RELATIVE HUMIDITY (PERCENT)
 HIGHEST   100           200 AM
 LOWEST     62           300 PM
 AVERAGE    81

..........................................................


THE SYRACUSE NY CLIMATE NORMALS FOR TODAY
                         NORMAL    RECORD    YEAR
 MAXIMUM TEMPERATURE (F)   80        94      1936
 MINIMUM TEMPERATURE (F)   60        46      1988
                                             1977


SUNRISE AND SUNSET
AUGUST 19 2016........SUNRISE   615 AM EDT   SUNSET   800 PM EDT
AUGUST 20 2016........SUNRISE   616 AM EDT   SUNSET   758 PM EDT


-  INDICATES NEGATIVE NUMBERS.
R  INDICATES RECORD WAS SET OR TIED.
MM INDICATES DATA IS MISSING.
T  INDICATES TRACE AMOUNT.




$$
