000
CDUS41 KBGM 250235
CLISYR


CLIMATE REPORT
NATIONAL WEATHER SERVICE BINGHAMTON NY
1033 PM EDT SUN AUG 24 2014


...................................

...THE SYRACUSE NY CLIMATE SUMMARY FOR AUGUST 24 2014...
VALID AS OF 1000 PM LOCAL TIME.

CLIMATE NORMAL PERIOD 1981 TO 2010
CLIMATE RECORD PERIOD 1902 TO 2014


WEATHER ITEM   OBSERVED TIME   RECORD YEAR NORMAL DEPARTURE LAST
                VALUE   (LST)  VALUE       VALUE  FROM      YEAR
                                                  NORMAL
..................................................................
TEMPERATURE (F)
 TODAY
  MAXIMUM         81    333 PM  93    1947  79      2       78
  MINIMUM         57    404 AM  41    1940  59     -2       52
  AVERAGE         69                        69      0       65

PRECIPITATION (IN)
  TODAY            0.00          2.91 1993   0.11  -0.11     0.00
  MONTH TO DATE    3.49                      2.78   0.71     1.68
  SINCE JUN 1     11.41                      9.87   1.54    11.74
  SINCE JAN 1     28.79                     23.80   4.99    25.68

SNOWFALL (IN)
  TODAY            0.0           0.0  2002   0.0    0.0      0.0
                                      2000
                                      2001
  MONTH TO DATE    0.0                       0.0    0.0      0.0
  SINCE JUN 1      0.0                       0.0    0.0      0.0
  SINCE JUL 1      0.0                       0.0    0.0      0.0
  SNOW DEPTH       0

DEGREE DAYS
 HEATING
  TODAY            0                         1     -1        0
  MONTH TO DATE    8                        11     -3        3
  SINCE JUN 1     33                        80    -47       67
  SINCE JUL 1     10                        19     -9        6

 COOLING
  TODAY            4                         5     -1        0
  MONTH TO DATE  109                       136    -27       98
  SINCE JUN 1    466                       452     14      525
  SINCE JAN 1    522                       482     40      577
..................................................................


WIND (MPH)
  HIGHEST WIND SPEED     9   HIGHEST WIND DIRECTION     N (10)
  HIGHEST GUST SPEED    13   HIGHEST GUST DIRECTION    NE (60)
  AVERAGE WIND SPEED     2.5


SKY COVER
  POSSIBLE SUNSHINE  MM
  AVERAGE SKY COVER 0.5


WEATHER CONDITIONS
 THE FOLLOWING WEATHER WAS RECORDED TODAY.
  FOG
  FOG W/VISIBILITY <= 1/4 MILE


RELATIVE HUMIDITY (PERCENT)
 HIGHEST   100           400 AM
 LOWEST     42           200 PM
 AVERAGE    71

..........................................................


THE SYRACUSE NY CLIMATE NORMALS FOR TOMORROW
                         NORMAL    RECORD    YEAR
 MAXIMUM TEMPERATURE (F)   79        97      1948
 MINIMUM TEMPERATURE (F)   58        38      1940


SUNRISE AND SUNSET
AUGUST 24 2014........SUNRISE   620 AM EDT   SUNSET   753 PM EDT
AUGUST 25 2014........SUNRISE   621 AM EDT   SUNSET   751 PM EDT


-  INDICATES NEGATIVE NUMBERS.
R  INDICATES RECORD WAS SET OR TIED.
MM INDICATES DATA IS MISSING.
T  INDICATES TRACE AMOUNT.

$$
