000
CDUS41 KBGM 152117
CLISYR


CLIMATE REPORT
NATIONAL WEATHER SERVICE BINGHAMTON NY
516 PM EDT MON AUG 15 2016


...................................

...THE SYRACUSE NY CLIMATE SUMMARY FOR AUGUST 15 2016...
VALID TODAY AS OF 0500 PM LOCAL TIME.

CLIMATE NORMAL PERIOD 1981 TO 2010
CLIMATE RECORD PERIOD 1902 TO 2016


WEATHER ITEM   OBSERVED TIME   RECORD YEAR NORMAL DEPARTURE LAST
                VALUE   (LST)  VALUE       VALUE  FROM      YEAR
                                                  NORMAL
..................................................................
TEMPERATURE (F)
 TODAY
  MAXIMUM         79    306 PM  97    1965  80     -1       83
  MINIMUM         68    542 AM  46    1972  60      8       67
  AVERAGE         74                        70      4       75

PRECIPITATION (IN)
  TODAY            0.00          1.68 1995   0.12  -0.12     0.02
  MONTH TO DATE    2.98                      1.72   1.26     1.40
  SINCE JUN 1      7.58                      8.81  -1.23    14.69
  SINCE JAN 1     22.14                     22.74  -0.60    26.81

SNOWFALL (IN)
  TODAY            0.0           0.0  2002   0.0    0.0      0.0
                                      2000
                                      2001
  MONTH TO DATE    0.0                       0.0    0.0      0.0
  SINCE JUN 1      T                         0.0    0.0      0.0
  SINCE JUL 1      0.0                       0.0    0.0      0.0
  SNOW DEPTH       0

DEGREE DAYS
 HEATING
  TODAY            0                         1     -1        0
  MONTH TO DATE    0                         2     -2        0
  SINCE JUN 1     53                        71    -18       58
  SINCE JUL 1      0                        10    -10        5

 COOLING
  TODAY            9                         6      3       10
  MONTH TO DATE  167                        90     77       83
  SINCE JUN 1    533                       406    127      369
  SINCE JAN 1    589                       436    153      474
..................................................................


WIND (MPH)
  HIGHEST WIND SPEED    10   HIGHEST WIND DIRECTION     W (260)
  HIGHEST GUST SPEED    16   HIGHEST GUST DIRECTION    SW (230)
  AVERAGE WIND SPEED     5.5


SKY COVER
  POSSIBLE SUNSHINE  MM
  AVERAGE SKY COVER 1.0


WEATHER CONDITIONS
 THE FOLLOWING WEATHER WAS RECORDED TODAY.
  NO SIGNIFICANT WEATHER WAS OBSERVED.


RELATIVE HUMIDITY (PERCENT)
 HIGHEST    97           500 AM
 LOWEST     58           400 PM
 AVERAGE    78

..........................................................


THE SYRACUSE NY CLIMATE NORMALS FOR TOMORROW
                         NORMAL    RECORD    YEAR
 MAXIMUM TEMPERATURE (F)   80        95      2002
                                             1944
 MINIMUM TEMPERATURE (F)   60        47      1972
                                             1968


SUNRISE AND SUNSET
AUGUST 15 2016........SUNRISE   611 AM EDT   SUNSET   806 PM EDT
AUGUST 16 2016........SUNRISE   612 AM EDT   SUNSET   805 PM EDT


-  INDICATES NEGATIVE NUMBERS.
R  INDICATES RECORD WAS SET OR TIED.
MM INDICATES DATA IS MISSING.
T  INDICATES TRACE AMOUNT.

$$
