000
CDUS41 KBGM 130216
CLISYR


CLIMATE REPORT
NATIONAL WEATHER SERVICE BINGHAMTON NY
1016 PM EDT TUE SEP 12 2017


...................................

...THE SYRACUSE NY CLIMATE SUMMARY FOR SEPTEMBER 12 2017...
VALID TODAY AS OF 0500 PM LOCAL TIME.

CLIMATE NORMAL PERIOD 1981 TO 2010
CLIMATE RECORD PERIOD 1902 TO 2017


WEATHER ITEM   OBSERVED TIME   RECORD YEAR NORMAL DEPARTURE LAST
                VALUE   (LST)  VALUE       VALUE  FROM      YEAR
                                                  NORMAL
..................................................................
TEMPERATURE (F)
 TODAY
  MAXIMUM         78    400 PM  93    1931  74      4       75
  MINIMUM         46        MM  38    1943  53     -7       50
  AVERAGE         62                        64     -2       63

PRECIPITATION (IN)
  TODAY            0.00          1.87 1987   0.12  -0.12     0.00
  MONTH TO DATE    1.18                      1.41  -0.23     1.66
  SINCE SEP 1      1.18                      1.41  -0.23     1.66
  SINCE JAN 1     33.70                     26.00   7.70    24.87

SNOWFALL (IN)
  TODAY            0.0           0.0  2002   0.0    0.0      0.0
                                      2000
                                      2001
  MONTH TO DATE    0.0                       0.0    0.0      0.0
  SINCE SEP 1      0.0                       0.0    0.0      0.0
  SINCE JUL 1      0.0                       0.0    0.0      0.0
  SNOW DEPTH       0

DEGREE DAYS
 HEATING
  TODAY            3                         3      0        2
  MONTH TO DATE   72                        28     44        6
  SINCE SEP 1     72                        28     44        6
  SINCE JUL 1    108                        54     54        7

 COOLING
  TODAY            0                         2     -2        0
  MONTH TO DATE    4                        33    -29       59
  SINCE SEP 1      4                        33    -29       59
  SINCE JAN 1    454                       546    -92      771
..................................................................


WIND (MPH)
  HIGHEST WIND SPEED     8   HIGHEST WIND DIRECTION     W (290)
  HIGHEST GUST SPEED    MM   HIGHEST GUST DIRECTION    MM
  AVERAGE WIND SPEED     3.5


SKY COVER
  POSSIBLE SUNSHINE  MM
  AVERAGE SKY COVER 0.5


WEATHER CONDITIONS
 THE FOLLOWING WEATHER WAS RECORDED TODAY.
  NO SIGNIFICANT WEATHER WAS OBSERVED.


RELATIVE HUMIDITY (PERCENT)
 HIGHEST   100          1200 AM
 LOWEST     40           300 PM
 AVERAGE    70

..........................................................


THE SYRACUSE NY CLIMATE NORMALS FOR TOMORROW
                         NORMAL    RECORD    YEAR
 MAXIMUM TEMPERATURE (F)   73        96      1931
 MINIMUM TEMPERATURE (F)   53        32      1943


SUNRISE AND SUNSET
SEPTEMBER 12 2017.....SUNRISE   641 AM EDT   SUNSET   719 PM EDT
SEPTEMBER 13 2017.....SUNRISE   642 AM EDT   SUNSET   718 PM EDT


-  INDICATES NEGATIVE NUMBERS.
R  INDICATES RECORD WAS SET OR TIED.
MM INDICATES DATA IS MISSING.
T  INDICATES TRACE AMOUNT.




$$
