000
CDUS41 KBGM 200551
CLISYR


CLIMATE REPORT
NATIONAL WEATHER SERVICE BINGHAMTON NY
150 AM EDT TUE SEP 20 2016


...................................

...THE SYRACUSE NY CLIMATE SUMMARY FOR SEPTEMBER 19 2016...

CLIMATE NORMAL PERIOD 1981 TO 2010
CLIMATE RECORD PERIOD 1902 TO 2016


WEATHER ITEM   OBSERVED TIME   RECORD YEAR NORMAL DEPARTURE LAST
                VALUE   (LST)  VALUE       VALUE  FROM      YEAR
                                                  NORMAL
..................................................................
TEMPERATURE (F)
 YESTERDAY
  MAXIMUM         80    342 PM  89    1955  71      9       83
  MINIMUM         61   1159 PM  34    1943  51     10       61
  AVERAGE         71                        61     10       72

PRECIPITATION (IN)
  YESTERDAY        0.01          1.77 1989   0.12  -0.11     0.36
  MONTH TO DATE    3.67                      2.28   1.39     2.07
  SINCE SEP 1      3.67                      2.28   1.39     2.07
  SINCE JAN 1     26.88                     26.87   0.01    29.39

SNOWFALL (IN)
  YESTERDAY        0.0           0.0  2002   0.0    0.0      0.0
                                      2000
                                      2001
  MONTH TO DATE    0.0                       0.0    0.0      0.0
  SINCE SEP 1      0.0                       0.0    0.0      0.0
  SINCE JUL 1      0.0                       0.0    0.0      0.0
  SNOW DEPTH       0

DEGREE DAYS
 HEATING
  YESTERDAY        0                         5     -5        0
  MONTH TO DATE   22                        59    -37       12
  SINCE SEP 1     22                        59    -37       12
  SINCE JUL 1     23                        85    -62       20

 COOLING
  YESTERDAY        6                         1      5        7
  MONTH TO DATE   79                        44     35      139
  SINCE SEP 1     79                        44     35      139
  SINCE JAN 1    791                       557    234      711
..................................................................


WIND (MPH)
  HIGHEST WIND SPEED     8   HIGHEST WIND DIRECTION    NW (330)
  HIGHEST GUST SPEED    10   HIGHEST GUST DIRECTION    NW (330)
  AVERAGE WIND SPEED     2.7


SKY COVER
  POSSIBLE SUNSHINE  MM
  AVERAGE SKY COVER 0.7


WEATHER CONDITIONS
 THE FOLLOWING WEATHER WAS RECORDED YESTERDAY.
  LIGHT RAIN
  FOG


RELATIVE HUMIDITY (PERCENT)
 HIGHEST   100           200 AM
 LOWEST     54           400 PM
 AVERAGE    77

..........................................................


THE SYRACUSE NY CLIMATE NORMALS FOR TODAY
                         NORMAL    RECORD    YEAR
 MAXIMUM TEMPERATURE (F)   71        89      1946
 MINIMUM TEMPERATURE (F)   50        34      1993


SUNRISE AND SUNSET
SEPTEMBER 20 2016.....SUNRISE   650 AM EDT   SUNSET   704 PM EDT
SEPTEMBER 21 2016.....SUNRISE   651 AM EDT   SUNSET   703 PM EDT


-  INDICATES NEGATIVE NUMBERS.
R  INDICATES RECORD WAS SET OR TIED.
MM INDICATES DATA IS MISSING.
T  INDICATES TRACE AMOUNT.




$$
