000
CDUS41 KBGM 072219
CLISYR


CLIMATE REPORT
NATIONAL WEATHER SERVICE BINGHAMTON NY
518 PM EST SAT JAN 7 2017


...................................

...THE SYRACUSE NY CLIMATE SUMMARY FOR JANUARY 7 2017...
VALID TODAY AS OF 0500 PM LOCAL TIME.

CLIMATE NORMAL PERIOD 1981 TO 2010
CLIMATE RECORD PERIOD 1902 TO 2017


WEATHER ITEM   OBSERVED TIME   RECORD YEAR NORMAL DEPARTURE LAST
                VALUE   (LST)  VALUE       VALUE  FROM      YEAR
                                                  NORMAL
..................................................................
TEMPERATURE (F)
 TODAY
  MAXIMUM         22    239 PM  64    2008  32    -10       39
  MINIMUM          9    826 AM -11    1996  16     -7       14
  AVERAGE         16                        24     -8       27

PRECIPITATION (IN)
  TODAY            0.00          1.15 1908   0.09  -0.09     0.00
  MONTH TO DATE    0.68                      0.63   0.05     0.19
  SINCE DEC 1      3.92                      3.85   0.07     5.02
  SINCE JAN 1      0.68                      0.63   0.05     0.19

SNOWFALL (IN)
  TODAY            0.0           7.3  1950   1.1   -1.1      0.0
  MONTH TO DATE    1.3                       7.3   -6.0      3.6
  SINCE DEC 1     38.5                      40.0   -1.5      5.7
  SINCE JUL 1     63.9                      49.9   14.0      6.5
  SNOW DEPTH       1

DEGREE DAYS
 HEATING
  TODAY           49                        41      8       38
  MONTH TO DATE  244                       285    -41      290
  SINCE DEC 1   1335                      1389    -54     1021
  SINCE JUL 1   2529                      2738   -209     2106

 COOLING
  TODAY            0                         0      0        0
  MONTH TO DATE    0                         0      0        0
  SINCE DEC 1      0                         0      0        0
  SINCE JAN 1      0                         0      0        0
..................................................................


WIND (MPH)
  HIGHEST WIND SPEED    14   HIGHEST WIND DIRECTION    SW (230)
  HIGHEST GUST SPEED    17   HIGHEST GUST DIRECTION    SW (230)
  AVERAGE WIND SPEED     4.4


SKY COVER
  POSSIBLE SUNSHINE  MM
  AVERAGE SKY COVER 0.7


WEATHER CONDITIONS
 THE FOLLOWING WEATHER WAS RECORDED TODAY.
  NO SIGNIFICANT WEATHER WAS OBSERVED.


RELATIVE HUMIDITY (PERCENT)
 HIGHEST    83           800 AM
 LOWEST     58           300 AM
 AVERAGE    71

..........................................................


THE SYRACUSE NY CLIMATE NORMALS FOR TOMORROW
                         NORMAL    RECORD    YEAR
 MAXIMUM TEMPERATURE (F)   32        70      2008
 MINIMUM TEMPERATURE (F)   16       -17      1968


SUNRISE AND SUNSET
JANUARY  7 2017.......SUNRISE   736 AM EST   SUNSET   446 PM EST
JANUARY  8 2017.......SUNRISE   736 AM EST   SUNSET   447 PM EST


-  INDICATES NEGATIVE NUMBERS.
R  INDICATES RECORD WAS SET OR TIED.
MM INDICATES DATA IS MISSING.
T  INDICATES TRACE AMOUNT.

$$
