000
CDUS41 KBGM 142231
CLISYR


CLIMATE REPORT
NATIONAL WEATHER SERVICE BINGHAMTON NY
531 PM EST SUN DEC 14 2014


...................................

...THE SYRACUSE NY CLIMATE SUMMARY FOR DECEMBER 14 2014...
VALID TODAY AS OF 0500 PM LOCAL TIME.

CLIMATE NORMAL PERIOD 1981 TO 2010
CLIMATE RECORD PERIOD 1902 TO 2014


WEATHER ITEM   OBSERVED TIME   RECORD YEAR NORMAL DEPARTURE LAST
                VALUE   (LST)  VALUE       VALUE  FROM      YEAR
                                                  NORMAL
..................................................................
TEMPERATURE (F)
 TODAY
  MAXIMUM         35    358 PM  60    1975  37     -2       15
  MINIMUM         31    931 AM  -8    2005  23      8        8
  AVERAGE         33                        30      3       12

PRECIPITATION (IN)
  TODAY            0.03          1.86 1917   0.11  -0.08     0.26
  MONTH TO DATE    1.86                      1.57   0.29     0.91
  SINCE DEC 1      1.86                      1.57   0.29     0.91
  SINCE JAN 1     39.34                     36.82   2.52    38.44

SNOWFALL (IN)
  TODAY           MM            14.8  2003   1.1   MM        4.1
  MONTH TO DATE   15.8                      13.9    1.9     10.4
  SINCE DEC 1     15.8                      13.9    1.9     10.4
  SINCE JUL 1     26.8                      23.8    3.0     24.7
  SNOW DEPTH      10

DEGREE DAYS
 HEATING
  TODAY           32                        35     -3       53
  MONTH TO DATE  483                       458     25      492
  SINCE DEC 1    483                       458     25      492
  SINCE JUL 1   1668                      1807   -139     1825

 COOLING
  TODAY            0                         0      0        0
  MONTH TO DATE    0                         0      0        0
  SINCE DEC 1      0                         0      0        0
  SINCE JAN 1    647                       569     78      712
..................................................................


WIND (MPH)
  HIGHEST WIND SPEED    15   HIGHEST WIND DIRECTION     W (270)
  HIGHEST GUST SPEED    20   HIGHEST GUST DIRECTION     W (270)
  AVERAGE WIND SPEED     8.4


SKY COVER
  POSSIBLE SUNSHINE  MM
  AVERAGE SKY COVER 0.9


WEATHER CONDITIONS
 THE FOLLOWING WEATHER WAS RECORDED TODAY.
  LIGHT RAIN
  LT FREEZING RAIN
  FOG


RELATIVE HUMIDITY (PERCENT)
 HIGHEST   100           100 AM
 LOWEST    100           100 AM
 AVERAGE   100

..........................................................


THE SYRACUSE NY CLIMATE NORMALS FOR TOMORROW
                         NORMAL    RECORD    YEAR
 MAXIMUM TEMPERATURE (F)   36        62      1975
 MINIMUM TEMPERATURE (F)   23        -6      1943


SUNRISE AND SUNSET
DECEMBER 14 2014......SUNRISE   728 AM EST   SUNSET   430 PM EST
DECEMBER 15 2014......SUNRISE   729 AM EST   SUNSET   430 PM EST


-  INDICATES NEGATIVE NUMBERS.
R  INDICATES RECORD WAS SET OR TIED.
MM INDICATES DATA IS MISSING.
T  INDICATES TRACE AMOUNT.




$$
