000
CDUS41 KBGM 072229
CLISYR


CLIMATE REPORT
NATIONAL WEATHER SERVICE BINGHAMTON NY
529 PM EST SUN JAN 7 2018


...................................

...THE SYRACUSE NY CLIMATE SUMMARY FOR JANUARY 7 2018...
VALID TODAY AS OF 0500 PM LOCAL TIME.

CLIMATE NORMAL PERIOD 1981 TO 2010
CLIMATE RECORD PERIOD 1902 TO 2018


WEATHER ITEM   OBSERVED TIME   RECORD YEAR NORMAL DEPARTURE LAST
                VALUE   (LST)  VALUE       VALUE  FROM      YEAR
                                                  NORMAL
..................................................................
TEMPERATURE (F)
 TODAY
  MAXIMUM         17    459 PM  64    2008  32    -15       22
  MINIMUM        -11R   457 AM -11    1996  16    -27        9
  AVERAGE          3                        24    -21       16

PRECIPITATION (IN)
  TODAY            T             1.15 1908   0.09  -0.09      T
  MONTH TO DATE    0.34                      0.63  -0.29     0.68
  SINCE DEC 1      2.68                      3.85  -1.17     3.92
  SINCE JAN 1      0.34                      0.63  -0.29     0.68

SNOWFALL (IN)
  TODAY            T             7.3  1950   1.1   -1.1       T
  MONTH TO DATE   23.4                       7.3   16.1      1.4
  SINCE DEC 1     57.6                      40.0   17.6     38.6
  SINCE JUL 1     62.8                      49.9   12.9     64.0
  SNOW DEPTH      21

DEGREE DAYS
 HEATING
  TODAY           62                        41     21       49
  MONTH TO DATE  403                       285    118      279
  SINCE DEC 1   1664                      1389    275     1370
  SINCE JUL 1   2861                      2738    123     2564

 COOLING
  TODAY            0                         0      0        0
  MONTH TO DATE    0                         0      0        0
  SINCE DEC 1      0                         0      0        0
  SINCE JAN 1      0                         0      0        0
..................................................................


WIND (MPH)
  HIGHEST WIND SPEED    13   HIGHEST WIND DIRECTION     S (170)
  HIGHEST GUST SPEED    16   HIGHEST GUST DIRECTION     S (180)
  AVERAGE WIND SPEED     5.8


SKY COVER
  POSSIBLE SUNSHINE  MM
  AVERAGE SKY COVER 0.7


WEATHER CONDITIONS
 THE FOLLOWING WEATHER WAS RECORDED TODAY.
  LIGHT SNOW
  FOG


RELATIVE HUMIDITY (PERCENT)
 HIGHEST    91           300 AM
 LOWEST     47           400 PM
 AVERAGE    69

..........................................................


THE SYRACUSE NY CLIMATE NORMALS FOR TOMORROW
                         NORMAL    RECORD    YEAR
 MAXIMUM TEMPERATURE (F)   32        70      2008
 MINIMUM TEMPERATURE (F)   16       -17      1968


SUNRISE AND SUNSET
JANUARY  7 2018.......SUNRISE   736 AM EST   SUNSET   446 PM EST
JANUARY  8 2018.......SUNRISE   736 AM EST   SUNSET   447 PM EST


-  INDICATES NEGATIVE NUMBERS.
R  INDICATES RECORD WAS SET OR TIED.
MM INDICATES DATA IS MISSING.
T  INDICATES TRACE AMOUNT.




$$
