000
CDUS41 KBGM 130218
CLISYR


CLIMATE REPORT
NATIONAL WEATHER SERVICE BINGHAMTON NY
1017 PM EDT WED JUL 12 2017


...................................

...THE SYRACUSE NY CLIMATE SUMMARY FOR JULY 12 2017...
VALID AS OF 1000 PM LOCAL TIME.

CLIMATE NORMAL PERIOD 1981 TO 2010
CLIMATE RECORD PERIOD 1902 TO 2017


WEATHER ITEM   OBSERVED TIME   RECORD YEAR NORMAL DEPARTURE LAST
                VALUE   (LST)  VALUE       VALUE  FROM      YEAR
                                                  NORMAL
..................................................................
TEMPERATURE (F)
 TODAY
  MAXIMUM         85    301 PM  94    2012  82      3       90
                                      1981
                                      1948
  MINIMUM         65    503 AM  48    1985  61      4       56
  AVERAGE         75                        71      4       73

PRECIPITATION (IN)
  TODAY            T             4.29 2006   0.12  -0.12     0.00
  MONTH TO DATE    2.33                      1.45   0.88     0.97
  SINCE JUN 1      7.02                      4.76   2.26     2.92
  SINCE JAN 1     28.86                     18.69  10.17    17.48

SNOWFALL (IN)
  TODAY            0.0           0.0  2002   0.0    0.0      0.0
                                      2000
                                      2001
  MONTH TO DATE    0.0                       0.0    0.0      0.0
  SINCE JUN 1      0.0                       0.0    0.0       T
  SINCE JUL 1      0.0                       0.0    0.0      0.0
  SNOW DEPTH       0

DEGREE DAYS
 HEATING
  TODAY            0                         0      0        0
  MONTH TO DATE    0                         2     -2        0
  SINCE JUN 1     71                        63      8       53
  SINCE JUL 1      0                         2     -2        0

 COOLING
  TODAY           10                         7      3        8
  MONTH TO DATE   79                        76      3       88
  SINCE JUN 1    182                       189     -7      189
  SINCE JAN 1    214                       219     -5      245
..................................................................


WIND (MPH)
  HIGHEST WIND SPEED    13   HIGHEST WIND DIRECTION    NW (320)
  HIGHEST GUST SPEED    16   HIGHEST GUST DIRECTION    NW (320)
  AVERAGE WIND SPEED     3.5


SKY COVER
  POSSIBLE SUNSHINE  MM
  AVERAGE SKY COVER 0.8


WEATHER CONDITIONS
 THE FOLLOWING WEATHER WAS RECORDED TODAY.
  LIGHT RAIN
  FOG


RELATIVE HUMIDITY (PERCENT)
 HIGHEST   100           300 AM
 LOWEST     58          1100 AM
 AVERAGE    79

..........................................................


THE SYRACUSE NY CLIMATE NORMALS FOR TOMORROW
                         NORMAL    RECORD    YEAR
 MAXIMUM TEMPERATURE (F)   82        94      2016
                                             1995
                                             1942
 MINIMUM TEMPERATURE (F)   61        46      1940


SUNRISE AND SUNSET
JULY 12 2017..........SUNRISE   536 AM EDT   SUNSET   844 PM EDT
JULY 13 2017..........SUNRISE   537 AM EDT   SUNSET   843 PM EDT


-  INDICATES NEGATIVE NUMBERS.
R  INDICATES RECORD WAS SET OR TIED.
MM INDICATES DATA IS MISSING.
T  INDICATES TRACE AMOUNT.




$$
