000
CDUS41 KBGM 260541
CLISYR


CLIMATE REPORT
NATIONAL WEATHER SERVICE BINGHAMTON NY
139 AM EDT FRI JUN 26 2015


...................................

...THE SYRACUSE NY CLIMATE SUMMARY FOR JUNE 25 2015...

CLIMATE NORMAL PERIOD 1981 TO 2010
CLIMATE RECORD PERIOD 1902 TO 2015


WEATHER ITEM   OBSERVED TIME   RECORD YEAR NORMAL DEPARTURE LAST
                VALUE   (LST)  VALUE       VALUE  FROM      YEAR
                                                  NORMAL
..................................................................
TEMPERATURE (F)
 YESTERDAY
  MAXIMUM         79    108 PM  95    2005  80     -1       76
  MINIMUM         58    225 AM  40    1979  59     -1       64
  AVERAGE         69                        69      0       70

PRECIPITATION (IN)
  YESTERDAY        T             1.62 1949   0.12  -0.12     0.77
                                      1925
  MONTH TO DATE    5.46                      2.75   2.71     2.71
  SINCE JUN 1      5.46                      2.75   2.71     2.71
  SINCE JAN 1     17.58                     16.68   0.90    20.09

SNOWFALL (IN)
  YESTERDAY        0.0           0.0  2002   0.0    0.0      0.0
                                      2001
  MONTH TO DATE    0.0                       0.0    0.0      0.0
  SINCE JUN 1      0.0                       0.0    0.0      0.0
  SINCE JUL 1    119.7                     123.8   -4.1    132.0
  SNOW DEPTH       0

DEGREE DAYS
 HEATING
  YESTERDAY        0                         1     -1        0
  MONTH TO DATE   43                        56    -13       23
  SINCE JUN 1     43                        56    -13       23
  SINCE JUL 1   7111                      6646    465     7079

 COOLING
  YESTERDAY        4                         5     -1        5
  MONTH TO DATE   84                        85     -1       97
  SINCE JUN 1     84                        85     -1       97
  SINCE JAN 1    189                       115     74      153
..................................................................


WIND (MPH)
  HIGHEST WIND SPEED    15   HIGHEST WIND DIRECTION     W (280)
  HIGHEST GUST SPEED    18   HIGHEST GUST DIRECTION     W (280)
  AVERAGE WIND SPEED     5.3


SKY COVER
  POSSIBLE SUNSHINE  MM
  AVERAGE SKY COVER 0.8


WEATHER CONDITIONS
 THE FOLLOWING WEATHER WAS RECORDED YESTERDAY.
  LIGHT RAIN


RELATIVE HUMIDITY (PERCENT)
 HIGHEST    75           200 AM
 LOWEST     46          1100 AM
 AVERAGE    61

..........................................................


THE SYRACUSE NY CLIMATE NORMALS FOR TODAY
                         NORMAL    RECORD    YEAR
 MAXIMUM TEMPERATURE (F)   80        96      1952
 MINIMUM TEMPERATURE (F)   59        42      1970


SUNRISE AND SUNSET
JUNE 26 2015..........SUNRISE   526 AM EDT   SUNSET   848 PM EDT
JUNE 27 2015..........SUNRISE   527 AM EDT   SUNSET   848 PM EDT


-  INDICATES NEGATIVE NUMBERS.
R  INDICATES RECORD WAS SET OR TIED.
MM INDICATES DATA IS MISSING.
T  INDICATES TRACE AMOUNT.




$$
