000
CDUS41 KBGM 200530
CLISYR


CLIMATE REPORT
NATIONAL WEATHER SERVICE BINGHAMTON NY
128 AM EDT TUE JUN 20 2017


...................................

...THE SYRACUSE NY CLIMATE SUMMARY FOR JUNE 19 2017...

CLIMATE NORMAL PERIOD 1981 TO 2010
CLIMATE RECORD PERIOD 1902 TO 2017


WEATHER ITEM   OBSERVED TIME   RECORD YEAR NORMAL DEPARTURE LAST
                VALUE   (LST)  VALUE       VALUE  FROM      YEAR
                                                  NORMAL
..................................................................
TEMPERATURE (F)
 YESTERDAY
  MAXIMUM         74    516 PM  95    1995  79     -5       88
  MINIMUM         64   1159 PM  40    1946  57      7       56
  AVERAGE         69                        68      1       72

PRECIPITATION (IN)
  YESTERDAY        0.16          1.46 2007   0.11   0.05     0.00
  MONTH TO DATE    2.96                      2.08   0.88     1.60
  SINCE JUN 1      2.96                      2.08   0.88     1.60
  SINCE JAN 1     24.80                     16.01   8.79    16.16

SNOWFALL (IN)
  YESTERDAY        0.0           0.0  2002   0.0    0.0      0.0
                                      2001
  MONTH TO DATE    0.0                       0.0    0.0       T
  SINCE JUN 1      0.0                       0.0    0.0       T
  SINCE JUL 1    134.9                     123.8   11.1     80.3
  SNOW DEPTH       0

DEGREE DAYS
 HEATING
  YESTERDAY        0                         1     -1        0
  MONTH TO DATE   60                        50     10       49
  SINCE JUN 1     60                        50     10       49
  SINCE JUL 1   6127                      6640   -513     5847

 COOLING
  YESTERDAY        4                         4      0        7
  MONTH TO DATE   76                        56     20       44
  SINCE JUN 1     76                        56     20       44
  SINCE JAN 1    108                        86     22      100
..................................................................


WIND (MPH)
  HIGHEST WIND SPEED    12   HIGHEST WIND DIRECTION    NW (300)
  HIGHEST GUST SPEED    14   HIGHEST GUST DIRECTION    SW (240)
  AVERAGE WIND SPEED     5.9


SKY COVER
  POSSIBLE SUNSHINE  MM
  AVERAGE SKY COVER 1.0


WEATHER CONDITIONS
 THE FOLLOWING WEATHER WAS RECORDED YESTERDAY.
  LIGHT RAIN
  FOG


RELATIVE HUMIDITY (PERCENT)
 HIGHEST   100           500 AM
 LOWEST     73           600 PM
 AVERAGE    87

..........................................................


THE SYRACUSE NY CLIMATE NORMALS FOR TODAY
                         NORMAL    RECORD    YEAR
 MAXIMUM TEMPERATURE (F)   79        96      1931
 MINIMUM TEMPERATURE (F)   58        41      1918
                                             1914


SUNRISE AND SUNSET
JUNE 20 2017..........SUNRISE   525 AM EDT   SUNSET   847 PM EDT
JUNE 21 2017..........SUNRISE   525 AM EDT   SUNSET   848 PM EDT


-  INDICATES NEGATIVE NUMBERS.
R  INDICATES RECORD WAS SET OR TIED.
MM INDICATES DATA IS MISSING.
T  INDICATES TRACE AMOUNT.




$$
