000
CDUS41 KBGM 240548
CLISYR


CLIMATE REPORT
NATIONAL WEATHER SERVICE BINGHAMTON NY
147 AM EDT SUN MAY 24 2015


...................................

...THE SYRACUSE NY CLIMATE SUMMARY FOR MAY 23 2015...

CLIMATE NORMAL PERIOD 1981 TO 2010
CLIMATE RECORD PERIOD 1902 TO 2015


WEATHER ITEM   OBSERVED TIME   RECORD YEAR NORMAL DEPARTURE LAST
                VALUE   (LST)  VALUE       VALUE  FROM      YEAR
                                                  NORMAL
..................................................................
TEMPERATURE (F)
 YESTERDAY
  MAXIMUM         64    617 PM  93    1977  71     -7       59
  MINIMUM         34    440 AM  32    1967  49    -15       51
  AVERAGE         49                        60    -11       55

PRECIPITATION (IN)
  YESTERDAY        0.00          1.69 2004   0.11  -0.11     0.21
  MONTH TO DATE    1.92                      2.36  -0.44     3.71
  SINCE MAR 1      6.23                      8.50  -2.27    11.83
  SINCE JAN 1     10.11                     13.07  -2.96    17.38

SNOWFALL (IN)
  YESTERDAY        0.0           T    1963   0.0    0.0      0.0
  MONTH TO DATE    0.0                       0.1   -0.1       T
  SINCE MAR 1     12.9                      21.9   -9.0     22.1
  SINCE JUL 1    119.7                     123.8   -4.1    132.0
  SNOW DEPTH       0

DEGREE DAYS
 HEATING
  YESTERDAY       16                         6     10       10
  MONTH TO DATE  120                       212    -92      171
  SINCE MAR 1   1838                      1716    122     1944
  SINCE JUL 1   7062                      6547    515     7036

 COOLING
  YESTERDAY        0                         1     -1        0
  MONTH TO DATE   56                        13     43       33
  SINCE MAR 1     56                        17     39       34
  SINCE JAN 1     56                        17     39       34
..................................................................


WIND (MPH)
  HIGHEST WIND SPEED    16   HIGHEST WIND DIRECTION     W (250)
  HIGHEST GUST SPEED    22   HIGHEST GUST DIRECTION    NW (320)
  AVERAGE WIND SPEED     7.5


SKY COVER
  POSSIBLE SUNSHINE  MM
  AVERAGE SKY COVER 0.1


WEATHER CONDITIONS
 THE FOLLOWING WEATHER WAS RECORDED YESTERDAY.
  NO SIGNIFICANT WEATHER WAS OBSERVED.


RELATIVE HUMIDITY (PERCENT)
 HIGHEST    76           600 AM
 LOWEST     28           500 PM
 AVERAGE    52

..........................................................


THE SYRACUSE NY CLIMATE NORMALS FOR TODAY
                         NORMAL    RECORD    YEAR
 MAXIMUM TEMPERATURE (F)   71        89      2007
                                             1991
                                             1975
 MINIMUM TEMPERATURE (F)   49        30      1963


SUNRISE AND SUNSET
MAY 24 2015...........SUNRISE   533 AM EDT   SUNSET   830 PM EDT
MAY 25 2015...........SUNRISE   532 AM EDT   SUNSET   831 PM EDT


-  INDICATES NEGATIVE NUMBERS.
R  INDICATES RECORD WAS SET OR TIED.
MM INDICATES DATA IS MISSING.
T  INDICATES TRACE AMOUNT.




$$
