000
CDUS41 KBGM 080225
CLISYR


CLIMATE REPORT
NATIONAL WEATHER SERVICE BINGHAMTON NY
1024 PM EDT MON APR 7 2014


...................................

...THE SYRACUSE NY CLIMATE SUMMARY FOR APRIL 7 2014...
VALID AS OF 1000 PM LOCAL TIME.

CLIMATE NORMAL PERIOD 1981 TO 2010
CLIMATE RECORD PERIOD 1902 TO 2014


WEATHER ITEM   OBSERVED TIME   RECORD YEAR NORMAL DEPARTURE LAST
                VALUE   (LST)  VALUE       VALUE  FROM      YEAR
                                                  NORMAL
..................................................................
TEMPERATURE (F)
 TODAY
  MAXIMUM         51   1151 AM  85    1991  53     -2       67
  MINIMUM         28    608 AM   9    1972  34     -6       39
  AVERAGE         40                        43     -3       53

PRECIPITATION (IN)
  TODAY            0.63          0.71 1903   0.11   0.52      T
  MONTH TO DATE    0.98                      0.78   0.20     0.44
  SINCE MAR 1      4.46                      3.73   0.73     2.46
  SINCE JAN 1     10.01                      8.30   1.71     6.88

SNOWFALL (IN)
  TODAY            0.0           3.0  1996   0.2   -0.2      0.0
  MONTH TO DATE    0.1                       1.5   -1.4     12.0
  SINCE MAR 1     21.8                      19.5    2.3     32.2
  SINCE JUL 1    131.7                     121.4   10.3    115.4
  SNOW DEPTH       0

DEGREE DAYS
 HEATING
  TODAY           25                        22      3       12
  MONTH TO DATE  178                       161     17      191
  SINCE MAR 1   1389                      1118    271     1155
  SINCE JUL 1   6481                      5949    532     5526

 COOLING
  TODAY            0                         0      0        0
  MONTH TO DATE    0                         0      0        0
  SINCE MAR 1      0                         0      0        0
  SINCE JAN 1      0                         0      0        0
..................................................................


WIND (MPH)
  HIGHEST WIND SPEED    23   HIGHEST WIND DIRECTION     E (90)
  HIGHEST GUST SPEED    29   HIGHEST GUST DIRECTION     E (100)
  AVERAGE WIND SPEED     7.6


SKY COVER
  POSSIBLE SUNSHINE  MM
  AVERAGE SKY COVER 0.9


WEATHER CONDITIONS
 THE FOLLOWING WEATHER WAS RECORDED TODAY.
  RAIN
  LIGHT RAIN
  FOG


RELATIVE HUMIDITY (PERCENT)
 HIGHEST   100           400 PM
 LOWEST     27          1200 PM
 AVERAGE    64

..........................................................


THE SYRACUSE NY CLIMATE NORMALS FOR TOMORROW
                         NORMAL    RECORD    YEAR
 MAXIMUM TEMPERATURE (F)   54        84      2010
 MINIMUM TEMPERATURE (F)   34        15      1972


SUNRISE AND SUNSET
APRIL  7 2014.........SUNRISE   636 AM EDT   SUNSET   738 PM EDT
APRIL  8 2014.........SUNRISE   634 AM EDT   SUNSET   739 PM EDT


-  INDICATES NEGATIVE NUMBERS.
R  INDICATES RECORD WAS SET OR TIED.
MM INDICATES DATA IS MISSING.
T  INDICATES TRACE AMOUNT.

$$
