000
CDUS41 KBGM 200318
CLISYR


CLIMATE REPORT
NATIONAL WEATHER SERVICE BINGHAMTON NY
1017 PM EST MON JAN 19 2015


...................................

...THE SYRACUSE NY CLIMATE SUMMARY FOR JANUARY 19 2015...
VALID AS OF 1000 PM LOCAL TIME.

CLIMATE NORMAL PERIOD 1981 TO 2010
CLIMATE RECORD PERIOD 1902 TO 2015


WEATHER ITEM   OBSERVED TIME   RECORD YEAR NORMAL DEPARTURE LAST
                VALUE   (LST)  VALUE       VALUE  FROM      YEAR
                                                  NORMAL
..................................................................
TEMPERATURE (F)
 TODAY
  MAXIMUM         34    111 AM  64    1996  31      3       31
  MINIMUM         26    959 PM -20    1904  15     11       17
  AVERAGE         30                        23      7       24

PRECIPITATION (IN)
  TODAY            0.01          1.15 1996   0.08  -0.07     0.03
  MONTH TO DATE    1.34                      1.61  -0.27     1.86
  SINCE DEC 1      4.36                      4.83  -0.47     4.75
  SINCE JAN 1      1.34                      1.61  -0.27     1.86

SNOWFALL (IN)
  TODAY            0.2           7.3  2004   1.2   -1.0      1.3
  MONTH TO DATE   11.4                      20.7   -9.3     16.2
  SINCE DEC 1     28.9                      53.4  -24.5     45.2
  SINCE JUL 1     39.9                      63.3  -23.4     59.5
  SNOW DEPTH       2

DEGREE DAYS
 HEATING
  TODAY           35                        42     -7       41
  MONTH TO DATE  877                       785     92      763
  SINCE DEC 1   1885                      1889     -4     1905
  SINCE JUL 1   3070                      3238   -168     3238

 COOLING
  TODAY            0                         0      0        0
  MONTH TO DATE    0                         0      0        0
  SINCE DEC 1      0                         0      0        0
  SINCE JAN 1      0                         0      0        0
..................................................................


WIND (MPH)
  HIGHEST WIND SPEED    26   HIGHEST WIND DIRECTION     W (260)
  HIGHEST GUST SPEED    35   HIGHEST GUST DIRECTION     W (270)
  AVERAGE WIND SPEED    15.8


SKY COVER
  POSSIBLE SUNSHINE  MM
  AVERAGE SKY COVER 1.0


WEATHER CONDITIONS
 THE FOLLOWING WEATHER WAS RECORDED TODAY.
  LIGHT SNOW
  FOG
  HAZE


RELATIVE HUMIDITY (PERCENT)
 HIGHEST   100           500 AM
 LOWEST     69           400 PM
 AVERAGE    85

..........................................................


THE SYRACUSE NY CLIMATE NORMALS FOR TOMORROW
                         NORMAL    RECORD    YEAR
 MAXIMUM TEMPERATURE (F)   31        61      1951
 MINIMUM TEMPERATURE (F)   15        -9      1983


SUNRISE AND SUNSET
JANUARY 19 2015.......SUNRISE   731 AM EST   SUNSET   500 PM EST
JANUARY 20 2015.......SUNRISE   730 AM EST   SUNSET   501 PM EST


-  INDICATES NEGATIVE NUMBERS.
R  INDICATES RECORD WAS SET OR TIED.
MM INDICATES DATA IS MISSING.
T  INDICATES TRACE AMOUNT.




$$
