000
CDUS41 KBGM 260553
CLISYR


CLIMATE REPORT
NATIONAL WEATHER SERVICE BINGHAMTON NY
1250 AM EST SAT NOV 26 2016


...................................

...THE SYRACUSE NY CLIMATE SUMMARY FOR NOVEMBER 25 2016...

CLIMATE NORMAL PERIOD 1981 TO 2010
CLIMATE RECORD PERIOD 1902 TO 2016


WEATHER ITEM   OBSERVED TIME   RECORD YEAR NORMAL DEPARTURE LAST
                VALUE   (LST)  VALUE       VALUE  FROM      YEAR
                                                  NORMAL
..................................................................
TEMPERATURE (F)
 YESTERDAY
  MAXIMUM         43    418 PM  67    2001  44     -1       49
  MINIMUM         33    143 AM   8    1938  30      3       27
  AVERAGE         38                        37      1       38

PRECIPITATION (IN)
  YESTERDAY        0.01          0.78 1950   0.11  -0.10     0.00
  MONTH TO DATE    2.25                      2.94  -0.69     0.79
  SINCE SEP 1     13.64                     10.07   3.57     9.61
  SINCE JAN 1     36.85                     34.66   2.19    36.93

SNOWFALL (IN)
  YESTERDAY        0.0           2.6  1996   0.6   -0.6      0.0
  MONTH TO DATE   25.1                       6.7   18.4      0.4
  SINCE SEP 1     25.3                       7.1   18.2      0.8
  SINCE JUL 1     25.3                       7.1   18.2      0.8
  SNOW DEPTH       7

DEGREE DAYS
 HEATING
  YESTERDAY       27                        28     -1       27
  MONTH TO DATE  568                       587    -19      447
  SINCE SEP 1   1071                      1178   -107      959
  SINCE JUL 1   1072                      1204   -132      967

 COOLING
  YESTERDAY        0                         0      0        0
  MONTH TO DATE    0                         0      0        0
  SINCE SEP 1     97                        56     41      145
  SINCE JAN 1    809                       569    240      717
..................................................................


WIND (MPH)
  HIGHEST WIND SPEED    10   HIGHEST WIND DIRECTION    SW (210)
  HIGHEST GUST SPEED    15   HIGHEST GUST DIRECTION    SW (240)
  AVERAGE WIND SPEED     4.4


SKY COVER
  POSSIBLE SUNSHINE  MM
  AVERAGE SKY COVER 1.0


WEATHER CONDITIONS
 THE FOLLOWING WEATHER WAS RECORDED YESTERDAY.
  LIGHT RAIN
  FOG


RELATIVE HUMIDITY (PERCENT)
 HIGHEST   100          1200 AM
 LOWEST     85          1000 PM
 AVERAGE    93

..........................................................


THE SYRACUSE NY CLIMATE NORMALS FOR TODAY
                         NORMAL    RECORD    YEAR
 MAXIMUM TEMPERATURE (F)   44        67      1979
 MINIMUM TEMPERATURE (F)   30         5      1938


SUNRISE AND SUNSET
NOVEMBER 26 2016......SUNRISE   711 AM EST   SUNSET   432 PM EST
NOVEMBER 27 2016......SUNRISE   712 AM EST   SUNSET   432 PM EST


-  INDICATES NEGATIVE NUMBERS.
R  INDICATES RECORD WAS SET OR TIED.
MM INDICATES DATA IS MISSING.
T  INDICATES TRACE AMOUNT.

$$
