000
CDUS41 KBGM 122221
CLISYR


CLIMATE REPORT
NATIONAL WEATHER SERVICE BINGHAMTON NY
520 PM EST FRI JAN 12 2018


...................................

...THE SYRACUSE NY CLIMATE SUMMARY FOR JANUARY 12 2018...
VALID TODAY AS OF 0500 PM LOCAL TIME.

CLIMATE NORMAL PERIOD 1981 TO 2010
CLIMATE RECORD PERIOD 1902 TO 2018


WEATHER ITEM   OBSERVED TIME   RECORD YEAR NORMAL DEPARTURE LAST
                VALUE   (LST)  VALUE       VALUE  FROM      YEAR
                                                  NORMAL
..................................................................
TEMPERATURE (F)
 TODAY
  MAXIMUM         62R   140 PM  57    1932  31     31       54
  MINIMUM         39    459 PM -25    1982  16     23       35
  AVERAGE         51                        23     28       45

PRECIPITATION (IN)
  TODAY            1.21          1.70 1915   0.08   1.13     0.27
  MONTH TO DATE    1.68                      1.05   0.63     1.28
  SINCE DEC 1      4.02                      4.27  -0.25     4.52
  SINCE JAN 1      1.68                      1.05   0.63     1.28

SNOWFALL (IN)
  TODAY            0.0           6.2  1999   1.2   -1.2      0.0
  MONTH TO DATE   24.4                      12.8   11.6      4.7
  SINCE DEC 1     58.6                      45.5   13.1     41.9
  SINCE JUL 1     63.8                      55.4    8.4     67.3
  SNOW DEPTH       4

DEGREE DAYS
 HEATING
  TODAY           14                        42    -28       20
  MONTH TO DATE  530                       491     39      467
  SINCE DEC 1   1791                      1595    196     1558
  SINCE JUL 1   2988                      2944     44     2752

 COOLING
  TODAY            0                         0      0        0
  MONTH TO DATE    0                         0      0        0
  SINCE DEC 1      0                         0      0        0
  SINCE JAN 1      0                         0      0        0
..................................................................


WIND (MPH)
  HIGHEST WIND SPEED    24   HIGHEST WIND DIRECTION     S (170)
  HIGHEST GUST SPEED    34   HIGHEST GUST DIRECTION     S (180)
  AVERAGE WIND SPEED    12.8


SKY COVER
  POSSIBLE SUNSHINE  MM
  AVERAGE SKY COVER 1.0


WEATHER CONDITIONS
 THE FOLLOWING WEATHER WAS RECORDED TODAY.
  HEAVY RAIN
  RAIN
  LIGHT RAIN
  FOG
  FOG W/VISIBILITY <= 1/4 MILE


RELATIVE HUMIDITY (PERCENT)
 HIGHEST   100           600 AM
 LOWEST     93          1200 AM
 AVERAGE    97

..........................................................


THE SYRACUSE NY CLIMATE NORMALS FOR TOMORROW
                         NORMAL    RECORD    YEAR
 MAXIMUM TEMPERATURE (F)   31        68      1932
 MINIMUM TEMPERATURE (F)   16       -22      1914


SUNRISE AND SUNSET
JANUARY 12 2018.......SUNRISE   735 AM EST   SUNSET   451 PM EST
JANUARY 13 2018.......SUNRISE   734 AM EST   SUNSET   453 PM EST


-  INDICATES NEGATIVE NUMBERS.
R  INDICATES RECORD WAS SET OR TIED.
MM INDICATES DATA IS MISSING.
T  INDICATES TRACE AMOUNT.




$$
