000
CDUS41 KBGM 120555
CLISYR


CLIMATE REPORT
NATIONAL WEATHER SERVICE BINGHAMTON NY
155 AM EDT FRI SEP 12 2014


...................................

...THE SYRACUSE NY CLIMATE SUMMARY FOR SEPTEMBER 11 2014...

CLIMATE NORMAL PERIOD 1981 TO 2010
CLIMATE RECORD PERIOD 1902 TO 2014


WEATHER ITEM   OBSERVED TIME   RECORD YEAR NORMAL DEPARTURE LAST
                VALUE   (LST)  VALUE       VALUE  FROM      YEAR
                                                  NORMAL
..................................................................
TEMPERATURE (F)
 YESTERDAY
  MAXIMUM         76    809 AM  97    1931  74      2       94
  MINIMUM         57   1159 PM  37    1918  54      3       72
  AVERAGE         67                        64      3       83

PRECIPITATION (IN)
  YESTERDAY        0.23          1.47 1920   0.12   0.11     0.17
  MONTH TO DATE    0.76                      1.29  -0.53     2.17
  SINCE SEP 1      0.76                      1.29  -0.53     2.17
  SINCE JAN 1     29.80                     25.88   3.92    28.75

SNOWFALL (IN)
  YESTERDAY        0.0           0.0  2002   0.0    0.0      0.0
                                      2000
                                      2001
  MONTH TO DATE    0.0                       0.0    0.0      0.0
  SINCE SEP 1      0.0                       0.0    0.0      0.0
  SINCE JUL 1      0.0                       0.0    0.0      0.0
  SNOW DEPTH       0

DEGREE DAYS
 HEATING
  YESTERDAY        0                         3     -3        0
  MONTH TO DATE    1                        25    -24       29
  SINCE SEP 1      1                        25    -24       29
  SINCE JUL 1     12                        51    -39       35

 COOLING
  YESTERDAY        2                         2      0       18
  MONTH TO DATE   64                        31     33       60
  SINCE SEP 1     64                        31     33       60
  SINCE JAN 1    623                       544     79      703
..................................................................


WIND (MPH)
  HIGHEST WIND SPEED    32   HIGHEST WIND DIRECTION     S (180)
  HIGHEST GUST SPEED    43   HIGHEST GUST DIRECTION     S (190)
  AVERAGE WIND SPEED    15.9


SKY COVER
  POSSIBLE SUNSHINE  MM
  AVERAGE SKY COVER 1.0


WEATHER CONDITIONS
 THE FOLLOWING WEATHER WAS RECORDED YESTERDAY.
  HEAVY RAIN
  RAIN
  LIGHT RAIN
  FOG


RELATIVE HUMIDITY (PERCENT)
 HIGHEST    78           600 PM
 LOWEST     64          1200 AM
 AVERAGE    71

..........................................................


THE SYRACUSE NY CLIMATE NORMALS FOR TODAY
                         NORMAL    RECORD    YEAR
 MAXIMUM TEMPERATURE (F)   74        93      1931
 MINIMUM TEMPERATURE (F)   53        38      1943


SUNRISE AND SUNSET
SEPTEMBER 12 2014.....SUNRISE   641 AM EDT   SUNSET   720 PM EDT
SEPTEMBER 13 2014.....SUNRISE   642 AM EDT   SUNSET   718 PM EDT


-  INDICATES NEGATIVE NUMBERS.
R  INDICATES RECORD WAS SET OR TIED.
MM INDICATES DATA IS MISSING.
T  INDICATES TRACE AMOUNT.




$$
