000
CDUS41 KBGM 152117
CLISYR


CLIMATE REPORT
NATIONAL WEATHER SERVICE BINGHAMTON NY
516 PM EDT THU JUN 15 2017


...................................

...THE SYRACUSE NY CLIMATE SUMMARY FOR JUNE 15 2017...
VALID TODAY AS OF 0500 PM LOCAL TIME.

CLIMATE NORMAL PERIOD 1981 TO 2010
CLIMATE RECORD PERIOD 1902 TO 2017


WEATHER ITEM   OBSERVED TIME   RECORD YEAR NORMAL DEPARTURE LAST
                VALUE   (LST)  VALUE       VALUE  FROM      YEAR
                                                  NORMAL
..................................................................
TEMPERATURE (F)
 TODAY
  MAXIMUM         78   1155 AM  97    1988  78      0       80
  MINIMUM         53    335 AM  42    1965  56     -3       46
  AVERAGE         66                        67     -1       63

PRECIPITATION (IN)
  TODAY            0.08          2.36 1972   0.11  -0.03     0.00
  MONTH TO DATE    1.97                      1.65   0.32     1.60
  SINCE JUN 1      1.97                      1.65   0.32     1.60
  SINCE JAN 1     23.81                     15.58   8.23    16.16

SNOWFALL (IN)
  TODAY            0.0           0.0  2002   0.0    0.0      0.0
                                      2001
  MONTH TO DATE    0.0                       0.0    0.0       T
  SINCE JUN 1      0.0                       0.0    0.0       T
  SINCE JUL 1    134.9                     123.8   11.1     80.3
  SNOW DEPTH       0

DEGREE DAYS
 HEATING
  TODAY            0                         2     -2        2
  MONTH TO DATE   60                        44     16       49
  SINCE JUN 1     60                        44     16       49
  SINCE JUL 1   6127                      6634   -507     5847

 COOLING
  TODAY            1                         4     -3        0
  MONTH TO DATE   42                        40      2       22
  SINCE JUN 1     42                        40      2       22
  SINCE JAN 1     74                        70      4       78
..................................................................


WIND (MPH)
  HIGHEST WIND SPEED    14   HIGHEST WIND DIRECTION     E (110)
  HIGHEST GUST SPEED    18   HIGHEST GUST DIRECTION     E (110)
  AVERAGE WIND SPEED     6.6


SKY COVER
  POSSIBLE SUNSHINE  MM
  AVERAGE SKY COVER 0.8


WEATHER CONDITIONS
 THE FOLLOWING WEATHER WAS RECORDED TODAY.
  THUNDERSTORM
  RAIN
  LIGHT RAIN
  FOG


RELATIVE HUMIDITY (PERCENT)
 HIGHEST    93           400 AM
 LOWEST     59           900 AM
 AVERAGE    76

..........................................................


THE SYRACUSE NY CLIMATE NORMALS FOR TOMORROW
                         NORMAL    RECORD    YEAR
 MAXIMUM TEMPERATURE (F)   78        93      1994
                                             1981
 MINIMUM TEMPERATURE (F)   56        43      1999
                                             1984


SUNRISE AND SUNSET
JUNE 15 2017..........SUNRISE   524 AM EDT   SUNSET   846 PM EDT
JUNE 16 2017..........SUNRISE   524 AM EDT   SUNSET   846 PM EDT


-  INDICATES NEGATIVE NUMBERS.
R  INDICATES RECORD WAS SET OR TIED.
MM INDICATES DATA IS MISSING.
T  INDICATES TRACE AMOUNT.




$$
