934
CDUS41 KBGM 222120
CLISYR


CLIMATE REPORT
NATIONAL WEATHER SERVICE BINGHAMTON NY
520 PM EDT MON AUG 22 2016


...................................

...THE SYRACUSE NY CLIMATE SUMMARY FOR AUGUST 22 2016...
VALID TODAY AS OF 0500 PM LOCAL TIME.

CLIMATE NORMAL PERIOD 1981 TO 2010
CLIMATE RECORD PERIOD 1902 TO 2016


WEATHER ITEM   OBSERVED TIME   RECORD YEAR NORMAL DEPARTURE LAST
                VALUE   (LST)  VALUE       VALUE  FROM      YEAR
                                                  NORMAL
..................................................................
TEMPERATURE (F)
 TODAY
  MAXIMUM         71    331 PM  97    1916  80     -9       77
  MINIMUM         59    457 AM  43    1988  59      0       58
  AVERAGE         65                        69     -4       68

PRECIPITATION (IN)
  TODAY            0.00          4.21 2010   0.11  -0.11     0.00
  MONTH TO DATE    4.00                      2.55   1.45     1.75
  SINCE JUN 1      8.60                      9.64  -1.04    15.04
  SINCE JAN 1     23.16                     23.57  -0.41    27.16

SNOWFALL (IN)
  TODAY            0.0           0.0  2002   0.0    0.0      0.0
                                      2000
                                      2001
  MONTH TO DATE    0.0                       0.0    0.0      0.0
  SINCE JUN 1      T                         0.0    0.0      0.0
  SINCE JUL 1      0.0                       0.0    0.0      0.0
  SNOW DEPTH       0

DEGREE DAYS
 HEATING
  TODAY            0                         1     -1        0
  MONTH TO DATE    0                         9     -9        0
  SINCE JUN 1     53                        78    -25       58
  SINCE JUL 1      0                        17    -17        5

 COOLING
  TODAY            0                         5     -5        3
  MONTH TO DATE  223                       126     97      152
  SINCE JUN 1    589                       442    147      438
  SINCE JAN 1    645                       472    173      543
..................................................................


WIND (MPH)
  HIGHEST WIND SPEED    18   HIGHEST WIND DIRECTION     W (290)
  HIGHEST GUST SPEED    24   HIGHEST GUST DIRECTION     N (340)
  AVERAGE WIND SPEED     9.3


SKY COVER
  POSSIBLE SUNSHINE  MM
  AVERAGE SKY COVER 0.6


WEATHER CONDITIONS
 THE FOLLOWING WEATHER WAS RECORDED TODAY.
  NO SIGNIFICANT WEATHER WAS OBSERVED.


RELATIVE HUMIDITY (PERCENT)
 HIGHEST    84          1200 AM
 LOWEST     44           200 PM
 AVERAGE    64

..........................................................


THE SYRACUSE NY CLIMATE NORMALS FOR TOMORROW
                         NORMAL    RECORD    YEAR
 MAXIMUM TEMPERATURE (F)   79        92      1936
                                             1918
 MINIMUM TEMPERATURE (F)   59        45      1988
                                             1971


SUNRISE AND SUNSET
AUGUST 22 2016........SUNRISE   618 AM EDT   SUNSET   755 PM EDT
AUGUST 23 2016........SUNRISE   619 AM EDT   SUNSET   754 PM EDT


-  INDICATES NEGATIVE NUMBERS.
R  INDICATES RECORD WAS SET OR TIED.
MM INDICATES DATA IS MISSING.
T  INDICATES TRACE AMOUNT.




$$
