000
CDUS41 KBGM 132122
CLISYR


CLIMATE REPORT
NATIONAL WEATHER SERVICE BINGHAMTON NY
521 PM EDT FRI OCT 13 2017


...................................

...THE SYRACUSE NY CLIMATE SUMMARY FOR OCTOBER 13 2017...
VALID TODAY AS OF 0500 PM LOCAL TIME.

CLIMATE NORMAL PERIOD 1981 TO 2010
CLIMATE RECORD PERIOD 1902 TO 2017


WEATHER ITEM   OBSERVED TIME   RECORD YEAR NORMAL DEPARTURE LAST
                VALUE   (LST)  VALUE       VALUE  FROM      YEAR
                                                  NORMAL
..................................................................
TEMPERATURE (F)
 TODAY
  MAXIMUM         63    330 PM  83    1995  61      2       58
  MINIMUM         47    656 AM  28    2006  42      5       41
                                      1993
  AVERAGE         55                        51      4       50

PRECIPITATION (IN)
  TODAY            0.00          1.19 2005   0.11  -0.11     0.13
  MONTH TO DATE    1.71                      1.47   0.24     1.80
  SINCE SEP 1      3.09                      5.16  -2.07     5.50
  SINCE JAN 1     35.61                     29.75   5.86    28.71

SNOWFALL (IN)
  TODAY            0.0           0.1  1993   0.0    0.0      0.0
  MONTH TO DATE    0.0                       0.0    0.0      0.0
  SINCE SEP 1      0.0                       0.0    0.0      0.0
  SINCE JUL 1      0.0                       0.0    0.0      0.0
  SNOW DEPTH       0

DEGREE DAYS
 HEATING
  TODAY           10                        14     -4       15
  MONTH TO DATE   68                       152    -84      113
  SINCE SEP 1    171                       293   -122      201
  SINCE JUL 1    207                       319   -112      202

 COOLING
  TODAY            0                         0      0        0
  MONTH TO DATE   16                         0     16        0
  SINCE SEP 1    111                        52     59       90
  SINCE JAN 1    561                       565     -4      802
..................................................................


WIND (MPH)
  HIGHEST WIND SPEED    22   HIGHEST WIND DIRECTION     S (180)
  HIGHEST GUST SPEED    28   HIGHEST GUST DIRECTION     S (190)
  AVERAGE WIND SPEED     9.7


SKY COVER
  POSSIBLE SUNSHINE  MM
  AVERAGE SKY COVER 0.7


WEATHER CONDITIONS
 THE FOLLOWING WEATHER WAS RECORDED TODAY.
  NO SIGNIFICANT WEATHER WAS OBSERVED.


RELATIVE HUMIDITY (PERCENT)
 HIGHEST    93          1200 AM
 LOWEST     60          1100 AM
 AVERAGE    77

..........................................................


THE SYRACUSE NY CLIMATE NORMALS FOR TOMORROW
                         NORMAL    RECORD    YEAR
 MAXIMUM TEMPERATURE (F)   61        85      1954
 MINIMUM TEMPERATURE (F)   42        25      1993


SUNRISE AND SUNSET
OCTOBER 13 2017.......SUNRISE   716 AM EDT   SUNSET   625 PM EDT
OCTOBER 14 2017.......SUNRISE   717 AM EDT   SUNSET   623 PM EDT


-  INDICATES NEGATIVE NUMBERS.
R  INDICATES RECORD WAS SET OR TIED.
MM INDICATES DATA IS MISSING.
T  INDICATES TRACE AMOUNT.




$$
