000
CDUS41 KBGM 122118
CLISYR


CLIMATE REPORT
NATIONAL WEATHER SERVICE BINGHAMTON NY
518 PM EDT SAT AUG 12 2017


...................................

...THE SYRACUSE NY CLIMATE SUMMARY FOR AUGUST 12 2017...
VALID TODAY AS OF 0500 PM LOCAL TIME.

CLIMATE NORMAL PERIOD 1981 TO 2010
CLIMATE RECORD PERIOD 1902 TO 2017


WEATHER ITEM   OBSERVED TIME   RECORD YEAR NORMAL DEPARTURE LAST
                VALUE   (LST)  VALUE       VALUE  FROM      YEAR
                                                  NORMAL
..................................................................
TEMPERATURE (F)
 TODAY
  MAXIMUM         83    156 PM  95    2002  81      2       92
                                      1947
                                      1944
  MINIMUM         66    552 AM  48    1987  60      6       76
                                      1950
  AVERAGE         75                        70      5       84

PRECIPITATION (IN)
  TODAY            T             1.42 1937   0.12  -0.12     0.09
  MONTH TO DATE    0.85                      1.37  -0.52     1.89
  SINCE JUN 1      9.73                      8.46   1.27     6.49
  SINCE JAN 1     31.57                     22.39   9.18    21.05

SNOWFALL (IN)
  TODAY            0.0           0.0  2002   0.0    0.0      0.0
                                      2000
                                      2001
  MONTH TO DATE    0.0                       0.0    0.0      0.0
  SINCE JUN 1      0.0                       0.0    0.0       T
  SINCE JUL 1      0.0                       0.0    0.0      0.0
  SNOW DEPTH       0

DEGREE DAYS
 HEATING
  TODAY            0                         0      0        0
  MONTH TO DATE    0                         0      0        0
  SINCE JUN 1     73                        69      4       53
  SINCE JUL 1      2                         8     -6        0

 COOLING
  TODAY           10                         6      4       19
  MONTH TO DATE   65                        72     -7      131
  SINCE JUN 1    343                       388    -45      497
  SINCE JAN 1    375                       418    -43      553
..................................................................


WIND (MPH)
  HIGHEST WIND SPEED    23   HIGHEST WIND DIRECTION    NW (330)
  HIGHEST GUST SPEED    29   HIGHEST GUST DIRECTION    NW (320)
  AVERAGE WIND SPEED     6.7


SKY COVER
  POSSIBLE SUNSHINE  MM
  AVERAGE SKY COVER 0.6


WEATHER CONDITIONS
 THE FOLLOWING WEATHER WAS RECORDED TODAY.
  THUNDERSTORM
  LIGHT RAIN


RELATIVE HUMIDITY (PERCENT)
 HIGHEST    93           600 AM
 LOWEST     51           200 PM
 AVERAGE    72

..........................................................


THE SYRACUSE NY CLIMATE NORMALS FOR TOMORROW
                         NORMAL    RECORD    YEAR
 MAXIMUM TEMPERATURE (F)   81        96      1947
 MINIMUM TEMPERATURE (F)   60        48      1941
                                             1930


SUNRISE AND SUNSET
AUGUST 12 2017........SUNRISE   607 AM EDT   SUNSET   811 PM EDT
AUGUST 13 2017........SUNRISE   608 AM EDT   SUNSET   810 PM EDT


-  INDICATES NEGATIVE NUMBERS.
R  INDICATES RECORD WAS SET OR TIED.
MM INDICATES DATA IS MISSING.
T  INDICATES TRACE AMOUNT.




$$
