000
CDUS41 KBGM 030548
CLISYR


CLIMATE REPORT
NATIONAL WEATHER SERVICE BINGHAMTON NY
147 AM EDT TUE MAY 3 2016


...................................

...THE SYRACUSE NY CLIMATE SUMMARY FOR MAY 2 2016...

CLIMATE NORMAL PERIOD 1981 TO 2010
CLIMATE RECORD PERIOD 1902 TO 2016


WEATHER ITEM   OBSERVED TIME   RECORD YEAR NORMAL DEPARTURE LAST
                VALUE   (LST)  VALUE       VALUE  FROM      YEAR
                                                  NORMAL
..................................................................
TEMPERATURE (F)
 YESTERDAY
  MAXIMUM         53    203 PM  86    2001  64    -11       73
  MINIMUM         42   1133 PM  26    1903  42      0       42
  AVERAGE         48                        53     -5       58

PRECIPITATION (IN)
  YESTERDAY        0.57          1.30 1992   0.09   0.48     0.00
  MONTH TO DATE    0.81                      0.19   0.62     0.00
  SINCE MAR 1      5.27                      6.33  -1.06     4.31
  SINCE JAN 1     11.79                     10.90   0.89     8.19

SNOWFALL (IN)
  YESTERDAY        0.0           T    1986   0.0    0.0      0.0
  MONTH TO DATE    0.0                       0.0    0.0      0.0
  SINCE MAR 1     13.5                      21.8   -8.3     12.9
  SINCE JUL 1     80.3                     123.7  -43.4    119.7
  SNOW DEPTH       0

DEGREE DAYS
 HEATING
  YESTERDAY       17                        12      5        7
  MONTH TO DATE   32                        24      8       15
  SINCE MAR 1   1470                      1528    -58     1733
  SINCE JUL 1   5569                      6359   -790     6957

 COOLING
  YESTERDAY        0                         0      0        0
  MONTH TO DATE    0                         0      0        0
  SINCE MAR 1      0                         4     -4        0
  SINCE JAN 1      0                         4     -4        0
..................................................................


WIND (MPH)
  HIGHEST WIND SPEED    16   HIGHEST WIND DIRECTION     W (290)
  HIGHEST GUST SPEED    20   HIGHEST GUST DIRECTION     W (290)
  AVERAGE WIND SPEED     6.1


SKY COVER
  POSSIBLE SUNSHINE  MM
  AVERAGE SKY COVER 1.0


WEATHER CONDITIONS
 THE FOLLOWING WEATHER WAS RECORDED YESTERDAY.
  HEAVY RAIN
  RAIN
  LIGHT RAIN
  FOG


RELATIVE HUMIDITY (PERCENT)
 HIGHEST   100          1200 AM
 LOWEST     77           400 PM
 AVERAGE    89

..........................................................


THE SYRACUSE NY CLIMATE NORMALS FOR TODAY
                         NORMAL    RECORD    YEAR
 MAXIMUM TEMPERATURE (F)   65        88      2001
                                             1944
 MINIMUM TEMPERATURE (F)   43        27      1911


SUNRISE AND SUNSET
MAY  3 2016...........SUNRISE   555 AM EDT   SUNSET   809 PM EDT
MAY  4 2016...........SUNRISE   553 AM EDT   SUNSET   810 PM EDT


-  INDICATES NEGATIVE NUMBERS.
R  INDICATES RECORD WAS SET OR TIED.
MM INDICATES DATA IS MISSING.
T  INDICATES TRACE AMOUNT.




$$
