000
CDUS41 KBGM 242120
CLISYR


CLIMATE REPORT
NATIONAL WEATHER SERVICE BINGHAMTON NY
519 PM EDT THU APR 24 2014


...................................

...THE SYRACUSE NY CLIMATE SUMMARY FOR APRIL 24 2014...
VALID TODAY AS OF 0500 PM LOCAL TIME.

CLIMATE NORMAL PERIOD 1981 TO 2010
CLIMATE RECORD PERIOD 1902 TO 2014


WEATHER ITEM   OBSERVED TIME   RECORD YEAR NORMAL DEPARTURE LAST
                VALUE   (LST)  VALUE       VALUE  FROM      YEAR
                                                  NORMAL
..................................................................
TEMPERATURE (F)
 TODAY
  MAXIMUM         51    359 PM  81    1960  61    -10       72
  MINIMUM         33    531 AM  23    1919  40     -7       42
  AVERAGE         42                        50     -8       57

PRECIPITATION (IN)
  TODAY            0.00          0.74 1966   0.10  -0.10     0.04
  MONTH TO DATE    2.86                      2.58   0.28     3.29
  SINCE MAR 1      6.34                      5.53   0.81     5.31
  SINCE JAN 1     11.89                     10.10   1.79     9.73

SNOWFALL (IN)
  TODAY            0.0           0.8  1971   0.0    0.0      0.0
  MONTH TO DATE    0.4                       3.5   -3.1     12.0
  SINCE MAR 1     22.1                      21.5    0.6     32.2
  SINCE JUL 1    132.0                     123.4    8.6    115.4
  SNOW DEPTH       0

DEGREE DAYS
 HEATING
  TODAY           23                        15      8        8
  MONTH TO DATE  460                       466     -6      489
  SINCE MAR 1   1671                      1423    248     1453
  SINCE JUL 1   6763                      6254    509     5824

 COOLING
  TODAY            0                         0      0        0
  MONTH TO DATE    1                         0      1        0
  SINCE MAR 1      1                         0      1        0
  SINCE JAN 1      1                         0      1        0
..................................................................


WIND (MPH)
  HIGHEST WIND SPEED    22   HIGHEST WIND DIRECTION    NW (300)
  HIGHEST GUST SPEED    29   HIGHEST GUST DIRECTION    NW (330)
  AVERAGE WIND SPEED    12.7


SKY COVER
  POSSIBLE SUNSHINE  MM
  AVERAGE SKY COVER 0.1


WEATHER CONDITIONS
 THE FOLLOWING WEATHER WAS RECORDED TODAY.
  NO SIGNIFICANT WEATHER WAS OBSERVED.


RELATIVE HUMIDITY (PERCENT)
 HIGHEST    56           500 AM
 LOWEST     28           300 PM
 AVERAGE    42

..........................................................


THE SYRACUSE NY CLIMATE NORMALS FOR TOMORROW
                         NORMAL    RECORD    YEAR
 MAXIMUM TEMPERATURE (F)   62        88      2009
 MINIMUM TEMPERATURE (F)   40        19      1919


SUNRISE AND SUNSET
APRIL 24 2014.........SUNRISE   608 AM EDT   SUNSET   758 PM EDT
APRIL 25 2014.........SUNRISE   607 AM EDT   SUNSET   759 PM EDT


-  INDICATES NEGATIVE NUMBERS.
R  INDICATES RECORD WAS SET OR TIED.
MM INDICATES DATA IS MISSING.
T  INDICATES TRACE AMOUNT.




$$
