000
CDUS41 KBGM 200318
CLISYR


CLIMATE REPORT
NATIONAL WEATHER SERVICE BINGHAMTON NY
1018 PM EST FRI DEC 19 2014


...................................

...THE SYRACUSE NY CLIMATE SUMMARY FOR DECEMBER 19 2014...
VALID AS OF 1000 PM LOCAL TIME.

CLIMATE NORMAL PERIOD 1981 TO 2010
CLIMATE RECORD PERIOD 1902 TO 2014


WEATHER ITEM   OBSERVED TIME   RECORD YEAR NORMAL DEPARTURE LAST
                VALUE   (LST)  VALUE       VALUE  FROM      YEAR
                                                  NORMAL
..................................................................
TEMPERATURE (F)
 TODAY
  MAXIMUM         29   1254 AM  59    1957  35     -6       41
  MINIMUM         24   1017 AM -15    1942  21      3       28
  AVERAGE         27                        28     -1       35

PRECIPITATION (IN)
  TODAY            T             0.57 2008   0.09  -0.09     0.00
  MONTH TO DATE    2.16                      2.06   0.10     1.35
  SINCE DEC 1      2.16                      2.06   0.10     1.35
  SINCE JAN 1     39.64                     37.31   2.33    38.88

SNOWFALL (IN)
  TODAY            T             9.5  2008   1.2   -1.2      0.0
  MONTH TO DATE   16.4                      19.7   -3.3     20.5
  SINCE DEC 1     16.4                      19.7   -3.3     20.5
  SINCE JUL 1     27.4                      29.6   -2.2     34.8
  SNOW DEPTH       0

DEGREE DAYS
 HEATING
  TODAY           38                        37      1       30
  MONTH TO DATE  641                       640      1      719
  SINCE DEC 1    641                       640      1      719
  SINCE JUL 1   1826                      1989   -163     2052

 COOLING
  TODAY            0                         0      0        0
  MONTH TO DATE    0                         0      0        0
  SINCE DEC 1      0                         0      0        0
  SINCE JAN 1    647                       569     78      712
..................................................................


WIND (MPH)
  HIGHEST WIND SPEED    18   HIGHEST WIND DIRECTION     W (270)
  HIGHEST GUST SPEED    23   HIGHEST GUST DIRECTION    NW (300)
  AVERAGE WIND SPEED     7.4


SKY COVER
  POSSIBLE SUNSHINE  MM
  AVERAGE SKY COVER 0.6


WEATHER CONDITIONS
 THE FOLLOWING WEATHER WAS RECORDED TODAY.
  LT FREEZING RAIN
  SNOW
  LIGHT SNOW
  SLEET
  FOG


RELATIVE HUMIDITY (PERCENT)
 HIGHEST    88           900 AM
 LOWEST     81           600 PM
 AVERAGE    85

..........................................................


THE SYRACUSE NY CLIMATE NORMALS FOR TOMORROW
                         NORMAL    RECORD    YEAR
 MAXIMUM TEMPERATURE (F)   35        66      1957
 MINIMUM TEMPERATURE (F)   21       -26      1942


SUNRISE AND SUNSET
DECEMBER 19 2014......SUNRISE   732 AM EST   SUNSET   431 PM EST
DECEMBER 20 2014......SUNRISE   732 AM EST   SUNSET   432 PM EST


-  INDICATES NEGATIVE NUMBERS.
R  INDICATES RECORD WAS SET OR TIED.
MM INDICATES DATA IS MISSING.
T  INDICATES TRACE AMOUNT.




$$
