000
CDUS41 KBGM 260547
CLISYR


CLIMATE REPORT
NATIONAL WEATHER SERVICE BINGHAMTON NY
146 AM EDT FRI SEP 26 2014


...................................

...THE SYRACUSE NY CLIMATE SUMMARY FOR SEPTEMBER 25 2014...

CLIMATE NORMAL PERIOD 1981 TO 2010
CLIMATE RECORD PERIOD 1902 TO 2014


WEATHER ITEM   OBSERVED TIME   RECORD YEAR NORMAL DEPARTURE LAST
                VALUE   (LST)  VALUE       VALUE  FROM      YEAR
                                                  NORMAL
..................................................................
TEMPERATURE (F)
 YESTERDAY
  MAXIMUM         71    235 PM  91    2007  68      3       71
  MINIMUM         49    606 AM  32    1963  48      1       41
  AVERAGE         60                        58      2       56

PRECIPITATION (IN)
  YESTERDAY        0.00          2.49 1975   0.12  -0.12     0.00
  MONTH TO DATE    1.60                      3.06  -1.46     3.20
  SINCE SEP 1      1.60                      3.06  -1.46     3.20
  SINCE JAN 1     30.64                     27.65   2.99    29.78

SNOWFALL (IN)
  YESTERDAY        0.0           0.0  2002   0.0    0.0      0.0
                                      2000
                                      2001
  MONTH TO DATE    0.0                       0.0    0.0      0.0
  SINCE SEP 1      0.0                       0.0    0.0      0.0
  SINCE JUL 1      0.0                       0.0    0.0      0.0
  SNOW DEPTH       0

DEGREE DAYS
 HEATING
  YESTERDAY        5                         7     -2        9
  MONTH TO DATE  101                        98      3      143
  SINCE SEP 1    101                        98      3      143
  SINCE JUL 1    112                       124    -12      149

 COOLING
  YESTERDAY        0                         1     -1        0
  MONTH TO DATE   71                        50     21       68
  SINCE SEP 1     71                        50     21       68
  SINCE JAN 1    630                       563     67      711
..................................................................


WIND (MPH)
  HIGHEST WIND SPEED    12   HIGHEST WIND DIRECTION     E (110)
  HIGHEST GUST SPEED    14   HIGHEST GUST DIRECTION     E (90)
  AVERAGE WIND SPEED     4.1


SKY COVER
  POSSIBLE SUNSHINE  MM
  AVERAGE SKY COVER 0.6


WEATHER CONDITIONS
 THE FOLLOWING WEATHER WAS RECORDED YESTERDAY.
  NO SIGNIFICANT WEATHER WAS OBSERVED.


RELATIVE HUMIDITY (PERCENT)
 HIGHEST    93           600 AM
 LOWEST     49           100 PM
 AVERAGE    71

..........................................................


THE SYRACUSE NY CLIMATE NORMALS FOR TODAY
                         NORMAL    RECORD    YEAR
 MAXIMUM TEMPERATURE (F)   68        88      1934
 MINIMUM TEMPERATURE (F)   48        30      1943


SUNRISE AND SUNSET
SEPTEMBER 26 2014.....SUNRISE   656 AM EDT   SUNSET   655 PM EDT
SEPTEMBER 27 2014.....SUNRISE   657 AM EDT   SUNSET   653 PM EDT


-  INDICATES NEGATIVE NUMBERS.
R  INDICATES RECORD WAS SET OR TIED.
MM INDICATES DATA IS MISSING.
T  INDICATES TRACE AMOUNT.




$$
