000
CDUS41 KBGM 280842
CLISYR


CLIMATE REPORT
NATIONAL WEATHER SERVICE BINGHAMTON NY
441 AM EDT SUN JUN 28 2015


...................................

...THE SYRACUSE NY CLIMATE SUMMARY FOR JUNE 27 2015...

CLIMATE NORMAL PERIOD 1981 TO 2010
CLIMATE RECORD PERIOD 1902 TO 2015


WEATHER ITEM   OBSERVED TIME   RECORD YEAR NORMAL DEPARTURE LAST
                VALUE   (LST)  VALUE       VALUE  FROM      YEAR
                                                  NORMAL
..................................................................
TEMPERATURE (F)
 YESTERDAY
  MAXIMUM         69   1255 AM  95    1999  80    -11       84
                                      1941
  MINIMUM         55   1159 PM  47    1982  59     -4       58
  AVERAGE         62                        70     -8       71

PRECIPITATION (IN)
  YESTERDAY        0.69          1.41 2006   0.11   0.58     0.00
  MONTH TO DATE    6.15                      2.97   3.18     2.71
  SINCE JUN 1      6.15                      2.97   3.18     2.71
  SINCE JAN 1     18.27                     16.90   1.37    20.09

SNOWFALL (IN)
  YESTERDAY        0.0           0.0  2002   0.0    0.0      0.0
                                      2001
  MONTH TO DATE    0.0                       0.0    0.0      0.0
  SINCE JUN 1      0.0                       0.0    0.0      0.0
  SINCE JUL 1    119.7                     123.8   -4.1    132.0
  SNOW DEPTH       0

DEGREE DAYS
 HEATING
  YESTERDAY        3                         1      2        0
  MONTH TO DATE   46                        58    -12       23
  SINCE JUN 1     46                        58    -12       23
  SINCE JUL 1   7114                      6648    466     7079

 COOLING
  YESTERDAY        0                         5     -5        6
  MONTH TO DATE   88                        95     -7      110
  SINCE JUN 1     88                        95     -7      110
  SINCE JAN 1    193                       125     68      166
..................................................................


WIND (MPH)
  HIGHEST WIND SPEED    20   HIGHEST WIND DIRECTION     E (80)
  HIGHEST GUST SPEED    26   HIGHEST GUST DIRECTION    NE (60)
  AVERAGE WIND SPEED    10.1


SKY COVER
  POSSIBLE SUNSHINE  MM
  AVERAGE SKY COVER 1.0


WEATHER CONDITIONS
 THE FOLLOWING WEATHER WAS RECORDED YESTERDAY.
  HEAVY RAIN
  RAIN
  LIGHT RAIN
  FOG


RELATIVE HUMIDITY (PERCENT)
 HIGHEST   100           900 PM
 LOWEST     68          1000 AM
 AVERAGE    84

..........................................................


THE SYRACUSE NY CLIMATE NORMALS FOR TODAY
                         NORMAL    RECORD    YEAR
 MAXIMUM TEMPERATURE (F)   80        97      1941
 MINIMUM TEMPERATURE (F)   59        44      1970


SUNRISE AND SUNSET
JUNE 28 2015..........SUNRISE   527 AM EDT   SUNSET   848 PM EDT
JUNE 29 2015..........SUNRISE   528 AM EDT   SUNSET   848 PM EDT


-  INDICATES NEGATIVE NUMBERS.
R  INDICATES RECORD WAS SET OR TIED.
MM INDICATES DATA IS MISSING.
T  INDICATES TRACE AMOUNT.




$$

HEDEN
