000
CDUS41 KBGM 102119
CLISYR


CLIMATE REPORT
NATIONAL WEATHER SERVICE BINGHAMTON NY
519 PM EDT THU APR 10 2014


...................................

...THE SYRACUSE NY CLIMATE SUMMARY FOR APRIL 10 2014...
VALID TODAY AS OF 0500 PM LOCAL TIME.

CLIMATE NORMAL PERIOD 1981 TO 2010
CLIMATE RECORD PERIOD 1902 TO 2014


WEATHER ITEM   OBSERVED TIME   RECORD YEAR NORMAL DEPARTURE LAST
                VALUE   (LST)  VALUE       VALUE  FROM      YEAR
                                                  NORMAL
..................................................................
TEMPERATURE (F)
 TODAY
  MAXIMUM         69    359 PM  82    1945  55     14       52
  MINIMUM         30    436 AM  18    1995  35     -5       42
  AVERAGE         50                        45      5       47

PRECIPITATION (IN)
  TODAY            0.00          1.51 1993   0.11  -0.11     0.61
  MONTH TO DATE    1.56                      1.12   0.44     1.55
  SINCE MAR 1      5.04                      4.07   0.97     3.57
  SINCE JAN 1     10.59                      8.64   1.95     7.99

SNOWFALL (IN)
  TODAY            0.0           3.9  1973   0.2   -0.2      0.0
  MONTH TO DATE    0.1                       2.0   -1.9     12.0
  SINCE MAR 1     21.8                      20.0    1.8     32.2
  SINCE JUL 1    131.7                     121.9    9.8    115.4
  SNOW DEPTH       0

DEGREE DAYS
 HEATING
  TODAY           15                        20     -5       18
  MONTH TO DATE  238                       223     15      234
  SINCE MAR 1   1449                      1180    269     1198
  SINCE JUL 1   6541                      6011    530     5569

 COOLING
  TODAY            0                         0      0        0
  MONTH TO DATE    0                         0      0        0
  SINCE MAR 1      0                         0      0        0
  SINCE JAN 1      0                         0      0        0
..................................................................


WIND (MPH)
  HIGHEST WIND SPEED    28   HIGHEST WIND DIRECTION     S (190)
  HIGHEST GUST SPEED    36   HIGHEST GUST DIRECTION     S (190)
  AVERAGE WIND SPEED     9.7


SKY COVER
  POSSIBLE SUNSHINE  MM
  AVERAGE SKY COVER 0.5


WEATHER CONDITIONS
 THE FOLLOWING WEATHER WAS RECORDED TODAY.
  NO SIGNIFICANT WEATHER WAS OBSERVED.


RELATIVE HUMIDITY (PERCENT)
 HIGHEST    72           400 AM
 LOWEST     23           200 PM
 AVERAGE    48

..........................................................


THE SYRACUSE NY CLIMATE NORMALS FOR TOMORROW
                         NORMAL    RECORD    YEAR
 MAXIMUM TEMPERATURE (F)   55        85      2011
 MINIMUM TEMPERATURE (F)   35        19      1909


SUNRISE AND SUNSET
APRIL 10 2014.........SUNRISE   631 AM EDT   SUNSET   741 PM EDT
APRIL 11 2014.........SUNRISE   629 AM EDT   SUNSET   743 PM EDT


-  INDICATES NEGATIVE NUMBERS.
R  INDICATES RECORD WAS SET OR TIED.
MM INDICATES DATA IS MISSING.
T  INDICATES TRACE AMOUNT.




$$
