000
CDUS41 KBGM 172126
CLISYR


CLIMATE REPORT
NATIONAL WEATHER SERVICE BINGHAMTON NY
526 PM EDT FRI OCT 17 2014


...................................

...THE SYRACUSE NY CLIMATE SUMMARY FOR OCTOBER 17 2014...
VALID TODAY AS OF 0500 PM LOCAL TIME.

CLIMATE NORMAL PERIOD 1981 TO 2010
CLIMATE RECORD PERIOD 1902 TO 2014


WEATHER ITEM   OBSERVED TIME   RECORD YEAR NORMAL DEPARTURE LAST
                VALUE   (LST)  VALUE       VALUE  FROM      YEAR
                                                  NORMAL
..................................................................
TEMPERATURE (F)
 TODAY
  MAXIMUM         69    249 PM  84    1947  60      9       65
  MINIMUM         52   1243 AM  24    1978  41     11       49
  AVERAGE         61                        50     11       57

PRECIPITATION (IN)
  TODAY            T             1.42 1942   0.11  -0.11     0.56
  MONTH TO DATE    3.05                      1.91   1.14     2.82
  SINCE SEP 1      4.65                      5.60  -0.95     6.02
  SINCE JAN 1     33.69                     30.19   3.50    32.60

SNOWFALL (IN)
  TODAY            0.0           0.3  1972   0.0    0.0      0.0
  MONTH TO DATE    0.0                       0.0    0.0      0.0
  SINCE SEP 1      0.0                       0.0    0.0      0.0
  SINCE JUL 1      0.0                       0.0    0.0      0.0
  SNOW DEPTH       0

DEGREE DAYS
 HEATING
  TODAY            4                        15    -11        8
  MONTH TO DATE  120                       210    -90       96
  SINCE SEP 1    223                       351   -128      268
  SINCE JUL 1    234                       377   -143      274

 COOLING
  TODAY            0                         0      0        0
  MONTH TO DATE   13                         0     13        1
  SINCE SEP 1     88                        52     36       69
  SINCE JAN 1    647                       565     82      712
..................................................................


WIND (MPH)
  HIGHEST WIND SPEED    22   HIGHEST WIND DIRECTION    SW (220)
  HIGHEST GUST SPEED    23   HIGHEST GUST DIRECTION     S (200)
  AVERAGE WIND SPEED    10.2


SKY COVER
  POSSIBLE SUNSHINE  MM
  AVERAGE SKY COVER 0.8


WEATHER CONDITIONS
 THE FOLLOWING WEATHER WAS RECORDED TODAY.
  LIGHT RAIN


RELATIVE HUMIDITY (PERCENT)
 HIGHEST    93          1200 AM
 LOWEST     49           300 PM
 AVERAGE    71

..........................................................


THE SYRACUSE NY CLIMATE NORMALS FOR TOMORROW
                         NORMAL    RECORD    YEAR
 MAXIMUM TEMPERATURE (F)   59        83      1947
 MINIMUM TEMPERATURE (F)   40        26      1939


SUNRISE AND SUNSET
OCTOBER 17 2014.......SUNRISE   720 AM EDT   SUNSET   618 PM EDT
OCTOBER 18 2014.......SUNRISE   722 AM EDT   SUNSET   617 PM EDT


-  INDICATES NEGATIVE NUMBERS.
R  INDICATES RECORD WAS SET OR TIED.
MM INDICATES DATA IS MISSING.
T  INDICATES TRACE AMOUNT.




$$
