000
CDUS41 KBGM 250616
CLISYR


CLIMATE REPORT
NATIONAL WEATHER SERVICE BINGHAMTON NY
115 AM EST SUN JAN 25 2015


...................................

...THE SYRACUSE NY CLIMATE SUMMARY FOR JANUARY 24 2015...

CLIMATE NORMAL PERIOD 1981 TO 2010
CLIMATE RECORD PERIOD 1902 TO 2015


WEATHER ITEM   OBSERVED TIME   RECORD YEAR NORMAL DEPARTURE LAST
                VALUE   (LST)  VALUE       VALUE  FROM      YEAR
                                                  NORMAL
..................................................................
TEMPERATURE (F)
 YESTERDAY
  MAXIMUM         32    123 PM  61    1953  31      1       19
  MINIMUM         19    800 AM -14    1907  15      4        0
  AVERAGE         26                        23      3       10

PRECIPITATION (IN)
  YESTERDAY        0.20          0.57 1941   0.08   0.12     0.02
  MONTH TO DATE    1.55                      2.00  -0.45     2.01
  SINCE DEC 1      4.57                      5.22  -0.65     4.90
  SINCE JAN 1      1.55                      2.00  -0.45     2.01

SNOWFALL (IN)
  YESTERDAY        0.2           5.3  1992   1.1   -0.9      0.7
  MONTH TO DATE   12.6                      26.3  -13.7     19.9
  SINCE DEC 1     30.1                      59.0  -28.9     48.9
  SINCE JUL 1     41.1                      68.9  -27.8     63.2
  SNOW DEPTH       2

DEGREE DAYS
 HEATING
  YESTERDAY       39                        42     -3       55
  MONTH TO DATE 1104                       995    109     1055
  SINCE DEC 1   2112                      2099     13     2197
  SINCE JUL 1   3297                      3448   -151     3530

 COOLING
  YESTERDAY        0                         0      0        0
  MONTH TO DATE    0                         0      0        0
  SINCE DEC 1      0                         0      0        0
  SINCE JAN 1      0                         0      0        0
..................................................................


WIND (MPH)
  HIGHEST WIND SPEED    20   HIGHEST WIND DIRECTION     W (250)
  HIGHEST GUST SPEED    22   HIGHEST GUST DIRECTION     W (260)
  AVERAGE WIND SPEED     6.9


SKY COVER
  POSSIBLE SUNSHINE  MM
  AVERAGE SKY COVER 0.9


WEATHER CONDITIONS
 THE FOLLOWING WEATHER WAS RECORDED YESTERDAY.
  MIXED PRECIP
  LT FREEZING RAIN
  SNOW
  LIGHT SNOW
  FOG
  HAZE


RELATIVE HUMIDITY (PERCENT)
 HIGHEST   100           800 PM
 LOWEST     72          1200 PM
 AVERAGE    86

..........................................................


THE SYRACUSE NY CLIMATE NORMALS FOR TODAY
                         NORMAL    RECORD    YEAR
 MAXIMUM TEMPERATURE (F)   31        70      1967
                                             1950
 MINIMUM TEMPERATURE (F)   15       -15      2004


SUNRISE AND SUNSET
JANUARY 25 2015.......SUNRISE   727 AM EST   SUNSET   507 PM EST
JANUARY 26 2015.......SUNRISE   726 AM EST   SUNSET   509 PM EST


-  INDICATES NEGATIVE NUMBERS.
R  INDICATES RECORD WAS SET OR TIED.
MM INDICATES DATA IS MISSING.
T  INDICATES TRACE AMOUNT.




$$
