000
CDUS41 KBGM 130319
CLISYR


CLIMATE REPORT
NATIONAL WEATHER SERVICE BINGHAMTON NY
1017 PM EST FRI DEC 12 2014


...................................

...THE SYRACUSE NY CLIMATE SUMMARY FOR DECEMBER 12 2014...
VALID AS OF 1000 PM LOCAL TIME.

CLIMATE NORMAL PERIOD 1981 TO 2010
CLIMATE RECORD PERIOD 1902 TO 2014


WEATHER ITEM   OBSERVED TIME   RECORD YEAR NORMAL DEPARTURE LAST
                VALUE   (LST)  VALUE       VALUE  FROM      YEAR
                                                  NORMAL
..................................................................
TEMPERATURE (F)
 TODAY
  MAXIMUM         29    959 PM  61    1979  37     -8       22
  MINIMUM         24    533 AM -10    1988  24      0        7
  AVERAGE         27                        30     -3       15

PRECIPITATION (IN)
  TODAY            T             1.23 1983   0.11  -0.11     0.06
  MONTH TO DATE    1.83                      1.36   0.47     0.58
  SINCE DEC 1      1.83                      1.36   0.47     0.58
  SINCE JAN 1     39.31                     36.61   2.70    38.11

SNOWFALL (IN)
  TODAY            T             6.1  2003   1.1   -1.1      1.6
  MONTH TO DATE   15.8                      11.7    4.1      3.6
  SINCE DEC 1     15.8                      11.7    4.1      3.6
  SINCE JUL 1     26.8                      21.6    5.2     17.9
  SNOW DEPTH       0

DEGREE DAYS
 HEATING
  TODAY           38                        34      4       50
  MONTH TO DATE  414                       388     26      392
  SINCE DEC 1    414                       388     26      392
  SINCE JUL 1   1599                      1737   -138     1725

 COOLING
  TODAY            0                         0      0        0
  MONTH TO DATE    0                         0      0        0
  SINCE DEC 1      0                         0      0        0
  SINCE JAN 1    647                       569     78      712
..................................................................


WIND (MPH)
  HIGHEST WIND SPEED    17   HIGHEST WIND DIRECTION     W (270)
  HIGHEST GUST SPEED    22   HIGHEST GUST DIRECTION     W (250)
  AVERAGE WIND SPEED    12.8


SKY COVER
  POSSIBLE SUNSHINE  MM
  AVERAGE SKY COVER 1.0


WEATHER CONDITIONS
 THE FOLLOWING WEATHER WAS RECORDED TODAY.
  MIXED PRECIP
  LT FREEZING RAIN
  SNOW
  LIGHT SNOW
  FOG


RELATIVE HUMIDITY (PERCENT)
 HIGHEST    92          1100 AM
 LOWEST     84          1000 AM
 AVERAGE    88

..........................................................


THE SYRACUSE NY CLIMATE NORMALS FOR TOMORROW
                         NORMAL    RECORD    YEAR
 MAXIMUM TEMPERATURE (F)   37        61      1923
 MINIMUM TEMPERATURE (F)   23        -5      1982


SUNRISE AND SUNSET
DECEMBER 12 2014......SUNRISE   727 AM EST   SUNSET   429 PM EST
DECEMBER 13 2014......SUNRISE   728 AM EST   SUNSET   430 PM EST


-  INDICATES NEGATIVE NUMBERS.
R  INDICATES RECORD WAS SET OR TIED.
MM INDICATES DATA IS MISSING.
T  INDICATES TRACE AMOUNT.




$$
