000
CDUS41 KBGM 140553
CLISYR


CLIMATE REPORT
NATIONAL WEATHER SERVICE BINGHAMTON NY
152 AM EDT FRI APR 14 2017


...................................

...THE SYRACUSE NY CLIMATE SUMMARY FOR APRIL 13 2017...

CLIMATE NORMAL PERIOD 1981 TO 2010
CLIMATE RECORD PERIOD 1902 TO 2017


WEATHER ITEM   OBSERVED TIME   RECORD YEAR NORMAL DEPARTURE LAST
                VALUE   (LST)  VALUE       VALUE  FROM      YEAR
                                                  NORMAL
..................................................................
TEMPERATURE (F)
 YESTERDAY
  MAXIMUM         52    433 PM  85    1945  56     -4       48
  MINIMUM         36   1159 PM  21    1940  36      0       27
                                      1914
  AVERAGE         44                        46     -2       38

PRECIPITATION (IN)
  YESTERDAY        0.00          1.42 2004   0.11  -0.11     0.00
  MONTH TO DATE    2.95                      1.46   1.49     1.49
  SINCE MAR 1      6.80                      4.41   2.39     3.94
  SINCE JAN 1     13.38                      8.98   4.40    10.46

SNOWFALL (IN)
  YESTERDAY        0.0           4.1  1961   0.2   -0.2      0.0
  MONTH TO DATE    0.3                       2.5   -2.2      8.1
  SINCE MAR 1     31.2                      20.5   10.7     13.5
  SINCE JUL 1    134.9                     122.4   12.5     80.3
  SNOW DEPTH       0

DEGREE DAYS
 HEATING
  YESTERDAY       21                        19      2       27
  MONTH TO DATE  232                       282    -50      389
  SINCE MAR 1   1304                      1239     65     1164
  SINCE JUL 1   5573                      6070   -497     5263

 COOLING
  YESTERDAY        0                         0      0        0
  MONTH TO DATE    4                         0      4        0
  SINCE MAR 1      4                         0      4        0
  SINCE JAN 1      4                         0      4        0
..................................................................


WIND (MPH)
  HIGHEST WIND SPEED    17   HIGHEST WIND DIRECTION     W (280)
  HIGHEST GUST SPEED    22   HIGHEST GUST DIRECTION     W (290)
  AVERAGE WIND SPEED     8.0


SKY COVER
  POSSIBLE SUNSHINE  MM
  AVERAGE SKY COVER 0.7


WEATHER CONDITIONS
 THE FOLLOWING WEATHER WAS RECORDED YESTERDAY.
  NO SIGNIFICANT WEATHER WAS OBSERVED.


RELATIVE HUMIDITY (PERCENT)
 HIGHEST    82           300 AM
 LOWEST     27           600 PM
 AVERAGE    55

..........................................................


THE SYRACUSE NY CLIMATE NORMALS FOR TODAY
                         NORMAL    RECORD    YEAR
 MAXIMUM TEMPERATURE (F)   57        83      1968
 MINIMUM TEMPERATURE (F)   36        22      1943


SUNRISE AND SUNSET
APRIL 14 2017.........SUNRISE   624 AM EDT   SUNSET   746 PM EDT
APRIL 15 2017.........SUNRISE   622 AM EDT   SUNSET   747 PM EDT


-  INDICATES NEGATIVE NUMBERS.
R  INDICATES RECORD WAS SET OR TIED.
MM INDICATES DATA IS MISSING.
T  INDICATES TRACE AMOUNT.




$$
