000
CDUS41 KBGM 150219
CLISYR


CLIMATE REPORT
NATIONAL WEATHER SERVICE BINGHAMTON NY
1018 PM EDT FRI JUL 14 2017


...................................

...THE SYRACUSE NY CLIMATE SUMMARY FOR JULY 14 2017...
VALID AS OF 1000 PM LOCAL TIME.

CLIMATE NORMAL PERIOD 1981 TO 2010
CLIMATE RECORD PERIOD 1902 TO 2017


WEATHER ITEM   OBSERVED TIME   RECORD YEAR NORMAL DEPARTURE LAST
                VALUE   (LST)  VALUE       VALUE  FROM      YEAR
                                                  NORMAL
..................................................................
TEMPERATURE (F)
 TODAY
  MAXIMUM         83   1157 AM  95    1952  82      1       88
  MINIMUM         65    544 AM  46    1940  61      4       70
  AVERAGE         74                        72      2       79

PRECIPITATION (IN)
  TODAY            0.05          2.38 2005   0.12  -0.07      T
  MONTH TO DATE    2.97                      1.70   1.27     1.09
  SINCE JUN 1      7.66                      5.01   2.65     3.04
  SINCE JAN 1     29.50                     18.94  10.56    17.60

SNOWFALL (IN)
  TODAY            0.0           T    2005   0.0    0.0      0.0
                                      1954
  MONTH TO DATE    0.0                       0.0    0.0      0.0
  SINCE JUN 1      0.0                       0.0    0.0       T
  SINCE JUL 1      0.0                       0.0    0.0      0.0
  SNOW DEPTH       0

DEGREE DAYS
 HEATING
  TODAY            0                         0      0        0
  MONTH TO DATE    0                         2     -2        0
  SINCE JUN 1     71                        63      8       53
  SINCE JUL 1      0                         2     -2        0

 COOLING
  TODAY            9                         7      2       14
  MONTH TO DATE   91                        90      1      119
  SINCE JUN 1    194                       203     -9      220
  SINCE JAN 1    226                       233     -7      276
..................................................................


WIND (MPH)
  HIGHEST WIND SPEED    18   HIGHEST WIND DIRECTION     W (280)
  HIGHEST GUST SPEED    23   HIGHEST GUST DIRECTION     W (280)
  AVERAGE WIND SPEED     8.2


SKY COVER
  POSSIBLE SUNSHINE  MM
  AVERAGE SKY COVER 0.9


WEATHER CONDITIONS
 THE FOLLOWING WEATHER WAS RECORDED TODAY.
  THUNDERSTORM
  RAIN
  LIGHT RAIN
  FOG


RELATIVE HUMIDITY (PERCENT)
 HIGHEST   100          1200 AM
 LOWEST     74          1100 AM
 AVERAGE    87

..........................................................


THE SYRACUSE NY CLIMATE NORMALS FOR TOMORROW
                         NORMAL    RECORD    YEAR
 MAXIMUM TEMPERATURE (F)   82        94      1997
                                             1952
                                             1934
 MINIMUM TEMPERATURE (F)   61        47      1950


SUNRISE AND SUNSET
JULY 14 2017..........SUNRISE   538 AM EDT   SUNSET   842 PM EDT
JULY 15 2017..........SUNRISE   539 AM EDT   SUNSET   842 PM EDT


-  INDICATES NEGATIVE NUMBERS.
R  INDICATES RECORD WAS SET OR TIED.
MM INDICATES DATA IS MISSING.
T  INDICATES TRACE AMOUNT.




$$
