000
CDUS41 KBGM 112221
CLISYR


CLIMATE REPORT
NATIONAL WEATHER SERVICE BINGHAMTON NY
521 PM EST WED JAN 11 2017


...................................

...THE SYRACUSE NY CLIMATE SUMMARY FOR JANUARY 11 2017...
VALID TODAY AS OF 0500 PM LOCAL TIME.

CLIMATE NORMAL PERIOD 1981 TO 2010
CLIMATE RECORD PERIOD 1902 TO 2017


WEATHER ITEM   OBSERVED TIME   RECORD YEAR NORMAL DEPARTURE LAST
                VALUE   (LST)  VALUE       VALUE  FROM      YEAR
                                                  NORMAL
..................................................................
TEMPERATURE (F)
 TODAY
  MAXIMUM         49    153 PM  67    1975  31     18       27
  MINIMUM         34   1252 AM -18    1968  16     18       16
  AVERAGE         42                        24     18       22

PRECIPITATION (IN)
  TODAY            T             1.69 1922   0.08  -0.08      T
  MONTH TO DATE    1.01                      0.97   0.04     0.87
  SINCE DEC 1      4.25                      4.19   0.06     5.70
  SINCE JAN 1      1.01                      0.97   0.04     0.87

SNOWFALL (IN)
  TODAY            0.0          10.4  1991   1.1   -1.1       T
  MONTH TO DATE    4.6                      11.6   -7.0      3.7
  SINCE DEC 1     41.8                      44.3   -2.5      5.8
  SINCE JUL 1     67.2                      54.2   13.0      6.6
  SNOW DEPTH       1

DEGREE DAYS
 HEATING
  TODAY           23                        41    -18       43
  MONTH TO DATE  412                       449    -37      416
  SINCE DEC 1   1503                      1553    -50     1147
  SINCE JUL 1   2697                      2902   -205     2232

 COOLING
  TODAY            0                         0      0        0
  MONTH TO DATE    0                         0      0        0
  SINCE DEC 1      0                         0      0        0
  SINCE JAN 1      0                         0      0        0
..................................................................


WIND (MPH)
  HIGHEST WIND SPEED    37   HIGHEST WIND DIRECTION     S (180)
  HIGHEST GUST SPEED    48   HIGHEST GUST DIRECTION     S (200)
  AVERAGE WIND SPEED    14.9


SKY COVER
  POSSIBLE SUNSHINE  MM
  AVERAGE SKY COVER 0.6


WEATHER CONDITIONS
 THE FOLLOWING WEATHER WAS RECORDED TODAY.
  LIGHT RAIN


RELATIVE HUMIDITY (PERCENT)
 HIGHEST    82           800 AM
 LOWEST     39           200 PM
 AVERAGE    61

..........................................................


THE SYRACUSE NY CLIMATE NORMALS FOR TOMORROW
                         NORMAL    RECORD    YEAR
 MAXIMUM TEMPERATURE (F)   31        57      1932
 MINIMUM TEMPERATURE (F)   16       -25      1982


SUNRISE AND SUNSET
JANUARY 11 2017.......SUNRISE   735 AM EST   SUNSET   451 PM EST
JANUARY 12 2017.......SUNRISE   734 AM EST   SUNSET   452 PM EST


-  INDICATES NEGATIVE NUMBERS.
R  INDICATES RECORD WAS SET OR TIED.
MM INDICATES DATA IS MISSING.
T  INDICATES TRACE AMOUNT.




$$
