000
CDUS41 KBGM 130608
CLISYR


CLIMATE REPORT
NATIONAL WEATHER SERVICE BINGHAMTON NY
207 AM EDT SAT SEP 13 2014


...................................

...THE SYRACUSE NY CLIMATE SUMMARY FOR SEPTEMBER 12 2014...

CLIMATE NORMAL PERIOD 1981 TO 2010
CLIMATE RECORD PERIOD 1902 TO 2014


WEATHER ITEM   OBSERVED TIME   RECORD YEAR NORMAL DEPARTURE LAST
                VALUE   (LST)  VALUE       VALUE  FROM      YEAR
                                                  NORMAL
..................................................................
TEMPERATURE (F)
 YESTERDAY
  MAXIMUM         61    406 PM  93    1931  74    -13       80
  MINIMUM         46   1159 PM  38    1943  53     -7       63
  AVERAGE         54                        64    -10       72

PRECIPITATION (IN)
  YESTERDAY        0.02          1.87 1987   0.12  -0.10     0.25
  MONTH TO DATE    0.78                      1.41  -0.63     2.42
  SINCE SEP 1      0.78                      1.41  -0.63     2.42
  SINCE JAN 1     29.82                     26.00   3.82    29.00

SNOWFALL (IN)
  YESTERDAY       MM             0.0  2002   0.0   MM        0.0
                                      2000
                                      2001
  MONTH TO DATE    0.0                       0.0    0.0      0.0
  SINCE SEP 1      0.0                       0.0    0.0      0.0
  SINCE JUL 1      0.0                       0.0    0.0      0.0
  SNOW DEPTH       0

DEGREE DAYS
 HEATING
  YESTERDAY       11                         3      8        0
  MONTH TO DATE   12                        28    -16       29
  SINCE SEP 1     12                        28    -16       29
  SINCE JUL 1     23                        54    -31       35

 COOLING
  YESTERDAY        0                         2     -2        7
  MONTH TO DATE   64                        33     31       67
  SINCE SEP 1     64                        33     31       67
  SINCE JAN 1    623                       546     77      710
..................................................................


WIND (MPH)
  HIGHEST WIND SPEED    16   HIGHEST WIND DIRECTION    NW (330)
  HIGHEST GUST SPEED    21   HIGHEST GUST DIRECTION     N (340)
  AVERAGE WIND SPEED     5.8


SKY COVER
  POSSIBLE SUNSHINE  MM
  AVERAGE SKY COVER 0.8


WEATHER CONDITIONS
 THE FOLLOWING WEATHER WAS RECORDED YESTERDAY.
  LIGHT RAIN
  FOG


RELATIVE HUMIDITY (PERCENT)
 HIGHEST    93           200 AM
 LOWEST     51           400 PM
 AVERAGE    72

..........................................................


THE SYRACUSE NY CLIMATE NORMALS FOR TODAY
                         NORMAL    RECORD    YEAR
 MAXIMUM TEMPERATURE (F)   73        96      1931
 MINIMUM TEMPERATURE (F)   53        32      1943


SUNRISE AND SUNSET
SEPTEMBER 13 2014.....SUNRISE   642 AM EDT   SUNSET   718 PM EDT
SEPTEMBER 14 2014.....SUNRISE   643 AM EDT   SUNSET   716 PM EDT


-  INDICATES NEGATIVE NUMBERS.
R  INDICATES RECORD WAS SET OR TIED.
MM INDICATES DATA IS MISSING.
T  INDICATES TRACE AMOUNT.




$$
