000
CDUS41 KBGM 122220
CLISYR


CLIMATE REPORT
NATIONAL WEATHER SERVICE BINGHAMTON NY
520 PM EST SUN NOV 12 2017


...................................

...THE SYRACUSE NY CLIMATE SUMMARY FOR NOVEMBER 12 2017...
VALID TODAY AS OF 0500 PM LOCAL TIME.

CLIMATE NORMAL PERIOD 1981 TO 2010
CLIMATE RECORD PERIOD 1902 TO 2017


WEATHER ITEM   OBSERVED TIME   RECORD YEAR NORMAL DEPARTURE LAST
                VALUE   (LST)  VALUE       VALUE  FROM      YEAR
                                                  NORMAL
..................................................................
TEMPERATURE (F)
 TODAY
  MAXIMUM         42    253 PM  71    1964  50     -8       44
  MINIMUM         20    705 AM  18    1933  34    -14       30
  AVERAGE         31                        42    -11       37

PRECIPITATION (IN)
  TODAY            0.00          0.95 1975   0.11  -0.11     0.00
  MONTH TO DATE    2.35                      1.40   0.95     1.02
  SINCE SEP 1      9.82                      8.53   1.29    12.41
  SINCE JAN 1     42.34                     33.12   9.22    35.62

SNOWFALL (IN)
  TODAY            0.0          11.1  1996   0.3   -0.3      0.0
  MONTH TO DATE    0.5                       2.1   -1.6      0.0
  SINCE SEP 1      0.5                       2.5   -2.0      0.2
  SINCE JUL 1      0.5                       2.5   -2.0      0.2
  SNOW DEPTH       0

DEGREE DAYS
 HEATING
  TODAY           34                        23     11       28
  MONTH TO DATE  306                       255     51      238
  SINCE SEP 1    664                       846   -182      741
  SINCE JUL 1    700                       872   -172      742

 COOLING
  TODAY            0                         0      0        0
  MONTH TO DATE    0                         0      0        0
  SINCE SEP 1    112                        56     56       97
  SINCE JAN 1    562                       569     -7      809
..................................................................


WIND (MPH)
  HIGHEST WIND SPEED     9   HIGHEST WIND DIRECTION     N (20)
  HIGHEST GUST SPEED    11   HIGHEST GUST DIRECTION     E (90)
  AVERAGE WIND SPEED     3.3


SKY COVER
  POSSIBLE SUNSHINE  MM
  AVERAGE SKY COVER 0.8


WEATHER CONDITIONS
 THE FOLLOWING WEATHER WAS RECORDED TODAY.
  NO SIGNIFICANT WEATHER WAS OBSERVED.


RELATIVE HUMIDITY (PERCENT)
 HIGHEST    84           700 AM
 LOWEST     30           200 PM
 AVERAGE    57

..........................................................


THE SYRACUSE NY CLIMATE NORMALS FOR TOMORROW
                         NORMAL    RECORD    YEAR
 MAXIMUM TEMPERATURE (F)   50        71      1902
 MINIMUM TEMPERATURE (F)   34        14      1996


SUNRISE AND SUNSET
NOVEMBER 12 2017......SUNRISE   654 AM EST   SUNSET   443 PM EST
NOVEMBER 13 2017......SUNRISE   655 AM EST   SUNSET   442 PM EST


-  INDICATES NEGATIVE NUMBERS.
R  INDICATES RECORD WAS SET OR TIED.
MM INDICATES DATA IS MISSING.
T  INDICATES TRACE AMOUNT.




$$
