000
CDUS41 KBGM 262129
CLISYR


CLIMATE REPORT
NATIONAL WEATHER SERVICE BINGHAMTON NY
529 PM EDT TUE AUG 26 2014


...................................

...THE SYRACUSE NY CLIMATE SUMMARY FOR AUGUST 26 2014...
VALID TODAY AS OF 0500 PM LOCAL TIME.

CLIMATE NORMAL PERIOD 1981 TO 2010
CLIMATE RECORD PERIOD 1902 TO 2014


WEATHER ITEM   OBSERVED TIME   RECORD YEAR NORMAL DEPARTURE LAST
                VALUE   (LST)  VALUE       VALUE  FROM      YEAR
                                                  NORMAL
..................................................................
TEMPERATURE (F)
 TODAY
  MAXIMUM         85    359 PM  96    1948  79      6       78
  MINIMUM         58    433 AM  43    1977  58      0       67
  AVERAGE         72                        68      4       73

PRECIPITATION (IN)
  TODAY            0.00          1.64 1975   0.11  -0.11     0.50
  MONTH TO DATE    3.49                      3.00   0.49     2.19
  SINCE JUN 1     11.41                     10.09   1.32    12.25
  SINCE JAN 1     28.79                     24.02   4.77    26.19

SNOWFALL (IN)
  TODAY            0.0           0.0  2002   0.0    0.0      0.0
  MONTH TO DATE    0.0                       0.0    0.0      0.0
  SINCE JUN 1      0.0                       0.0    0.0      0.0
  SINCE JUL 1      0.0                       0.0    0.0      0.0
  SNOW DEPTH       0

DEGREE DAYS
 HEATING
  TODAY            0                         1     -1        0
  MONTH TO DATE    8                        13     -5        3
  SINCE JUN 1     33                        82    -49       67
  SINCE JUL 1     10                        21    -11        6

 COOLING
  TODAY            7                         4      3        8
  MONTH TO DATE  122                       145    -23      110
  SINCE JUN 1    479                       461     18      537
  SINCE JAN 1    535                       491     44      589
..................................................................


WIND (MPH)
  HIGHEST WIND SPEED    13   HIGHEST WIND DIRECTION    SW (210)
  HIGHEST GUST SPEED    24   HIGHEST GUST DIRECTION     S (170)
  AVERAGE WIND SPEED     5.1


SKY COVER
  POSSIBLE SUNSHINE  MM
  AVERAGE SKY COVER 0.3


WEATHER CONDITIONS
 THE FOLLOWING WEATHER WAS RECORDED TODAY.
  NO SIGNIFICANT WEATHER WAS OBSERVED.


RELATIVE HUMIDITY (PERCENT)
 HIGHEST    87           400 AM
 LOWEST     37           400 PM
 AVERAGE    62

..........................................................


THE SYRACUSE NY CLIMATE NORMALS FOR TOMORROW
                         NORMAL    RECORD    YEAR
 MAXIMUM TEMPERATURE (F)   79        97      1948
 MINIMUM TEMPERATURE (F)   58        40      1940


SUNRISE AND SUNSET
AUGUST 26 2014........SUNRISE   622 AM EDT   SUNSET   749 PM EDT
AUGUST 27 2014........SUNRISE   623 AM EDT   SUNSET   748 PM EDT


-  INDICATES NEGATIVE NUMBERS.
R  INDICATES RECORD WAS SET OR TIED.
MM INDICATES DATA IS MISSING.
T  INDICATES TRACE AMOUNT.




$$
