000
CDUS41 KBGM 250555
CLISYR


CLIMATE REPORT
NATIONAL WEATHER SERVICE BINGHAMTON NY
154 AM EDT THU SEP 25 2014


...................................

...THE SYRACUSE NY CLIMATE SUMMARY FOR SEPTEMBER 24 2014...

CLIMATE NORMAL PERIOD 1981 TO 2010
CLIMATE RECORD PERIOD 1902 TO 2014


WEATHER ITEM   OBSERVED TIME   RECORD YEAR NORMAL DEPARTURE LAST
                VALUE   (LST)  VALUE       VALUE  FROM      YEAR
                                                  NORMAL
..................................................................
TEMPERATURE (F)
 YESTERDAY
  MAXIMUM         77    215 PM  90    2010  69      8       63
  MINIMUM         48    555 AM  29    1963  49     -1       41
  AVERAGE         63                        59      4       52

PRECIPITATION (IN)
  YESTERDAY        0.00          2.59 2001   0.13  -0.13     0.00
  MONTH TO DATE    1.60                      2.94  -1.34     3.20
  SINCE SEP 1      1.60                      2.94  -1.34     3.20
  SINCE JAN 1     30.64                     27.53   3.11    29.78

SNOWFALL (IN)
  YESTERDAY        0.0           0.0  2002   0.0    0.0      0.0
                                      2000
                                      2001
  MONTH TO DATE    0.0                       0.0    0.0      0.0
  SINCE SEP 1      0.0                       0.0    0.0      0.0
  SINCE JUL 1      0.0                       0.0    0.0      0.0
  SNOW DEPTH       0

DEGREE DAYS
 HEATING
  YESTERDAY        2                         7     -5       13
  MONTH TO DATE   96                        91      5      134
  SINCE SEP 1     96                        91      5      134
  SINCE JUL 1    107                       117    -10      140

 COOLING
  YESTERDAY        0                         1     -1        0
  MONTH TO DATE   71                        49     22       68
  SINCE SEP 1     71                        49     22       68
  SINCE JAN 1    630                       562     68      711
..................................................................


WIND (MPH)
  HIGHEST WIND SPEED    12   HIGHEST WIND DIRECTION     E (90)
  HIGHEST GUST SPEED    15   HIGHEST GUST DIRECTION     E (110)
  AVERAGE WIND SPEED     5.0


SKY COVER
  POSSIBLE SUNSHINE  MM
  AVERAGE SKY COVER 0.4


WEATHER CONDITIONS
 THE FOLLOWING WEATHER WAS RECORDED YESTERDAY.
  NO SIGNIFICANT WEATHER WAS OBSERVED.


RELATIVE HUMIDITY (PERCENT)
 HIGHEST    93           200 AM
 LOWEST     50           100 PM
 AVERAGE    72

..........................................................


THE SYRACUSE NY CLIMATE NORMALS FOR TODAY
                         NORMAL    RECORD    YEAR
 MAXIMUM TEMPERATURE (F)   68        91      2007
 MINIMUM TEMPERATURE (F)   48        32      1963


SUNRISE AND SUNSET
SEPTEMBER 25 2014.....SUNRISE   655 AM EDT   SUNSET   656 PM EDT
SEPTEMBER 26 2014.....SUNRISE   656 AM EDT   SUNSET   655 PM EDT


-  INDICATES NEGATIVE NUMBERS.
R  INDICATES RECORD WAS SET OR TIED.
MM INDICATES DATA IS MISSING.
T  INDICATES TRACE AMOUNT.




$$
