000
CDUS41 KBGM 160549
CLISYR


CLIMATE REPORT
NATIONAL WEATHER SERVICE BINGHAMTON NY
148 AM EDT SAT AUG 16 2014


...................................

...THE SYRACUSE NY CLIMATE SUMMARY FOR AUGUST 15 2014...

CLIMATE NORMAL PERIOD 1981 TO 2010
CLIMATE RECORD PERIOD 1902 TO 2014


WEATHER ITEM   OBSERVED TIME   RECORD YEAR NORMAL DEPARTURE LAST
                VALUE   (LST)  VALUE       VALUE  FROM      YEAR
                                                  NORMAL
..................................................................
TEMPERATURE (F)
 YESTERDAY
  MAXIMUM         68    517 PM  97    1965  80    -12       76
  MINIMUM         54    527 AM  46    1972  60     -6       54
  AVERAGE         61                        70     -9       65

PRECIPITATION (IN)
  YESTERDAY        0.03          1.68 1995   0.12  -0.09     0.00
  MONTH TO DATE    1.43                      1.72  -0.29     1.29
  SINCE JUN 1      9.35                      8.81   0.54    11.35
  SINCE JAN 1     26.73                     22.74   3.99    25.29

SNOWFALL (IN)
  YESTERDAY        0.0           0.0  2002   0.0    0.0      0.0
                                      2000
                                      2001
  MONTH TO DATE    0.0                       0.0    0.0      0.0
  SINCE JUN 1      0.0                       0.0    0.0      0.0
  SINCE JUL 1      0.0                       0.0    0.0      0.0
  SNOW DEPTH       0

DEGREE DAYS
 HEATING
  YESTERDAY        4                         1      3        0
  MONTH TO DATE    6                         2      4        3
  SINCE JUN 1     31                        71    -40       67
  SINCE JUL 1      8                        10     -2        6

 COOLING
  YESTERDAY        0                         6     -6        0
  MONTH TO DATE   83                        90     -7       57
  SINCE JUN 1    440                       406     34      484
  SINCE JAN 1    496                       436     60      536
..................................................................


WIND (MPH)
  HIGHEST WIND SPEED    23   HIGHEST WIND DIRECTION     W (260)
  HIGHEST GUST SPEED    29   HIGHEST GUST DIRECTION     W (270)
  AVERAGE WIND SPEED     9.3


SKY COVER
  POSSIBLE SUNSHINE  MM
  AVERAGE SKY COVER 0.9


WEATHER CONDITIONS
 THE FOLLOWING WEATHER WAS RECORDED YESTERDAY.
  LIGHT RAIN
  FOG


RELATIVE HUMIDITY (PERCENT)
 HIGHEST    86           400 AM
 LOWEST     55           500 PM
 AVERAGE    71

..........................................................


THE SYRACUSE NY CLIMATE NORMALS FOR TODAY
                         NORMAL    RECORD    YEAR
 MAXIMUM TEMPERATURE (F)   80        95      2002
                                             1944
 MINIMUM TEMPERATURE (F)   60        47      1972
                                             1968


SUNRISE AND SUNSET
AUGUST 16 2014........SUNRISE   611 AM EDT   SUNSET   805 PM EDT
AUGUST 17 2014........SUNRISE   612 AM EDT   SUNSET   804 PM EDT


-  INDICATES NEGATIVE NUMBERS.
R  INDICATES RECORD WAS SET OR TIED.
MM INDICATES DATA IS MISSING.
T  INDICATES TRACE AMOUNT.




$$
