000
CDUS41 KBGM 200554
CLISYR


CLIMATE REPORT
NATIONAL WEATHER SERVICE BINGHAMTON NY
1254 AM EST THU NOV 20 2014


...................................

...THE SYRACUSE NY CLIMATE SUMMARY FOR NOVEMBER 19 2014...

CLIMATE NORMAL PERIOD 1981 TO 2010
CLIMATE RECORD PERIOD 1902 TO 2014


WEATHER ITEM   OBSERVED TIME   RECORD YEAR NORMAL DEPARTURE LAST
                VALUE   (LST)  VALUE       VALUE  FROM      YEAR
                                                  NORMAL
..................................................................
TEMPERATURE (F)
 YESTERDAY
  MAXIMUM         31   1159 PM  74    1921  47    -16       38
  MINIMUM         19    717 AM  14    1962  32    -13       27
  AVERAGE         25                        40    -15       33

PRECIPITATION (IN)
  YESTERDAY        T             1.15 1928   0.12  -0.12     0.05
  MONTH TO DATE    1.52                      2.23  -0.71     1.75
  SINCE SEP 1      7.66                      9.36  -1.70     8.86
  SINCE JAN 1     36.70                     33.95   2.75    35.44

SNOWFALL (IN)
  YESTERDAY        0.1           4.3  1959   0.3   -0.2      0.1
  MONTH TO DATE    3.0                       3.9   -0.9      0.5
  SINCE SEP 1      3.0                       4.3   -1.3      0.5
  SINCE JUL 1      3.0                       4.3   -1.3      0.5
  SNOW DEPTH       0

DEGREE DAYS
 HEATING
  YESTERDAY       40                        26     14       32
  MONTH TO DATE  445                       426     19      411
  SINCE SEP 1    867                      1017   -150      927
  SINCE JUL 1    878                      1043   -165      933

 COOLING
  YESTERDAY        0                         0      0        0
  MONTH TO DATE    0                         0      0        0
  SINCE SEP 1     88                        56     32       69
  SINCE JAN 1    647                       569     78      712
..................................................................


WIND (MPH)
  HIGHEST WIND SPEED    26   HIGHEST WIND DIRECTION    SW (240)
  HIGHEST GUST SPEED    34   HIGHEST GUST DIRECTION    SW (230)
  AVERAGE WIND SPEED    14.7


SKY COVER
  POSSIBLE SUNSHINE  MM
  AVERAGE SKY COVER 0.7


WEATHER CONDITIONS
 THE FOLLOWING WEATHER WAS RECORDED YESTERDAY.
  LIGHT SNOW


RELATIVE HUMIDITY (PERCENT)
 HIGHEST    81           800 PM
 LOWEST     31           300 PM
 AVERAGE    56

..........................................................


THE SYRACUSE NY CLIMATE NORMALS FOR TODAY
                         NORMAL    RECORD    YEAR
 MAXIMUM TEMPERATURE (F)   47        75      1991
 MINIMUM TEMPERATURE (F)   32        13      1986


SUNRISE AND SUNSET
NOVEMBER 20 2014......SUNRISE   703 AM EST   SUNSET   436 PM EST
NOVEMBER 21 2014......SUNRISE   705 AM EST   SUNSET   436 PM EST


-  INDICATES NEGATIVE NUMBERS.
R  INDICATES RECORD WAS SET OR TIED.
MM INDICATES DATA IS MISSING.
T  INDICATES TRACE AMOUNT.




$$
