000
CDUS41 KBGM 122118
CLISYR


CLIMATE REPORT
NATIONAL WEATHER SERVICE BINGHAMTON NY
518 PM EDT TUE JUL 12 2016


...................................

...THE SYRACUSE NY CLIMATE SUMMARY FOR JULY 12 2016...
VALID TODAY AS OF 0500 PM LOCAL TIME.

CLIMATE NORMAL PERIOD 1981 TO 2010
CLIMATE RECORD PERIOD 1902 TO 2016


WEATHER ITEM   OBSERVED TIME   RECORD YEAR NORMAL DEPARTURE LAST
                VALUE   (LST)  VALUE       VALUE  FROM      YEAR
                                                  NORMAL
..................................................................
TEMPERATURE (F)
 TODAY
  MAXIMUM         89    359 PM  94    2012  82      7       84
                                      1981
                                      1948
  MINIMUM         56    448 AM  48    1985  61     -5       60
  AVERAGE         73                        71      2       72

PRECIPITATION (IN)
  TODAY            0.00          4.29 2006   0.12  -0.12     0.00
  MONTH TO DATE    0.97                      1.45  -0.48     1.63
  SINCE JUN 1      2.92                      4.76  -1.84    11.55
  SINCE JAN 1     17.48                     18.69  -1.21    23.67

SNOWFALL (IN)
  TODAY            0.0           0.0  2002   0.0    0.0      0.0
                                      2000
                                      2001
  MONTH TO DATE    0.0                       0.0    0.0      0.0
  SINCE JUN 1      T                         0.0    0.0      0.0
  SINCE JUL 1      0.0                       0.0    0.0      0.0
  SNOW DEPTH       0

DEGREE DAYS
 HEATING
  TODAY            0                         0      0        0
  MONTH TO DATE    0                         2     -2        2
  SINCE JUN 1     53                        63    -10       55
  SINCE JUL 1      0                         2     -2        2

 COOLING
  TODAY            8                         7      1        7
  MONTH TO DATE   88                        76     12       49
  SINCE JUN 1    189                       189      0      138
  SINCE JAN 1    245                       219     26      243
..................................................................


WIND (MPH)
  HIGHEST WIND SPEED    12   HIGHEST WIND DIRECTION    SW (210)
  HIGHEST GUST SPEED    17   HIGHEST GUST DIRECTION    SW (210)
  AVERAGE WIND SPEED     5.0


SKY COVER
  POSSIBLE SUNSHINE  MM
  AVERAGE SKY COVER 0.7


WEATHER CONDITIONS
 THE FOLLOWING WEATHER WAS RECORDED TODAY.
  NO SIGNIFICANT WEATHER WAS OBSERVED.


RELATIVE HUMIDITY (PERCENT)
 HIGHEST    93           400 AM
 LOWEST     34           300 PM
 AVERAGE    64

..........................................................


THE SYRACUSE NY CLIMATE NORMALS FOR TOMORROW
                         NORMAL    RECORD    YEAR
 MAXIMUM TEMPERATURE (F)   82        94      1995
                                             1942
 MINIMUM TEMPERATURE (F)   61        46      1940


SUNRISE AND SUNSET
JULY 12 2016..........SUNRISE   536 AM EDT   SUNSET   843 PM EDT
JULY 13 2016..........SUNRISE   537 AM EDT   SUNSET   843 PM EDT


-  INDICATES NEGATIVE NUMBERS.
R  INDICATES RECORD WAS SET OR TIED.
MM INDICATES DATA IS MISSING.
T  INDICATES TRACE AMOUNT.




$$
