000
CDUS41 KBGM 170533
CLISYR


CLIMATE REPORT
NATIONAL WEATHER SERVICE BINGHAMTON NY
132 AM EDT THU JUL 17 2014


...................................

...THE SYRACUSE NY CLIMATE SUMMARY FOR JULY 16 2014...

CLIMATE NORMAL PERIOD 1981 TO 2010
CLIMATE RECORD PERIOD 1902 TO 2014


WEATHER ITEM   OBSERVED TIME   RECORD YEAR NORMAL DEPARTURE LAST
                VALUE   (LST)  VALUE       VALUE  FROM      YEAR
                                                  NORMAL
..................................................................
TEMPERATURE (F)
 YESTERDAY
  MAXIMUM         75    101 PM  97    1988  82     -7       92
  MINIMUM         59    514 AM  44    1946  61     -2       71
  AVERAGE         67                        72     -5       82

PRECIPITATION (IN)
  YESTERDAY        0.00          0.89 1925   0.13  -0.13     0.00
  MONTH TO DATE    1.79                      1.95  -0.16     1.14
  SINCE JUN 1      4.53                      5.26  -0.73     7.94
  SINCE JAN 1     21.91                     19.19   2.72    21.88

SNOWFALL (IN)
  YESTERDAY        0.0           0.0  2002   0.0    0.0      0.0
                                      2000
                                      2001
  MONTH TO DATE    0.0                       0.0    0.0      0.0
  SINCE JUN 1      0.0                       0.0    0.0      0.0
  SINCE JUL 1      0.0                       0.0    0.0      0.0
  SNOW DEPTH       0

DEGREE DAYS
 HEATING
  YESTERDAY        0                         0      0        0
  MONTH TO DATE    0                         2     -2        0
  SINCE JUN 1     23                        63    -40       61
  SINCE JUL 1      0                         2     -2        0

 COOLING
  YESTERDAY        2                         7     -5       17
  MONTH TO DATE  134                       104     30      197
  SINCE JUN 1    281                       217     64      321
  SINCE JAN 1    337                       247     90      373
..................................................................


WIND (MPH)
  HIGHEST WIND SPEED    17   HIGHEST WIND DIRECTION     W (270)
  HIGHEST GUST SPEED    23   HIGHEST GUST DIRECTION     W (270)
  AVERAGE WIND SPEED     6.3


SKY COVER
  POSSIBLE SUNSHINE  MM
  AVERAGE SKY COVER 0.6


WEATHER CONDITIONS
 THE FOLLOWING WEATHER WAS RECORDED YESTERDAY.
  NO SIGNIFICANT WEATHER WAS OBSERVED.


RELATIVE HUMIDITY (PERCENT)
 HIGHEST    87           400 AM
 LOWEST     53          1000 AM
 AVERAGE    70

..........................................................


THE SYRACUSE NY CLIMATE NORMALS FOR TODAY
                         NORMAL    RECORD    YEAR
 MAXIMUM TEMPERATURE (F)   82       101      2012
 MINIMUM TEMPERATURE (F)   61        46      1946


SUNRISE AND SUNSET
JULY 17 2014..........SUNRISE   540 AM EDT   SUNSET   840 PM EDT
JULY 18 2014..........SUNRISE   541 AM EDT   SUNSET   840 PM EDT


-  INDICATES NEGATIVE NUMBERS.
R  INDICATES RECORD WAS SET OR TIED.
MM INDICATES DATA IS MISSING.
T  INDICATES TRACE AMOUNT.

$$
