712
CDUS41 KBGM 282227
CLISYR


CLIMATE REPORT
NATIONAL WEATHER SERVICE BINGHAMTON NY
526 PM EST MON NOV 28 2016


...................................

...THE SYRACUSE NY CLIMATE SUMMARY FOR NOVEMBER 28 2016...
VALID TODAY AS OF 0500 PM LOCAL TIME.

CLIMATE NORMAL PERIOD 1981 TO 2010
CLIMATE RECORD PERIOD 1902 TO 2016


WEATHER ITEM   OBSERVED TIME   RECORD YEAR NORMAL DEPARTURE LAST
                VALUE   (LST)  VALUE       VALUE  FROM      YEAR
                                                  NORMAL
..................................................................
TEMPERATURE (F)
 TODAY
  MAXIMUM         47    319 PM  74    1990  43      4       42
  MINIMUM         29    834 AM  11    1926  29      0       32
                                      1904
  AVERAGE         38                        36      2       37

PRECIPITATION (IN)
  TODAY            0.00          1.02 1958   0.12  -0.12     0.07
  MONTH TO DATE    2.73                      3.29  -0.56     0.89
  SINCE SEP 1     14.12                     10.42   3.70     9.71
  SINCE JAN 1     37.33                     35.01   2.32    37.03

SNOWFALL (IN)
  TODAY            0.0           8.8  1958   0.6   -0.6       T
  MONTH TO DATE   25.2                       8.4   16.8      0.4
  SINCE SEP 1     25.4                       8.8   16.6      0.8
  SINCE JUL 1     25.4                       8.8   16.6      0.8
  SNOW DEPTH       T

DEGREE DAYS
 HEATING
  TODAY           27                        29     -2       28
  MONTH TO DATE  652                       673    -21      501
  SINCE SEP 1   1155                      1264   -109     1013
  SINCE JUL 1   1156                      1290   -134     1021

 COOLING
  TODAY            0                         0      0        0
  MONTH TO DATE    0                         0      0        0
  SINCE SEP 1     97                        56     41      145
  SINCE JAN 1    809                       569    240      717
..................................................................


WIND (MPH)
  HIGHEST WIND SPEED    16   HIGHEST WIND DIRECTION    SE (120)
  HIGHEST GUST SPEED    20   HIGHEST GUST DIRECTION    SE (130)
  AVERAGE WIND SPEED     6.3


SKY COVER
  POSSIBLE SUNSHINE  MM
  AVERAGE SKY COVER 0.8


WEATHER CONDITIONS
 THE FOLLOWING WEATHER WAS RECORDED TODAY.
  FOG
  FOG W/VISIBILITY <= 1/4 MILE
  HAZE


RELATIVE HUMIDITY (PERCENT)
 HIGHEST   100           100 AM
 LOWEST     60           100 PM
 AVERAGE    80

..........................................................


THE SYRACUSE NY CLIMATE NORMALS FOR TOMORROW
                         NORMAL    RECORD    YEAR
 MAXIMUM TEMPERATURE (F)   43        70      2005
 MINIMUM TEMPERATURE (F)   29         9      1903


SUNRISE AND SUNSET
NOVEMBER 28 2016......SUNRISE   714 AM EST   SUNSET   431 PM EST
NOVEMBER 29 2016......SUNRISE   715 AM EST   SUNSET   431 PM EST


-  INDICATES NEGATIVE NUMBERS.
R  INDICATES RECORD WAS SET OR TIED.
MM INDICATES DATA IS MISSING.
T  INDICATES TRACE AMOUNT.




$$

Heden
