000
CDUS41 KBGM 290553
CLISYR


CLIMATE REPORT
NATIONAL WEATHER SERVICE BINGHAMTON NY
152 AM EDT SAT AUG 29 2015


...................................

...THE SYRACUSE NY CLIMATE SUMMARY FOR AUGUST 28 2015...

CLIMATE NORMAL PERIOD 1981 TO 2010
CLIMATE RECORD PERIOD 1902 TO 2015


WEATHER ITEM   OBSERVED TIME   RECORD YEAR NORMAL DEPARTURE LAST
                VALUE   (LST)  VALUE       VALUE  FROM      YEAR
                                                  NORMAL
..................................................................
TEMPERATURE (F)
 YESTERDAY
  MAXIMUM         74    446 PM  98    1948  78     -4       72
  MINIMUM         54    248 AM  43    1982  58     -4       59
                                      1957
  AVERAGE         64                        68     -4       66

PRECIPITATION (IN)
  YESTERDAY        0.00          2.98 1990   0.11  -0.11     0.00
  MONTH TO DATE    1.91                      3.22  -1.31     3.49
  SINCE JUN 1     15.20                     10.31   4.89    11.41
  SINCE JAN 1     27.32                     24.24   3.08    28.79

SNOWFALL (IN)
  YESTERDAY        0.0           0.0  2002   0.0    0.0      0.0
  MONTH TO DATE    0.0                       0.0    0.0      0.0
  SINCE JUN 1      0.0                       0.0    0.0      0.0
  SINCE JUL 1      0.0                       0.0    0.0      0.0
  SNOW DEPTH       0

DEGREE DAYS
 HEATING
  YESTERDAY        1                         1      0        0
  MONTH TO DATE    3                        15    -12        8
  SINCE JUN 1     61                        84    -23       33
  SINCE JUL 1      8                        23    -15       10

 COOLING
  YESTERDAY        0                         4     -4        1
  MONTH TO DATE  164                       153     11      130
  SINCE JUN 1    450                       469    -19      487
  SINCE JAN 1    555                       499     56      543
..................................................................


WIND (MPH)
  HIGHEST WIND SPEED    10   HIGHEST WIND DIRECTION    NW (330)
  HIGHEST GUST SPEED    13   HIGHEST GUST DIRECTION     W (260)
  AVERAGE WIND SPEED     4.4


SKY COVER
  POSSIBLE SUNSHINE  MM
  AVERAGE SKY COVER 0.6


WEATHER CONDITIONS
 THE FOLLOWING WEATHER WAS RECORDED YESTERDAY.
  NO SIGNIFICANT WEATHER WAS OBSERVED.


RELATIVE HUMIDITY (PERCENT)
 HIGHEST   100           100 AM
 LOWEST     49           200 PM
 AVERAGE    75

..........................................................


THE SYRACUSE NY CLIMATE NORMALS FOR TODAY
                         NORMAL    RECORD    YEAR
 MAXIMUM TEMPERATURE (F)   78        93      1953
 MINIMUM TEMPERATURE (F)   58        42      1986


SUNRISE AND SUNSET
AUGUST 29 2015........SUNRISE   625 AM EDT   SUNSET   745 PM EDT
AUGUST 30 2015........SUNRISE   626 AM EDT   SUNSET   743 PM EDT


-  INDICATES NEGATIVE NUMBERS.
R  INDICATES RECORD WAS SET OR TIED.
MM INDICATES DATA IS MISSING.
T  INDICATES TRACE AMOUNT.




$$
