479
CDUS41 KBGM 152121
CLISYR


CLIMATE REPORT
NATIONAL WEATHER SERVICE BINGHAMTON NY
521 PM EDT FRI SEP 15 2017


...................................

...THE SYRACUSE NY CLIMATE SUMMARY FOR SEPTEMBER 15 2017...
VALID TODAY AS OF 0500 PM LOCAL TIME.

CLIMATE NORMAL PERIOD 1981 TO 2010
CLIMATE RECORD PERIOD 1902 TO 2017


WEATHER ITEM   OBSERVED TIME   RECORD YEAR NORMAL DEPARTURE LAST
                VALUE   (LST)  VALUE       VALUE  FROM      YEAR
                                                  NORMAL
..................................................................
TEMPERATURE (F)
 TODAY
  MAXIMUM         80    337 PM  96    1939  73      7       69
  MINIMUM         56    553 AM  33    1913  52      4       44
  AVERAGE         68                        62      6       57

PRECIPITATION (IN)
  TODAY            0.00          1.23 1991   0.12  -0.12     0.00
  MONTH TO DATE    1.22                      1.78  -0.56     1.66
  SINCE SEP 1      1.22                      1.78  -0.56     1.66
  SINCE JAN 1     33.74                     26.37   7.37    24.87

SNOWFALL (IN)
  TODAY            0.0           0.0  2002   0.0    0.0      0.0
                                      2000
                                      2001
  MONTH TO DATE    0.0                       0.0    0.0      0.0
  SINCE SEP 1      0.0                       0.0    0.0      0.0
  SINCE JUL 1      0.0                       0.0    0.0      0.0
  SNOW DEPTH       0

DEGREE DAYS
 HEATING
  TODAY            0                         4     -4        8
  MONTH TO DATE   72                        40     32       17
  SINCE SEP 1     72                        40     32       17
  SINCE JUL 1    108                        66     42       18

 COOLING
  TODAY            3                         2      1        0
  MONTH TO DATE    9                        39    -30       62
  SINCE SEP 1      9                        39    -30       62
  SINCE JAN 1    459                       552    -93      774
..................................................................


WIND (MPH)
  HIGHEST WIND SPEED     9   HIGHEST WIND DIRECTION    NW (310)
  HIGHEST GUST SPEED    12   HIGHEST GUST DIRECTION    NW (330)
  AVERAGE WIND SPEED     2.7


SKY COVER
  POSSIBLE SUNSHINE  MM
  AVERAGE SKY COVER 0.4


WEATHER CONDITIONS
 THE FOLLOWING WEATHER WAS RECORDED TODAY.
  FOG


RELATIVE HUMIDITY (PERCENT)
 HIGHEST   100          1200 AM
 LOWEST     58           100 PM
 AVERAGE    79

..........................................................


THE SYRACUSE NY CLIMATE NORMALS FOR TOMORROW
                         NORMAL    RECORD    YEAR
 MAXIMUM TEMPERATURE (F)   72        98      1939
 MINIMUM TEMPERATURE (F)   52        35      1964


SUNRISE AND SUNSET
SEPTEMBER 15 2017.....SUNRISE   644 AM EDT   SUNSET   714 PM EDT
SEPTEMBER 16 2017.....SUNRISE   645 AM EDT   SUNSET   712 PM EDT


-  INDICATES NEGATIVE NUMBERS.
R  INDICATES RECORD WAS SET OR TIED.
MM INDICATES DATA IS MISSING.
T  INDICATES TRACE AMOUNT.




$$
