335
CDUS41 KBGM 230626
CLISYR


CLIMATE REPORT
NATIONAL WEATHER SERVICE BINGHAMTON NY
226 AM EDT SAT JUL 23 2016


...................................

...THE SYRACUSE NY CLIMATE SUMMARY FOR JULY 22 2016...

CLIMATE NORMAL PERIOD 1981 TO 2010
CLIMATE RECORD PERIOD 1902 TO 2016


WEATHER ITEM   OBSERVED TIME   RECORD YEAR NORMAL DEPARTURE LAST
                VALUE   (LST)  VALUE       VALUE  FROM      YEAR
                                                  NORMAL
..................................................................
TEMPERATURE (F)
 YESTERDAY
  MAXIMUM         91    234 PM  98    2002  82      9       76
  MINIMUM         76   1159 PM  48    1970  61     15       59
  AVERAGE         84                        72     12       68

PRECIPITATION (IN)
  YESTERDAY        T             3.21 1928   0.13  -0.13     0.00
  MONTH TO DATE    1.33                      2.70  -1.37     2.26
  SINCE JUN 1      3.28                      6.01  -2.73    12.18
  SINCE JAN 1     17.84                     19.94  -2.10    24.30

SNOWFALL (IN)
  YESTERDAY        0.0           0.0  2002   0.0    0.0      0.0
                                      2000
                                      2001
  MONTH TO DATE    0.0                       0.0    0.0      0.0
  SINCE JUN 1      T                         0.0    0.0      0.0
  SINCE JUL 1      0.0                       0.0    0.0      0.0
  SNOW DEPTH       0

DEGREE DAYS
 HEATING
  YESTERDAY        0                         0      0        0
  MONTH TO DATE    0                         2     -2        5
  SINCE JUN 1     53                        63    -10       58
  SINCE JUL 1      0                         2     -2        5

 COOLING
  YESTERDAY       19                         7     12        3
  MONTH TO DATE  187                       146     41      117
  SINCE JUN 1    288                       259     29      206
  SINCE JAN 1    344                       289     55      311
..................................................................


WIND (MPH)
  HIGHEST WIND SPEED    22   HIGHEST WIND DIRECTION     W (280)
  HIGHEST GUST SPEED    27   HIGHEST GUST DIRECTION     W (280)
  AVERAGE WIND SPEED    11.7


SKY COVER
  POSSIBLE SUNSHINE  MM
  AVERAGE SKY COVER 0.6


WEATHER CONDITIONS
 THE FOLLOWING WEATHER WAS RECORDED YESTERDAY.
  LIGHT RAIN


RELATIVE HUMIDITY (PERCENT)
 HIGHEST    62           600 AM
 LOWEST     36           600 PM
 AVERAGE    49

..........................................................


THE SYRACUSE NY CLIMATE NORMALS FOR TODAY
                         NORMAL    RECORD    YEAR
 MAXIMUM TEMPERATURE (F)   82        98      1933
 MINIMUM TEMPERATURE (F)   61        50      1977
                                             1923


SUNRISE AND SUNSET
JULY 23 2016..........SUNRISE   546 AM EDT   SUNSET   835 PM EDT
JULY 24 2016..........SUNRISE   547 AM EDT   SUNSET   834 PM EDT


-  INDICATES NEGATIVE NUMBERS.
R  INDICATES RECORD WAS SET OR TIED.
MM INDICATES DATA IS MISSING.
T  INDICATES TRACE AMOUNT.




$$
