808
CDUS41 KBGM 240600
CLISYR


CLIMATE REPORT
NATIONAL WEATHER SERVICE BINGHAMTON NY
200 AM EDT SAT SEP 24 2016


...................................

...THE SYRACUSE NY CLIMATE SUMMARY FOR SEPTEMBER 23 2016...

CLIMATE NORMAL PERIOD 1981 TO 2010
CLIMATE RECORD PERIOD 1902 TO 2016


WEATHER ITEM   OBSERVED TIME   RECORD YEAR NORMAL DEPARTURE LAST
                VALUE   (LST)  VALUE       VALUE  FROM      YEAR
                                                  NORMAL
..................................................................
TEMPERATURE (F)
 YESTERDAY
  MAXIMUM         70    328 AM  91    1936  69      1       76
  MINIMUM         49   1159 PM  31    1947  49      0       46
  AVERAGE         60                        59      1       61

PRECIPITATION (IN)
  YESTERDAY        T             1.96 1982   0.14  -0.14     0.00
  MONTH TO DATE    3.67                      2.81   0.86     2.07
  SINCE SEP 1      3.67                      2.81   0.86     2.07
  SINCE JAN 1     26.88                     27.40  -0.52    29.39

SNOWFALL (IN)
  YESTERDAY        0.0           0.0  2002   0.0    0.0      0.0
                                      2000
                                      2001
  MONTH TO DATE    0.0                       0.0    0.0      0.0
  SINCE SEP 1      0.0                       0.0    0.0      0.0
  SINCE JUL 1      0.0                       0.0    0.0      0.0
  SNOW DEPTH       0

DEGREE DAYS
 HEATING
  YESTERDAY        5                         7     -2        4
  MONTH TO DATE   27                        84    -57       36
  SINCE SEP 1     27                        84    -57       36
  SINCE JUL 1     28                       110    -82       44

 COOLING
  YESTERDAY        0                         1     -1        0
  MONTH TO DATE   90                        48     42      139
  SINCE SEP 1     90                        48     42      139
  SINCE JAN 1    802                       561    241      711
..................................................................


WIND (MPH)
  HIGHEST WIND SPEED    17   HIGHEST WIND DIRECTION    NW (330)
  HIGHEST GUST SPEED    20   HIGHEST GUST DIRECTION    NW (330)
  AVERAGE WIND SPEED     6.0


SKY COVER
  POSSIBLE SUNSHINE  MM
  AVERAGE SKY COVER 0.8


WEATHER CONDITIONS
 THE FOLLOWING WEATHER WAS RECORDED YESTERDAY.
  LIGHT RAIN


RELATIVE HUMIDITY (PERCENT)
 HIGHEST    93           500 PM
 LOWEST     68          1200 AM
 AVERAGE    81

..........................................................


THE SYRACUSE NY CLIMATE NORMALS FOR TODAY
                         NORMAL    RECORD    YEAR
 MAXIMUM TEMPERATURE (F)   69        90      2010
 MINIMUM TEMPERATURE (F)   49        29      1963


SUNRISE AND SUNSET
SEPTEMBER 24 2016.....SUNRISE   654 AM EDT   SUNSET   657 PM EDT
SEPTEMBER 25 2016.....SUNRISE   656 AM EDT   SUNSET   655 PM EDT


-  INDICATES NEGATIVE NUMBERS.
R  INDICATES RECORD WAS SET OR TIED.
MM INDICATES DATA IS MISSING.
T  INDICATES TRACE AMOUNT.




$$
