000
CDUS41 KBGM 130322
CLISYR


CLIMATE REPORT
NATIONAL WEATHER SERVICE BINGHAMTON NY
1021 PM EST WED NOV 12 2014


...................................

...THE SYRACUSE NY CLIMATE SUMMARY FOR NOVEMBER 12 2014...
VALID AS OF 1000 PM LOCAL TIME.

CLIMATE NORMAL PERIOD 1981 TO 2010
CLIMATE RECORD PERIOD 1902 TO 2014


WEATHER ITEM   OBSERVED TIME   RECORD YEAR NORMAL DEPARTURE LAST
                VALUE   (LST)  VALUE       VALUE  FROM      YEAR
                                                  NORMAL
..................................................................
TEMPERATURE (F)
 TODAY
  MAXIMUM         62    253 AM  71    1964  50     12       34
  MINIMUM         37    941 PM  18    1933  34      3       27
  AVERAGE         50                        42      8       31

PRECIPITATION (IN)
  TODAY            0.05          0.95 1975   0.11  -0.06      T
  MONTH TO DATE    0.72                      1.40  -0.68     1.53
  SINCE SEP 1      6.86                      8.53  -1.67     8.64
  SINCE JAN 1     35.90                     33.12   2.78    35.22

SNOWFALL (IN)
  TODAY            T            11.1  1996   0.3   -0.3      0.2
  MONTH TO DATE    T                         2.1   -2.1      0.4
  SINCE SEP 1      T                         2.5   -2.5      0.4
  SINCE JUL 1      T                         2.5   -2.5      0.4
  SNOW DEPTH       0

DEGREE DAYS
 HEATING
  TODAY           15                        23     -8       34
  MONTH TO DATE  215                       255    -40      258
  SINCE SEP 1    637                       846   -209      774
  SINCE JUL 1    648                       872   -224      780

 COOLING
  TODAY            0                         0      0        0
  MONTH TO DATE    0                         0      0        0
  SINCE SEP 1     88                        56     32       69
  SINCE JAN 1    647                       569     78      712
..................................................................


WIND (MPH)
  HIGHEST WIND SPEED    26   HIGHEST WIND DIRECTION     W (260)
  HIGHEST GUST SPEED    31   HIGHEST GUST DIRECTION     W (280)
  AVERAGE WIND SPEED    13.8


SKY COVER
  POSSIBLE SUNSHINE  MM
  AVERAGE SKY COVER 0.8


WEATHER CONDITIONS
 THE FOLLOWING WEATHER WAS RECORDED TODAY.
  LIGHT RAIN
  LIGHT SNOW
  FOG


RELATIVE HUMIDITY (PERCENT)
 HIGHEST    86           800 AM
 LOWEST     49           300 PM
 AVERAGE    68

..........................................................


THE SYRACUSE NY CLIMATE NORMALS FOR TOMORROW
                         NORMAL    RECORD    YEAR
 MAXIMUM TEMPERATURE (F)   50        71      1902
 MINIMUM TEMPERATURE (F)   34        14      1996


SUNRISE AND SUNSET
NOVEMBER 12 2014......SUNRISE   653 AM EST   SUNSET   443 PM EST
NOVEMBER 13 2014......SUNRISE   655 AM EST   SUNSET   442 PM EST


-  INDICATES NEGATIVE NUMBERS.
R  INDICATES RECORD WAS SET OR TIED.
MM INDICATES DATA IS MISSING.
T  INDICATES TRACE AMOUNT.




$$
