000
CDUS41 KBGM 160605
CLISYR


CLIMATE REPORT
NATIONAL WEATHER SERVICE BINGHAMTON NY
104 AM EST TUE DEC 16 2014


...................................

...THE SYRACUSE NY CLIMATE SUMMARY FOR DECEMBER 15 2014...

CLIMATE NORMAL PERIOD 1981 TO 2010
CLIMATE RECORD PERIOD 1902 TO 2014


WEATHER ITEM   OBSERVED TIME   RECORD YEAR NORMAL DEPARTURE LAST
                VALUE   (LST)  VALUE       VALUE  FROM      YEAR
                                                  NORMAL
..................................................................
TEMPERATURE (F)
 YESTERDAY
  MAXIMUM         36    452 PM  62    1975  36      0       26
  MINIMUM         32   1110 AM  -6    1943  23      9       15
  AVERAGE         34                        30      4       21

PRECIPITATION (IN)
  YESTERDAY        T             0.60 1915   0.10  -0.10     0.14
  MONTH TO DATE    1.86                      1.67   0.19     1.05
  SINCE DEC 1      1.86                      1.67   0.19     1.05
  SINCE JAN 1     39.34                     36.92   2.42    38.58

SNOWFALL (IN)
  YESTERDAY        0.0          11.9  2010   1.2   -1.2      1.6
  MONTH TO DATE   15.8                      15.1    0.7     12.0
  SINCE DEC 1     15.8                      15.1    0.7     12.0
  SINCE JUL 1     26.8                      25.0    1.8     26.3
  SNOW DEPTH       6

DEGREE DAYS
 HEATING
  YESTERDAY       31                        36     -5       44
  MONTH TO DATE  514                       494     20      536
  SINCE DEC 1    514                       494     20      536
  SINCE JUL 1   1699                      1843   -144     1869

 COOLING
  YESTERDAY        0                         0      0        0
  MONTH TO DATE    0                         0      0        0
  SINCE DEC 1      0                         0      0        0
  SINCE JAN 1    647                       569     78      712
..................................................................


WIND (MPH)
  HIGHEST WIND SPEED    10   HIGHEST WIND DIRECTION    SE (130)
  HIGHEST GUST SPEED    14   HIGHEST GUST DIRECTION    SE (150)
  AVERAGE WIND SPEED     4.5


SKY COVER
  POSSIBLE SUNSHINE  MM
  AVERAGE SKY COVER 0.9


WEATHER CONDITIONS
 THE FOLLOWING WEATHER WAS RECORDED YESTERDAY.
  LIGHT RAIN
  FOG


RELATIVE HUMIDITY (PERCENT)
 HIGHEST   100           400 AM
 LOWEST     89           100 PM
 AVERAGE    95

..........................................................


THE SYRACUSE NY CLIMATE NORMALS FOR TODAY
                         NORMAL    RECORD    YEAR
 MAXIMUM TEMPERATURE (F)   36        55      1971
 MINIMUM TEMPERATURE (F)   22        -1      1917


SUNRISE AND SUNSET
DECEMBER 16 2014......SUNRISE   730 AM EST   SUNSET   430 PM EST
DECEMBER 17 2014......SUNRISE   731 AM EST   SUNSET   431 PM EST


-  INDICATES NEGATIVE NUMBERS.
R  INDICATES RECORD WAS SET OR TIED.
MM INDICATES DATA IS MISSING.
T  INDICATES TRACE AMOUNT.




$$

HEDEN
