000
CDUS41 KBGM 142118
CLISYR


CLIMATE REPORT
NATIONAL WEATHER SERVICE BINGHAMTON NY
517 PM EDT WED JUN 14 2017


...................................

...THE SYRACUSE NY CLIMATE SUMMARY FOR JUNE 14 2017...
VALID TODAY AS OF 0500 PM LOCAL TIME.

CLIMATE NORMAL PERIOD 1981 TO 2010
CLIMATE RECORD PERIOD 1902 TO 2017


WEATHER ITEM   OBSERVED TIME   RECORD YEAR NORMAL DEPARTURE LAST
                VALUE   (LST)  VALUE       VALUE  FROM      YEAR
                                                  NORMAL
..................................................................
TEMPERATURE (F)
 TODAY
  MAXIMUM         77    152 PM  95    1988  77      0       69
  MINIMUM         54    452 AM  43    1970  56     -2       44
                                      1946
  AVERAGE         66                        66      0       57

PRECIPITATION (IN)
  TODAY            0.00          2.86 2002   0.12  -0.12     0.00
  MONTH TO DATE    1.89                      1.54   0.35     1.60
  SINCE JUN 1      1.89                      1.54   0.35     1.60
  SINCE JAN 1     23.73                     15.47   8.26    16.16

SNOWFALL (IN)
  TODAY            0.0           0.0  2002   0.0    0.0      0.0
  MONTH TO DATE    0.0                       0.0    0.0       T
  SINCE JUN 1      0.0                       0.0    0.0       T
  SINCE JUL 1    134.9                     123.8   11.1     80.3
  SNOW DEPTH       0

DEGREE DAYS
 HEATING
  TODAY            0                         2     -2        8
  MONTH TO DATE   60                        42     18       47
  SINCE JUN 1     60                        42     18       47
  SINCE JUL 1   6127                      6632   -505     5845

 COOLING
  TODAY            1                         3     -2        0
  MONTH TO DATE   41                        36      5       22
  SINCE JUN 1     41                        36      5       22
  SINCE JAN 1     73                        66      7       78
..................................................................


WIND (MPH)
  HIGHEST WIND SPEED    14   HIGHEST WIND DIRECTION    NW (310)
  HIGHEST GUST SPEED    18   HIGHEST GUST DIRECTION     W (290)
  AVERAGE WIND SPEED     4.5


SKY COVER
  POSSIBLE SUNSHINE  MM
  AVERAGE SKY COVER 0.5


WEATHER CONDITIONS
 THE FOLLOWING WEATHER WAS RECORDED TODAY.
  FOG


RELATIVE HUMIDITY (PERCENT)
 HIGHEST   100           400 AM
 LOWEST     31           200 PM
 AVERAGE    66

..........................................................


THE SYRACUSE NY CLIMATE NORMALS FOR TOMORROW
                         NORMAL    RECORD    YEAR
 MAXIMUM TEMPERATURE (F)   78        97      1988
 MINIMUM TEMPERATURE (F)   56        42      1965


SUNRISE AND SUNSET
JUNE 14 2017..........SUNRISE   524 AM EDT   SUNSET   845 PM EDT
JUNE 15 2017..........SUNRISE   524 AM EDT   SUNSET   846 PM EDT


-  INDICATES NEGATIVE NUMBERS.
R  INDICATES RECORD WAS SET OR TIED.
MM INDICATES DATA IS MISSING.
T  INDICATES TRACE AMOUNT.




$$
