000
CDUS41 KBGM 110532
CLISYR


CLIMATE REPORT
NATIONAL WEATHER SERVICE BINGHAMTON NY
1232 AM EST THU DEC 11 2014


...................................

...THE SYRACUSE NY CLIMATE SUMMARY FOR DECEMBER 10 2014...

CLIMATE NORMAL PERIOD 1981 TO 2010
CLIMATE RECORD PERIOD 1902 TO 2014


WEATHER ITEM   OBSERVED TIME   RECORD YEAR NORMAL DEPARTURE LAST
                VALUE   (LST)  VALUE       VALUE  FROM      YEAR
                                                  NORMAL
..................................................................
TEMPERATURE (F)
 YESTERDAY
  MAXIMUM         32    326 AM  70    1966  38     -6       36
  MINIMUM         28   1159 PM  -1    1982  25      3       22
                                      1904
  AVERAGE         30                        31     -1       29

PRECIPITATION (IN)
  YESTERDAY        0.79          1.08 2012   0.11   0.68      T
  MONTH TO DATE    1.69                      1.14   0.55     0.50
  SINCE DEC 1      1.69                      1.14   0.55     0.50
  SINCE JAN 1     39.17                     36.39   2.78    38.03

SNOWFALL (IN)
  YESTERDAY       11.8 R         8.4  1978   1.1   10.7       T
  MONTH TO DATE   13.3                       9.6    3.7      1.5
  SINCE DEC 1     13.3                       9.6    3.7      1.5
  SINCE JUL 1     24.3                      19.5    4.8     15.8
  SNOW DEPTH       3

DEGREE DAYS
 HEATING
  YESTERDAY       35                        34      1       36
  MONTH TO DATE  338                       320     18      301
  SINCE DEC 1    338                       320     18      301
  SINCE JUL 1   1523                      1669   -146     1634

 COOLING
  YESTERDAY        0                         0      0        0
  MONTH TO DATE    0                         0      0        0
  SINCE DEC 1      0                         0      0        0
  SINCE JAN 1    647                       569     78      712
..................................................................


WIND (MPH)
  HIGHEST WIND SPEED    25   HIGHEST WIND DIRECTION    NW (330)
  HIGHEST GUST SPEED    34   HIGHEST GUST DIRECTION    NW (330)
  AVERAGE WIND SPEED    16.3


SKY COVER
  POSSIBLE SUNSHINE  MM
  AVERAGE SKY COVER 1.0


WEATHER CONDITIONS
 THE FOLLOWING WEATHER WAS RECORDED YESTERDAY.
  HEAVY SNOW
  SNOW
  LIGHT SNOW
  FOG
  FOG W/VISIBILITY <= 1/4 MILE
  BLOWING SNOW


RELATIVE HUMIDITY (PERCENT)
 HIGHEST   100           400 AM
 LOWEST     85           100 AM
 AVERAGE    93

..........................................................


THE SYRACUSE NY CLIMATE NORMALS FOR TODAY
                         NORMAL    RECORD    YEAR
 MAXIMUM TEMPERATURE (F)   38        63      1979
 MINIMUM TEMPERATURE (F)   24        -7      1977


SUNRISE AND SUNSET
DECEMBER 11 2014......SUNRISE   726 AM EST   SUNSET   429 PM EST
DECEMBER 12 2014......SUNRISE   727 AM EST   SUNSET   429 PM EST


-  INDICATES NEGATIVE NUMBERS.
R  INDICATES RECORD WAS SET OR TIED.
MM INDICATES DATA IS MISSING.
T  INDICATES TRACE AMOUNT.




$$
