000
CDUS41 KBGM 170528
CLISYR


CLIMATE REPORT
NATIONAL WEATHER SERVICE BINGHAMTON NY
1225 AM EST FRI FEB 17 2017


...................................

...THE SYRACUSE NY CLIMATE SUMMARY FOR FEBRUARY 16 2017...

CLIMATE NORMAL PERIOD 1981 TO 2010
CLIMATE RECORD PERIOD 1902 TO 2017


WEATHER ITEM   OBSERVED TIME   RECORD YEAR NORMAL DEPARTURE LAST
                VALUE   (LST)  VALUE       VALUE  FROM      YEAR
                                                  NORMAL
..................................................................
TEMPERATURE (F)
 YESTERDAY
  MAXIMUM         26   1241 AM  63    1954  34     -8       33
  MINIMUM         21    522 PM -17    2015  18      3       20
  AVERAGE         24                        26     -2       27

PRECIPITATION (IN)
  YESTERDAY        0.01          1.98 2016   0.07  -0.06     1.98
  MONTH TO DATE    2.29                      1.14   1.15     3.17
  SINCE DEC 1      8.56                      6.86   1.70     9.71
  SINCE JAN 1      5.32                      3.64   1.68     4.88

SNOWFALL (IN)
  YESTERDAY        4.8          11.1  1958   0.9    3.9      3.1
  MONTH TO DATE   31.9                      14.9   17.0     21.1
  SINCE DEC 1     77.5                      81.6   -4.1     62.0
  SINCE JUL 1    102.9                      91.5   11.4     62.8
  SNOW DEPTH      11

DEGREE DAYS
 HEATING
  YESTERDAY       41                        39      2       38
  MONTH TO DATE  598                       643    -45      636
  SINCE DEC 1   2791                      3030   -239     2571
  SINCE JUL 1   3985                      4379   -394     3656

 COOLING
  YESTERDAY        0                         0      0        0
  MONTH TO DATE    0                         0      0        0
  SINCE DEC 1      0                         0      0        0
  SINCE JAN 1      0                         0      0        0
..................................................................


WIND (MPH)
  HIGHEST WIND SPEED    22   HIGHEST WIND DIRECTION     W (270)
  HIGHEST GUST SPEED    27   HIGHEST GUST DIRECTION     W (260)
  AVERAGE WIND SPEED    14.7


SKY COVER
  POSSIBLE SUNSHINE  MM
  AVERAGE SKY COVER 1.0


WEATHER CONDITIONS
 THE FOLLOWING WEATHER WAS RECORDED YESTERDAY.
  LIGHT SNOW
  FOG
  BLOWING SNOW


RELATIVE HUMIDITY (PERCENT)
 HIGHEST    96           300 AM
 LOWEST     81           200 AM
 AVERAGE    89

..........................................................


THE SYRACUSE NY CLIMATE NORMALS FOR TODAY
                         NORMAL    RECORD    YEAR
 MAXIMUM TEMPERATURE (F)   35        60      2006
                                             1981
 MINIMUM TEMPERATURE (F)   18       -17      1979


SUNRISE AND SUNSET
FEBRUARY 17 2017......SUNRISE   659 AM EST   SUNSET   539 PM EST
FEBRUARY 18 2017......SUNRISE   657 AM EST   SUNSET   540 PM EST


-  INDICATES NEGATIVE NUMBERS.
R  INDICATES RECORD WAS SET OR TIED.
MM INDICATES DATA IS MISSING.
T  INDICATES TRACE AMOUNT.




$$
