046
CDUS41 KBGM 150638
CLISYR


CLIMATE REPORT
NATIONAL WEATHER SERVICE BINGHAMTON NY
237 AM EDT SUN OCT 15 2017


...................................

...THE SYRACUSE NY CLIMATE SUMMARY FOR OCTOBER 14 2017...

CLIMATE NORMAL PERIOD 1981 TO 2010
CLIMATE RECORD PERIOD 1902 TO 2017


WEATHER ITEM   OBSERVED TIME   RECORD YEAR NORMAL DEPARTURE LAST
                VALUE   (LST)  VALUE       VALUE  FROM      YEAR
                                                  NORMAL
..................................................................
TEMPERATURE (F)
 YESTERDAY
  MAXIMUM         70    326 PM  85    1954  61      9       56
  MINIMUM         56   1142 PM  25    1993  42     14       34
  AVERAGE         63                        51     12       45

PRECIPITATION (IN)
  YESTERDAY        0.00          1.38 1995   0.11  -0.11     0.00
  MONTH TO DATE    1.71                      1.58   0.13     1.80
  SINCE SEP 1      3.09                      5.27  -2.18     5.50
  SINCE JAN 1     35.61                     29.86   5.75    28.71

SNOWFALL (IN)
  YESTERDAY        0.0           T    2006   0.0    0.0      0.0
                                      1989
  MONTH TO DATE    0.0                       0.0    0.0      0.0
  SINCE SEP 1      0.0                       0.0    0.0      0.0
  SINCE JUL 1      0.0                       0.0    0.0      0.0
  SNOW DEPTH       0

DEGREE DAYS
 HEATING
  YESTERDAY        2                        14    -12       20
  MONTH TO DATE   70                       166    -96      133
  SINCE SEP 1    173                       307   -134      221
  SINCE JUL 1    209                       333   -124      222

 COOLING
  YESTERDAY        0                         0      0        0
  MONTH TO DATE   16                         0     16        0
  SINCE SEP 1    111                        52     59       90
  SINCE JAN 1    561                       565     -4      802
..................................................................


WIND (MPH)
  HIGHEST WIND SPEED    12   HIGHEST WIND DIRECTION     S (180)
  HIGHEST GUST SPEED    17   HIGHEST GUST DIRECTION     S (190)
  AVERAGE WIND SPEED     4.6


SKY COVER
  POSSIBLE SUNSHINE  MM
  AVERAGE SKY COVER 0.8


WEATHER CONDITIONS
 THE FOLLOWING WEATHER WAS RECORDED YESTERDAY.
  NO SIGNIFICANT WEATHER WAS OBSERVED.


RELATIVE HUMIDITY (PERCENT)
 HIGHEST    93           700 AM
 LOWEST     66           100 PM
 AVERAGE    80

..........................................................


THE SYRACUSE NY CLIMATE NORMALS FOR TODAY
                         NORMAL    RECORD    YEAR
 MAXIMUM TEMPERATURE (F)   60        83      1947
 MINIMUM TEMPERATURE (F)   41        29      1996


SUNRISE AND SUNSET
OCTOBER 15 2017.......SUNRISE   718 AM EDT   SUNSET   621 PM EDT
OCTOBER 16 2017.......SUNRISE   720 AM EDT   SUNSET   620 PM EDT


-  INDICATES NEGATIVE NUMBERS.
R  INDICATES RECORD WAS SET OR TIED.
MM INDICATES DATA IS MISSING.
T  INDICATES TRACE AMOUNT.




$$
