000
CDUS41 KBGM 060535
CLISYR


CLIMATE REPORT
NATIONAL WEATHER SERVICE BINGHAMTON NY
135 AM EDT SUN APR 6 2014


...................................

...THE SYRACUSE NY CLIMATE SUMMARY FOR APRIL 5 2014...

CLIMATE NORMAL PERIOD 1981 TO 2010
CLIMATE RECORD PERIOD 1902 TO 2014


WEATHER ITEM   OBSERVED TIME   RECORD YEAR NORMAL DEPARTURE LAST
                VALUE   (LST)  VALUE       VALUE  FROM      YEAR
                                                  NORMAL
..................................................................
TEMPERATURE (F)
 YESTERDAY
  MAXIMUM         44   1234 AM  80    1910  52     -8       46
  MINIMUM         32   1159 PM  15    1982  33     -1       32
  AVERAGE         38                        42     -4       39

PRECIPITATION (IN)
  YESTERDAY        0.03          1.13 1941   0.11  -0.08      T
  MONTH TO DATE    0.35                      0.56  -0.21     0.44
  SINCE MAR 1      3.83                      3.51   0.32     2.46
  SINCE JAN 1      9.38                      8.08   1.30     6.88

SNOWFALL (IN)
  YESTERDAY        0.1           1.8  2004   0.2   -0.1       T
                                      1975
  MONTH TO DATE    0.1                       1.1   -1.0     12.0
  SINCE MAR 1     21.8                      19.1    2.7     32.2
  SINCE JUL 1    131.7                     121.0   10.7    115.4
  SNOW DEPTH       0

DEGREE DAYS
 HEATING
  YESTERDAY       27                        23      4       26
  MONTH TO DATE  126                       117      9      149
  SINCE MAR 1   1337                      1074    263     1113
  SINCE JUL 1   6429                      5905    524     5484

 COOLING
  YESTERDAY        0                         0      0        0
  MONTH TO DATE    0                         0      0        0
  SINCE MAR 1      0                         0      0        0
  SINCE JAN 1      0                         0      0        0
..................................................................


WIND (MPH)
  HIGHEST WIND SPEED    32   HIGHEST WIND DIRECTION     W (270)
  HIGHEST GUST SPEED    38   HIGHEST GUST DIRECTION     W (290)
  AVERAGE WIND SPEED    16.6


SKY COVER
  POSSIBLE SUNSHINE  MM
  AVERAGE SKY COVER 0.9


WEATHER CONDITIONS
 THE FOLLOWING WEATHER WAS RECORDED YESTERDAY.
  LIGHT RAIN
  LIGHT SNOW
  FOG
  BLOWING SNOW


RELATIVE HUMIDITY (PERCENT)
 HIGHEST    92           200 AM
 LOWEST     52           600 PM
 AVERAGE    72

..........................................................


THE SYRACUSE NY CLIMATE NORMALS FOR TODAY
                         NORMAL    RECORD    YEAR
 MAXIMUM TEMPERATURE (F)   53        82      1921
 MINIMUM TEMPERATURE (F)   33        14      1943


SUNRISE AND SUNSET
APRIL  6 2014.........SUNRISE   638 AM EDT   SUNSET   737 PM EDT
APRIL  7 2014.........SUNRISE   636 AM EDT   SUNSET   738 PM EDT


-  INDICATES NEGATIVE NUMBERS.
R  INDICATES RECORD WAS SET OR TIED.
MM INDICATES DATA IS MISSING.
T  INDICATES TRACE AMOUNT.




$$
