000
CDUS41 KBGM 210527
CLISYR


CLIMATE REPORT
NATIONAL WEATHER SERVICE BINGHAMTON NY
127 AM EDT THU MAY 21 2015


...................................

...THE SYRACUSE NY CLIMATE SUMMARY FOR MAY 20 2015...

CLIMATE NORMAL PERIOD 1981 TO 2010
CLIMATE RECORD PERIOD 1902 TO 2015


WEATHER ITEM   OBSERVED TIME   RECORD YEAR NORMAL DEPARTURE LAST
                VALUE   (LST)  VALUE       VALUE  FROM      YEAR
                                                  NORMAL
..................................................................
TEMPERATURE (F)
 YESTERDAY
  MAXIMUM         56    433 PM  90    1962  70    -14       74
  MINIMUM         41    504 AM  32    2002  48     -7       42
                                      1944
  AVERAGE         49                        59    -10       58

PRECIPITATION (IN)
  YESTERDAY        0.00          0.90 1969   0.11  -0.11     0.00
  MONTH TO DATE    1.92                      2.02  -0.10     3.46
  SINCE MAR 1      6.23                      8.16  -1.93    11.58
  SINCE JAN 1     10.11                     12.73  -2.62    17.13

SNOWFALL (IN)
  YESTERDAY        0.0           0.0  2002   0.0    0.0      0.0
                                      2001
  MONTH TO DATE    0.0                       0.1   -0.1       T
  SINCE MAR 1     12.9                      21.9   -9.0     22.1
  SINCE JUL 1    119.7                     123.8   -4.1    132.0
  SNOW DEPTH       0

DEGREE DAYS
 HEATING
  YESTERDAY       16                         7      9        7
  MONTH TO DATE   80                       192   -112      160
  SINCE MAR 1   1798                      1696    102     1933
  SINCE JUL 1   7022                      6527    495     7025

 COOLING
  YESTERDAY        0                         1     -1        0
  MONTH TO DATE   56                        10     46       32
  SINCE MAR 1     56                        14     42       33
  SINCE JAN 1     56                        14     42       33
..................................................................


WIND (MPH)
  HIGHEST WIND SPEED    25   HIGHEST WIND DIRECTION     W (280)
  HIGHEST GUST SPEED    31   HIGHEST GUST DIRECTION    NW (300)
  AVERAGE WIND SPEED    14.0


SKY COVER
  POSSIBLE SUNSHINE  MM
  AVERAGE SKY COVER 0.7


WEATHER CONDITIONS
 THE FOLLOWING WEATHER WAS RECORDED YESTERDAY.
  NO SIGNIFICANT WEATHER WAS OBSERVED.


RELATIVE HUMIDITY (PERCENT)
 HIGHEST    70           500 AM
 LOWEST     35           600 PM
 AVERAGE    53

..........................................................


THE SYRACUSE NY CLIMATE NORMALS FOR TODAY
                         NORMAL    RECORD    YEAR
 MAXIMUM TEMPERATURE (F)   70        96      1977
 MINIMUM TEMPERATURE (F)   48        33      1906


SUNRISE AND SUNSET
MAY 21 2015...........SUNRISE   535 AM EDT   SUNSET   827 PM EDT
MAY 22 2015...........SUNRISE   535 AM EDT   SUNSET   828 PM EDT


-  INDICATES NEGATIVE NUMBERS.
R  INDICATES RECORD WAS SET OR TIED.
MM INDICATES DATA IS MISSING.
T  INDICATES TRACE AMOUNT.




$$
