000
CDUS41 KBGM 270550
CLISYR


CLIMATE REPORT
NATIONAL WEATHER SERVICE BINGHAMTON NY
147 AM EDT MON JUL 27 2015


...................................

...THE SYRACUSE NY CLIMATE SUMMARY FOR JULY 26 2015...

CLIMATE NORMAL PERIOD 1981 TO 2010
CLIMATE RECORD PERIOD 1902 TO 2015


WEATHER ITEM   OBSERVED TIME   RECORD YEAR NORMAL DEPARTURE LAST
                VALUE   (LST)  VALUE       VALUE  FROM      YEAR
                                                  NORMAL
..................................................................
TEMPERATURE (F)
 YESTERDAY
  MAXIMUM         84    412 PM  94    1939  82      2       82
                                      1930
  MINIMUM         66   1159 PM  48    1984  61      5       59
  AVERAGE         75                        72      3       71

PRECIPITATION (IN)
  YESTERDAY        0.39          1.36 1971   0.12   0.27      T
  MONTH TO DATE    2.87                      3.18  -0.31     2.03
  SINCE JUN 1     12.79                      6.49   6.30     4.77
  SINCE JAN 1     24.91                     20.42   4.49    22.15

SNOWFALL (IN)
  YESTERDAY        0.0           0.0  2002   0.0    0.0      0.0
                                      2000
                                      2001
  MONTH TO DATE    0.0                       0.0    0.0      0.0
  SINCE JUN 1      0.0                       0.0    0.0      0.0
  SINCE JUL 1      0.0                       0.0    0.0      0.0
  SNOW DEPTH       0

DEGREE DAYS
 HEATING
  YESTERDAY        0                         0      0        0
  MONTH TO DATE    5                         2      3        0
  SINCE JUN 1     58                        63     -5       23
  SINCE JUL 1      5                         2      3        0

 COOLING
  YESTERDAY       10                         7      3        6
  MONTH TO DATE  139                       174    -35      197
  SINCE JUN 1    228                       287    -59      344
  SINCE JAN 1    333                       317     16      400
..................................................................


WIND (MPH)
  HIGHEST WIND SPEED    15   HIGHEST WIND DIRECTION    SW (220)
  HIGHEST GUST SPEED    21   HIGHEST GUST DIRECTION     S (200)
  AVERAGE WIND SPEED     6.0


SKY COVER
  POSSIBLE SUNSHINE  MM
  AVERAGE SKY COVER 0.7


WEATHER CONDITIONS
 THE FOLLOWING WEATHER WAS RECORDED YESTERDAY.
  THUNDERSTORM
  RAIN
  LIGHT RAIN
  FOG
  HAZE


RELATIVE HUMIDITY (PERCENT)
 HIGHEST   100           200 AM
 LOWEST     58           400 PM
 AVERAGE    79

..........................................................


THE SYRACUSE NY CLIMATE NORMALS FOR TODAY
                         NORMAL    RECORD    YEAR
 MAXIMUM TEMPERATURE (F)   82        95      1941
 MINIMUM TEMPERATURE (F)   61        50      2001
                                             1977


SUNRISE AND SUNSET
JULY 27 2015..........SUNRISE   550 AM EDT   SUNSET   832 PM EDT
JULY 28 2015..........SUNRISE   551 AM EDT   SUNSET   831 PM EDT


-  INDICATES NEGATIVE NUMBERS.
R  INDICATES RECORD WAS SET OR TIED.
MM INDICATES DATA IS MISSING.
T  INDICATES TRACE AMOUNT.

$$
