000
CDUS41 KBGM 220323
CLISYR


CLIMATE REPORT
NATIONAL WEATHER SERVICE BINGHAMTON NY
1022 PM EST MON NOV 21 2016


...................................

...THE SYRACUSE NY CLIMATE SUMMARY FOR NOVEMBER 21 2016...
VALID AS OF 1000 PM LOCAL TIME.

CLIMATE NORMAL PERIOD 1981 TO 2010
CLIMATE RECORD PERIOD 1902 TO 2016


WEATHER ITEM   OBSERVED TIME   RECORD YEAR NORMAL DEPARTURE LAST
                VALUE   (LST)  VALUE       VALUE  FROM      YEAR
                                                  NORMAL
..................................................................
TEMPERATURE (F)
 TODAY
  MAXIMUM         29    959 PM  71    1931  46    -17       48
  MINIMUM         26    743 AM   9    1987  31     -5       30
  AVERAGE         28                        39    -11       39

PRECIPITATION (IN)
  TODAY            0.38          1.27 1954   0.12   0.26     0.00
  MONTH TO DATE    2.15                      2.47  -0.32     0.78
  SINCE SEP 1     13.54                      9.60   3.94     9.60
  SINCE JAN 1     36.75                     34.19   2.56    36.92

SNOWFALL (IN)
  TODAY           15.5 R         5.9  1987   0.4   15.1      0.0
  MONTH TO DATE   21.9                       4.7   17.2       T
  SINCE SEP 1     22.1                       5.1   17.0      0.4
  SINCE JUL 1     22.1                       5.1   17.0      0.4
  SNOW DEPTH      20

DEGREE DAYS
 HEATING
  TODAY           37                        26     11       26
  MONTH TO DATE  441                       478    -37      329
  SINCE SEP 1    944                      1069   -125      841
  SINCE JUL 1    945                      1095   -150      849

 COOLING
  TODAY            0                         0      0        0
  MONTH TO DATE    0                         0      0        0
  SINCE SEP 1     97                        56     41      145
  SINCE JAN 1    809                       569    240      717
..................................................................


WIND (MPH)
  HIGHEST WIND SPEED    29   HIGHEST WIND DIRECTION     W (290)
  HIGHEST GUST SPEED    39   HIGHEST GUST DIRECTION    NW (300)
  AVERAGE WIND SPEED    19.2


SKY COVER
  POSSIBLE SUNSHINE  MM
  AVERAGE SKY COVER 1.0


WEATHER CONDITIONS
 THE FOLLOWING WEATHER WAS RECORDED TODAY.
  HEAVY SNOW
  SNOW
  LIGHT SNOW
  FOG
  FOG W/VISIBILITY <= 1/4 MILE
  BLOWING SNOW


RELATIVE HUMIDITY (PERCENT)
 HIGHEST   100          1200 AM
 LOWEST     85          1200 PM
 AVERAGE    93

..........................................................


THE SYRACUSE NY CLIMATE NORMALS FOR TOMORROW
                         NORMAL    RECORD    YEAR
 MAXIMUM TEMPERATURE (F)   46        71      1953
                                             1913
 MINIMUM TEMPERATURE (F)   31        11      2008


SUNRISE AND SUNSET
NOVEMBER 21 2016......SUNRISE   705 AM EST   SUNSET   435 PM EST
NOVEMBER 22 2016......SUNRISE   706 AM EST   SUNSET   435 PM EST


-  INDICATES NEGATIVE NUMBERS.
R  INDICATES RECORD WAS SET OR TIED.
MM INDICATES DATA IS MISSING.
T  INDICATES TRACE AMOUNT.

$$
