000
CDUS41 KBGM 140559
CLISYR


CLIMATE REPORT
NATIONAL WEATHER SERVICE BINGHAMTON NY
158 AM EDT SUN AUG 14 2016


...................................

...THE SYRACUSE NY CLIMATE SUMMARY FOR AUGUST 13 2016...

CLIMATE NORMAL PERIOD 1981 TO 2010
CLIMATE RECORD PERIOD 1902 TO 2016


WEATHER ITEM   OBSERVED TIME   RECORD YEAR NORMAL DEPARTURE LAST
                VALUE   (LST)  VALUE       VALUE  FROM      YEAR
                                                  NORMAL
..................................................................
TEMPERATURE (F)
 YESTERDAY
  MAXIMUM         90   1136 AM  96    1947  81      9       78
  MINIMUM         74   1159 PM  48    1941  60     14       59
                                      1930
  AVERAGE         82                        70     12       69

PRECIPITATION (IN)
  YESTERDAY        1.09          3.26 1943   0.11   0.98     0.00
  MONTH TO DATE    2.98                      1.48   1.50     0.73
  SINCE JUN 1      7.58                      8.57  -0.99    14.02
  SINCE JAN 1     22.14                     22.50  -0.36    26.14

SNOWFALL (IN)
  YESTERDAY        0.0           0.0  2002   0.0    0.0      0.0
                                      2000
                                      2001
  MONTH TO DATE    0.0                       0.0    0.0      0.0
  SINCE JUN 1      T                         0.0    0.0      0.0
  SINCE JUL 1      0.0                       0.0    0.0      0.0
  SNOW DEPTH       0

DEGREE DAYS
 HEATING
  YESTERDAY        0                         0      0        0
  MONTH TO DATE    0                         0      0        0
  SINCE JUN 1     53                        69    -16       58
  SINCE JUL 1      0                         8     -8        5

 COOLING
  YESTERDAY       17                         6     11        4
  MONTH TO DATE  148                        78     70       64
  SINCE JUN 1    514                       394    120      350
  SINCE JAN 1    570                       424    146      455
..................................................................


WIND (MPH)
  HIGHEST WIND SPEED    25   HIGHEST WIND DIRECTION    NW (330)
  HIGHEST GUST SPEED    34   HIGHEST GUST DIRECTION    NW (320)
  AVERAGE WIND SPEED     7.3


SKY COVER
  POSSIBLE SUNSHINE  MM
  AVERAGE SKY COVER 0.8


WEATHER CONDITIONS
 THE FOLLOWING WEATHER WAS RECORDED YESTERDAY.
  THUNDERSTORM
  HEAVY RAIN
  RAIN
  LIGHT RAIN
  FOG


RELATIVE HUMIDITY (PERCENT)
 HIGHEST   100           300 AM
 LOWEST     59          1100 AM
 AVERAGE    80

..........................................................


THE SYRACUSE NY CLIMATE NORMALS FOR TODAY
                         NORMAL    RECORD    YEAR
 MAXIMUM TEMPERATURE (F)   81       101      2002
 MINIMUM TEMPERATURE (F)   60        48      1966
                                             1946
                                             1903


SUNRISE AND SUNSET
AUGUST 14 2016........SUNRISE   610 AM EDT   SUNSET   808 PM EDT
AUGUST 15 2016........SUNRISE   611 AM EDT   SUNSET   806 PM EDT


-  INDICATES NEGATIVE NUMBERS.
R  INDICATES RECORD WAS SET OR TIED.
MM INDICATES DATA IS MISSING.
T  INDICATES TRACE AMOUNT.




$$
