000
CDUS41 KBGM 170317
CLISYR


CLIMATE REPORT
NATIONAL WEATHER SERVICE BINGHAMTON NY
1017 PM EST MON JAN 16 2017


...................................

...THE SYRACUSE NY CLIMATE SUMMARY FOR JANUARY 16 2017...
VALID AS OF 1000 PM LOCAL TIME.

CLIMATE NORMAL PERIOD 1981 TO 2010
CLIMATE RECORD PERIOD 1902 TO 2017


WEATHER ITEM   OBSERVED TIME   RECORD YEAR NORMAL DEPARTURE LAST
                VALUE   (LST)  VALUE       VALUE  FROM      YEAR
                                                  NORMAL
..................................................................
TEMPERATURE (F)
 TODAY
  MAXIMUM         41    222 PM  61    1995  31     10       39
  MINIMUM         17    724 AM -21    1994  15      2       29
  AVERAGE         29                        23      6       34

PRECIPITATION (IN)
  TODAY            0.00          0.69 1991   0.08  -0.08     0.17
  MONTH TO DATE    1.28                      1.37  -0.09     1.33
  SINCE DEC 1      4.52                      4.59  -0.07     6.16
  SINCE JAN 1      1.28                      1.37  -0.09     1.33

SNOWFALL (IN)
  TODAY            0.0           8.8  1959   1.1   -1.1       T
  MONTH TO DATE    4.8                      17.2  -12.4     20.3
  SINCE DEC 1     42.0                      49.9   -7.9     22.4
  SINCE JUL 1     67.4                      59.8    7.6     23.2
  SNOW DEPTH       0

DEGREE DAYS
 HEATING
  TODAY           36                        42     -6       31
  MONTH TO DATE  625                       659    -34      613
  SINCE DEC 1   1716                      1763    -47     1344
  SINCE JUL 1   2910                      3112   -202     2429

 COOLING
  TODAY            0                         0      0        0
  MONTH TO DATE    0                         0      0        0
  SINCE DEC 1      0                         0      0        0
  SINCE JAN 1      0                         0      0        0
..................................................................


WIND (MPH)
  HIGHEST WIND SPEED    12   HIGHEST WIND DIRECTION     W (250)
  HIGHEST GUST SPEED    14   HIGHEST GUST DIRECTION     W (250)
  AVERAGE WIND SPEED     4.5


SKY COVER
  POSSIBLE SUNSHINE  MM
  AVERAGE SKY COVER 0.6


WEATHER CONDITIONS
 THE FOLLOWING WEATHER WAS RECORDED TODAY.
  NO SIGNIFICANT WEATHER WAS OBSERVED.


RELATIVE HUMIDITY (PERCENT)
 HIGHEST    88           900 AM
 LOWEST     37           100 PM
 AVERAGE    63

..........................................................


THE SYRACUSE NY CLIMATE NORMALS FOR TOMORROW
                         NORMAL    RECORD    YEAR
 MAXIMUM TEMPERATURE (F)   31        58      1990
 MINIMUM TEMPERATURE (F)   15       -16      1965


SUNRISE AND SUNSET
JANUARY 16 2017.......SUNRISE   733 AM EST   SUNSET   456 PM EST
JANUARY 17 2017.......SUNRISE   732 AM EST   SUNSET   458 PM EST


-  INDICATES NEGATIVE NUMBERS.
R  INDICATES RECORD WAS SET OR TIED.
MM INDICATES DATA IS MISSING.
T  INDICATES TRACE AMOUNT.




$$
