000
CDUS41 KBGM 230218
CLISYR


CLIMATE REPORT
NATIONAL WEATHER SERVICE BINGHAMTON NY
1018 PM EDT SAT AUG 22 2015


...................................

...THE SYRACUSE NY CLIMATE SUMMARY FOR AUGUST 22 2015...
VALID AS OF 1000 PM LOCAL TIME.

CLIMATE NORMAL PERIOD 1981 TO 2010
CLIMATE RECORD PERIOD 1902 TO 2015


WEATHER ITEM   OBSERVED TIME   RECORD YEAR NORMAL DEPARTURE LAST
                VALUE   (LST)  VALUE       VALUE  FROM      YEAR
                                                  NORMAL
..................................................................
TEMPERATURE (F)
 TODAY
  MAXIMUM         77    305 PM  97    1916  80     -3       77
  MINIMUM         58    405 AM  43    1988  59     -1       63
  AVERAGE         68                        69     -1       70

PRECIPITATION (IN)
  TODAY            0.00          4.21 2010   0.11  -0.11      T
  MONTH TO DATE    1.75                      2.55  -0.80     3.49
  SINCE JUN 1     15.04                      9.64   5.40    11.41
  SINCE JAN 1     27.16                     23.57   3.59    28.79

SNOWFALL (IN)
  TODAY            0.0           0.0  2002   0.0    0.0      0.0
                                      2000
                                      2001
  MONTH TO DATE    0.0                       0.0    0.0      0.0
  SINCE JUN 1      0.0                       0.0    0.0      0.0
  SINCE JUL 1      0.0                       0.0    0.0      0.0
  SNOW DEPTH       0

DEGREE DAYS
 HEATING
  TODAY            0                         1     -1        0
  MONTH TO DATE    0                         9     -9        8
  SINCE JUN 1     58                        78    -20       33
  SINCE JUL 1      5                        17    -12       10

 COOLING
  TODAY            3                         5     -2        5
  MONTH TO DATE  143                       126     17      103
  SINCE JUN 1    429                       442    -13      460
  SINCE JAN 1    534                       472     62      516
..................................................................


WIND (MPH)
  HIGHEST WIND SPEED    13   HIGHEST WIND DIRECTION     N (340)
  HIGHEST GUST SPEED    19   HIGHEST GUST DIRECTION    NW (320)
  AVERAGE WIND SPEED     4.4


SKY COVER
  POSSIBLE SUNSHINE  MM
  AVERAGE SKY COVER 0.6


WEATHER CONDITIONS
 THE FOLLOWING WEATHER WAS RECORDED TODAY.
  NO SIGNIFICANT WEATHER WAS OBSERVED.


RELATIVE HUMIDITY (PERCENT)
 HIGHEST    97           700 AM
 LOWEST     46           200 PM
 AVERAGE    72

..........................................................


THE SYRACUSE NY CLIMATE NORMALS FOR TOMORROW
                         NORMAL    RECORD    YEAR
 MAXIMUM TEMPERATURE (F)   79        92      1936
                                             1918
 MINIMUM TEMPERATURE (F)   59        45      1988
                                             1971


SUNRISE AND SUNSET
AUGUST 22 2015........SUNRISE   618 AM EDT   SUNSET   756 PM EDT
AUGUST 23 2015........SUNRISE   619 AM EDT   SUNSET   755 PM EDT


-  INDICATES NEGATIVE NUMBERS.
R  INDICATES RECORD WAS SET OR TIED.
MM INDICATES DATA IS MISSING.
T  INDICATES TRACE AMOUNT.




$$
