000
CDUS41 KBGM 200220
CLISYR


CLIMATE REPORT
NATIONAL WEATHER SERVICE BINGHAMTON NY
1019 PM EDT THU MAY 19 2016


...................................

...THE SYRACUSE NY CLIMATE SUMMARY FOR MAY 19 2016...
VALID AS OF 1000 PM LOCAL TIME.

CLIMATE NORMAL PERIOD 1981 TO 2010
CLIMATE RECORD PERIOD 1902 TO 2016


WEATHER ITEM   OBSERVED TIME   RECORD YEAR NORMAL DEPARTURE LAST
                VALUE   (LST)  VALUE       VALUE  FROM      YEAR
                                                  NORMAL
..................................................................
TEMPERATURE (F)
 TODAY
  MAXIMUM         68    224 PM  92    1971  70     -2       76
  MINIMUM         39    512 AM  32    2009  47     -8       50
                                      1944
  AVERAGE         54                        58     -4       63

PRECIPITATION (IN)
  TODAY            0.00          2.36 1969   0.11  -0.11     0.01
  MONTH TO DATE    1.10                      1.91  -0.81     1.92
  SINCE MAR 1      5.56                      8.05  -2.49     6.23
  SINCE JAN 1     12.08                     12.62  -0.54    10.11

SNOWFALL (IN)
  TODAY            0.0           T    1976   0.0    0.0      0.0
  MONTH TO DATE    T                         0.1   -0.1      0.0
  SINCE MAR 1     13.5                      21.9   -8.4     12.9
  SINCE JUL 1     80.3                     123.8  -43.5    119.7
  SNOW DEPTH       0

DEGREE DAYS
 HEATING
  TODAY           11                         7      4        2
  MONTH TO DATE  240                       185     55       64
  SINCE MAR 1   1678                      1689    -11     1782
  SINCE JUL 1   5777                      6520   -743     7006

 COOLING
  TODAY            0                         1     -1        0
  MONTH TO DATE    0                         9     -9       56
  SINCE MAR 1      0                        13    -13       56
  SINCE JAN 1      0                        13    -13       56
..................................................................


WIND (MPH)
  HIGHEST WIND SPEED    18   HIGHEST WIND DIRECTION    NW (320)
  HIGHEST GUST SPEED    24   HIGHEST GUST DIRECTION    NW (300)
  AVERAGE WIND SPEED     6.7


SKY COVER
  POSSIBLE SUNSHINE  MM
  AVERAGE SKY COVER 0.5


WEATHER CONDITIONS
 THE FOLLOWING WEATHER WAS RECORDED TODAY.
  NO SIGNIFICANT WEATHER WAS OBSERVED.


RELATIVE HUMIDITY (PERCENT)
 HIGHEST    92           500 AM
 LOWEST     34           200 PM
 AVERAGE    63

..........................................................


THE SYRACUSE NY CLIMATE NORMALS FOR TOMORROW
                         NORMAL    RECORD    YEAR
 MAXIMUM TEMPERATURE (F)   70        90      1962
 MINIMUM TEMPERATURE (F)   48        32      2002
                                             1944


SUNRISE AND SUNSET
MAY 19 2016...........SUNRISE   537 AM EDT   SUNSET   826 PM EDT
MAY 20 2016...........SUNRISE   536 AM EDT   SUNSET   827 PM EDT


-  INDICATES NEGATIVE NUMBERS.
R  INDICATES RECORD WAS SET OR TIED.
MM INDICATES DATA IS MISSING.
T  INDICATES TRACE AMOUNT.




$$
