000
CDUS41 KBGM 130548
CLISYR


CLIMATE REPORT
NATIONAL WEATHER SERVICE BINGHAMTON NY
1248 AM EST MON FEB 13 2017


...................................

...THE SYRACUSE NY CLIMATE SUMMARY FOR FEBRUARY 12 2017...

CLIMATE NORMAL PERIOD 1981 TO 2010
CLIMATE RECORD PERIOD 1902 TO 2017


WEATHER ITEM   OBSERVED TIME   RECORD YEAR NORMAL DEPARTURE LAST
                VALUE   (LST)  VALUE       VALUE  FROM      YEAR
                                                  NORMAL
..................................................................
TEMPERATURE (F)
 YESTERDAY
  MAXIMUM         34    736 PM  60    1999  34      0       23
                                      1932
  MINIMUM         27    107 PM -22    1979  17     10        8
  AVERAGE         31                        25      6       16

PRECIPITATION (IN)
  YESTERDAY        0.57          0.90 1910   0.08   0.49     0.05
  MONTH TO DATE    1.78                      0.85   0.93     0.97
  SINCE DEC 1      8.05                      6.57   1.48     7.51
  SINCE JAN 1      4.81                      3.35   1.46     2.68

SNOWFALL (IN)
  YESTERDAY        5.5           9.8  1988   1.0    4.5      1.3
  MONTH TO DATE   18.7                      11.4    7.3     11.7
  SINCE DEC 1     64.3                      78.1  -13.8     52.6
  SINCE JUL 1     89.7                      88.0    1.7     53.4
  SNOW DEPTH       6

DEGREE DAYS
 HEATING
  YESTERDAY       34                        40     -6       49
  MONTH TO DATE  454                       486    -32      406
  SINCE DEC 1   2647                      2873   -226     2341
  SINCE JUL 1   3841                      4222   -381     3426

 COOLING
  YESTERDAY        0                         0      0        0
  MONTH TO DATE    0                         0      0        0
  SINCE DEC 1      0                         0      0        0
  SINCE JAN 1      0                         0      0        0
..................................................................


WIND (MPH)
  HIGHEST WIND SPEED    25   HIGHEST WIND DIRECTION     W (280)
  HIGHEST GUST SPEED    33   HIGHEST GUST DIRECTION     W (270)
  AVERAGE WIND SPEED     8.1


SKY COVER
  POSSIBLE SUNSHINE  MM
  AVERAGE SKY COVER 1.0


WEATHER CONDITIONS
 THE FOLLOWING WEATHER WAS RECORDED YESTERDAY.
  LIGHT RAIN
  LT FREEZING RAIN
  SNOW
  LIGHT SNOW
  SLEET
  FOG
  BLOWING SNOW


RELATIVE HUMIDITY (PERCENT)
 HIGHEST   100          1200 PM
 LOWEST     85           600 AM
 AVERAGE    93

..........................................................


THE SYRACUSE NY CLIMATE NORMALS FOR TODAY
                         NORMAL    RECORD    YEAR
 MAXIMUM TEMPERATURE (F)   34        58      1937
 MINIMUM TEMPERATURE (F)   17       -22      1967


SUNRISE AND SUNSET
FEBRUARY 13 2017......SUNRISE   705 AM EST   SUNSET   533 PM EST
FEBRUARY 14 2017......SUNRISE   703 AM EST   SUNSET   535 PM EST


-  INDICATES NEGATIVE NUMBERS.
R  INDICATES RECORD WAS SET OR TIED.
MM INDICATES DATA IS MISSING.
T  INDICATES TRACE AMOUNT.




$$
