000
CDUS41 KBGM 050550
CLISYR


CLIMATE REPORT
NATIONAL WEATHER SERVICE BINGHAMTON NY
1250 AM EST TUE DEC 5 2017


...................................

...THE SYRACUSE NY CLIMATE SUMMARY FOR DECEMBER 4 2017...

CLIMATE NORMAL PERIOD 1981 TO 2010
CLIMATE RECORD PERIOD 1902 TO 2017


WEATHER ITEM   OBSERVED TIME   RECORD YEAR NORMAL DEPARTURE LAST
                VALUE   (LST)  VALUE       VALUE  FROM      YEAR
                                                  NORMAL
..................................................................
TEMPERATURE (F)
 YESTERDAY
  MAXIMUM         52   1248 PM  70    2012  41     11       38
  MINIMUM         29    709 AM  -7    1944  27      2       27
  AVERAGE         41                        34      7       33

PRECIPITATION (IN)
  YESTERDAY        0.00          1.43 1950   0.11  -0.11     0.00
  MONTH TO DATE    0.01                      0.46  -0.45     0.55
  SINCE DEC 1      0.01                      0.46  -0.45     0.55
  SINCE JAN 1     43.65                     35.71   7.94    37.93

SNOWFALL (IN)
  YESTERDAY        0.0           8.4  2007   0.9   -0.9      0.0
  MONTH TO DATE    0.0                       3.5   -3.5       T
  SINCE DEC 1      0.0                       3.5   -3.5       T
  SINCE JUL 1      5.2                      13.4   -8.2     25.4
  SNOW DEPTH       0

DEGREE DAYS
 HEATING
  YESTERDAY       24                        31     -7       32
  MONTH TO DATE  112                       123    -11      106
  SINCE DEC 1    112                       123    -11      106
  SINCE JUL 1   1309                      1472   -163     1300

 COOLING
  YESTERDAY        0                         0      0        0
  MONTH TO DATE    0                         0      0        0
  SINCE DEC 1      0                         0      0        0
  SINCE JAN 1    562                       569     -7      809
..................................................................


WIND (MPH)
  HIGHEST WIND SPEED    22   HIGHEST WIND DIRECTION     S (160)
  HIGHEST GUST SPEED    29   HIGHEST GUST DIRECTION    SE (130)
  AVERAGE WIND SPEED     7.4


SKY COVER
  POSSIBLE SUNSHINE  MM
  AVERAGE SKY COVER 0.7


WEATHER CONDITIONS
 THE FOLLOWING WEATHER WAS RECORDED YESTERDAY.
  FOG
  HAZE


RELATIVE HUMIDITY (PERCENT)
 HIGHEST   100           200 AM
 LOWEST     52           200 PM
 AVERAGE    76

..........................................................


THE SYRACUSE NY CLIMATE NORMALS FOR TODAY
                         NORMAL    RECORD    YEAR
 MAXIMUM TEMPERATURE (F)   40        69      2001
 MINIMUM TEMPERATURE (F)   26         0      1926


SUNRISE AND SUNSET
DECEMBER  5 2017......SUNRISE   721 AM EST   SUNSET   430 PM EST
DECEMBER  6 2017......SUNRISE   722 AM EST   SUNSET   429 PM EST


-  INDICATES NEGATIVE NUMBERS.
R  INDICATES RECORD WAS SET OR TIED.
MM INDICATES DATA IS MISSING.
T  INDICATES TRACE AMOUNT.




$$
