000
CDUS41 KBGM 140331
CLISYR


CLIMATE REPORT
NATIONAL WEATHER SERVICE BINGHAMTON NY
1030 PM EST SAT DEC 13 2014


...................................

...THE SYRACUSE NY CLIMATE SUMMARY FOR DECEMBER 13 2014...
VALID AS OF 1000 PM LOCAL TIME.

CLIMATE NORMAL PERIOD 1981 TO 2010
CLIMATE RECORD PERIOD 1902 TO 2014


WEATHER ITEM   OBSERVED TIME   RECORD YEAR NORMAL DEPARTURE LAST
                VALUE   (LST)  VALUE       VALUE  FROM      YEAR
                                                  NORMAL
..................................................................
TEMPERATURE (F)
 TODAY
  MAXIMUM         33    514 PM  61    1923  37     -4       24
  MINIMUM         22    710 AM  -5    1982  23     -1       11
  AVERAGE         28                        30     -2       18

PRECIPITATION (IN)
  TODAY            T             1.48 1996   0.10  -0.10     0.07
  MONTH TO DATE    1.83                      1.46   0.37     0.65
  SINCE DEC 1      1.83                      1.46   0.37     0.65
  SINCE JAN 1     39.31                     36.71   2.60    38.18

SNOWFALL (IN)
  TODAY            T             5.9  1951   1.1   -1.1      2.7
  MONTH TO DATE   15.8                      12.8    3.0      6.3
  SINCE DEC 1     15.8                      12.8    3.0      6.3
  SINCE JUL 1     26.8                      22.7    4.1     20.6
  SNOW DEPTH      11

DEGREE DAYS
 HEATING
  TODAY           37                        35      2       47
  MONTH TO DATE  451                       423     28      439
  SINCE DEC 1    451                       423     28      439
  SINCE JUL 1   1636                      1772   -136     1772

 COOLING
  TODAY            0                         0      0        0
  MONTH TO DATE    0                         0      0        0
  SINCE DEC 1      0                         0      0        0
  SINCE JAN 1    647                       569     78      712
..................................................................


WIND (MPH)
  HIGHEST WIND SPEED    15   HIGHEST WIND DIRECTION     W (270)
  HIGHEST GUST SPEED    19   HIGHEST GUST DIRECTION     W (270)
  AVERAGE WIND SPEED     7.0


SKY COVER
  POSSIBLE SUNSHINE  MM
  AVERAGE SKY COVER 0.9


WEATHER CONDITIONS
 THE FOLLOWING WEATHER WAS RECORDED TODAY.
  LIGHT RAIN
  LIGHT SNOW
  FOG


RELATIVE HUMIDITY (PERCENT)
 HIGHEST   100           500 AM
 LOWEST     81           800 AM
 AVERAGE    91

..........................................................


THE SYRACUSE NY CLIMATE NORMALS FOR TOMORROW
                         NORMAL    RECORD    YEAR
 MAXIMUM TEMPERATURE (F)   37        60      1975
 MINIMUM TEMPERATURE (F)   23        -8      2005


SUNRISE AND SUNSET
DECEMBER 13 2014......SUNRISE   728 AM EST   SUNSET   430 PM EST
DECEMBER 14 2014......SUNRISE   728 AM EST   SUNSET   430 PM EST


-  INDICATES NEGATIVE NUMBERS.
R  INDICATES RECORD WAS SET OR TIED.
MM INDICATES DATA IS MISSING.
T  INDICATES TRACE AMOUNT.




$$
