753
CDUS41 KBGM 150348
CLISYR


CLIMATE REPORT
NATIONAL WEATHER SERVICE BINGHAMTON NY
1047 PM EST SUN JAN 14 2018


...................................

...THE SYRACUSE NY CLIMATE SUMMARY FOR JANUARY 14 2018...
VALID AS OF 1000 PM LOCAL TIME.

CLIMATE NORMAL PERIOD 1981 TO 2010
CLIMATE RECORD PERIOD 1902 TO 2018


WEATHER ITEM   OBSERVED TIME   RECORD YEAR NORMAL DEPARTURE LAST
                VALUE   (LST)  VALUE       VALUE  FROM      YEAR
                                                  NORMAL
..................................................................
TEMPERATURE (F)
 TODAY
  MAXIMUM         11    144 PM  69    1995  31    -20       26
  MINIMUM        -13    739 AM -18    2004  15    -28       13
  AVERAGE         -1                        23    -24       20

PRECIPITATION (IN)
  TODAY            0.00          0.76 2005   0.08  -0.08     0.00
  MONTH TO DATE    2.56                      1.22   1.34     1.28
  SINCE DEC 1      4.90                      4.44   0.46     4.52
  SINCE JAN 1      2.56                      1.22   1.34     1.28

SNOWFALL (IN)
  TODAY            0.0           7.6  1978   1.1   -1.1      0.0
  MONTH TO DATE   34.3                      15.0   19.3      4.8
  SINCE DEC 1     68.5                      47.7   20.8     42.0
  SINCE JUL 1     73.7                      57.6   16.1     67.4
  SNOW DEPTH       8

DEGREE DAYS
 HEATING
  TODAY           66                        42     24       45
  MONTH TO DATE  663                       575     88      550
  SINCE DEC 1   1924                      1679    245     1641
  SINCE JUL 1   3121                      3028     93     2835

 COOLING
  TODAY            0                         0      0        0
  MONTH TO DATE    0                         0      0        0
  SINCE DEC 1      0                         0      0        0
  SINCE JAN 1      0                         0      0        0
..................................................................


WIND (MPH)
  HIGHEST WIND SPEED     7   HIGHEST WIND DIRECTION     E (80)
  HIGHEST GUST SPEED     7   HIGHEST GUST DIRECTION     E (90)
  AVERAGE WIND SPEED     1.2


SKY COVER
  POSSIBLE SUNSHINE  MM
  AVERAGE SKY COVER 0.2


WEATHER CONDITIONS
 THE FOLLOWING WEATHER WAS RECORDED TODAY.
  FOG


RELATIVE HUMIDITY (PERCENT)
 HIGHEST   100           400 AM
 LOWEST     66           400 PM
 AVERAGE    83

..........................................................


THE SYRACUSE NY CLIMATE NORMALS FOR TOMORROW
                         NORMAL    RECORD    YEAR
 MAXIMUM TEMPERATURE (F)   31        68      1995
 MINIMUM TEMPERATURE (F)   15       -24      1957


SUNRISE AND SUNSET
JANUARY 14 2018.......SUNRISE   734 AM EST   SUNSET   454 PM EST
JANUARY 15 2018.......SUNRISE   733 AM EST   SUNSET   455 PM EST


-  INDICATES NEGATIVE NUMBERS.
R  INDICATES RECORD WAS SET OR TIED.
MM INDICATES DATA IS MISSING.
T  INDICATES TRACE AMOUNT.




$$
