000
CDUS41 KBGM 132223
CLISYR


CLIMATE REPORT
NATIONAL WEATHER SERVICE BINGHAMTON NY
523 PM EST THU NOV 13 2014


...................................

...THE SYRACUSE NY CLIMATE SUMMARY FOR NOVEMBER 13 2014...
VALID TODAY AS OF 0500 PM LOCAL TIME.

CLIMATE NORMAL PERIOD 1981 TO 2010
CLIMATE RECORD PERIOD 1902 TO 2014


WEATHER ITEM   OBSERVED TIME   RECORD YEAR NORMAL DEPARTURE LAST
                VALUE   (LST)  VALUE       VALUE  FROM      YEAR
                                                  NORMAL
..................................................................
TEMPERATURE (F)
 TODAY
  MAXIMUM         39   1230 PM  71    1902  50    -11       38
  MINIMUM         33    459 PM  14    1996  34     -1       21
  AVERAGE         36                        42     -6       30

PRECIPITATION (IN)
  TODAY            0.02          0.87 1937   0.11  -0.09      T
  MONTH TO DATE    0.74                      1.51  -0.77     1.53
  SINCE SEP 1      6.88                      8.64  -1.76     8.64
  SINCE JAN 1     35.92                     33.23   2.69    35.22

SNOWFALL (IN)
  TODAY            T             5.0  1986   0.2   -0.2       T
  MONTH TO DATE    T                         2.3   -2.3      0.4
  SINCE SEP 1      T                         2.7   -2.7      0.4
  SINCE JUL 1      T                         2.7   -2.7      0.4
  SNOW DEPTH       0

DEGREE DAYS
 HEATING
  TODAY           29                        23      6       35
  MONTH TO DATE  244                       278    -34      293
  SINCE SEP 1    666                       869   -203      809
  SINCE JUL 1    677                       895   -218      815

 COOLING
  TODAY            0                         0      0        0
  MONTH TO DATE    0                         0      0        0
  SINCE SEP 1     88                        56     32       69
  SINCE JAN 1    647                       569     78      712
..................................................................


WIND (MPH)
  HIGHEST WIND SPEED    17   HIGHEST WIND DIRECTION     W (250)
  HIGHEST GUST SPEED    20   HIGHEST GUST DIRECTION     W (250)
  AVERAGE WIND SPEED    10.2


SKY COVER
  POSSIBLE SUNSHINE  MM
  AVERAGE SKY COVER 1.0


WEATHER CONDITIONS
 THE FOLLOWING WEATHER WAS RECORDED TODAY.
  LIGHT SNOW
  FOG


RELATIVE HUMIDITY (PERCENT)
 HIGHEST    89           300 PM
 LOWEST     50          1100 AM
 AVERAGE    70

..........................................................


THE SYRACUSE NY CLIMATE NORMALS FOR TOMORROW
                         NORMAL    RECORD    YEAR
 MAXIMUM TEMPERATURE (F)   49        72      1994
 MINIMUM TEMPERATURE (F)   33        12      1905


SUNRISE AND SUNSET
NOVEMBER 13 2014......SUNRISE   655 AM EST   SUNSET   442 PM EST
NOVEMBER 14 2014......SUNRISE   656 AM EST   SUNSET   441 PM EST


-  INDICATES NEGATIVE NUMBERS.
R  INDICATES RECORD WAS SET OR TIED.
MM INDICATES DATA IS MISSING.
T  INDICATES TRACE AMOUNT.




$$
