000
CDUS41 KBGM 130226
CLISYR


CLIMATE REPORT
NATIONAL WEATHER SERVICE BINGHAMTON NY
1025 PM EDT SAT APR 12 2014


...................................

...THE SYRACUSE NY CLIMATE SUMMARY FOR APRIL 12 2014...
VALID AS OF 1000 PM LOCAL TIME.

CLIMATE NORMAL PERIOD 1981 TO 2010
CLIMATE RECORD PERIOD 1902 TO 2014


WEATHER ITEM   OBSERVED TIME   RECORD YEAR NORMAL DEPARTURE LAST
                VALUE   (LST)  VALUE       VALUE  FROM      YEAR
                                                  NORMAL
..................................................................
TEMPERATURE (F)
 TODAY
  MAXIMUM         67    311 PM  83    1945  56     11       42
  MINIMUM         34    456 AM  19    1976  36     -2       33
                                      1967
  AVERAGE         51                        46      5       38

PRECIPITATION (IN)
  TODAY            0.00          1.29 1965   0.12  -0.12     0.83
  MONTH TO DATE    1.63                      1.35   0.28     2.53
  SINCE MAR 1      5.11                      4.30   0.81     4.55
  SINCE JAN 1     10.66                      8.87   1.79     8.97

SNOWFALL (IN)
  TODAY            0.0           3.1  1993   0.1   -0.1      0.0
  MONTH TO DATE    0.1                       2.3   -2.2     12.0
  SINCE MAR 1     21.8                      20.3    1.5     32.2
  SINCE JUL 1    131.7                     122.2    9.5    115.4
  SNOW DEPTH       0

DEGREE DAYS
 HEATING
  TODAY           14                        20     -6       27
  MONTH TO DATE  267                       263      4      288
  SINCE MAR 1   1478                      1220    258     1252
  SINCE JUL 1   6570                      6051    519     5623

 COOLING
  TODAY            0                         0      0        0
  MONTH TO DATE    0                         0      0        0
  SINCE MAR 1      0                         0      0        0
  SINCE JAN 1      0                         0      0        0
..................................................................


WIND (MPH)
  HIGHEST WIND SPEED    14   HIGHEST WIND DIRECTION     W (250)
  HIGHEST GUST SPEED    18   HIGHEST GUST DIRECTION     W (280)
  AVERAGE WIND SPEED     4.7


SKY COVER
  POSSIBLE SUNSHINE  MM
  AVERAGE SKY COVER 0.6


WEATHER CONDITIONS
 THE FOLLOWING WEATHER WAS RECORDED TODAY.
  NO SIGNIFICANT WEATHER WAS OBSERVED.


RELATIVE HUMIDITY (PERCENT)
 HIGHEST   100           300 AM
 LOWEST     30           500 PM
 AVERAGE    65

..........................................................


THE SYRACUSE NY CLIMATE NORMALS FOR TOMORROW
                         NORMAL    RECORD    YEAR
 MAXIMUM TEMPERATURE (F)   56        85      1945
 MINIMUM TEMPERATURE (F)   36        21      1940
                                             1914


SUNRISE AND SUNSET
APRIL 12 2014.........SUNRISE   628 AM EDT   SUNSET   744 PM EDT
APRIL 13 2014.........SUNRISE   626 AM EDT   SUNSET   745 PM EDT


-  INDICATES NEGATIVE NUMBERS.
R  INDICATES RECORD WAS SET OR TIED.
MM INDICATES DATA IS MISSING.
T  INDICATES TRACE AMOUNT.




$$
