000
CDUS41 KBGM 162116
CLISYR


CLIMATE REPORT
NATIONAL WEATHER SERVICE BINGHAMTON NY
515 PM EDT TUE AUG 16 2016


...................................

...THE SYRACUSE NY CLIMATE SUMMARY FOR AUGUST 16 2016...
VALID TODAY AS OF 0500 PM LOCAL TIME.

CLIMATE NORMAL PERIOD 1981 TO 2010
CLIMATE RECORD PERIOD 1902 TO 2016


WEATHER ITEM   OBSERVED TIME   RECORD YEAR NORMAL DEPARTURE LAST
                VALUE   (LST)  VALUE       VALUE  FROM      YEAR
                                                  NORMAL
..................................................................
TEMPERATURE (F)
 TODAY
  MAXIMUM         87    359 PM  95    2002  80      7       87
                                      1944
  MINIMUM         67    617 AM  47    1972  60      7       65
                                      1968
  AVERAGE         77                        70      7       76

PRECIPITATION (IN)
  TODAY            0.01          2.51 1928   0.12  -0.11     0.00
  MONTH TO DATE    2.99                      1.84   1.15     1.40
  SINCE JUN 1      7.59                      8.93  -1.34    14.69
  SINCE JAN 1     22.15                     22.86  -0.71    26.81

SNOWFALL (IN)
  TODAY            0.0           0.0  2002   0.0    0.0      0.0
                                      2000
                                      2001
  MONTH TO DATE    0.0                       0.0    0.0      0.0
  SINCE JUN 1      T                         0.0    0.0      0.0
  SINCE JUL 1      0.0                       0.0    0.0      0.0
  SNOW DEPTH       0

DEGREE DAYS
 HEATING
  TODAY            0                         1     -1        0
  MONTH TO DATE    0                         3     -3        0
  SINCE JUN 1     53                        72    -19       58
  SINCE JUL 1      0                        11    -11        5

 COOLING
  TODAY           12                         6      6       11
  MONTH TO DATE  179                        96     83       94
  SINCE JUN 1    545                       412    133      380
  SINCE JAN 1    601                       442    159      485
..................................................................


WIND (MPH)
  HIGHEST WIND SPEED    21   HIGHEST WIND DIRECTION     S (170)
  HIGHEST GUST SPEED    26   HIGHEST GUST DIRECTION     S (160)
  AVERAGE WIND SPEED     6.9


SKY COVER
  POSSIBLE SUNSHINE  MM
  AVERAGE SKY COVER 1.0


WEATHER CONDITIONS
 THE FOLLOWING WEATHER WAS RECORDED TODAY.
  LIGHT RAIN


RELATIVE HUMIDITY (PERCENT)
 HIGHEST   100           600 AM
 LOWEST     59           400 PM
 AVERAGE    80

..........................................................


THE SYRACUSE NY CLIMATE NORMALS FOR TOMORROW
                         NORMAL    RECORD    YEAR
 MAXIMUM TEMPERATURE (F)   80        97      1987
 MINIMUM TEMPERATURE (F)   60        44      1979


SUNRISE AND SUNSET
AUGUST 16 2016........SUNRISE   612 AM EDT   SUNSET   805 PM EDT
AUGUST 17 2016........SUNRISE   613 AM EDT   SUNSET   803 PM EDT


-  INDICATES NEGATIVE NUMBERS.
R  INDICATES RECORD WAS SET OR TIED.
MM INDICATES DATA IS MISSING.
T  INDICATES TRACE AMOUNT.

$$
