000
CDUS41 KBGM 150609
CLISYR


CLIMATE REPORT
NATIONAL WEATHER SERVICE BINGHAMTON NY
209 AM EDT MON MAY 15 2017


...................................

...THE SYRACUSE NY CLIMATE SUMMARY FOR MAY 14 2017...

CLIMATE NORMAL PERIOD 1981 TO 2010
CLIMATE RECORD PERIOD 1902 TO 2017


WEATHER ITEM   OBSERVED TIME   RECORD YEAR NORMAL DEPARTURE LAST
                VALUE   (LST)  VALUE       VALUE  FROM      YEAR
                                                  NORMAL
..................................................................
TEMPERATURE (F)
 YESTERDAY
  MAXIMUM         63    254 PM  87    1942  68     -5       67
  MINIMUM         41    445 AM  30    1939  46     -5       45
  AVERAGE         52                        57     -5       56

PRECIPITATION (IN)
  YESTERDAY        0.05          1.00 1905   0.10  -0.05     0.05
  MONTH TO DATE    3.16                      1.39   1.77     1.08
  SINCE MAR 1     11.96                      7.53   4.43     5.54
  SINCE JAN 1     18.54                     12.10   6.44    12.06

SNOWFALL (IN)
  YESTERDAY        0.0           0.0  2002   0.0    0.0      0.0
                                      2001
  MONTH TO DATE    0.0                       0.1   -0.1      0.0
  SINCE MAR 1     31.2                      21.9    9.3     13.5
  SINCE JUL 1    134.9                     123.8   11.1     80.3
  SNOW DEPTH       0

DEGREE DAYS
 HEATING
  YESTERDAY       13                         9      4        9
  MONTH TO DATE  227                       146     81      159
  SINCE MAR 1   1725                      1650     75     1597
  SINCE JUL 1   5994                      6481   -487     5696

 COOLING
  YESTERDAY        0                         1     -1        0
  MONTH TO DATE    0                         4     -4        0
  SINCE MAR 1     12                         8      4        0
  SINCE JAN 1     12                         8      4        0
..................................................................


WIND (MPH)
  HIGHEST WIND SPEED    23   HIGHEST WIND DIRECTION     W (280)
  HIGHEST GUST SPEED    29   HIGHEST GUST DIRECTION     W (270)
  AVERAGE WIND SPEED     9.0


SKY COVER
  POSSIBLE SUNSHINE  MM
  AVERAGE SKY COVER 0.8


WEATHER CONDITIONS
 THE FOLLOWING WEATHER WAS RECORDED YESTERDAY.
  THUNDERSTORM
  LIGHT RAIN
  FOG
  FOG W/VISIBILITY <= 1/4 MILE


RELATIVE HUMIDITY (PERCENT)
 HIGHEST   100          1200 AM
 LOWEST     43           300 PM
 AVERAGE    72

..........................................................


THE SYRACUSE NY CLIMATE NORMALS FOR TODAY
                         NORMAL    RECORD    YEAR
 MAXIMUM TEMPERATURE (F)   69        87      1940
 MINIMUM TEMPERATURE (F)   46        33      1977
                                             1917


SUNRISE AND SUNSET
MAY 15 2017...........SUNRISE   541 AM EDT   SUNSET   822 PM EDT
MAY 16 2017...........SUNRISE   540 AM EDT   SUNSET   823 PM EDT


-  INDICATES NEGATIVE NUMBERS.
R  INDICATES RECORD WAS SET OR TIED.
MM INDICATES DATA IS MISSING.
T  INDICATES TRACE AMOUNT.




$$
