000
CDUS41 KBGM 270525
CLISYR


CLIMATE REPORT
NATIONAL WEATHER SERVICE BINGHAMTON NY
125 AM EDT SAT JUN 27 2015


...................................

...THE SYRACUSE NY CLIMATE SUMMARY FOR JUNE 26 2015...

CLIMATE NORMAL PERIOD 1981 TO 2010
CLIMATE RECORD PERIOD 1902 TO 2015


WEATHER ITEM   OBSERVED TIME   RECORD YEAR NORMAL DEPARTURE LAST
                VALUE   (LST)  VALUE       VALUE  FROM      YEAR
                                                  NORMAL
..................................................................
TEMPERATURE (F)
 YESTERDAY
  MAXIMUM         78    343 PM  96    1952  80     -2       80
  MINIMUM         59   1151 PM  42    1970  59      0       63
  AVERAGE         69                        70     -1       72

PRECIPITATION (IN)
  YESTERDAY        0.00          2.67 1968   0.11  -0.11     0.00
  MONTH TO DATE    5.46                      2.86   2.60     2.71
  SINCE JUN 1      5.46                      2.86   2.60     2.71
  SINCE JAN 1     17.58                     16.79   0.79    20.09

SNOWFALL (IN)
  YESTERDAY        0.0           0.0  2002   0.0    0.0      0.0
                                      2001
  MONTH TO DATE    0.0                       0.0    0.0      0.0
  SINCE JUN 1      0.0                       0.0    0.0      0.0
  SINCE JUL 1    119.7                     123.8   -4.1    132.0
  SNOW DEPTH       0

DEGREE DAYS
 HEATING
  YESTERDAY        0                         1     -1        0
  MONTH TO DATE   43                        57    -14       23
  SINCE JUN 1     43                        57    -14       23
  SINCE JUL 1   7111                      6647    464     7079

 COOLING
  YESTERDAY        4                         5     -1        7
  MONTH TO DATE   88                        90     -2      104
  SINCE JUN 1     88                        90     -2      104
  SINCE JAN 1    193                       120     73      160
..................................................................


WIND (MPH)
  HIGHEST WIND SPEED    14   HIGHEST WIND DIRECTION    NW (310)
  HIGHEST GUST SPEED    19   HIGHEST GUST DIRECTION     N (10)
  AVERAGE WIND SPEED     4.6


SKY COVER
  POSSIBLE SUNSHINE  MM
  AVERAGE SKY COVER 0.8


WEATHER CONDITIONS
 THE FOLLOWING WEATHER WAS RECORDED YESTERDAY.
  HAZE


RELATIVE HUMIDITY (PERCENT)
 HIGHEST    97           500 AM
 LOWEST     40           400 PM
 AVERAGE    69

..........................................................


THE SYRACUSE NY CLIMATE NORMALS FOR TODAY
                         NORMAL    RECORD    YEAR
 MAXIMUM TEMPERATURE (F)   80        95      1999
                                             1941
 MINIMUM TEMPERATURE (F)   59        47      1982


SUNRISE AND SUNSET
JUNE 27 2015..........SUNRISE   527 AM EDT   SUNSET   848 PM EDT
JUNE 28 2015..........SUNRISE   527 AM EDT   SUNSET   848 PM EDT


-  INDICATES NEGATIVE NUMBERS.
R  INDICATES RECORD WAS SET OR TIED.
MM INDICATES DATA IS MISSING.
T  INDICATES TRACE AMOUNT.




$$
