000
CDUS41 KBGM 210557
CLISYR


CLIMATE REPORT
NATIONAL WEATHER SERVICE BINGHAMTON NY
155 AM EDT WED SEP 21 2016


...................................

...THE SYRACUSE NY CLIMATE SUMMARY FOR SEPTEMBER 20 2016...

CLIMATE NORMAL PERIOD 1981 TO 2010
CLIMATE RECORD PERIOD 1902 TO 2016


WEATHER ITEM   OBSERVED TIME   RECORD YEAR NORMAL DEPARTURE LAST
                VALUE   (LST)  VALUE       VALUE  FROM      YEAR
                                                  NORMAL
..................................................................
TEMPERATURE (F)
 YESTERDAY
  MAXIMUM         84    203 PM  89    1946  71     13       67
  MINIMUM         57    518 AM  34    1993  50      7       49
  AVERAGE         71                        60     11       58

PRECIPITATION (IN)
  YESTERDAY        0.00          0.94 1977   0.13  -0.13     0.00
  MONTH TO DATE    3.67                      2.41   1.26     2.07
  SINCE SEP 1      3.67                      2.41   1.26     2.07
  SINCE JAN 1     26.88                     27.00  -0.12    29.39

SNOWFALL (IN)
  YESTERDAY        0.0           0.0  2002   0.0    0.0      0.0
                                      2000
                                      2001
  MONTH TO DATE    0.0                       0.0    0.0      0.0
  SINCE SEP 1      0.0                       0.0    0.0      0.0
  SINCE JUL 1      0.0                       0.0    0.0      0.0
  SNOW DEPTH       0

DEGREE DAYS
 HEATING
  YESTERDAY        0                         6     -6        7
  MONTH TO DATE   22                        65    -43       19
  SINCE SEP 1     22                        65    -43       19
  SINCE JUL 1     23                        91    -68       27

 COOLING
  YESTERDAY        6                         1      5        0
  MONTH TO DATE   85                        45     40      139
  SINCE SEP 1     85                        45     40      139
  SINCE JAN 1    797                       558    239      711
..................................................................


WIND (MPH)
  HIGHEST WIND SPEED    16   HIGHEST WIND DIRECTION     W (260)
  HIGHEST GUST SPEED    20   HIGHEST GUST DIRECTION     W (270)
  AVERAGE WIND SPEED     5.7


SKY COVER
  POSSIBLE SUNSHINE  MM
  AVERAGE SKY COVER 0.2


WEATHER CONDITIONS
 THE FOLLOWING WEATHER WAS RECORDED YESTERDAY.
  FOG


RELATIVE HUMIDITY (PERCENT)
 HIGHEST   100          1200 AM
 LOWEST     40           200 PM
 AVERAGE    70

..........................................................


THE SYRACUSE NY CLIMATE NORMALS FOR TODAY
                         NORMAL    RECORD    YEAR
 MAXIMUM TEMPERATURE (F)   70        91      1931
 MINIMUM TEMPERATURE (F)   50        35      1973
                                             1929


SUNRISE AND SUNSET
SEPTEMBER 21 2016.....SUNRISE   651 AM EDT   SUNSET   703 PM EDT
SEPTEMBER 22 2016.....SUNRISE   652 AM EDT   SUNSET   701 PM EDT


-  INDICATES NEGATIVE NUMBERS.
R  INDICATES RECORD WAS SET OR TIED.
MM INDICATES DATA IS MISSING.
T  INDICATES TRACE AMOUNT.

$$
