000
CDUS41 KBGM 080317
CLISYR


CLIMATE REPORT
NATIONAL WEATHER SERVICE BINGHAMTON NY
1017 PM EST TUE NOV 7 2017


...................................

...THE SYRACUSE NY CLIMATE SUMMARY FOR NOVEMBER 7 2017...
VALID AS OF 1000 PM LOCAL TIME.

CLIMATE NORMAL PERIOD 1981 TO 2010
CLIMATE RECORD PERIOD 1902 TO 2017


WEATHER ITEM   OBSERVED TIME   RECORD YEAR NORMAL DEPARTURE LAST
                VALUE   (LST)  VALUE       VALUE  FROM      YEAR
                                                  NORMAL
..................................................................
TEMPERATURE (F)
 TODAY
  MAXIMUM         40    313 PM  80    1938  52    -12       58
  MINIMUM         30    827 PM  21    1992  35     -5       28
                                      1962
  AVERAGE         35                        44     -9       43

PRECIPITATION (IN)
  TODAY            0.00          1.63 1963   0.12  -0.12     0.00
  MONTH TO DATE    2.27                      0.84   1.43     0.86
  SINCE SEP 1      9.74                      7.97   1.77    12.25
  SINCE JAN 1     42.26                     32.56   9.70    35.46

SNOWFALL (IN)
  TODAY            0.0           6.1  1953   0.2   -0.2      0.0
  MONTH TO DATE    0.0                       1.0   -1.0      0.0
  SINCE SEP 1      T                         1.4   -1.4      0.2
  SINCE JUL 1      T                         1.4   -1.4      0.2
  SNOW DEPTH       0

DEGREE DAYS
 HEATING
  TODAY           30                        21      9       22
  MONTH TO DATE  135                       143     -8      127
  SINCE SEP 1    493                       734   -241      630
  SINCE JUL 1    529                       760   -231      631

 COOLING
  TODAY            0                         0      0        0
  MONTH TO DATE    0                         0      0        0
  SINCE SEP 1    112                        56     56       97
  SINCE JAN 1    562                       569     -7      809
..................................................................


WIND (MPH)
  HIGHEST WIND SPEED    14   HIGHEST WIND DIRECTION    NW (320)
  HIGHEST GUST SPEED    19   HIGHEST GUST DIRECTION    NW (330)
  AVERAGE WIND SPEED     4.6


SKY COVER
  POSSIBLE SUNSHINE  MM
  AVERAGE SKY COVER 0.9


WEATHER CONDITIONS
 THE FOLLOWING WEATHER WAS RECORDED TODAY.
  NO SIGNIFICANT WEATHER WAS OBSERVED.


RELATIVE HUMIDITY (PERCENT)
 HIGHEST    85           900 PM
 LOWEST     59          1200 PM
 AVERAGE    72

..........................................................


THE SYRACUSE NY CLIMATE NORMALS FOR TOMORROW
                         NORMAL    RECORD    YEAR
 MAXIMUM TEMPERATURE (F)   52        76      1938
 MINIMUM TEMPERATURE (F)   35        18      1992


SUNRISE AND SUNSET
NOVEMBER  7 2017......SUNRISE   647 AM EST   SUNSET   449 PM EST
NOVEMBER  8 2017......SUNRISE   648 AM EST   SUNSET   447 PM EST


-  INDICATES NEGATIVE NUMBERS.
R  INDICATES RECORD WAS SET OR TIED.
MM INDICATES DATA IS MISSING.
T  INDICATES TRACE AMOUNT.




$$
