000
CDUS41 KBGM 090216
CLISYR


CLIMATE REPORT
NATIONAL WEATHER SERVICE BINGHAMTON NY
1015 PM EDT FRI SEP 8 2017


...................................

...THE SYRACUSE NY CLIMATE SUMMARY FOR SEPTEMBER 8 2017...
VALID AS OF 1000 PM LOCAL TIME.

CLIMATE NORMAL PERIOD 1981 TO 2010
CLIMATE RECORD PERIOD 1902 TO 2017


WEATHER ITEM   OBSERVED TIME   RECORD YEAR NORMAL DEPARTURE LAST
                VALUE   (LST)  VALUE       VALUE  FROM      YEAR
                                                  NORMAL
..................................................................
TEMPERATURE (F)
 TODAY
  MAXIMUM         66    231 PM  93    2015  75     -9       89
                                      1964
                                      1959
  MINIMUM         53    730 PM  41    1952  55     -2       68
                                      1940
  AVERAGE         60                        65     -5       79

PRECIPITATION (IN)
  TODAY            0.01          1.53 2016   0.11  -0.10     1.53
  MONTH TO DATE    1.18                      0.93   0.25     1.53
  SINCE SEP 1      1.18                      0.93   0.25     1.53
  SINCE JAN 1     33.70                     25.52   8.18    24.74

SNOWFALL (IN)
  TODAY            0.0           0.0  2002   0.0    0.0      0.0
                                      2000
                                      2001
  MONTH TO DATE    0.0                       0.0    0.0      0.0
  SINCE SEP 1      0.0                       0.0    0.0      0.0
  SINCE JUL 1      0.0                       0.0    0.0      0.0
  SNOW DEPTH       0

DEGREE DAYS
 HEATING
  TODAY            5                         3      2        0
  MONTH TO DATE   41                        16     25        4
  SINCE SEP 1     41                        16     25        4
  SINCE JUL 1     77                        42     35        5

 COOLING
  TODAY            0                         3     -3       14
  MONTH TO DATE    4                        25    -21       36
  SINCE SEP 1      4                        25    -21       36
  SINCE JAN 1    454                       538    -84      748
..................................................................


WIND (MPH)
  HIGHEST WIND SPEED    18   HIGHEST WIND DIRECTION    NW (300)
  HIGHEST GUST SPEED    24   HIGHEST GUST DIRECTION     W (290)
  AVERAGE WIND SPEED    10.1


SKY COVER
  POSSIBLE SUNSHINE  MM
  AVERAGE SKY COVER 0.8


WEATHER CONDITIONS
 THE FOLLOWING WEATHER WAS RECORDED TODAY.
  LIGHT RAIN


RELATIVE HUMIDITY (PERCENT)
 HIGHEST    93           900 PM
 LOWEST     60           200 PM
 AVERAGE    77

..........................................................


THE SYRACUSE NY CLIMATE NORMALS FOR TOMORROW
                         NORMAL    RECORD    YEAR
 MAXIMUM TEMPERATURE (F)   75        94      1941
 MINIMUM TEMPERATURE (F)   54        37      1938


SUNRISE AND SUNSET
SEPTEMBER  8 2017.....SUNRISE   637 AM EDT   SUNSET   727 PM EDT
SEPTEMBER  9 2017.....SUNRISE   638 AM EDT   SUNSET   725 PM EDT


-  INDICATES NEGATIVE NUMBERS.
R  INDICATES RECORD WAS SET OR TIED.
MM INDICATES DATA IS MISSING.
T  INDICATES TRACE AMOUNT.




$$
