000
CDUS41 KBGM 282123
CLISYR


CLIMATE REPORT
NATIONAL WEATHER SERVICE BINGHAMTON NY
522 PM EDT SUN JUN 28 2015


...................................

...THE SYRACUSE NY CLIMATE SUMMARY FOR JUNE 28 2015...
VALID TODAY AS OF 0500 PM LOCAL TIME.

CLIMATE NORMAL PERIOD 1981 TO 2010
CLIMATE RECORD PERIOD 1902 TO 2015


WEATHER ITEM   OBSERVED TIME   RECORD YEAR NORMAL DEPARTURE LAST
                VALUE   (LST)  VALUE       VALUE  FROM      YEAR
                                                  NORMAL
..................................................................
TEMPERATURE (F)
 TODAY
  MAXIMUM         64    359 PM  97    1941  80    -16       86
  MINIMUM         54    521 AM  44    1970  59     -5       59
  AVERAGE         59                        70    -11       73

PRECIPITATION (IN)
  TODAY            0.93          2.04 1914   0.11   0.82     0.00
  MONTH TO DATE    7.08                      3.08   4.00     2.71
  SINCE JUN 1      7.08                      3.08   4.00     2.71
  SINCE JAN 1     19.20                     17.01   2.19    20.09

SNOWFALL (IN)
  TODAY            0.0           0.0  2002   0.0    0.0      0.0
                                      2001
  MONTH TO DATE    0.0                       0.0    0.0      0.0
  SINCE JUN 1      0.0                       0.0    0.0      0.0
  SINCE JUL 1    119.7                     123.8   -4.1    132.0
  SNOW DEPTH       0

DEGREE DAYS
 HEATING
  TODAY            6                         1      5        0
  MONTH TO DATE   52                        59     -7       23
  SINCE JUN 1     52                        59     -7       23
  SINCE JUL 1   7120                      6649    471     7079

 COOLING
  TODAY            0                         6     -6        8
  MONTH TO DATE   88                       101    -13      118
  SINCE JUN 1     88                       101    -13      118
  SINCE JAN 1    193                       131     62      174
..................................................................


WIND (MPH)
  HIGHEST WIND SPEED    17   HIGHEST WIND DIRECTION     E (80)
  HIGHEST GUST SPEED    23   HIGHEST GUST DIRECTION     E (70)
  AVERAGE WIND SPEED    10.5


SKY COVER
  POSSIBLE SUNSHINE  MM
  AVERAGE SKY COVER 0.9


WEATHER CONDITIONS
 THE FOLLOWING WEATHER WAS RECORDED TODAY.
  HEAVY RAIN
  RAIN
  LIGHT RAIN
  FOG


RELATIVE HUMIDITY (PERCENT)
 HIGHEST   100           300 AM
 LOWEST     84           400 PM
 AVERAGE    92

..........................................................


THE SYRACUSE NY CLIMATE NORMALS FOR TOMORROW
                         NORMAL    RECORD    YEAR
 MAXIMUM TEMPERATURE (F)   81        95      1933
 MINIMUM TEMPERATURE (F)   60        42      1988


SUNRISE AND SUNSET
JUNE 28 2015..........SUNRISE   527 AM EDT   SUNSET   848 PM EDT
JUNE 29 2015..........SUNRISE   528 AM EDT   SUNSET   848 PM EDT


-  INDICATES NEGATIVE NUMBERS.
R  INDICATES RECORD WAS SET OR TIED.
MM INDICATES DATA IS MISSING.
T  INDICATES TRACE AMOUNT.




$$
