000
CDUS41 KBGM 092218
CLISYR


CLIMATE REPORT
NATIONAL WEATHER SERVICE BINGHAMTON NY
518 PM EST THU FEB 9 2017


...................................

...THE SYRACUSE NY CLIMATE SUMMARY FOR FEBRUARY 9 2017...
VALID TODAY AS OF 0500 PM LOCAL TIME.

CLIMATE NORMAL PERIOD 1981 TO 2010
CLIMATE RECORD PERIOD 1902 TO 2017


WEATHER ITEM   OBSERVED TIME   RECORD YEAR NORMAL DEPARTURE LAST
                VALUE   (LST)  VALUE       VALUE  FROM      YEAR
                                                  NORMAL
..................................................................
TEMPERATURE (F)
 TODAY
  MAXIMUM         26   1234 AM  59    1925  33     -7       31
  MINIMUM         14    941 AM -24    1934  17     -3       24
  AVERAGE         20                        25     -5       28

PRECIPITATION (IN)
  TODAY            0.08          1.00 1958   0.07   0.01     0.20
  MONTH TO DATE    1.04                      0.63   0.41     0.78
  SINCE DEC 1      7.31                      6.35   0.96     7.32
  SINCE JAN 1      4.07                      3.13   0.94     2.49

SNOWFALL (IN)
  TODAY            1.0          14.9  1958   0.9    0.1      4.1
  MONTH TO DATE    8.7                       8.6    0.1      4.1
  SINCE DEC 1     54.3                      75.3  -21.0     45.0
  SINCE JUL 1     79.7                      85.2   -5.5     45.8
  SNOW DEPTH       1

DEGREE DAYS
 HEATING
  TODAY           45                        40      5       37
  MONTH TO DATE  341                       366    -25      266
  SINCE DEC 1   2534                      2753   -219     2201
  SINCE JUL 1   3728                      4102   -374     3286

 COOLING
  TODAY            0                         0      0        0
  MONTH TO DATE    0                         0      0        0
  SINCE DEC 1      0                         0      0        0
  SINCE JAN 1      0                         0      0        0
..................................................................


WIND (MPH)
  HIGHEST WIND SPEED    24   HIGHEST WIND DIRECTION    NW (300)
  HIGHEST GUST SPEED    29   HIGHEST GUST DIRECTION    NW (300)
  AVERAGE WIND SPEED    14.0


SKY COVER
  POSSIBLE SUNSHINE  MM
  AVERAGE SKY COVER 0.9


WEATHER CONDITIONS
 THE FOLLOWING WEATHER WAS RECORDED TODAY.
  LIGHT SNOW
  FOG


RELATIVE HUMIDITY (PERCENT)
 HIGHEST    92           400 AM
 LOWEST     53           400 PM
 AVERAGE    73

..........................................................


THE SYRACUSE NY CLIMATE NORMALS FOR TOMORROW
                         NORMAL    RECORD    YEAR
 MAXIMUM TEMPERATURE (F)   33        56      2001
 MINIMUM TEMPERATURE (F)   17       -17      1948


SUNRISE AND SUNSET
FEBRUARY  9 2017......SUNRISE   710 AM EST   SUNSET   528 PM EST
FEBRUARY 10 2017......SUNRISE   709 AM EST   SUNSET   529 PM EST


-  INDICATES NEGATIVE NUMBERS.
R  INDICATES RECORD WAS SET OR TIED.
MM INDICATES DATA IS MISSING.
T  INDICATES TRACE AMOUNT.




$$
