000
CDUS41 KBGM 152120
CLISYR


CLIMATE REPORT
NATIONAL WEATHER SERVICE BINGHAMTON NY
520 PM EDT SAT JUL 15 2017


...................................

...THE SYRACUSE NY CLIMATE SUMMARY FOR JULY 15 2017...
VALID TODAY AS OF 0500 PM LOCAL TIME.

CLIMATE NORMAL PERIOD 1981 TO 2010
CLIMATE RECORD PERIOD 1902 TO 2017


WEATHER ITEM   OBSERVED TIME   RECORD YEAR NORMAL DEPARTURE LAST
                VALUE   (LST)  VALUE       VALUE  FROM      YEAR
                                                  NORMAL
..................................................................
TEMPERATURE (F)
 TODAY
  MAXIMUM         75    120 PM  94    1997  82     -7       87
                                      1952
                                      1934
  MINIMUM         63    415 AM  47    1950  61      2       67
  AVERAGE         69                        72     -3       77

PRECIPITATION (IN)
  TODAY            T             2.01 1955   0.12  -0.12     0.19
  MONTH TO DATE    2.99                      1.82   1.17     1.28
  SINCE JUN 1      7.68                      5.13   2.55     3.23
  SINCE JAN 1     29.52                     19.06  10.46    17.79

SNOWFALL (IN)
  TODAY            0.0           0.0  2002   0.0    0.0      0.0
                                      2000
                                      2001
  MONTH TO DATE    0.0                       0.0    0.0      0.0
  SINCE JUN 1      0.0                       0.0    0.0       T
  SINCE JUL 1      0.0                       0.0    0.0      0.0
  SNOW DEPTH       0

DEGREE DAYS
 HEATING
  TODAY            0                         0      0        0
  MONTH TO DATE    0                         2     -2        0
  SINCE JUN 1     71                        63      8       53
  SINCE JUL 1      0                         2     -2        0

 COOLING
  TODAY            4                         7     -3       12
  MONTH TO DATE   95                        97     -2      131
  SINCE JUN 1    198                       210    -12      232
  SINCE JAN 1    230                       240    -10      288
..................................................................


WIND (MPH)
  HIGHEST WIND SPEED    17   HIGHEST WIND DIRECTION     W (270)
  HIGHEST GUST SPEED    21   HIGHEST GUST DIRECTION     W (260)
  AVERAGE WIND SPEED     9.9


SKY COVER
  POSSIBLE SUNSHINE  MM
  AVERAGE SKY COVER 0.7


WEATHER CONDITIONS
 THE FOLLOWING WEATHER WAS RECORDED TODAY.
  LIGHT RAIN
  FOG


RELATIVE HUMIDITY (PERCENT)
 HIGHEST   100           100 AM
 LOWEST     68           200 PM
 AVERAGE    84

..........................................................


THE SYRACUSE NY CLIMATE NORMALS FOR TOMORROW
                         NORMAL    RECORD    YEAR
 MAXIMUM TEMPERATURE (F)   82        97      1988
 MINIMUM TEMPERATURE (F)   61        44      1946


SUNRISE AND SUNSET
JULY 15 2017..........SUNRISE   539 AM EDT   SUNSET   842 PM EDT
JULY 16 2017..........SUNRISE   540 AM EDT   SUNSET   841 PM EDT


-  INDICATES NEGATIVE NUMBERS.
R  INDICATES RECORD WAS SET OR TIED.
MM INDICATES DATA IS MISSING.
T  INDICATES TRACE AMOUNT.




$$
