000
CDUS41 KBGM 090613
CLISYR


CLIMATE REPORT
NATIONAL WEATHER SERVICE BINGHAMTON NY
111 AM EST FRI FEB 9 2018


...................................

...THE SYRACUSE NY CLIMATE SUMMARY FOR FEBRUARY 8 2018...

CLIMATE NORMAL PERIOD 1981 TO 2010
CLIMATE RECORD PERIOD 1902 TO 2018


WEATHER ITEM   OBSERVED TIME   RECORD YEAR NORMAL DEPARTURE LAST
                VALUE   (LST)  VALUE       VALUE  FROM      YEAR
                                                  NORMAL
..................................................................
TEMPERATURE (F)
 YESTERDAY
  MAXIMUM         23    508 PM  60    1925  33    -10       52
  MINIMUM         13   1159 PM -22    1934  17     -4       26
  AVERAGE         18                        25     -7       39

PRECIPITATION (IN)
  YESTERDAY        0.06          0.90 1943   0.07  -0.01     0.04
  MONTH TO DATE    1.03                      0.56   0.47     0.96
  SINCE DEC 1      6.50                      6.28   0.22     7.23
  SINCE JAN 1      4.16                      3.06   1.10     3.99

SNOWFALL (IN)
  YESTERDAY        2.3           8.8  1951   0.9    1.4      0.0
  MONTH TO DATE   19.8                       7.7   12.1      7.7
  SINCE DEC 1     98.5                      74.4   24.1     53.3
  SINCE JUL 1    103.7                      84.3   19.4     78.7
  SNOW DEPTH      12

DEGREE DAYS
 HEATING
  YESTERDAY       47                        40      7       26
  MONTH TO DATE  343                       326     17      296
  SINCE DEC 1   2902                      2713    189     2489
  SINCE JUL 1   4099                      4062     37     3683

 COOLING
  YESTERDAY        0                         0      0        0
  MONTH TO DATE    0                         0      0        0
  SINCE DEC 1      0                         0      0        0
  SINCE JAN 1      0                         0      0        0
..................................................................


WIND (MPH)
  HIGHEST WIND SPEED    23   HIGHEST WIND DIRECTION     W (260)
  HIGHEST GUST SPEED    30   HIGHEST GUST DIRECTION     W (260)
  AVERAGE WIND SPEED     8.4


SKY COVER
  POSSIBLE SUNSHINE  MM
  AVERAGE SKY COVER 0.9


WEATHER CONDITIONS
 THE FOLLOWING WEATHER WAS RECORDED YESTERDAY.
  LIGHT SNOW
  FOG
  HAZE


RELATIVE HUMIDITY (PERCENT)
 HIGHEST   100           100 AM
 LOWEST     54           500 PM
 AVERAGE    77

..........................................................


THE SYRACUSE NY CLIMATE NORMALS FOR TODAY
                         NORMAL    RECORD    YEAR
 MAXIMUM TEMPERATURE (F)   33        59      1925
 MINIMUM TEMPERATURE (F)   17       -24      1934


SUNRISE AND SUNSET
FEBRUARY  9 2018......SUNRISE   710 AM EST   SUNSET   528 PM EST
FEBRUARY 10 2018......SUNRISE   709 AM EST   SUNSET   529 PM EST


-  INDICATES NEGATIVE NUMBERS.
R  INDICATES RECORD WAS SET OR TIED.
MM INDICATES DATA IS MISSING.
T  INDICATES TRACE AMOUNT.




$$
