000
CDUS41 KBGM 220533
CLISYR


CLIMATE REPORT
NATIONAL WEATHER SERVICE BINGHAMTON NY
132 AM EDT WED JUL 22 2015


...................................

...THE SYRACUSE NY CLIMATE SUMMARY FOR JULY 21 2015...

CLIMATE NORMAL PERIOD 1981 TO 2010
CLIMATE RECORD PERIOD 1902 TO 2015


WEATHER ITEM   OBSERVED TIME   RECORD YEAR NORMAL DEPARTURE LAST
                VALUE   (LST)  VALUE       VALUE  FROM      YEAR
                                                  NORMAL
..................................................................
TEMPERATURE (F)
 YESTERDAY
  MAXIMUM         78    221 PM 101    2011  82     -4       89
  MINIMUM         62   1139 PM  46    1965  61      1       65
  AVERAGE         70                        72     -2       77

PRECIPITATION (IN)
  YESTERDAY        T             1.57 1988   0.12  -0.12     0.00
  MONTH TO DATE    2.26                      2.57  -0.31     1.84
  SINCE JUN 1     12.18                      5.88   6.30     4.58
  SINCE JAN 1     24.30                     19.81   4.49    21.96

SNOWFALL (IN)
  YESTERDAY        0.0           0.0  2002   0.0    0.0      0.0
                                      2000
                                      2001
  MONTH TO DATE    0.0                       0.0    0.0      0.0
  SINCE JUN 1      0.0                       0.0    0.0      0.0
  SINCE JUL 1      0.0                       0.0    0.0      0.0
  SNOW DEPTH       0

DEGREE DAYS
 HEATING
  YESTERDAY        0                         0      0        0
  MONTH TO DATE    5                         2      3        0
  SINCE JUN 1     58                        63     -5       23
  SINCE JUL 1      5                         2      3        0

 COOLING
  YESTERDAY        5                         7     -2       12
  MONTH TO DATE  114                       139    -25      161
  SINCE JUN 1    203                       252    -49      308
  SINCE JAN 1    308                       282     26      364
..................................................................


WIND (MPH)
  HIGHEST WIND SPEED    22   HIGHEST WIND DIRECTION     W (280)
  HIGHEST GUST SPEED    31   HIGHEST GUST DIRECTION    NW (300)
  AVERAGE WIND SPEED     9.6


SKY COVER
  POSSIBLE SUNSHINE  MM
  AVERAGE SKY COVER 0.7


WEATHER CONDITIONS
 THE FOLLOWING WEATHER WAS RECORDED YESTERDAY.
  LIGHT RAIN


RELATIVE HUMIDITY (PERCENT)
 HIGHEST    87           200 AM
 LOWEST     49           600 PM
 AVERAGE    68

..........................................................


THE SYRACUSE NY CLIMATE NORMALS FOR TODAY
                         NORMAL    RECORD    YEAR
 MAXIMUM TEMPERATURE (F)   82        98      2002
 MINIMUM TEMPERATURE (F)   61        48      1970


SUNRISE AND SUNSET
JULY 22 2015..........SUNRISE   545 AM EDT   SUNSET   837 PM EDT
JULY 23 2015..........SUNRISE   546 AM EDT   SUNSET   836 PM EDT


-  INDICATES NEGATIVE NUMBERS.
R  INDICATES RECORD WAS SET OR TIED.
MM INDICATES DATA IS MISSING.
T  INDICATES TRACE AMOUNT.

$$
