000
CDUS41 KBGM 270624
CLISYR


CLIMATE REPORT
NATIONAL WEATHER SERVICE BINGHAMTON NY
223 AM EDT WED APR 27 2016


...................................

...THE SYRACUSE NY CLIMATE SUMMARY FOR APRIL 26 2016...

CLIMATE NORMAL PERIOD 1981 TO 2010
CLIMATE RECORD PERIOD 1902 TO 2016


WEATHER ITEM   OBSERVED TIME   RECORD YEAR NORMAL DEPARTURE LAST
                VALUE   (LST)  VALUE       VALUE  FROM      YEAR
                                                  NORMAL
..................................................................
TEMPERATURE (F)
 YESTERDAY
  MAXIMUM         45   1227 PM  87    1990  62    -17       54
  MINIMUM         32   1159 PM  21    1919  40     -8       33
  AVERAGE         39                        51    -12       44

PRECIPITATION (IN)
  YESTERDAY        0.41          1.83 2011   0.10   0.31      T
  MONTH TO DATE    2.01                      2.78  -0.77     2.79
  SINCE MAR 1      4.46                      5.73  -1.27     4.31
  SINCE JAN 1     10.98                     10.30   0.68     8.19

SNOWFALL (IN)
  YESTERDAY        0.0           0.5  1976   0.0    0.0      0.0
  MONTH TO DATE    8.1                       3.6    4.5      0.6
  SINCE MAR 1     13.5                      21.6   -8.1     12.9
  SINCE JUL 1     80.3                     123.5  -43.2    119.7
  SNOW DEPTH       0

DEGREE DAYS
 HEATING
  YESTERDAY       26                        14     12       21
  MONTH TO DATE  587                       494     93      501
  SINCE MAR 1   1362                      1451    -89     1670
  SINCE JUL 1   5461                      6282   -821     6894

 COOLING
  YESTERDAY        0                         0      0        0
  MONTH TO DATE    0                         0      0        0
  SINCE MAR 1      0                         0      0        0
  SINCE JAN 1      0                         0      0        0
..................................................................


WIND (MPH)
  HIGHEST WIND SPEED    15   HIGHEST WIND DIRECTION    NW (310)
  HIGHEST GUST SPEED    19   HIGHEST GUST DIRECTION    NW (330)
  AVERAGE WIND SPEED     6.7


SKY COVER
  POSSIBLE SUNSHINE  MM
  AVERAGE SKY COVER 0.9


WEATHER CONDITIONS
 THE FOLLOWING WEATHER WAS RECORDED YESTERDAY.
  RAIN
  LIGHT RAIN
  FOG


RELATIVE HUMIDITY (PERCENT)
 HIGHEST   100           200 AM
 LOWEST     76           800 PM
 AVERAGE    88

..........................................................


THE SYRACUSE NY CLIMATE NORMALS FOR TODAY
                         NORMAL    RECORD    YEAR
 MAXIMUM TEMPERATURE (F)   62        91      2009
 MINIMUM TEMPERATURE (F)   41        28      1993
                                             1972
                                             1966


SUNRISE AND SUNSET
APRIL 27 2016.........SUNRISE   603 AM EDT   SUNSET   802 PM EDT
APRIL 28 2016.........SUNRISE   602 AM EDT   SUNSET   803 PM EDT


-  INDICATES NEGATIVE NUMBERS.
R  INDICATES RECORD WAS SET OR TIED.
MM INDICATES DATA IS MISSING.
T  INDICATES TRACE AMOUNT.




$$
