000
CDUS41 KBGM 062222
CLISYR


CLIMATE REPORT
NATIONAL WEATHER SERVICE BINGHAMTON NY
522 PM EST FRI JAN 6 2017


...................................

...THE SYRACUSE NY CLIMATE SUMMARY FOR JANUARY 6 2017...
VALID TODAY AS OF 0500 PM LOCAL TIME.

CLIMATE NORMAL PERIOD 1981 TO 2010
CLIMATE RECORD PERIOD 1902 TO 2017


WEATHER ITEM   OBSERVED TIME   RECORD YEAR NORMAL DEPARTURE LAST
                VALUE   (LST)  VALUE       VALUE  FROM      YEAR
                                                  NORMAL
..................................................................
TEMPERATURE (F)
 TODAY
  MAXIMUM         20    225 PM  62    2007  32    -12       40
  MINIMUM         12    752 AM -12    1912  16     -4        5
  AVERAGE         16                        24     -8       23

PRECIPITATION (IN)
  TODAY            T             1.20 1943   0.09  -0.09     0.00
  MONTH TO DATE    0.68                      0.54   0.14     0.19
  SINCE DEC 1      3.92                      3.76   0.16     5.02
  SINCE JAN 1      0.68                      0.54   0.14     0.19

SNOWFALL (IN)
  TODAY            T             6.3  1986   1.1   -1.1      0.0
  MONTH TO DATE    1.3                       6.2   -4.9      3.6
  SINCE DEC 1     38.5                      38.9   -0.4      5.7
  SINCE JUL 1     63.9                      48.8   15.1      6.5
  SNOW DEPTH       1

DEGREE DAYS
 HEATING
  TODAY           49                        41      8       42
  MONTH TO DATE  193                       244    -51      252
  SINCE DEC 1   1284                      1348    -64      983
  SINCE JUL 1   2478                      2697   -219     2068

 COOLING
  TODAY            0                         0      0        0
  MONTH TO DATE    0                         0      0        0
  SINCE DEC 1      0                         0      0        0
  SINCE JAN 1      0                         0      0        0
..................................................................


WIND (MPH)
  HIGHEST WIND SPEED    24   HIGHEST WIND DIRECTION     W (250)
  HIGHEST GUST SPEED    28   HIGHEST GUST DIRECTION     W (250)
  AVERAGE WIND SPEED    13.8


SKY COVER
  POSSIBLE SUNSHINE  MM
  AVERAGE SKY COVER 0.4


WEATHER CONDITIONS
 THE FOLLOWING WEATHER WAS RECORDED TODAY.
  LIGHT SNOW


RELATIVE HUMIDITY (PERCENT)
 HIGHEST    80           300 AM
 LOWEST     49           200 PM
 AVERAGE    65

..........................................................


THE SYRACUSE NY CLIMATE NORMALS FOR TOMORROW
                         NORMAL    RECORD    YEAR
 MAXIMUM TEMPERATURE (F)   32        64      2008
 MINIMUM TEMPERATURE (F)   16       -11      1996


SUNRISE AND SUNSET
JANUARY  6 2017.......SUNRISE   736 AM EST   SUNSET   445 PM EST
JANUARY  7 2017.......SUNRISE   736 AM EST   SUNSET   446 PM EST


-  INDICATES NEGATIVE NUMBERS.
R  INDICATES RECORD WAS SET OR TIED.
MM INDICATES DATA IS MISSING.
T  INDICATES TRACE AMOUNT.

$$
