000
CDUS41 KBGM 170548
CLISYR


CLIMATE REPORT
NATIONAL WEATHER SERVICE BINGHAMTON NY
148 AM EDT MON JUL 17 2017


...................................

...THE SYRACUSE NY CLIMATE SUMMARY FOR JULY 16 2017...

CLIMATE NORMAL PERIOD 1981 TO 2010
CLIMATE RECORD PERIOD 1902 TO 2017


WEATHER ITEM   OBSERVED TIME   RECORD YEAR NORMAL DEPARTURE LAST
                VALUE   (LST)  VALUE       VALUE  FROM      YEAR
                                                  NORMAL
..................................................................
TEMPERATURE (F)
 YESTERDAY
  MAXIMUM         82    249 PM  97    1988  82      0       78
  MINIMUM         63    529 AM  44    1946  61      2       63
  AVERAGE         73                        72      1       71

PRECIPITATION (IN)
  YESTERDAY        T             0.89 1925   0.13  -0.13     0.03
  MONTH TO DATE    2.99                      1.95   1.04     1.31
  SINCE JUN 1      7.68                      5.26   2.42     3.26
  SINCE JAN 1     29.52                     19.19  10.33    17.82

SNOWFALL (IN)
  YESTERDAY        0.0           0.0  2002   0.0    0.0      0.0
                                      2000
                                      2001
  MONTH TO DATE    0.0                       0.0    0.0      0.0
  SINCE JUN 1      0.0                       0.0    0.0       T
  SINCE JUL 1      0.0                       0.0    0.0      0.0
  SNOW DEPTH       0

DEGREE DAYS
 HEATING
  YESTERDAY        0                         0      0        0
  MONTH TO DATE    0                         2     -2        0
  SINCE JUN 1     71                        63      8       53
  SINCE JUL 1      0                         2     -2        0

 COOLING
  YESTERDAY        8                         7      1        6
  MONTH TO DATE  104                       104      0      137
  SINCE JUN 1    207                       217    -10      238
  SINCE JAN 1    239                       247     -8      294
..................................................................


WIND (MPH)
  HIGHEST WIND SPEED    10   HIGHEST WIND DIRECTION     N (10)
  HIGHEST GUST SPEED    13   HIGHEST GUST DIRECTION     W (250)
  AVERAGE WIND SPEED     4.8


SKY COVER
  POSSIBLE SUNSHINE  MM
  AVERAGE SKY COVER 0.6


WEATHER CONDITIONS
 THE FOLLOWING WEATHER WAS RECORDED YESTERDAY.
  NO SIGNIFICANT WEATHER WAS OBSERVED.


RELATIVE HUMIDITY (PERCENT)
 HIGHEST   100           100 AM
 LOWEST     42           100 PM
 AVERAGE    71

..........................................................


THE SYRACUSE NY CLIMATE NORMALS FOR TODAY
                         NORMAL    RECORD    YEAR
 MAXIMUM TEMPERATURE (F)   82       101      2012
 MINIMUM TEMPERATURE (F)   61        46      1946


SUNRISE AND SUNSET
JULY 17 2017..........SUNRISE   541 AM EDT   SUNSET   840 PM EDT
JULY 18 2017..........SUNRISE   541 AM EDT   SUNSET   840 PM EDT


-  INDICATES NEGATIVE NUMBERS.
R  INDICATES RECORD WAS SET OR TIED.
MM INDICATES DATA IS MISSING.
T  INDICATES TRACE AMOUNT.




$$
