000
CDUS41 KBGM 140608
CLISYR


CLIMATE REPORT
NATIONAL WEATHER SERVICE BINGHAMTON NY
208 AM EDT SUN MAY 14 2017


...................................

...THE SYRACUSE NY CLIMATE SUMMARY FOR MAY 13 2017...

CLIMATE NORMAL PERIOD 1981 TO 2010
CLIMATE RECORD PERIOD 1902 TO 2017


WEATHER ITEM   OBSERVED TIME   RECORD YEAR NORMAL DEPARTURE LAST
                VALUE   (LST)  VALUE       VALUE  FROM      YEAR
                                                  NORMAL
..................................................................
TEMPERATURE (F)
 YESTERDAY
  MAXIMUM         55    456 PM  86    2004  68    -13       73
  MINIMUM         47   1047 PM  30    2005  45      2       54
                                      1941
  AVERAGE         51                        57     -6       64

PRECIPITATION (IN)
  YESTERDAY        0.17          1.13 1990   0.10   0.07     0.06
  MONTH TO DATE    3.11                      1.29   1.82     1.03
  SINCE MAR 1     11.91                      7.43   4.48     5.49
  SINCE JAN 1     18.49                     12.00   6.49    12.01

SNOWFALL (IN)
  YESTERDAY        0.0           T    2013   0.0    0.0      0.0
  MONTH TO DATE    0.0                       0.1   -0.1      0.0
  SINCE MAR 1     31.2                      21.9    9.3     13.5
  SINCE JUL 1    134.9                     123.8   11.1     80.3
  SNOW DEPTH       0

DEGREE DAYS
 HEATING
  YESTERDAY       14                         9      5        1
  MONTH TO DATE  214                       137     77      150
  SINCE MAR 1   1712                      1641     71     1588
  SINCE JUL 1   5981                      6472   -491     5687

 COOLING
  YESTERDAY        0                         1     -1        0
  MONTH TO DATE    0                         3     -3        0
  SINCE MAR 1     12                         7      5        0
  SINCE JAN 1     12                         7      5        0
..................................................................


WIND (MPH)
  HIGHEST WIND SPEED    14   HIGHEST WIND DIRECTION    SE (120)
  HIGHEST GUST SPEED    16   HIGHEST GUST DIRECTION     E (90)
  AVERAGE WIND SPEED     5.8


SKY COVER
  POSSIBLE SUNSHINE  MM
  AVERAGE SKY COVER 1.0


WEATHER CONDITIONS
 THE FOLLOWING WEATHER WAS RECORDED YESTERDAY.
  LIGHT RAIN
  FOG


RELATIVE HUMIDITY (PERCENT)
 HIGHEST   100           400 AM
 LOWEST     72          1200 AM
 AVERAGE    86

..........................................................


THE SYRACUSE NY CLIMATE NORMALS FOR TODAY
                         NORMAL    RECORD    YEAR
 MAXIMUM TEMPERATURE (F)   68        87      1942
 MINIMUM TEMPERATURE (F)   46        30      1939


SUNRISE AND SUNSET
MAY 14 2017...........SUNRISE   542 AM EDT   SUNSET   821 PM EDT
MAY 15 2017...........SUNRISE   541 AM EDT   SUNSET   822 PM EDT


-  INDICATES NEGATIVE NUMBERS.
R  INDICATES RECORD WAS SET OR TIED.
MM INDICATES DATA IS MISSING.
T  INDICATES TRACE AMOUNT.




$$
