129
CDUS41 KBGM 182128
CLISYR


CLIMATE REPORT
NATIONAL WEATHER SERVICE BINGHAMTON NY
528 PM EDT WED MAY 18 2016


...................................

...THE SYRACUSE NY CLIMATE SUMMARY FOR MAY 18 2016...
VALID TODAY AS OF 0500 PM LOCAL TIME.

CLIMATE NORMAL PERIOD 1981 TO 2010
CLIMATE RECORD PERIOD 1902 TO 2016


WEATHER ITEM   OBSERVED TIME   RECORD YEAR NORMAL DEPARTURE LAST
                VALUE   (LST)  VALUE       VALUE  FROM      YEAR
                                                  NORMAL
..................................................................
TEMPERATURE (F)
 TODAY
  MAXIMUM         62   1226 PM  90    1962  70     -8       86
  MINIMUM         35    503 AM  30    1983  47    -12       58
  AVERAGE         49                        58     -9       72

PRECIPITATION (IN)
  TODAY            0.00          1.10 1976   0.10  -0.10     0.62
  MONTH TO DATE    1.10                      1.80  -0.70     1.91
  SINCE MAR 1      5.56                      7.94  -2.38     6.22
  SINCE JAN 1     12.08                     12.51  -0.43    10.10

SNOWFALL (IN)
  TODAY            0.0           T    2014   0.0    0.0      0.0
                                      1976
  MONTH TO DATE    T                         0.1   -0.1      0.0
  SINCE MAR 1     13.5                      21.9   -8.4     12.9
  SINCE JUL 1     80.3                     123.8  -43.5    119.7
  SNOW DEPTH       0

DEGREE DAYS
 HEATING
  TODAY           16                         8      8        0
  MONTH TO DATE  229                       178     51       62
  SINCE MAR 1   1667                      1682    -15     1780
  SINCE JUL 1   5766                      6513   -747     7004

 COOLING
  TODAY            0                         1     -1        7
  MONTH TO DATE    0                         8     -8       56
  SINCE MAR 1      0                        12    -12       56
  SINCE JAN 1      0                        12    -12       56
..................................................................


WIND (MPH)
  HIGHEST WIND SPEED    14   HIGHEST WIND DIRECTION    NW (310)
  HIGHEST GUST SPEED    19   HIGHEST GUST DIRECTION    NW (300)
  AVERAGE WIND SPEED     4.3


SKY COVER
  POSSIBLE SUNSHINE  MM
  AVERAGE SKY COVER 0.5


WEATHER CONDITIONS
 THE FOLLOWING WEATHER WAS RECORDED TODAY.
  NO SIGNIFICANT WEATHER WAS OBSERVED.


RELATIVE HUMIDITY (PERCENT)
 HIGHEST   100           500 AM
 LOWEST     46           300 PM
 AVERAGE    73

..........................................................


THE SYRACUSE NY CLIMATE NORMALS FOR TOMORROW
                         NORMAL    RECORD    YEAR
 MAXIMUM TEMPERATURE (F)   70        92      1971
 MINIMUM TEMPERATURE (F)   47        32      2009
                                             1944


SUNRISE AND SUNSET
MAY 18 2016...........SUNRISE   537 AM EDT   SUNSET   825 PM EDT
MAY 19 2016...........SUNRISE   537 AM EDT   SUNSET   826 PM EDT


-  INDICATES NEGATIVE NUMBERS.
R  INDICATES RECORD WAS SET OR TIED.
MM INDICATES DATA IS MISSING.
T  INDICATES TRACE AMOUNT.




$$
