000
CDUS41 KBGM 142121
CLISYR


CLIMATE REPORT
NATIONAL WEATHER SERVICE BINGHAMTON NY
520 PM EDT THU JUL 14 2016


...................................

...THE SYRACUSE NY CLIMATE SUMMARY FOR JULY 14 2016...
VALID TODAY AS OF 0500 PM LOCAL TIME.

CLIMATE NORMAL PERIOD 1981 TO 2010
CLIMATE RECORD PERIOD 1902 TO 2016


WEATHER ITEM   OBSERVED TIME   RECORD YEAR NORMAL DEPARTURE LAST
                VALUE   (LST)  VALUE       VALUE  FROM      YEAR
                                                  NORMAL
..................................................................
TEMPERATURE (F)
 TODAY
  MAXIMUM         88    231 PM  95    1952  82      6       81
  MINIMUM         73    410 AM  46    1940  61     12       66
  AVERAGE         81                        72      9       74

PRECIPITATION (IN)
  TODAY            T             2.38 2005   0.12  -0.12     0.42
  MONTH TO DATE    1.09                      1.70  -0.61     2.05
  SINCE JUN 1      3.04                      5.01  -1.97    11.97
  SINCE JAN 1     17.60                     18.94  -1.34    24.09

SNOWFALL (IN)
  TODAY            0.0           T    2005   0.0    0.0      0.0
                                      1954
  MONTH TO DATE    0.0                       0.0    0.0      0.0
  SINCE JUN 1      T                         0.0    0.0      0.0
  SINCE JUL 1      0.0                       0.0    0.0      0.0
  SNOW DEPTH       0

DEGREE DAYS
 HEATING
  TODAY            0                         0      0        0
  MONTH TO DATE    0                         2     -2        2
  SINCE JUN 1     53                        63    -10       55
  SINCE JUL 1      0                         2     -2        2

 COOLING
  TODAY           16                         7      9        9
  MONTH TO DATE  121                        90     31       68
  SINCE JUN 1    222                       203     19      157
  SINCE JAN 1    278                       233     45      262
..................................................................


WIND (MPH)
  HIGHEST WIND SPEED    23   HIGHEST WIND DIRECTION     W (270)
  HIGHEST GUST SPEED    28   HIGHEST GUST DIRECTION     W (270)
  AVERAGE WIND SPEED    11.2


SKY COVER
  POSSIBLE SUNSHINE  MM
  AVERAGE SKY COVER 0.6


WEATHER CONDITIONS
 THE FOLLOWING WEATHER WAS RECORDED TODAY.
  NO SIGNIFICANT WEATHER WAS OBSERVED.


RELATIVE HUMIDITY (PERCENT)
 HIGHEST    87           400 AM
 LOWEST     46           200 PM
 AVERAGE    67

..........................................................


THE SYRACUSE NY CLIMATE NORMALS FOR TOMORROW
                         NORMAL    RECORD    YEAR
 MAXIMUM TEMPERATURE (F)   82        94      1997
                                             1952
                                             1934
 MINIMUM TEMPERATURE (F)   61        47      1950


SUNRISE AND SUNSET
JULY 14 2016..........SUNRISE   538 AM EDT   SUNSET   842 PM EDT
JULY 15 2016..........SUNRISE   539 AM EDT   SUNSET   842 PM EDT


-  INDICATES NEGATIVE NUMBERS.
R  INDICATES RECORD WAS SET OR TIED.
MM INDICATES DATA IS MISSING.
T  INDICATES TRACE AMOUNT.

$$
