000
CDUS41 KBGM 220217
CLISYR


CLIMATE REPORT
NATIONAL WEATHER SERVICE BINGHAMTON NY
1017 PM EDT SAT MAR 21 2015


...................................

...THE SYRACUSE NY CLIMATE SUMMARY FOR MARCH 21 2015...
VALID AS OF 1000 PM LOCAL TIME.

CLIMATE NORMAL PERIOD 1981 TO 2010
CLIMATE RECORD PERIOD 1902 TO 2015


WEATHER ITEM   OBSERVED TIME   RECORD YEAR NORMAL DEPARTURE LAST
                VALUE   (LST)  VALUE       VALUE  FROM      YEAR
                                                  NORMAL
..................................................................
TEMPERATURE (F)
 TODAY
  MAXIMUM         41    141 PM  81    2012  45     -4       35
  MINIMUM         23    227 AM   0    1988  27     -4       22
  AVERAGE         32                        36     -4       29

PRECIPITATION (IN)
  TODAY            0.10          1.36 1945   0.10   0.00     0.01
  MONTH TO DATE    1.02                      1.92  -0.90     1.66
  SINCE MAR 1      1.02                      1.92  -0.90     1.66
  SINCE JAN 1      4.90                      6.49  -1.59     7.21

SNOWFALL (IN)
  TODAY            0.2           6.5  1974   0.5   -0.3      0.3
  MONTH TO DATE   11.7                      14.4   -2.7     20.0
  SINCE MAR 1     11.7                      14.4   -2.7     20.0
  SINCE JUL 1    118.5                     116.3    2.2    129.9
  SNOW DEPTH       4

DEGREE DAYS
 HEATING
  TODAY           33                        29      4       36
  MONTH TO DATE  805                       689    116      864
  SINCE MAR 1    805                       689    116      864
  SINCE JUL 1   6029                      5520    509     5956

 COOLING
  TODAY            0                         0      0        0
  MONTH TO DATE    0                         0      0        0
  SINCE MAR 1      0                         0      0        0
  SINCE JAN 1      0                         0      0        0
..................................................................


WIND (MPH)
  HIGHEST WIND SPEED    26   HIGHEST WIND DIRECTION     W (290)
  HIGHEST GUST SPEED    35   HIGHEST GUST DIRECTION     W (270)
  AVERAGE WIND SPEED    10.4


SKY COVER
  POSSIBLE SUNSHINE  MM
  AVERAGE SKY COVER 0.9


WEATHER CONDITIONS
 THE FOLLOWING WEATHER WAS RECORDED TODAY.
  LIGHT RAIN
  LIGHT SNOW
  FOG


RELATIVE HUMIDITY (PERCENT)
 HIGHEST    92          1200 AM
 LOWEST     54           600 PM
 AVERAGE    73

..........................................................


THE SYRACUSE NY CLIMATE NORMALS FOR TOMORROW
                         NORMAL    RECORD    YEAR
 MAXIMUM TEMPERATURE (F)   46        82      1938
 MINIMUM TEMPERATURE (F)   27         5      1988


SUNRISE AND SUNSET
MARCH 21 2015.........SUNRISE   706 AM EDT   SUNSET   718 PM EDT
MARCH 22 2015.........SUNRISE   705 AM EDT   SUNSET   719 PM EDT


-  INDICATES NEGATIVE NUMBERS.
R  INDICATES RECORD WAS SET OR TIED.
MM INDICATES DATA IS MISSING.
T  INDICATES TRACE AMOUNT.




$$
