000
CDUS41 KBGM 140324
CLISYR


CLIMATE REPORT
NATIONAL WEATHER SERVICE BINGHAMTON NY
1123 PM EDT MON OCT 13 2014


...................................

...THE SYRACUSE NY CLIMATE SUMMARY FOR OCTOBER 13 2014...
VALID AS OF 1000 PM LOCAL TIME.

CLIMATE NORMAL PERIOD 1981 TO 2010
CLIMATE RECORD PERIOD 1902 TO 2014


WEATHER ITEM   OBSERVED TIME   RECORD YEAR NORMAL DEPARTURE LAST
                VALUE   (LST)  VALUE       VALUE  FROM      YEAR
                                                  NORMAL
..................................................................
TEMPERATURE (F)
 TODAY
  MAXIMUM         71    309 PM  83    1995  61     10       71
  MINIMUM         40    332 AM  28    2006  42     -2       50
                                      1993
  AVERAGE         56                        51      5       61

PRECIPITATION (IN)
  TODAY            T             1.19 2005   0.11  -0.11      T
  MONTH TO DATE    1.24                      1.47  -0.23     1.94
  SINCE SEP 1      2.84                      5.16  -2.32     5.14
  SINCE JAN 1     31.88                     29.75   2.13    31.72

SNOWFALL (IN)
  TODAY            0.0           0.1  1993   0.0    0.0      0.0
  MONTH TO DATE    0.0                       0.0    0.0      0.0
  SINCE SEP 1      0.0                       0.0    0.0      0.0
  SINCE JUL 1      0.0                       0.0    0.0      0.0
  SNOW DEPTH       0

DEGREE DAYS
 HEATING
  TODAY            9                        14     -5        4
  MONTH TO DATE  115                       152    -37       70
  SINCE SEP 1    218                       293    -75      242
  SINCE JUL 1    229                       319    -90      248

 COOLING
  TODAY            0                         0      0        0
  MONTH TO DATE    0                         0      0        1
  SINCE SEP 1     75                        52     23       69
  SINCE JAN 1    634                       565     69      712
..................................................................


WIND (MPH)
  HIGHEST WIND SPEED    20   HIGHEST WIND DIRECTION     S (180)
  HIGHEST GUST SPEED    26   HIGHEST GUST DIRECTION     S (190)
  AVERAGE WIND SPEED     9.1


SKY COVER
  POSSIBLE SUNSHINE  MM
  AVERAGE SKY COVER 0.7


WEATHER CONDITIONS
 THE FOLLOWING WEATHER WAS RECORDED TODAY.
  NO SIGNIFICANT WEATHER WAS OBSERVED.


RELATIVE HUMIDITY (PERCENT)
 HIGHEST    86           400 AM
 LOWEST     57           200 PM
 AVERAGE    72

..........................................................


THE SYRACUSE NY CLIMATE NORMALS FOR TOMORROW
                         NORMAL    RECORD    YEAR
 MAXIMUM TEMPERATURE (F)   61        85      1954
 MINIMUM TEMPERATURE (F)   42        25      1993


SUNRISE AND SUNSET
OCTOBER 13 2014.......SUNRISE   716 AM EDT   SUNSET   625 PM EDT
OCTOBER 14 2014.......SUNRISE   717 AM EDT   SUNSET   623 PM EDT


-  INDICATES NEGATIVE NUMBERS.
R  INDICATES RECORD WAS SET OR TIED.
MM INDICATES DATA IS MISSING.
T  INDICATES TRACE AMOUNT.

$$
