000
CDUS41 KBGM 160548
CLISYR


CLIMATE REPORT
NATIONAL WEATHER SERVICE BINGHAMTON NY
147 AM EDT SAT JUL 16 2016


...................................

...THE SYRACUSE NY CLIMATE SUMMARY FOR JULY 15 2016...

CLIMATE NORMAL PERIOD 1981 TO 2010
CLIMATE RECORD PERIOD 1902 TO 2016


WEATHER ITEM   OBSERVED TIME   RECORD YEAR NORMAL DEPARTURE LAST
                VALUE   (LST)  VALUE       VALUE  FROM      YEAR
                                                  NORMAL
..................................................................
TEMPERATURE (F)
 YESTERDAY
  MAXIMUM         87   1237 PM  94    1997  82      5       71
                                      1952
                                      1934
  MINIMUM         67    138 PM  47    1950  61      6       54
  AVERAGE         77                        72      5       63

PRECIPITATION (IN)
  YESTERDAY        0.19          2.01 1955   0.12   0.07     0.04
  MONTH TO DATE    1.28                      1.82  -0.54     2.09
  SINCE JUN 1      3.23                      5.13  -1.90    12.01
  SINCE JAN 1     17.79                     19.06  -1.27    24.13

SNOWFALL (IN)
  YESTERDAY        0.0           0.0  2002   0.0    0.0      0.0
                                      2000
                                      2001
  MONTH TO DATE    0.0                       0.0    0.0      0.0
  SINCE JUN 1      T                         0.0    0.0      0.0
  SINCE JUL 1      0.0                       0.0    0.0      0.0
  SNOW DEPTH       0

DEGREE DAYS
 HEATING
  YESTERDAY        0                         0      0        2
  MONTH TO DATE    0                         2     -2        4
  SINCE JUN 1     53                        63    -10       57
  SINCE JUL 1      0                         2     -2        4

 COOLING
  YESTERDAY       12                         7      5        0
  MONTH TO DATE  132                        97     35       68
  SINCE JUN 1    233                       210     23      157
  SINCE JAN 1    289                       240     49      262
..................................................................


WIND (MPH)
  HIGHEST WIND SPEED    33   HIGHEST WIND DIRECTION    NW (300)
  HIGHEST GUST SPEED    44   HIGHEST GUST DIRECTION     W (290)
  AVERAGE WIND SPEED     8.3


SKY COVER
  POSSIBLE SUNSHINE  MM
  AVERAGE SKY COVER 0.6


WEATHER CONDITIONS
 THE FOLLOWING WEATHER WAS RECORDED YESTERDAY.
  HEAVY RAIN
  LIGHT RAIN


RELATIVE HUMIDITY (PERCENT)
 HIGHEST    91           300 PM
 LOWEST     43          1200 PM
 AVERAGE    67

..........................................................


THE SYRACUSE NY CLIMATE NORMALS FOR TODAY
                         NORMAL    RECORD    YEAR
 MAXIMUM TEMPERATURE (F)   82        97      1988
 MINIMUM TEMPERATURE (F)   61        44      1946


SUNRISE AND SUNSET
JULY 16 2016..........SUNRISE   540 AM EDT   SUNSET   841 PM EDT
JULY 17 2016..........SUNRISE   541 AM EDT   SUNSET   840 PM EDT


-  INDICATES NEGATIVE NUMBERS.
R  INDICATES RECORD WAS SET OR TIED.
MM INDICATES DATA IS MISSING.
T  INDICATES TRACE AMOUNT.




$$
