000
CDUS41 KBGM 212227
CLISYR


CLIMATE REPORT
NATIONAL WEATHER SERVICE BINGHAMTON NY
517 PM EST SAT FEB 21 2015


...................................

...THE SYRACUSE NY CLIMATE SUMMARY FOR FEBRUARY 21 2015...
VALID TODAY AS OF 0500 PM LOCAL TIME.

CLIMATE NORMAL PERIOD 1981 TO 2010
CLIMATE RECORD PERIOD 1902 TO 2015


WEATHER ITEM   OBSERVED TIME   RECORD YEAR NORMAL DEPARTURE LAST
                VALUE   (LST)  VALUE       VALUE  FROM      YEAR
                                                  NORMAL
..................................................................
TEMPERATURE (F)
 TODAY
  MAXIMUM         20   1137 AM  65    1997  35    -15       46
                                      1953
  MINIMUM        -16R  1209 AM -13    1950  19    -35       33
  AVERAGE          2                        27    -25       40

PRECIPITATION (IN)
  TODAY            0.06          1.49 1951   0.08  -0.02     0.73
  MONTH TO DATE    2.24                      1.51   0.73     3.15
  SINCE DEC 1      6.86                      7.23  -0.37     8.24
  SINCE JAN 1      3.84                      4.01  -0.17     5.35

SNOWFALL (IN)
  TODAY            1.1           9.7  1993   0.9    0.2      0.0
  MONTH TO DATE   51.2                      19.4   31.8     31.4
  SINCE DEC 1     87.0                      86.1    0.9     85.7
  SINCE JUL 1     98.0                      96.0    2.0    100.0
  SNOW DEPTH      28

DEGREE DAYS
 HEATING
  TODAY           63                        38     25       25
  MONTH TO DATE 1164                       835    329      923
  SINCE DEC 1   3644                      3222    422     3456
  SINCE JUL 1   4829                      4571    258     4789

 COOLING
  TODAY            0                         0      0        0
  MONTH TO DATE    0                         0      0        0
  SINCE DEC 1      0                         0      0        0
  SINCE JAN 1      0                         0      0        0
..................................................................


WIND (MPH)
  HIGHEST WIND SPEED    21   HIGHEST WIND DIRECTION     S (160)
  HIGHEST GUST SPEED    28   HIGHEST GUST DIRECTION     S (160)
  AVERAGE WIND SPEED     6.5


SKY COVER
  POSSIBLE SUNSHINE  MM
  AVERAGE SKY COVER 0.9


WEATHER CONDITIONS
 THE FOLLOWING WEATHER WAS RECORDED TODAY.
  LIGHT SNOW
  FOG
  BLOWING SNOW


RELATIVE HUMIDITY (PERCENT)
 HIGHEST   100           100 AM
 LOWEST     46          1000 AM
 AVERAGE    73

..........................................................


THE SYRACUSE NY CLIMATE NORMALS FOR TOMORROW
                         NORMAL    RECORD    YEAR
 MAXIMUM TEMPERATURE (F)   36        66      1981
 MINIMUM TEMPERATURE (F)   19        -4      1918


SUNRISE AND SUNSET
FEBRUARY 21 2015......SUNRISE   654 AM EST   SUNSET   543 PM EST
FEBRUARY 22 2015......SUNRISE   652 AM EST   SUNSET   544 PM EST


-  INDICATES NEGATIVE NUMBERS.
R  INDICATES RECORD WAS SET OR TIED.
MM INDICATES DATA IS MISSING.
T  INDICATES TRACE AMOUNT.




$$
