000
CDUS41 KBGM 100600
CLISYR


CLIMATE REPORT
NATIONAL WEATHER SERVICE BINGHAMTON NY
100 AM EST FRI NOV 10 2017


...................................

...THE SYRACUSE NY CLIMATE SUMMARY FOR NOVEMBER 9 2017...

CLIMATE NORMAL PERIOD 1981 TO 2010
CLIMATE RECORD PERIOD 1902 TO 2017


WEATHER ITEM   OBSERVED TIME   RECORD YEAR NORMAL DEPARTURE LAST
                VALUE   (LST)  VALUE       VALUE  FROM      YEAR
                                                  NORMAL
..................................................................
TEMPERATURE (F)
 YESTERDAY
  MAXIMUM         48    233 PM  74    1931  51     -3       51
  MINIMUM         25    704 AM  17    1971  35    -10       30
  AVERAGE         37                        43     -6       41

PRECIPITATION (IN)
  YESTERDAY        0.07          1.03 1913   0.12  -0.05     0.16
  MONTH TO DATE    2.34                      1.07   1.27     1.02
  SINCE SEP 1      9.81                      8.20   1.61    12.41
  SINCE JAN 1     42.33                     32.79   9.54    35.62

SNOWFALL (IN)
  YESTERDAY        T             7.9  1995   0.2   -0.2      0.0
  MONTH TO DATE    T                         1.4   -1.4      0.0
  SINCE SEP 1      T                         1.8   -1.8      0.2
  SINCE JUL 1      T                         1.8   -1.8      0.2
  SNOW DEPTH       0

DEGREE DAYS
 HEATING
  YESTERDAY       28                        22      6       24
  MONTH TO DATE  194                       187      7      168
  SINCE SEP 1    552                       778   -226      671
  SINCE JUL 1    588                       804   -216      672

 COOLING
  YESTERDAY        0                         0      0        0
  MONTH TO DATE    0                         0      0        0
  SINCE SEP 1    112                        56     56       97
  SINCE JAN 1    562                       569     -7      809
..................................................................


WIND (MPH)
  HIGHEST WIND SPEED    26   HIGHEST WIND DIRECTION     W (280)
  HIGHEST GUST SPEED    38   HIGHEST GUST DIRECTION     W (280)
  AVERAGE WIND SPEED    10.3


SKY COVER
  POSSIBLE SUNSHINE  MM
  AVERAGE SKY COVER 0.7


WEATHER CONDITIONS
 THE FOLLOWING WEATHER WAS RECORDED YESTERDAY.
  LIGHT RAIN
  SNOW
  FOG


RELATIVE HUMIDITY (PERCENT)
 HIGHEST    92           300 AM
 LOWEST     56           100 PM
 AVERAGE    74

..........................................................


THE SYRACUSE NY CLIMATE NORMALS FOR TODAY
                         NORMAL    RECORD    YEAR
 MAXIMUM TEMPERATURE (F)   51        74      1931
 MINIMUM TEMPERATURE (F)   35        17      1991


SUNRISE AND SUNSET
NOVEMBER 10 2017......SUNRISE   651 AM EST   SUNSET   445 PM EST
NOVEMBER 11 2017......SUNRISE   652 AM EST   SUNSET   444 PM EST


-  INDICATES NEGATIVE NUMBERS.
R  INDICATES RECORD WAS SET OR TIED.
MM INDICATES DATA IS MISSING.
T  INDICATES TRACE AMOUNT.




$$
