000
CDUS41 KBGM 160219
CLISYR


CLIMATE REPORT
NATIONAL WEATHER SERVICE BINGHAMTON NY
1019 PM EDT WED MAR 15 2017


...................................

...THE SYRACUSE NY CLIMATE SUMMARY FOR MARCH 15 2017...
VALID AS OF 1000 PM LOCAL TIME.

CLIMATE NORMAL PERIOD 1981 TO 2010
CLIMATE RECORD PERIOD 1902 TO 2017


WEATHER ITEM   OBSERVED TIME   RECORD YEAR NORMAL DEPARTURE LAST
                VALUE   (LST)  VALUE       VALUE  FROM      YEAR
                                                  NORMAL
..................................................................
TEMPERATURE (F)
 TODAY
  MAXIMUM         25    814 PM  78    1990  43    -18       51
  MINIMUM         15    756 AM   1    1993  25    -10       39
  AVERAGE         20                        34    -14       45

PRECIPITATION (IN)
  TODAY            0.20          0.81 1916   0.09   0.11     0.02
  MONTH TO DATE    1.91                      1.33   0.58     1.34
  SINCE MAR 1      1.91                      1.33   0.58     1.34
  SINCE JAN 1      8.49                      5.90   2.59     7.86

SNOWFALL (IN)
  TODAY            5.5 R         3.1  1967   0.6    4.9      0.0
  MONTH TO DATE   29.5                      11.2   18.3      5.4
  SINCE MAR 1     29.5                      11.2   18.3      5.4
  SINCE JUL 1    133.2                     113.1   20.1     72.2
  SNOW DEPTH      22

DEGREE DAYS
 HEATING
  TODAY           45                        31     14       20
  MONTH TO DATE  576                       508     68      408
  SINCE MAR 1    576                       508     68      408
  SINCE JUL 1   4845                      5339   -494     4507

 COOLING
  TODAY            0                         0      0        0
  MONTH TO DATE    0                         0      0        0
  SINCE MAR 1      0                         0      0        0
  SINCE JAN 1      0                         0      0        0
..................................................................


WIND (MPH)
  HIGHEST WIND SPEED    23   HIGHEST WIND DIRECTION    NW (300)
  HIGHEST GUST SPEED    31   HIGHEST GUST DIRECTION    NW (310)
  AVERAGE WIND SPEED    14.4


SKY COVER
  POSSIBLE SUNSHINE  MM
  AVERAGE SKY COVER 1.0


WEATHER CONDITIONS
 THE FOLLOWING WEATHER WAS RECORDED TODAY.
  HEAVY SNOW
  SNOW
  LIGHT SNOW
  FOG
  FOG W/VISIBILITY <= 1/4 MILE
  BLOWING SNOW


RELATIVE HUMIDITY (PERCENT)
 HIGHEST    91           500 PM
 LOWEST     60           800 PM
 AVERAGE    76

..........................................................


THE SYRACUSE NY CLIMATE NORMALS FOR TOMORROW
                         NORMAL    RECORD    YEAR
 MAXIMUM TEMPERATURE (F)   43        80      1990
 MINIMUM TEMPERATURE (F)   25         2      1911


SUNRISE AND SUNSET
MARCH 15 2017.........SUNRISE   716 AM EDT   SUNSET   711 PM EDT
MARCH 16 2017.........SUNRISE   714 AM EDT   SUNSET   712 PM EDT


-  INDICATES NEGATIVE NUMBERS.
R  INDICATES RECORD WAS SET OR TIED.
MM INDICATES DATA IS MISSING.
T  INDICATES TRACE AMOUNT.




$$
