000
CDUS41 KBGM 120558
CLISYR


CLIMATE REPORT
NATIONAL WEATHER SERVICE BINGHAMTON NY
1257 AM EST SUN NOV 12 2017


...................................

...THE SYRACUSE NY CLIMATE SUMMARY FOR NOVEMBER 11 2017...

CLIMATE NORMAL PERIOD 1981 TO 2010
CLIMATE RECORD PERIOD 1902 TO 2017


WEATHER ITEM   OBSERVED TIME   RECORD YEAR NORMAL DEPARTURE LAST
                VALUE   (LST)  VALUE       VALUE  FROM      YEAR
                                                  NORMAL
..................................................................
TEMPERATURE (F)
 YESTERDAY
  MAXIMUM         31        MM  73    2012  50    -19       54
  MINIMUM         16R       MM  19    1957  34    -18       36
  AVERAGE         24                        42    -18       45

PRECIPITATION (IN)
  YESTERDAY        T             0.97 1906   0.11  -0.11      T
  MONTH TO DATE    2.35                      1.29   1.06     1.02
  SINCE SEP 1      9.82                      8.42   1.40    12.41
  SINCE JAN 1     42.34                     33.01   9.33    35.62

SNOWFALL (IN)
  YESTERDAY        0.1           5.4  1976   0.2   -0.1      0.0
  MONTH TO DATE    0.5                       1.8   -1.3      0.0
  SINCE SEP 1      0.5                       2.2   -1.7      0.2
  SINCE JUL 1      0.5                       2.2   -1.7      0.2
  SNOW DEPTH       T

DEGREE DAYS
 HEATING
  YESTERDAY       41                        23     18       20
  MONTH TO DATE  272                       232     40      210
  SINCE SEP 1    630                       823   -193      713
  SINCE JUL 1    666                       849   -183      714

 COOLING
  YESTERDAY        0                         0      0        0
  MONTH TO DATE    0                         0      0        0
  SINCE SEP 1    112                        56     56       97
  SINCE JAN 1    562                       569     -7      809
..................................................................


WIND (MPH)
  HIGHEST WIND SPEED     8   HIGHEST WIND DIRECTION     E (90)
  HIGHEST GUST SPEED    MM   HIGHEST GUST DIRECTION    MM
  AVERAGE WIND SPEED     4.8


SKY COVER
  POSSIBLE SUNSHINE  MM
  AVERAGE SKY COVER 0.7


WEATHER CONDITIONS
 THE FOLLOWING WEATHER WAS RECORDED YESTERDAY.
  LIGHT SNOW


RELATIVE HUMIDITY (PERCENT)
 HIGHEST    84          1200 AM
 LOWEST     42           200 PM
 AVERAGE    63

..........................................................


THE SYRACUSE NY CLIMATE NORMALS FOR TODAY
                         NORMAL    RECORD    YEAR
 MAXIMUM TEMPERATURE (F)   50        71      1964
 MINIMUM TEMPERATURE (F)   34        18      1933


SUNRISE AND SUNSET
NOVEMBER 12 2017......SUNRISE   654 AM EST   SUNSET   443 PM EST
NOVEMBER 13 2017......SUNRISE   655 AM EST   SUNSET   442 PM EST


-  INDICATES NEGATIVE NUMBERS.
R  INDICATES RECORD WAS SET OR TIED.
MM INDICATES DATA IS MISSING.
T  INDICATES TRACE AMOUNT.

$$
