000
CDUS41 KBGM 110340
CLISYR


CLIMATE REPORT
NATIONAL WEATHER SERVICE BINGHAMTON NY
1039 PM EST MON NOV 10 2014


...................................

...THE SYRACUSE NY CLIMATE SUMMARY FOR NOVEMBER 10 2014...
VALID AS OF 1000 PM LOCAL TIME.

CLIMATE NORMAL PERIOD 1981 TO 2010
CLIMATE RECORD PERIOD 1902 TO 2014


WEATHER ITEM   OBSERVED TIME   RECORD YEAR NORMAL DEPARTURE LAST
                VALUE   (LST)  VALUE       VALUE  FROM      YEAR
                                                  NORMAL
..................................................................
TEMPERATURE (F)
 TODAY
  MAXIMUM         57    409 PM  74    1931  51      6       50
  MINIMUM         42    718 AM  17    1991  35      7       38
  AVERAGE         50                        43      7       44

PRECIPITATION (IN)
  TODAY            T             1.02 1977   0.11  -0.11     0.27
  MONTH TO DATE    0.67                      1.18  -0.51     1.48
  SINCE SEP 1      6.81                      8.31  -1.50     8.59
  SINCE JAN 1     35.85                     32.90   2.95    35.17

SNOWFALL (IN)
  TODAY            0.0           3.8  1957   0.2   -0.2       T
  MONTH TO DATE    T                         1.6   -1.6      0.2
  SINCE SEP 1      T                         2.0   -2.0      0.2
  SINCE JUL 1      T                         2.0   -2.0      0.2
  SNOW DEPTH       0

DEGREE DAYS
 HEATING
  TODAY           15                        22     -7       21
  MONTH TO DATE  192                       209    -17      199
  SINCE SEP 1    614                       800   -186      715
  SINCE JUL 1    625                       826   -201      721

 COOLING
  TODAY            0                         0      0        0
  MONTH TO DATE    0                         0      0        0
  SINCE SEP 1     88                        56     32       69
  SINCE JAN 1    647                       569     78      712
..................................................................


WIND (MPH)
  HIGHEST WIND SPEED    13   HIGHEST WIND DIRECTION    SE (150)
  HIGHEST GUST SPEED    19   HIGHEST GUST DIRECTION     S (160)
  AVERAGE WIND SPEED     5.6


SKY COVER
  POSSIBLE SUNSHINE  MM
  AVERAGE SKY COVER 0.9


WEATHER CONDITIONS
 THE FOLLOWING WEATHER WAS RECORDED TODAY.
  LIGHT RAIN


RELATIVE HUMIDITY (PERCENT)
 HIGHEST    71           900 AM
 LOWEST     40           400 PM
 AVERAGE    56

..........................................................


THE SYRACUSE NY CLIMATE NORMALS FOR TOMORROW
                         NORMAL    RECORD    YEAR
 MAXIMUM TEMPERATURE (F)   50        73      2012
 MINIMUM TEMPERATURE (F)   34        19      1957


SUNRISE AND SUNSET
NOVEMBER 10 2014......SUNRISE   651 AM EST   SUNSET   446 PM EST
NOVEMBER 11 2014......SUNRISE   652 AM EST   SUNSET   444 PM EST


-  INDICATES NEGATIVE NUMBERS.
R  INDICATES RECORD WAS SET OR TIED.
MM INDICATES DATA IS MISSING.
T  INDICATES TRACE AMOUNT.




$$
