000
CDUS41 KBGM 110602
CLISYR


CLIMATE REPORT
NATIONAL WEATHER SERVICE BINGHAMTON NY
201 AM EDT THU SEP 11 2014


...................................

...THE SYRACUSE NY CLIMATE SUMMARY FOR SEPTEMBER 10 2014...

CLIMATE NORMAL PERIOD 1981 TO 2010
CLIMATE RECORD PERIOD 1902 TO 2014


WEATHER ITEM   OBSERVED TIME   RECORD YEAR NORMAL DEPARTURE LAST
                VALUE   (LST)  VALUE       VALUE  FROM      YEAR
                                                  NORMAL
..................................................................
TEMPERATURE (F)
 YESTERDAY
  MAXIMUM         79    153 PM  94    1931  75      4       89
  MINIMUM         62    415 AM  38    1938  54      8       67
  AVERAGE         71                        64      7       78

PRECIPITATION (IN)
  YESTERDAY        0.00          2.20 1950   0.12  -0.12     0.38
  MONTH TO DATE    0.53                      1.17  -0.64     2.00
  SINCE SEP 1      0.53                      1.17  -0.64     2.00
  SINCE JAN 1     29.57                     25.76   3.81    28.58

SNOWFALL (IN)
  YESTERDAY        0.0           0.0  2002   0.0    0.0      0.0
                                      2000
                                      2001
  MONTH TO DATE    0.0                       0.0    0.0      0.0
  SINCE SEP 1      0.0                       0.0    0.0      0.0
  SINCE JUL 1      0.0                       0.0    0.0      0.0
  SNOW DEPTH       0

DEGREE DAYS
 HEATING
  YESTERDAY        0                         3     -3        0
  MONTH TO DATE    1                        22    -21       29
  SINCE SEP 1      1                        22    -21       29
  SINCE JUL 1     12                        48    -36       35

 COOLING
  YESTERDAY        6                         2      4       13
  MONTH TO DATE   62                        29     33       42
  SINCE SEP 1     62                        29     33       42
  SINCE JAN 1    621                       542     79      685
..................................................................


WIND (MPH)
  HIGHEST WIND SPEED    23   HIGHEST WIND DIRECTION     S (170)
  HIGHEST GUST SPEED    31   HIGHEST GUST DIRECTION     S (160)
  AVERAGE WIND SPEED    11.0


SKY COVER
  POSSIBLE SUNSHINE  MM
  AVERAGE SKY COVER 0.9


WEATHER CONDITIONS
 THE FOLLOWING WEATHER WAS RECORDED YESTERDAY.
  NO SIGNIFICANT WEATHER WAS OBSERVED.


RELATIVE HUMIDITY (PERCENT)
 HIGHEST    84           400 AM
 LOWEST     54           100 PM
 AVERAGE    69

..........................................................


THE SYRACUSE NY CLIMATE NORMALS FOR TODAY
                         NORMAL    RECORD    YEAR
 MAXIMUM TEMPERATURE (F)   74        97      1931
 MINIMUM TEMPERATURE (F)   54        37      1918


SUNRISE AND SUNSET
SEPTEMBER 11 2014.....SUNRISE   640 AM EDT   SUNSET   722 PM EDT
SEPTEMBER 12 2014.....SUNRISE   641 AM EDT   SUNSET   720 PM EDT


-  INDICATES NEGATIVE NUMBERS.
R  INDICATES RECORD WAS SET OR TIED.
MM INDICATES DATA IS MISSING.
T  INDICATES TRACE AMOUNT.




$$
