000
CDUS41 KBGM 132237
CLISYR


CLIMATE REPORT
NATIONAL WEATHER SERVICE BINGHAMTON NY
537 PM EST MON FEB 13 2017


...................................

...THE SYRACUSE NY CLIMATE SUMMARY FOR FEBRUARY 13 2017...
VALID TODAY AS OF 0500 PM LOCAL TIME.

CLIMATE NORMAL PERIOD 1981 TO 2010
CLIMATE RECORD PERIOD 1902 TO 2017


WEATHER ITEM   OBSERVED TIME   RECORD YEAR NORMAL DEPARTURE LAST
                VALUE   (LST)  VALUE       VALUE  FROM      YEAR
                                                  NORMAL
..................................................................
TEMPERATURE (F)
 TODAY
  MAXIMUM         32   1247 AM  58    1937  34     -2       18
  MINIMUM         24    620 AM -22    1967  17      7      -12
  AVERAGE         28                        25      3        3

PRECIPITATION (IN)
  TODAY            0.25          1.24 1971   0.07   0.18     0.12
  MONTH TO DATE    2.03                      0.92   1.11     1.09
  SINCE DEC 1      8.30                      6.64   1.66     7.63
  SINCE JAN 1      5.06                      3.42   1.64     2.80

SNOWFALL (IN)
  TODAY            7.3           9.3  1988   0.9    6.4      4.1
  MONTH TO DATE   26.0                      12.3   13.7     15.8
  SINCE DEC 1     71.6                      79.0   -7.4     56.7
  SINCE JUL 1     97.0                      88.9    8.1     57.5
  SNOW DEPTH      13

DEGREE DAYS
 HEATING
  TODAY           37                        40     -3       62
  MONTH TO DATE  491                       526    -35      468
  SINCE DEC 1   2684                      2913   -229     2403
  SINCE JUL 1   3878                      4262   -384     3488

 COOLING
  TODAY            0                         0      0        0
  MONTH TO DATE    0                         0      0        0
  SINCE DEC 1      0                         0      0        0
  SINCE JAN 1      0                         0      0        0
..................................................................


WIND (MPH)
  HIGHEST WIND SPEED    30   HIGHEST WIND DIRECTION     W (270)
  HIGHEST GUST SPEED    39   HIGHEST GUST DIRECTION     W (270)
  AVERAGE WIND SPEED    17.4


SKY COVER
  POSSIBLE SUNSHINE  MM
  AVERAGE SKY COVER 1.0


WEATHER CONDITIONS
 THE FOLLOWING WEATHER WAS RECORDED TODAY.
  HEAVY SNOW
  SNOW
  LIGHT SNOW
  FOG
  BLOWING SNOW


RELATIVE HUMIDITY (PERCENT)
 HIGHEST   100           100 AM
 LOWEST     75           900 AM
 AVERAGE    88

..........................................................


THE SYRACUSE NY CLIMATE NORMALS FOR TOMORROW
                         NORMAL    RECORD    YEAR
 MAXIMUM TEMPERATURE (F)   34        57      1946
                                             1938
 MINIMUM TEMPERATURE (F)   17       -23      2016


SUNRISE AND SUNSET
FEBRUARY 13 2017......SUNRISE   705 AM EST   SUNSET   533 PM EST
FEBRUARY 14 2017......SUNRISE   703 AM EST   SUNSET   535 PM EST


-  INDICATES NEGATIVE NUMBERS.
R  INDICATES RECORD WAS SET OR TIED.
MM INDICATES DATA IS MISSING.
T  INDICATES TRACE AMOUNT.




$$
