408
CDUS41 KBGM 010635
CLISYR


CLIMATE REPORT
NATIONAL WEATHER SERVICE BINGHAMTON NY
134 AM EST MON FEB 1 2016


...................................

...THE SYRACUSE NY CLIMATE SUMMARY FOR JANUARY 31 2016...

CLIMATE NORMAL PERIOD 1981 TO 2010
CLIMATE RECORD PERIOD 1902 TO 2016


WEATHER ITEM   OBSERVED TIME   RECORD YEAR NORMAL DEPARTURE LAST
                VALUE   (LST)  VALUE       VALUE  FROM      YEAR
                                                  NORMAL
..................................................................
TEMPERATURE (F)
 YESTERDAY
  MAXIMUM         54        MM  63    1988  32     22       15
  MINIMUM         34        MM -19    1920  16     18       -7
  AVERAGE         44                        24     20        4

PRECIPITATION (IN)
  YESTERDAY        T             0.99 1939   0.07  -0.07      T
  MONTH TO DATE    1.71                      2.50  -0.79     1.60
  SINCE DEC 1      6.54                      5.72   0.82     4.62
  SINCE JAN 1      1.71                      2.50  -0.79     1.60

SNOWFALL (IN)
  YESTERDAY        0.0          22.0  1966   1.1   -1.1      0.1
  MONTH TO DATE   38.8                      34.0    4.8     18.3
  SINCE DEC 1     40.9                      66.7  -25.8     35.8
  SINCE JUL 1     41.7                      76.6  -34.9     46.8
  SNOW DEPTH       0

DEGREE DAYS
 HEATING
  YESTERDAY       21                        41    -20       61
  MONTH TO DATE 1204                      1286    -82     1472
  SINCE DEC 1   1935                      2387   -452     2480
  SINCE JUL 1   3020                      3736   -716     3665

 COOLING
  YESTERDAY        0                         0      0        0
  MONTH TO DATE    0                         0      0        0
  SINCE DEC 1      0                         0      0        0
  SINCE JAN 1      0                         0      0        0
..................................................................


WIND (MPH)
  HIGHEST WIND SPEED    20   HIGHEST WIND DIRECTION     S (190)
  HIGHEST GUST SPEED    28   HIGHEST GUST DIRECTION     S (190)
  AVERAGE WIND SPEED     6.0


SKY COVER
  POSSIBLE SUNSHINE  MM
  AVERAGE SKY COVER 0.8


WEATHER CONDITIONS
 THE FOLLOWING WEATHER WAS RECORDED YESTERDAY.
  LIGHT RAIN


RELATIVE HUMIDITY (PERCENT)
 HIGHEST    75           700 AM
 LOWEST     43          1200 AM
 AVERAGE    59

..........................................................


THE SYRACUSE NY CLIMATE NORMALS FOR TODAY
                         NORMAL    RECORD    YEAR
 MAXIMUM TEMPERATURE (F)   32        59      1989
 MINIMUM TEMPERATURE (F)   16       -20      1948


SUNRISE AND SUNSET
FEBRUARY  1 2016......SUNRISE   720 AM EST   SUNSET   516 PM EST
FEBRUARY  2 2016......SUNRISE   719 AM EST   SUNSET   518 PM EST


-  INDICATES NEGATIVE NUMBERS.
R  INDICATES RECORD WAS SET OR TIED.
MM INDICATES DATA IS MISSING.
T  INDICATES TRACE AMOUNT.




$$
