469
CDUS41 KBGM 120554
CLISYR


CLIMATE REPORT
NATIONAL WEATHER SERVICE BINGHAMTON NY
1254 AM EST FRI JAN 12 2018


...................................

...THE SYRACUSE NY CLIMATE SUMMARY FOR JANUARY 11 2018...

CLIMATE NORMAL PERIOD 1981 TO 2010
CLIMATE RECORD PERIOD 1902 TO 2018


WEATHER ITEM   OBSERVED TIME   RECORD YEAR NORMAL DEPARTURE LAST
                VALUE   (LST)  VALUE       VALUE  FROM      YEAR
                                                  NORMAL
..................................................................
TEMPERATURE (F)
 YESTERDAY
  MAXIMUM         54   1128 PM  67    1975  31     23       49
  MINIMUM         40   1255 AM -18    1968  16     24       34
  AVERAGE         47                        24     23       42

PRECIPITATION (IN)
  YESTERDAY        0.08          1.69 1922   0.08   0.00      T
  MONTH TO DATE    0.47                      0.97  -0.50     1.01
  SINCE DEC 1      2.81                      4.19  -1.38     4.25
  SINCE JAN 1      0.47                      0.97  -0.50     1.01

SNOWFALL (IN)
  YESTERDAY        0.0          10.4  1991   1.1   -1.1      0.0
  MONTH TO DATE   24.4                      11.6   12.8      4.7
  SINCE DEC 1     58.6                      44.3   14.3     41.9
  SINCE JUL 1     63.8                      54.2    9.6     67.3
  SNOW DEPTH       9

DEGREE DAYS
 HEATING
  YESTERDAY       18                        41    -23       23
  MONTH TO DATE  516                       449     67      447
  SINCE DEC 1   1777                      1553    224     1538
  SINCE JUL 1   2974                      2902     72     2732

 COOLING
  YESTERDAY        0                         0      0        0
  MONTH TO DATE    0                         0      0        0
  SINCE DEC 1      0                         0      0        0
  SINCE JAN 1      0                         0      0        0
..................................................................


WIND (MPH)
  HIGHEST WIND SPEED    23   HIGHEST WIND DIRECTION     S (180)
  HIGHEST GUST SPEED    36   HIGHEST GUST DIRECTION     S (160)
  AVERAGE WIND SPEED    11.4


SKY COVER
  POSSIBLE SUNSHINE  MM
  AVERAGE SKY COVER 1.0


WEATHER CONDITIONS
 THE FOLLOWING WEATHER WAS RECORDED YESTERDAY.
  LIGHT RAIN
  FOG


RELATIVE HUMIDITY (PERCENT)
 HIGHEST    89          1000 PM
 LOWEST     62           200 AM
 AVERAGE    76

..........................................................


THE SYRACUSE NY CLIMATE NORMALS FOR TODAY
                         NORMAL    RECORD    YEAR
 MAXIMUM TEMPERATURE (F)   31        57      1932
 MINIMUM TEMPERATURE (F)   16       -25      1982


SUNRISE AND SUNSET
JANUARY 12 2018.......SUNRISE   735 AM EST   SUNSET   451 PM EST
JANUARY 13 2018.......SUNRISE   734 AM EST   SUNSET   453 PM EST


-  INDICATES NEGATIVE NUMBERS.
R  INDICATES RECORD WAS SET OR TIED.
MM INDICATES DATA IS MISSING.
T  INDICATES TRACE AMOUNT.




$$
