000
CDUS41 KBGM 290316
CLISYR


CLIMATE REPORT
NATIONAL WEATHER SERVICE BINGHAMTON NY
1016 PM EST SUN DEC 28 2014


...................................

...THE SYRACUSE NY CLIMATE SUMMARY FOR DECEMBER 28 2014...
VALID AS OF 1000 PM LOCAL TIME.

CLIMATE NORMAL PERIOD 1981 TO 2010
CLIMATE RECORD PERIOD 1902 TO 2014


WEATHER ITEM   OBSERVED TIME   RECORD YEAR NORMAL DEPARTURE LAST
                VALUE   (LST)  VALUE       VALUE  FROM      YEAR
                                                  NORMAL
..................................................................
TEMPERATURE (F)
 TODAY
  MAXIMUM         54   1203 AM  64    1984  33     21       42
  MINIMUM         34    959 PM -10    1939  18     16       19
  AVERAGE         44                        26     18       31

PRECIPITATION (IN)
  TODAY            0.19          1.29 1968   0.09   0.10     0.00
  MONTH TO DATE    3.01                      2.94   0.07     2.47
  SINCE DEC 1      3.01                      2.94   0.07     2.47
  SINCE JAN 1     40.49                     38.19   2.30    40.00

SNOWFALL (IN)
  TODAY            0.0          11.1  1989   1.1   -1.1      0.0
  MONTH TO DATE   16.6                      29.4  -12.8     27.0
  SINCE DEC 1     16.6                      29.4  -12.8     27.0
  SINCE JUL 1     27.6                      39.3  -11.7     41.3
  SNOW DEPTH       0

DEGREE DAYS
 HEATING
  TODAY           21                        39    -18       34
  MONTH TO DATE  884                       984   -100     1027
  SINCE DEC 1    884                       984   -100     1027
  SINCE JUL 1   2069                      2333   -264     2360

 COOLING
  TODAY            0                         0      0        0
  MONTH TO DATE    0                         0      0        0
  SINCE DEC 1      0                         0      0        0
  SINCE JAN 1    647                       569     78      712
..................................................................


WIND (MPH)
  HIGHEST WIND SPEED    23   HIGHEST WIND DIRECTION     W (270)
  HIGHEST GUST SPEED    30   HIGHEST GUST DIRECTION    NW (300)
  AVERAGE WIND SPEED    12.1


SKY COVER
  POSSIBLE SUNSHINE  MM
  AVERAGE SKY COVER 1.0


WEATHER CONDITIONS
 THE FOLLOWING WEATHER WAS RECORDED TODAY.
  RAIN
  LIGHT RAIN
  FOG


RELATIVE HUMIDITY (PERCENT)
 HIGHEST    93           500 AM
 LOWEST     50          1200 AM
 AVERAGE    72

..........................................................


THE SYRACUSE NY CLIMATE NORMALS FOR TOMORROW
                         NORMAL    RECORD    YEAR
 MAXIMUM TEMPERATURE (F)   33        65      1984
 MINIMUM TEMPERATURE (F)   18       -24      1933


SUNRISE AND SUNSET
DECEMBER 28 2014......SUNRISE   736 AM EST   SUNSET   437 PM EST
DECEMBER 29 2014......SUNRISE   736 AM EST   SUNSET   437 PM EST


-  INDICATES NEGATIVE NUMBERS.
R  INDICATES RECORD WAS SET OR TIED.
MM INDICATES DATA IS MISSING.
T  INDICATES TRACE AMOUNT.




$$
