000
CDUS41 KBGM 262229
CLISYR


CLIMATE REPORT
NATIONAL WEATHER SERVICE BINGHAMTON NY
527 PM EST THU FEB 26 2015


...................................

...THE SYRACUSE NY CLIMATE SUMMARY FOR FEBRUARY 26 2015...
VALID TODAY AS OF 0500 PM LOCAL TIME.

CLIMATE NORMAL PERIOD 1981 TO 2010
CLIMATE RECORD PERIOD 1902 TO 2015


WEATHER ITEM   OBSERVED TIME   RECORD YEAR NORMAL DEPARTURE LAST
                VALUE   (LST)  VALUE       VALUE  FROM      YEAR
                                                  NORMAL
..................................................................
TEMPERATURE (F)
 TODAY
  MAXIMUM         15    222 PM  64    1976  37    -22       19
  MINIMUM          2    737 AM -10    1995  20    -18        3
                                      1990
  AVERAGE          9                        28    -19       11

PRECIPITATION (IN)
  TODAY            T             1.15 1979   0.08  -0.08      T
  MONTH TO DATE    2.46                      1.90   0.56     3.29
  SINCE DEC 1      7.08                      7.62  -0.54     8.38
  SINCE JAN 1      4.06                      4.40  -0.34     5.49

SNOWFALL (IN)
  TODAY            T             8.2  2005   0.8   -0.8      0.4
  MONTH TO DATE   59.5                      23.6   35.9     36.9
  SINCE DEC 1     95.3                      90.3    5.0     91.2
  SINCE JUL 1    106.3                     100.2    6.1    105.5
  SNOW DEPTH      29

DEGREE DAYS
 HEATING
  TODAY           56                        37     19       54
  MONTH TO DATE 1443                      1022    421     1119
  SINCE DEC 1   3923                      3409    514     3652
  SINCE JUL 1   5108                      4758    350     4985

 COOLING
  TODAY            0                         0      0        0
  MONTH TO DATE    0                         0      0        0
  SINCE DEC 1      0                         0      0        0
  SINCE JAN 1      0                         0      0        0
..................................................................


WIND (MPH)
  HIGHEST WIND SPEED    13   HIGHEST WIND DIRECTION    NW (330)
  HIGHEST GUST SPEED    MM   HIGHEST GUST DIRECTION    MM
  AVERAGE WIND SPEED     3.8


SKY COVER
  POSSIBLE SUNSHINE  MM
  AVERAGE SKY COVER 1.0


WEATHER CONDITIONS
 THE FOLLOWING WEATHER WAS RECORDED TODAY.
  LIGHT SNOW
  FOG


RELATIVE HUMIDITY (PERCENT)
 HIGHEST    91          1200 AM
 LOWEST     42           200 PM
 AVERAGE    67

..........................................................


THE SYRACUSE NY CLIMATE NORMALS FOR TOMORROW
                         NORMAL    RECORD    YEAR
 MAXIMUM TEMPERATURE (F)   37        64      2000
 MINIMUM TEMPERATURE (F)   20       -11      1993


SUNRISE AND SUNSET
FEBRUARY 26 2015......SUNRISE   646 AM EST   SUNSET   550 PM EST
FEBRUARY 27 2015......SUNRISE   644 AM EST   SUNSET   551 PM EST


-  INDICATES NEGATIVE NUMBERS.
R  INDICATES RECORD WAS SET OR TIED.
MM INDICATES DATA IS MISSING.
T  INDICATES TRACE AMOUNT.




$$
