000
CDUS41 KBGM 220218
CLISYR


CLIMATE REPORT
NATIONAL WEATHER SERVICE BINGHAMTON NY
1018 PM EDT WED JUN 21 2017


...................................

...THE SYRACUSE NY CLIMATE SUMMARY FOR JUNE 21 2017...
VALID AS OF 1000 PM LOCAL TIME.

CLIMATE NORMAL PERIOD 1981 TO 2010
CLIMATE RECORD PERIOD 1902 TO 2017


WEATHER ITEM   OBSERVED TIME   RECORD YEAR NORMAL DEPARTURE LAST
                VALUE   (LST)  VALUE       VALUE  FROM      YEAR
                                                  NORMAL
..................................................................
TEMPERATURE (F)
 TODAY
  MAXIMUM         74   1249 PM  98    1953  79     -5       75
  MINIMUM         56    443 AM  43    1940  58     -2       56
  AVERAGE         65                        68     -3       66

PRECIPITATION (IN)
  TODAY            0.06          3.60 1972   0.11  -0.05      T
  MONTH TO DATE    3.08                      2.30   0.78     1.91
  SINCE JUN 1      3.08                      2.30   0.78     1.91
  SINCE JAN 1     24.92                     16.23   8.69    16.47

SNOWFALL (IN)
  TODAY            0.0           T    1955   0.0    0.0      0.0
  MONTH TO DATE    0.0                       0.0    0.0       T
  SINCE JUN 1      0.0                       0.0    0.0       T
  SINCE JUL 1    134.9                     123.8   11.1     80.3
  SNOW DEPTH       0

DEGREE DAYS
 HEATING
  TODAY            0                         1     -1        0
  MONTH TO DATE   60                        52      8       49
  SINCE JUN 1     60                        52      8       49
  SINCE JUL 1   6127                      6642   -515     5847

 COOLING
  TODAY            0                         5     -5        1
  MONTH TO DATE   78                        65     13       57
  SINCE JUN 1     78                        65     13       57
  SINCE JAN 1    110                        95     15      113
..................................................................


WIND (MPH)
  HIGHEST WIND SPEED    18   HIGHEST WIND DIRECTION     W (290)
  HIGHEST GUST SPEED    23   HIGHEST GUST DIRECTION    NW (300)
  AVERAGE WIND SPEED     9.4


SKY COVER
  POSSIBLE SUNSHINE  MM
  AVERAGE SKY COVER 0.6


WEATHER CONDITIONS
 THE FOLLOWING WEATHER WAS RECORDED TODAY.
  LIGHT RAIN
  FOG


RELATIVE HUMIDITY (PERCENT)
 HIGHEST   100          1200 AM
 LOWEST     44           600 PM
 AVERAGE    72

..........................................................


THE SYRACUSE NY CLIMATE NORMALS FOR TOMORROW
                         NORMAL    RECORD    YEAR
 MAXIMUM TEMPERATURE (F)   79        94      1988
 MINIMUM TEMPERATURE (F)   58        40      1918


SUNRISE AND SUNSET
JUNE 21 2017..........SUNRISE   525 AM EDT   SUNSET   848 PM EDT
JUNE 22 2017..........SUNRISE   525 AM EDT   SUNSET   848 PM EDT


-  INDICATES NEGATIVE NUMBERS.
R  INDICATES RECORD WAS SET OR TIED.
MM INDICATES DATA IS MISSING.
T  INDICATES TRACE AMOUNT.




$$
