000
CDUS41 KBGM 210559
CLISYR


CLIMATE REPORT
NATIONAL WEATHER SERVICE BINGHAMTON NY
158 AM EDT THU AUG 21 2014


...................................

...THE SYRACUSE NY CLIMATE SUMMARY FOR AUGUST 20 2014...

CLIMATE NORMAL PERIOD 1981 TO 2010
CLIMATE RECORD PERIOD 1902 TO 2014


WEATHER ITEM   OBSERVED TIME   RECORD YEAR NORMAL DEPARTURE LAST
                VALUE   (LST)  VALUE       VALUE  FROM      YEAR
                                                  NORMAL
..................................................................
TEMPERATURE (F)
 YESTERDAY
  MAXIMUM         83   1211 PM  93    1955  80      3       85
  MINIMUM         61    528 AM  44    1984  59      2       58
  AVERAGE         72                        70      2       72

PRECIPITATION (IN)
  YESTERDAY        0.19          1.17 1904   0.12   0.07     0.00
  MONTH TO DATE    2.05                      2.32  -0.27     1.29
  SINCE JUN 1      9.97                      9.41   0.56    11.35
  SINCE JAN 1     27.35                     23.34   4.01    25.29

SNOWFALL (IN)
  YESTERDAY        0.0           0.0  2002   0.0    0.0      0.0
                                      2000
                                      2001
  MONTH TO DATE    0.0                       0.0    0.0      0.0
  SINCE JUN 1      0.0                       0.0    0.0      0.0
  SINCE JUL 1      0.0                       0.0    0.0      0.0
  SNOW DEPTH       0

DEGREE DAYS
 HEATING
  YESTERDAY        0                         1     -1        0
  MONTH TO DATE    8                         7      1        3
  SINCE JUN 1     33                        76    -43       67
  SINCE JUL 1     10                        15     -5        6

 COOLING
  YESTERDAY        7                         5      2        7
  MONTH TO DATE   92                       116    -24       76
  SINCE JUN 1    449                       432     17      503
  SINCE JAN 1    505                       462     43      555
..................................................................


WIND (MPH)
  HIGHEST WIND SPEED    13   HIGHEST WIND DIRECTION     W (250)
  HIGHEST GUST SPEED    16   HIGHEST GUST DIRECTION     W (250)
  AVERAGE WIND SPEED     4.2


SKY COVER
  POSSIBLE SUNSHINE  MM
  AVERAGE SKY COVER 0.8


WEATHER CONDITIONS
 THE FOLLOWING WEATHER WAS RECORDED YESTERDAY.
  RAIN
  LIGHT RAIN
  FOG


RELATIVE HUMIDITY (PERCENT)
 HIGHEST    97           500 AM
 LOWEST     62          1200 PM
 AVERAGE    80

..........................................................


THE SYRACUSE NY CLIMATE NORMALS FOR TODAY
                         NORMAL    RECORD    YEAR
 MAXIMUM TEMPERATURE (F)   80        92      1955
 MINIMUM TEMPERATURE (F)   59        42      1977


SUNRISE AND SUNSET
AUGUST 21 2014........SUNRISE   617 AM EDT   SUNSET   758 PM EDT
AUGUST 22 2014........SUNRISE   618 AM EDT   SUNSET   756 PM EDT


-  INDICATES NEGATIVE NUMBERS.
R  INDICATES RECORD WAS SET OR TIED.
MM INDICATES DATA IS MISSING.
T  INDICATES TRACE AMOUNT.




$$
