000
CDUS41 KBGM 260550
CLISYR


CLIMATE REPORT
NATIONAL WEATHER SERVICE BINGHAMTON NY
146 AM EDT SUN MAR 26 2017


...................................

...THE SYRACUSE NY CLIMATE SUMMARY FOR MARCH 25 2017...

CLIMATE NORMAL PERIOD 1981 TO 2010
CLIMATE RECORD PERIOD 1902 TO 2017


WEATHER ITEM   OBSERVED TIME   RECORD YEAR NORMAL DEPARTURE LAST
                VALUE   (LST)  VALUE       VALUE  FROM      YEAR
                                                  NORMAL
..................................................................
TEMPERATURE (F)
 YESTERDAY
  MAXIMUM         39   1242 AM  78    1988  47     -8       59
  MINIMUM         34   1004 PM   7    1960  28      6       31
  AVERAGE         37                        38     -1       45

PRECIPITATION (IN)
  YESTERDAY        0.36          1.57 1913   0.10   0.26     0.10
  MONTH TO DATE    2.53                      2.33   0.20     2.09
  SINCE MAR 1      2.53                      2.33   0.20     2.09
  SINCE JAN 1      9.11                      6.90   2.21     8.61

SNOWFALL (IN)
  YESTERDAY        0.0           1.7  1974   0.4   -0.4      0.0
  MONTH TO DATE   30.7                      16.1   14.6      5.4
  SINCE MAR 1     30.7                      16.1   14.6      5.4
  SINCE JUL 1    134.4                     118.0   16.4     72.2
  SNOW DEPTH       1

DEGREE DAYS
 HEATING
  YESTERDAY       28                        27      1       20
  MONTH TO DATE  920                       801    119      656
  SINCE MAR 1    920                       801    119      656
  SINCE JUL 1   5189                      5632   -443     4755

 COOLING
  YESTERDAY        0                         0      0        0
  MONTH TO DATE    0                         0      0        0
  SINCE MAR 1      0                         0      0        0
  SINCE JAN 1      0                         0      0        0
..................................................................


WIND (MPH)
  HIGHEST WIND SPEED     9   HIGHEST WIND DIRECTION    NW (300)
  HIGHEST GUST SPEED    11   HIGHEST GUST DIRECTION    NW (310)
  AVERAGE WIND SPEED     4.3


SKY COVER
  POSSIBLE SUNSHINE  MM
  AVERAGE SKY COVER 0.9


WEATHER CONDITIONS
 THE FOLLOWING WEATHER WAS RECORDED YESTERDAY.
  RAIN
  LIGHT RAIN
  FOG


RELATIVE HUMIDITY (PERCENT)
 HIGHEST   100           200 AM
 LOWEST     92           300 PM
 AVERAGE    96

..........................................................


THE SYRACUSE NY CLIMATE NORMALS FOR TODAY
                         NORMAL    RECORD    YEAR
 MAXIMUM TEMPERATURE (F)   47        81      1945
 MINIMUM TEMPERATURE (F)   29         5      1960


SUNRISE AND SUNSET
MARCH 26 2017.........SUNRISE   657 AM EDT   SUNSET   724 PM EDT
MARCH 27 2017.........SUNRISE   655 AM EDT   SUNSET   725 PM EDT


-  INDICATES NEGATIVE NUMBERS.
R  INDICATES RECORD WAS SET OR TIED.
MM INDICATES DATA IS MISSING.
T  INDICATES TRACE AMOUNT.

$$
