000
CDUS41 KBGM 150551
CLISYR


CLIMATE REPORT
NATIONAL WEATHER SERVICE BINGHAMTON NY
151 AM EDT MON AUG 15 2016


...................................

...THE SYRACUSE NY CLIMATE SUMMARY FOR AUGUST 14 2016...

CLIMATE NORMAL PERIOD 1981 TO 2010
CLIMATE RECORD PERIOD 1902 TO 2016


WEATHER ITEM   OBSERVED TIME   RECORD YEAR NORMAL DEPARTURE LAST
                VALUE   (LST)  VALUE       VALUE  FROM      YEAR
                                                  NORMAL
..................................................................
TEMPERATURE (F)
 YESTERDAY
  MAXIMUM         81    241 PM 101    2002  81      0       86
  MINIMUM         69   1011 PM  48    1966  60      9       62
                                      1946
                                      1903
  AVERAGE         75                        70      5       74

PRECIPITATION (IN)
  YESTERDAY        T             1.55 1929   0.12  -0.12     0.65
  MONTH TO DATE    2.98                      1.60   1.38     1.38
  SINCE JUN 1      7.58                      8.69  -1.11    14.67
  SINCE JAN 1     22.14                     22.62  -0.48    26.79

SNOWFALL (IN)
  YESTERDAY        0.0           0.0  2002   0.0    0.0      0.0
                                      2000
                                      2001
  MONTH TO DATE    0.0                       0.0    0.0      0.0
  SINCE JUN 1      T                         0.0    0.0      0.0
  SINCE JUL 1      0.0                       0.0    0.0      0.0
  SNOW DEPTH       0

DEGREE DAYS
 HEATING
  YESTERDAY        0                         1     -1        0
  MONTH TO DATE    0                         1     -1        0
  SINCE JUN 1     53                        70    -17       58
  SINCE JUL 1      0                         9     -9        5

 COOLING
  YESTERDAY       10                         6      4        9
  MONTH TO DATE  158                        84     74       73
  SINCE JUN 1    524                       400    124      359
  SINCE JAN 1    580                       430    150      464
..................................................................


WIND (MPH)
  HIGHEST WIND SPEED    21   HIGHEST WIND DIRECTION    SW (240)
  HIGHEST GUST SPEED    26   HIGHEST GUST DIRECTION     W (250)
  AVERAGE WIND SPEED     9.5


SKY COVER
  POSSIBLE SUNSHINE  MM
  AVERAGE SKY COVER 0.8


WEATHER CONDITIONS
 THE FOLLOWING WEATHER WAS RECORDED YESTERDAY.
  NO SIGNIFICANT WEATHER WAS OBSERVED.


RELATIVE HUMIDITY (PERCENT)
 HIGHEST    87           200 AM
 LOWEST     60           600 PM
 AVERAGE    74

..........................................................


THE SYRACUSE NY CLIMATE NORMALS FOR TODAY
                         NORMAL    RECORD    YEAR
 MAXIMUM TEMPERATURE (F)   80        97      1965
 MINIMUM TEMPERATURE (F)   60        46      1972


SUNRISE AND SUNSET
AUGUST 15 2016........SUNRISE   611 AM EDT   SUNSET   806 PM EDT
AUGUST 16 2016........SUNRISE   612 AM EDT   SUNSET   805 PM EDT


-  INDICATES NEGATIVE NUMBERS.
R  INDICATES RECORD WAS SET OR TIED.
MM INDICATES DATA IS MISSING.
T  INDICATES TRACE AMOUNT.




$$
