000
CDUS41 KBGM 252219
CLISYR


CLIMATE REPORT
NATIONAL WEATHER SERVICE BINGHAMTON NY
519 PM EST SUN JAN 25 2015


...................................

...THE SYRACUSE NY CLIMATE SUMMARY FOR JANUARY 25 2015...
VALID TODAY AS OF 0500 PM LOCAL TIME.

CLIMATE NORMAL PERIOD 1981 TO 2010
CLIMATE RECORD PERIOD 1902 TO 2015


WEATHER ITEM   OBSERVED TIME   RECORD YEAR NORMAL DEPARTURE LAST
                VALUE   (LST)  VALUE       VALUE  FROM      YEAR
                                                  NORMAL
..................................................................
TEMPERATURE (F)
 TODAY
  MAXIMUM         31    335 AM  70    1967  31      0       28
                                      1950
  MINIMUM         14    459 PM -15    2004  15     -1       14
  AVERAGE         23                        23      0       21

PRECIPITATION (IN)
  TODAY            T             1.42 1958   0.07  -0.07     0.03
  MONTH TO DATE    1.55                      2.07  -0.52     2.04
  SINCE DEC 1      4.57                      5.29  -0.72     4.93
  SINCE JAN 1      1.55                      2.07  -0.52     2.04

SNOWFALL (IN)
  TODAY            T             9.1  1993   1.1   -1.1      1.4
  MONTH TO DATE   12.6                      27.4  -14.8     21.3
  SINCE DEC 1     30.1                      60.1  -30.0     50.3
  SINCE JUL 1     41.1                      70.0  -28.9     64.6
  SNOW DEPTH       2

DEGREE DAYS
 HEATING
  TODAY           42                        42      0       44
  MONTH TO DATE 1146                      1037    109     1099
  SINCE DEC 1   2154                      2141     13     2241
  SINCE JUL 1   3339                      3490   -151     3574

 COOLING
  TODAY            0                         0      0        0
  MONTH TO DATE    0                         0      0        0
  SINCE DEC 1      0                         0      0        0
  SINCE JAN 1      0                         0      0        0
..................................................................


WIND (MPH)
  HIGHEST WIND SPEED    29   HIGHEST WIND DIRECTION    NW (300)
  HIGHEST GUST SPEED    40   HIGHEST GUST DIRECTION     W (290)
  AVERAGE WIND SPEED    14.8


SKY COVER
  POSSIBLE SUNSHINE  MM
  AVERAGE SKY COVER 0.8


WEATHER CONDITIONS
 THE FOLLOWING WEATHER WAS RECORDED TODAY.
  LIGHT SNOW
  FOG
  BLOWING SNOW


RELATIVE HUMIDITY (PERCENT)
 HIGHEST   100          1200 AM
 LOWEST     54           400 PM
 AVERAGE    77

..........................................................


THE SYRACUSE NY CLIMATE NORMALS FOR TOMORROW
                         NORMAL    RECORD    YEAR
 MAXIMUM TEMPERATURE (F)   32        68      1950
 MINIMUM TEMPERATURE (F)   15       -26      1966


SUNRISE AND SUNSET
JANUARY 25 2015.......SUNRISE   727 AM EST   SUNSET   507 PM EST
JANUARY 26 2015.......SUNRISE   726 AM EST   SUNSET   509 PM EST


-  INDICATES NEGATIVE NUMBERS.
R  INDICATES RECORD WAS SET OR TIED.
MM INDICATES DATA IS MISSING.
T  INDICATES TRACE AMOUNT.




$$
