000
CDUS41 KBGM 180218
CLISYR


CLIMATE REPORT
NATIONAL WEATHER SERVICE BINGHAMTON NY
1017 PM EDT SAT SEP 17 2016


...................................

...THE SYRACUSE NY CLIMATE SUMMARY FOR SEPTEMBER 17 2016...
VALID AS OF 1000 PM LOCAL TIME.

CLIMATE NORMAL PERIOD 1981 TO 2010
CLIMATE RECORD PERIOD 1902 TO 2016


WEATHER ITEM   OBSERVED TIME   RECORD YEAR NORMAL DEPARTURE LAST
                VALUE   (LST)  VALUE       VALUE  FROM      YEAR
                                                  NORMAL
..................................................................
TEMPERATURE (F)
 TODAY
  MAXIMUM         77   1200 PM  89    1942  72      5       86
  MINIMUM         58    537 AM  36    1986  52      6       58
  AVERAGE         68                        62      6       72

PRECIPITATION (IN)
  TODAY            T             0.95 1974   0.13  -0.13     0.00
  MONTH TO DATE    1.66                      2.03  -0.37     1.71
  SINCE SEP 1      1.66                      2.03  -0.37     1.71
  SINCE JAN 1     24.87                     26.62  -1.75    29.03

SNOWFALL (IN)
  TODAY            0.0           0.0  2002   0.0    0.0      0.0
                                      2000
                                      2001
  MONTH TO DATE    0.0                       0.0    0.0      0.0
  SINCE SEP 1      0.0                       0.0    0.0      0.0
  SINCE JUL 1      0.0                       0.0    0.0      0.0
  SNOW DEPTH       0

DEGREE DAYS
 HEATING
  TODAY            0                         5     -5        0
  MONTH TO DATE   22                        49    -27       12
  SINCE SEP 1     22                        49    -27       12
  SINCE JUL 1     23                        75    -52       20

 COOLING
  TODAY            3                         1      2        7
  MONTH TO DATE   65                        42     23      126
  SINCE SEP 1     65                        42     23      126
  SINCE JAN 1    777                       555    222      698
..................................................................


WIND (MPH)
  HIGHEST WIND SPEED    20   HIGHEST WIND DIRECTION     S (190)
  HIGHEST GUST SPEED    26   HIGHEST GUST DIRECTION     S (180)
  AVERAGE WIND SPEED    10.4


SKY COVER
  POSSIBLE SUNSHINE  MM
  AVERAGE SKY COVER 0.8


WEATHER CONDITIONS
 THE FOLLOWING WEATHER WAS RECORDED TODAY.
  LIGHT RAIN


RELATIVE HUMIDITY (PERCENT)
 HIGHEST    86           500 AM
 LOWEST     60          1200 PM
 AVERAGE    73

..........................................................


THE SYRACUSE NY CLIMATE NORMALS FOR TOMORROW
                         NORMAL    RECORD    YEAR
 MAXIMUM TEMPERATURE (F)   71        91      1955
 MINIMUM TEMPERATURE (F)   51        34      1939


SUNRISE AND SUNSET
SEPTEMBER 17 2016.....SUNRISE   647 AM EDT   SUNSET   710 PM EDT
SEPTEMBER 18 2016.....SUNRISE   648 AM EDT   SUNSET   708 PM EDT


-  INDICATES NEGATIVE NUMBERS.
R  INDICATES RECORD WAS SET OR TIED.
MM INDICATES DATA IS MISSING.
T  INDICATES TRACE AMOUNT.

$$
