000
CDUS41 KBGM 110526
CLISYR


CLIMATE REPORT
NATIONAL WEATHER SERVICE BINGHAMTON NY
125 AM EDT TUE APR 11 2017


...................................

...THE SYRACUSE NY CLIMATE SUMMARY FOR APRIL 10 2017...

CLIMATE NORMAL PERIOD 1981 TO 2010
CLIMATE RECORD PERIOD 1902 TO 2017


WEATHER ITEM   OBSERVED TIME   RECORD YEAR NORMAL DEPARTURE LAST
                VALUE   (LST)  VALUE       VALUE  FROM      YEAR
                                                  NORMAL
..................................................................
TEMPERATURE (F)
 YESTERDAY
  MAXIMUM         81    307 PM  82    1945  55     26       40
  MINIMUM         56    643 AM  18    1995  35     21       22
  AVERAGE         69                        45     24       31

PRECIPITATION (IN)
  YESTERDAY        0.00          1.51 1993   0.11  -0.11     0.01
  MONTH TO DATE    2.80                      1.12   1.68     0.94
  SINCE MAR 1      6.65                      4.07   2.58     3.39
  SINCE JAN 1     13.23                      8.64   4.59     9.91

SNOWFALL (IN)
  YESTERDAY        0.0           3.9  1973   0.2   -0.2       T
  MONTH TO DATE    0.3                       2.0   -1.7      8.1
  SINCE MAR 1     31.2                      20.0   11.2     13.5
  SINCE JUL 1    134.9                     121.9   13.0     80.3
  SNOW DEPTH       0

DEGREE DAYS
 HEATING
  YESTERDAY        0                        20    -20       34
  MONTH TO DATE  192                       223    -31      316
  SINCE MAR 1   1264                      1180     84     1091
  SINCE JUL 1   5533                      6011   -478     5190

 COOLING
  YESTERDAY        4                         0      4        0
  MONTH TO DATE    4                         0      4        0
  SINCE MAR 1      4                         0      4        0
  SINCE JAN 1      4                         0      4        0
..................................................................


WIND (MPH)
  HIGHEST WIND SPEED    25   HIGHEST WIND DIRECTION    SW (240)
  HIGHEST GUST SPEED    33   HIGHEST GUST DIRECTION    SW (240)
  AVERAGE WIND SPEED     9.3


SKY COVER
  POSSIBLE SUNSHINE  MM
  AVERAGE SKY COVER 0.6


WEATHER CONDITIONS
 THE FOLLOWING WEATHER WAS RECORDED YESTERDAY.
  NO SIGNIFICANT WEATHER WAS OBSERVED.


RELATIVE HUMIDITY (PERCENT)
 HIGHEST    67          1100 PM
 LOWEST     22          1100 AM
 AVERAGE    45

..........................................................


THE SYRACUSE NY CLIMATE NORMALS FOR TODAY
                         NORMAL    RECORD    YEAR
 MAXIMUM TEMPERATURE (F)   55        85      2011
 MINIMUM TEMPERATURE (F)   35        19      1909


SUNRISE AND SUNSET
APRIL 11 2017.........SUNRISE   629 AM EDT   SUNSET   743 PM EDT
APRIL 12 2017.........SUNRISE   627 AM EDT   SUNSET   744 PM EDT


-  INDICATES NEGATIVE NUMBERS.
R  INDICATES RECORD WAS SET OR TIED.
MM INDICATES DATA IS MISSING.
T  INDICATES TRACE AMOUNT.

$$
