000
CDUS41 KBGM 200548
CLISYR


CLIMATE REPORT
NATIONAL WEATHER SERVICE BINGHAMTON NY
146 AM EDT WED APR 20 2016


...................................

...THE SYRACUSE NY CLIMATE SUMMARY FOR APRIL 19 2016...

CLIMATE NORMAL PERIOD 1981 TO 2010
CLIMATE RECORD PERIOD 1902 TO 2016


WEATHER ITEM   OBSERVED TIME   RECORD YEAR NORMAL DEPARTURE LAST
                VALUE   (LST)  VALUE       VALUE  FROM      YEAR
                                                  NORMAL
..................................................................
TEMPERATURE (F)
 YESTERDAY
  MAXIMUM         61   1209 AM  87    2008  59      2       65
  MINIMUM         39   1154 PM  20    1904  38      1       38
  AVERAGE         50                        48      2       52

PRECIPITATION (IN)
  YESTERDAY        T             1.49 1925   0.10  -0.10     0.00
  MONTH TO DATE    1.49                      2.09  -0.60     2.04
  SINCE MAR 1      3.94                      5.04  -1.10     3.56
  SINCE JAN 1     10.46                      9.61   0.85     7.44

SNOWFALL (IN)
  YESTERDAY        0.0           5.5  1983   0.1   -0.1      0.0
  MONTH TO DATE    8.1                       3.2    4.9       T
  SINCE MAR 1     13.5                      21.2   -7.7     12.3
  SINCE JUL 1     80.3                     123.1  -42.8    119.1
  SNOW DEPTH       0

DEGREE DAYS
 HEATING
  YESTERDAY       15                        17     -2       13
  MONTH TO DATE  475                       388     87      346
  SINCE MAR 1   1250                      1345    -95     1515
  SINCE JUL 1   5349                      6176   -827     6739

 COOLING
  YESTERDAY        0                         0      0        0
  MONTH TO DATE    0                         0      0        0
  SINCE MAR 1      0                         0      0        0
  SINCE JAN 1      0                         0      0        0
..................................................................


WIND (MPH)
  HIGHEST WIND SPEED    23   HIGHEST WIND DIRECTION    NW (300)
  HIGHEST GUST SPEED    31   HIGHEST GUST DIRECTION    NW (320)
  AVERAGE WIND SPEED    11.4


SKY COVER
  POSSIBLE SUNSHINE  MM
  AVERAGE SKY COVER 0.7


WEATHER CONDITIONS
 THE FOLLOWING WEATHER WAS RECORDED YESTERDAY.
  LIGHT RAIN


RELATIVE HUMIDITY (PERCENT)
 HIGHEST    89           500 AM
 LOWEST     32           100 PM
 AVERAGE    61

..........................................................


THE SYRACUSE NY CLIMATE NORMALS FOR TODAY
                         NORMAL    RECORD    YEAR
 MAXIMUM TEMPERATURE (F)   59        90      1941
 MINIMUM TEMPERATURE (F)   38        20      1904


SUNRISE AND SUNSET
APRIL 20 2016.........SUNRISE   614 AM EDT   SUNSET   754 PM EDT
APRIL 21 2016.........SUNRISE   612 AM EDT   SUNSET   755 PM EDT


-  INDICATES NEGATIVE NUMBERS.
R  INDICATES RECORD WAS SET OR TIED.
MM INDICATES DATA IS MISSING.
T  INDICATES TRACE AMOUNT.




$$
