000
CDUS41 KBGM 102125
CLISYR


CLIMATE REPORT
NATIONAL WEATHER SERVICE BINGHAMTON NY
524 PM EDT SUN SEP 10 2017


...................................

...THE SYRACUSE NY CLIMATE SUMMARY FOR SEPTEMBER 10 2017...
VALID TODAY AS OF 0500 PM LOCAL TIME.

CLIMATE NORMAL PERIOD 1981 TO 2010
CLIMATE RECORD PERIOD 1902 TO 2017


WEATHER ITEM   OBSERVED TIME   RECORD YEAR NORMAL DEPARTURE LAST
                VALUE   (LST)  VALUE       VALUE  FROM      YEAR
                                                  NORMAL
..................................................................
TEMPERATURE (F)
 TODAY
  MAXIMUM         66    314 PM  94    1931  75     -9       88
  MINIMUM         43    543 AM  38    1938  54    -11       64
  AVERAGE         55                        64     -9       76

PRECIPITATION (IN)
  TODAY            0.00          2.20 1950   0.12  -0.12     0.00
  MONTH TO DATE    1.18                      1.17   0.01     1.53
  SINCE SEP 1      1.18                      1.17   0.01     1.53
  SINCE JAN 1     33.70                     25.76   7.94    24.74

SNOWFALL (IN)
  TODAY            0.0           0.0  2002   0.0    0.0      0.0
                                      2000
                                      2001
  MONTH TO DATE    0.0                       0.0    0.0      0.0
  SINCE SEP 1      0.0                       0.0    0.0      0.0
  SINCE JUL 1      0.0                       0.0    0.0      0.0
  SNOW DEPTH       0

DEGREE DAYS
 HEATING
  TODAY           10                         3      7        0
  MONTH TO DATE   63                        22     41        4
  SINCE SEP 1     63                        22     41        4
  SINCE JUL 1     99                        48     51        5

 COOLING
  TODAY            0                         2     -2       11
  MONTH TO DATE    4                        29    -25       57
  SINCE SEP 1      4                        29    -25       57
  SINCE JAN 1    454                       542    -88      769
..................................................................


WIND (MPH)
  HIGHEST WIND SPEED    14   HIGHEST WIND DIRECTION    NW (320)
  HIGHEST GUST SPEED    19   HIGHEST GUST DIRECTION    NW (320)
  AVERAGE WIND SPEED     3.8


SKY COVER
  POSSIBLE SUNSHINE  MM
  AVERAGE SKY COVER 0.2


WEATHER CONDITIONS
 THE FOLLOWING WEATHER WAS RECORDED TODAY.
  FOG


RELATIVE HUMIDITY (PERCENT)
 HIGHEST   100          1200 AM
 LOWEST     48          1100 AM
 AVERAGE    74

..........................................................


THE SYRACUSE NY CLIMATE NORMALS FOR TOMORROW
                         NORMAL    RECORD    YEAR
 MAXIMUM TEMPERATURE (F)   74        97      1931
 MINIMUM TEMPERATURE (F)   54        37      1918


SUNRISE AND SUNSET
SEPTEMBER 10 2017.....SUNRISE   639 AM EDT   SUNSET   723 PM EDT
SEPTEMBER 11 2017.....SUNRISE   640 AM EDT   SUNSET   721 PM EDT


-  INDICATES NEGATIVE NUMBERS.
R  INDICATES RECORD WAS SET OR TIED.
MM INDICATES DATA IS MISSING.
T  INDICATES TRACE AMOUNT.




$$
