000
CDUS41 KBGM 200549
CLISYR


CLIMATE REPORT
NATIONAL WEATHER SERVICE BINGHAMTON NY
148 AM EDT FRI MAR 20 2015


...................................

...THE SYRACUSE NY CLIMATE SUMMARY FOR MARCH 19 2015...

CLIMATE NORMAL PERIOD 1981 TO 2010
CLIMATE RECORD PERIOD 1902 TO 2015


WEATHER ITEM   OBSERVED TIME   RECORD YEAR NORMAL DEPARTURE LAST
                VALUE   (LST)  VALUE       VALUE  FROM      YEAR
                                                  NORMAL
..................................................................
TEMPERATURE (F)
 YESTERDAY
  MAXIMUM         32    433 PM  79    2012  44    -12       46
  MINIMUM         13    528 AM -11    1993  26    -13       27
  AVERAGE         23                        35    -12       37

PRECIPITATION (IN)
  YESTERDAY        0.00          0.82 2008   0.10  -0.10     0.01
  MONTH TO DATE    0.82                      1.72  -0.90     1.62
  SINCE MAR 1      0.82                      1.72  -0.90     1.62
  SINCE JAN 1      4.70                      6.29  -1.59     7.17

SNOWFALL (IN)
  YESTERDAY        0.0           5.9  2006   0.5   -0.5      0.0
  MONTH TO DATE   10.3                      13.4   -3.1     18.7
  SINCE MAR 1     10.3                      13.4   -3.1     18.7
  SINCE JUL 1    117.1                     115.3    1.8    128.6
  SNOW DEPTH       5

DEGREE DAYS
 HEATING
  YESTERDAY       42                        30     12       28
  MONTH TO DATE  735                       630    105      799
  SINCE MAR 1    735                       630    105      799
  SINCE JUL 1   5959                      5461    498     5891

 COOLING
  YESTERDAY        0                         0      0        0
  MONTH TO DATE    0                         0      0        0
  SINCE MAR 1      0                         0      0        0
  SINCE JAN 1      0                         0      0        0
..................................................................


WIND (MPH)
  HIGHEST WIND SPEED    15   HIGHEST WIND DIRECTION    NW (320)
  HIGHEST GUST SPEED    19   HIGHEST GUST DIRECTION    NW (330)
  AVERAGE WIND SPEED     5.8


SKY COVER
  POSSIBLE SUNSHINE  MM
  AVERAGE SKY COVER 0.4


WEATHER CONDITIONS
 THE FOLLOWING WEATHER WAS RECORDED YESTERDAY.
  NO SIGNIFICANT WEATHER WAS OBSERVED.


RELATIVE HUMIDITY (PERCENT)
 HIGHEST    80           500 AM
 LOWEST     25           300 PM
 AVERAGE    53

..........................................................


THE SYRACUSE NY CLIMATE NORMALS FOR TODAY
                         NORMAL    RECORD    YEAR
 MAXIMUM TEMPERATURE (F)   45        79      2012
 MINIMUM TEMPERATURE (F)   26         6      1967


SUNRISE AND SUNSET
MARCH 20 2015.........SUNRISE   708 AM EDT   SUNSET   716 PM EDT
MARCH 21 2015.........SUNRISE   706 AM EDT   SUNSET   718 PM EDT


-  INDICATES NEGATIVE NUMBERS.
R  INDICATES RECORD WAS SET OR TIED.
MM INDICATES DATA IS MISSING.
T  INDICATES TRACE AMOUNT.




$$
