000
CDUS41 KBGM 242122
CLISYR


CLIMATE REPORT
NATIONAL WEATHER SERVICE BINGHAMTON NY
521 PM EDT SUN JUL 24 2016


...................................

...THE SYRACUSE NY CLIMATE SUMMARY FOR JULY 24 2016...
VALID AS OF 0500 PM LOCAL TIME.

CLIMATE NORMAL PERIOD 1981 TO 2010
CLIMATE RECORD PERIOD 1902 TO 2016


WEATHER ITEM   OBSERVED TIME   RECORD YEAR NORMAL DEPARTURE LAST
                VALUE   (LST)  VALUE       VALUE  FROM      YEAR
                                                  NORMAL
..................................................................
TEMPERATURE (F)
 TODAY
  MAXIMUM         87    201 PM  93    2001  82      5       82
                                      1987
                                      1941
  MINIMUM         62    505 AM  46    1985  61      1       56
  AVERAGE         75                        72      3       69

PRECIPITATION (IN)
  TODAY            0.00          2.11 1971   0.12  -0.12     0.00
  MONTH TO DATE    1.33                      2.94  -1.61     2.26
  SINCE JUN 1      3.28                      6.25  -2.97    12.18
  SINCE JAN 1     17.84                     20.18  -2.34    24.30

SNOWFALL (IN)
  TODAY            0.0           0.0  2002   0.0    0.0      0.0
                                      2000
                                      2001
  MONTH TO DATE    0.0                       0.0    0.0      0.0
  SINCE JUN 1      T                         0.0    0.0      0.0
  SINCE JUL 1      0.0                       0.0    0.0      0.0
  SNOW DEPTH       0

DEGREE DAYS
 HEATING
  TODAY            0                         0      0        0
  MONTH TO DATE    0                         2     -2        5
  SINCE JUN 1     53                        63    -10       58
  SINCE JUL 1      0                         2     -2        5

 COOLING
  TODAY           10                         7      3        4
  MONTH TO DATE  210                       160     50      125
  SINCE JUN 1    311                       273     38      214
  SINCE JAN 1    367                       303     64      319
..................................................................


WIND (MPH)
  HIGHEST WIND SPEED    12   HIGHEST WIND DIRECTION    NW (330)
  HIGHEST GUST SPEED    16   HIGHEST GUST DIRECTION    NW (330)
  AVERAGE WIND SPEED     3.5


SKY COVER
  POSSIBLE SUNSHINE  MM
  AVERAGE SKY COVER 0.6


WEATHER CONDITIONS
 THE FOLLOWING WEATHER WAS RECORDED TODAY.
  NO SIGNIFICANT WEATHER WAS OBSERVED.


RELATIVE HUMIDITY (PERCENT)
 HIGHEST   100           400 AM
 LOWEST     40          1200 PM
 AVERAGE    70

..........................................................


THE SYRACUSE NY CLIMATE NORMALS FOR TOMORROW
                         NORMAL    RECORD    YEAR
 MAXIMUM TEMPERATURE (F)   82        95      1941
 MINIMUM TEMPERATURE (F)   61        45      1976


SUNRISE AND SUNSET
JULY 24 2016..........SUNRISE   547 AM EDT   SUNSET   834 PM EDT
JULY 25 2016..........SUNRISE   548 AM EDT   SUNSET   833 PM EDT


-  INDICATES NEGATIVE NUMBERS.
R  INDICATES RECORD WAS SET OR TIED.
MM INDICATES DATA IS MISSING.
T  INDICATES TRACE AMOUNT.




$$
