106
CDUS41 KBGM 160347
CLISYR


CLIMATE REPORT
NATIONAL WEATHER SERVICE BINGHAMTON NY
1046 PM EST THU FEB 15 2018


...................................

...THE SYRACUSE NY CLIMATE SUMMARY FOR FEBRUARY 15 2018...
VALID AS OF 1000 PM LOCAL TIME.

CLIMATE NORMAL PERIOD 1981 TO 2010
CLIMATE RECORD PERIOD 1902 TO 2018


WEATHER ITEM   OBSERVED TIME   RECORD YEAR NORMAL DEPARTURE LAST
                VALUE   (LST)  VALUE       VALUE  FROM      YEAR
                                                  NORMAL
..................................................................
TEMPERATURE (F)
 TODAY
  MAXIMUM         54    356 PM  64    1954  34     20       38
  MINIMUM         25    143 AM -17    1943  18      7       26
  AVERAGE         40                        26     14       32

PRECIPITATION (IN)
  TODAY            T             2.30 1946   0.07  -0.07     0.25
  MONTH TO DATE    1.39                      1.07   0.32     2.28
  SINCE DEC 1      6.86                      6.79   0.07     8.55
  SINCE JAN 1      4.52                      3.57   0.95     5.31

SNOWFALL (IN)
  TODAY            0.0          10.3  1963   0.8   -0.8      1.0
  MONTH TO DATE   21.5                      14.0    7.5     27.1
  SINCE DEC 1    100.2                      80.7   19.5     72.7
  SINCE JUL 1    105.4                      90.6   14.8     98.1
  SNOW DEPTH       0

DEGREE DAYS
 HEATING
  TODAY           25                        39    -14       33
  MONTH TO DATE  591                       604    -13      557
  SINCE DEC 1   3150                      2991    159     2750
  SINCE JUL 1   4347                      4340      7     3944

 COOLING
  TODAY            0                         0      0        0
  MONTH TO DATE    0                         0      0        0
  SINCE DEC 1      0                         0      0        0
  SINCE JAN 1      0                         0      0        0
..................................................................


WIND (MPH)
  HIGHEST WIND SPEED    24   HIGHEST WIND DIRECTION    SW (240)
  HIGHEST GUST SPEED    30   HIGHEST GUST DIRECTION    SW (240)
  AVERAGE WIND SPEED     6.7


SKY COVER
  POSSIBLE SUNSHINE  MM
  AVERAGE SKY COVER 0.9


WEATHER CONDITIONS
 THE FOLLOWING WEATHER WAS RECORDED TODAY.
  LIGHT RAIN
  FOG


RELATIVE HUMIDITY (PERCENT)
 HIGHEST   100          1200 AM
 LOWEST     64           200 PM
 AVERAGE    82

..........................................................


THE SYRACUSE NY CLIMATE NORMALS FOR TOMORROW
                         NORMAL    RECORD    YEAR
 MAXIMUM TEMPERATURE (F)   34        63      1954
 MINIMUM TEMPERATURE (F)   18       -17      2015


SUNRISE AND SUNSET
FEBRUARY 15 2018......SUNRISE   702 AM EST   SUNSET   536 PM EST
FEBRUARY 16 2018......SUNRISE   701 AM EST   SUNSET   537 PM EST


-  INDICATES NEGATIVE NUMBERS.
R  INDICATES RECORD WAS SET OR TIED.
MM INDICATES DATA IS MISSING.
T  INDICATES TRACE AMOUNT.




$$
