000
CDUS41 KBGM 130523
CLISYR


CLIMATE REPORT
NATIONAL WEATHER SERVICE BINGHAMTON NY
1221 AM EST FRI JAN 13 2017


...................................

...THE SYRACUSE NY CLIMATE SUMMARY FOR JANUARY 12 2017...

CLIMATE NORMAL PERIOD 1981 TO 2010
CLIMATE RECORD PERIOD 1902 TO 2017


WEATHER ITEM   OBSERVED TIME   RECORD YEAR NORMAL DEPARTURE LAST
                VALUE   (LST)  VALUE       VALUE  FROM      YEAR
                                                  NORMAL
..................................................................
TEMPERATURE (F)
 YESTERDAY
  MAXIMUM         54    118 PM  57    1932  31     23       32
  MINIMUM         35   1159 PM -25    1982  16     19       16
  AVERAGE         45                        23     22       24

PRECIPITATION (IN)
  YESTERDAY        0.27          1.70 1915   0.08   0.19     0.06
  MONTH TO DATE    1.28                      1.05   0.23     0.93
  SINCE DEC 1      4.52                      4.27   0.25     5.76
  SINCE JAN 1      1.28                      1.05   0.23     0.93

SNOWFALL (IN)
  YESTERDAY        0.0           6.2  1999   1.2   -1.2      1.9
  MONTH TO DATE    4.7                      12.8   -8.1      5.6
  SINCE DEC 1     41.9                      45.5   -3.6      7.7
  SINCE JUL 1     67.3                      55.4   11.9      8.5
  SNOW DEPTH       0

DEGREE DAYS
 HEATING
  YESTERDAY       20                        42    -22       41
  MONTH TO DATE  467                       491    -24      457
  SINCE DEC 1   1558                      1595    -37     1188
  SINCE JUL 1   2752                      2944   -192     2273

 COOLING
  YESTERDAY        0                         0      0        0
  MONTH TO DATE    0                         0      0        0
  SINCE DEC 1      0                         0      0        0
  SINCE JAN 1      0                         0      0        0
..................................................................


WIND (MPH)
  HIGHEST WIND SPEED    25   HIGHEST WIND DIRECTION    NW (330)
  HIGHEST GUST SPEED    35   HIGHEST GUST DIRECTION     S (170)
  AVERAGE WIND SPEED    14.4


SKY COVER
  POSSIBLE SUNSHINE  MM
  AVERAGE SKY COVER 0.9


WEATHER CONDITIONS
 THE FOLLOWING WEATHER WAS RECORDED YESTERDAY.
  HEAVY RAIN
  RAIN
  LIGHT RAIN
  FOG


RELATIVE HUMIDITY (PERCENT)
 HIGHEST   100           500 PM
 LOWEST     77           500 AM
 AVERAGE    89

..........................................................


THE SYRACUSE NY CLIMATE NORMALS FOR TODAY
                         NORMAL    RECORD    YEAR
 MAXIMUM TEMPERATURE (F)   31        68      1932
 MINIMUM TEMPERATURE (F)   16       -22      1914


SUNRISE AND SUNSET
JANUARY 13 2017.......SUNRISE   734 AM EST   SUNSET   453 PM EST
JANUARY 14 2017.......SUNRISE   734 AM EST   SUNSET   454 PM EST


-  INDICATES NEGATIVE NUMBERS.
R  INDICATES RECORD WAS SET OR TIED.
MM INDICATES DATA IS MISSING.
T  INDICATES TRACE AMOUNT.

$$
