000
CDUS41 KBGM 012218
CLISYR


CLIMATE REPORT
NATIONAL WEATHER SERVICE BINGHAMTON NY
518 PM EST MON FEB 1 2016


...................................

...THE SYRACUSE NY CLIMATE SUMMARY FOR FEBRUARY 1 2016...
VALID TODAY AS OF 0500 PM LOCAL TIME.

CLIMATE NORMAL PERIOD 1981 TO 2010
CLIMATE RECORD PERIOD 1902 TO 2016


WEATHER ITEM   OBSERVED TIME   RECORD YEAR NORMAL DEPARTURE LAST
                VALUE   (LST)  VALUE       VALUE  FROM      YEAR
                                                  NORMAL
..................................................................
TEMPERATURE (F)
 TODAY
  MAXIMUM         54    401 AM  59    1989  32     22       24
  MINIMUM         38    459 PM -20    1948  16     22       11
  AVERAGE         46                        24     22       18

PRECIPITATION (IN)
  TODAY            T             1.56 2008   0.07  -0.07     0.06
  MONTH TO DATE    T                         0.07  -0.07     0.06
  SINCE DEC 1      6.54                      5.79   0.75     4.68
  SINCE JAN 1      1.71                      2.57  -0.86     1.66

SNOWFALL (IN)
  TODAY            0.0          10.1  2013   1.0   -1.0      1.2
  MONTH TO DATE    0.0                       1.0   -1.0      1.2
  SINCE DEC 1     40.9                      67.7  -26.8     37.0
  SINCE JUL 1     41.7                      77.6  -35.9     48.0
  SNOW DEPTH       3

DEGREE DAYS
 HEATING
  TODAY           19                        41    -22       47
  MONTH TO DATE   19                        41    -22       47
  SINCE DEC 1   1954                      2428   -474     2527
  SINCE JUL 1   3039                      3777   -738     3712

 COOLING
  TODAY            0                         0      0        0
  MONTH TO DATE    0                         0      0        0
  SINCE DEC 1      0                         0      0        0
  SINCE JAN 1      0                         0      0        0
..................................................................


WIND (MPH)
  HIGHEST WIND SPEED    25   HIGHEST WIND DIRECTION     W (280)
  HIGHEST GUST SPEED    36   HIGHEST GUST DIRECTION     W (280)
  AVERAGE WIND SPEED    15.5


SKY COVER
  POSSIBLE SUNSHINE  MM
  AVERAGE SKY COVER 0.9


WEATHER CONDITIONS
 THE FOLLOWING WEATHER WAS RECORDED TODAY.
  LIGHT RAIN


RELATIVE HUMIDITY (PERCENT)
 HIGHEST    86           700 AM
 LOWEST     49           200 PM
 AVERAGE    68

..........................................................


THE SYRACUSE NY CLIMATE NORMALS FOR TOMORROW
                         NORMAL    RECORD    YEAR
 MAXIMUM TEMPERATURE (F)   32        53      1973
 MINIMUM TEMPERATURE (F)   16       -19      1961


SUNRISE AND SUNSET
FEBRUARY  1 2016......SUNRISE   720 AM EST   SUNSET   516 PM EST
FEBRUARY  2 2016......SUNRISE   719 AM EST   SUNSET   518 PM EST


-  INDICATES NEGATIVE NUMBERS.
R  INDICATES RECORD WAS SET OR TIED.
MM INDICATES DATA IS MISSING.
T  INDICATES TRACE AMOUNT.




$$
