000
CDUS41 KBGM 180746
CLISYR


CLIMATE REPORT
NATIONAL WEATHER SERVICE BINGHAMTON NY
345 AM EDT WED MAY 18 2016


...................................

...THE SYRACUSE NY CLIMATE SUMMARY FOR MAY 17 2016...

CLIMATE NORMAL PERIOD 1981 TO 2010
CLIMATE RECORD PERIOD 1902 TO 2016


WEATHER ITEM   OBSERVED TIME   RECORD YEAR NORMAL DEPARTURE LAST
                VALUE   (LST)  VALUE       VALUE  FROM      YEAR
                                                  NORMAL
..................................................................
TEMPERATURE (F)
 YESTERDAY
  MAXIMUM         60    433 PM  91    1977  69     -9       79
  MINIMUM         40   1146 PM  30    1983  47     -7       57
  AVERAGE         50                        58     -8       68

PRECIPITATION (IN)
  YESTERDAY        0.00          0.91 1916   0.11  -0.11     0.00
  MONTH TO DATE    1.10                      1.70  -0.60     1.29
  SINCE MAR 1      5.56                      7.84  -2.28     5.60
  SINCE JAN 1     12.08                     12.41  -0.33     9.48

SNOWFALL (IN)
  YESTERDAY        0.0           1.2  1973   0.0    0.0      0.0
  MONTH TO DATE    T                         0.1   -0.1      0.0
  SINCE MAR 1     13.5                      21.9   -8.4     12.9
  SINCE JUL 1     80.3                     123.8  -43.5    119.7
  SNOW DEPTH       0

DEGREE DAYS
 HEATING
  YESTERDAY       15                         8      7        0
  MONTH TO DATE  213                       170     43       62
  SINCE MAR 1   1651                      1674    -23     1780
  SINCE JUL 1   5750                      6505   -755     7004

 COOLING
  YESTERDAY        0                         1     -1        3
  MONTH TO DATE    0                         7     -7       49
  SINCE MAR 1      0                        11    -11       49
  SINCE JAN 1      0                        11    -11       49
..................................................................


WIND (MPH)
  HIGHEST WIND SPEED    16   HIGHEST WIND DIRECTION     W (270)
  HIGHEST GUST SPEED    19   HIGHEST GUST DIRECTION     W (250)
  AVERAGE WIND SPEED     6.0


SKY COVER
  POSSIBLE SUNSHINE  MM
  AVERAGE SKY COVER 0.7


WEATHER CONDITIONS
 THE FOLLOWING WEATHER WAS RECORDED YESTERDAY.
  NO SIGNIFICANT WEATHER WAS OBSERVED.


RELATIVE HUMIDITY (PERCENT)
 HIGHEST   100           500 AM
 LOWEST     36           600 PM
 AVERAGE    68

..........................................................


THE SYRACUSE NY CLIMATE NORMALS FOR TODAY
                         NORMAL    RECORD    YEAR
 MAXIMUM TEMPERATURE (F)   70        90      1962
 MINIMUM TEMPERATURE (F)   47        30      1983


SUNRISE AND SUNSET
MAY 18 2016...........SUNRISE   537 AM EDT   SUNSET   825 PM EDT
MAY 19 2016...........SUNRISE   537 AM EDT   SUNSET   826 PM EDT


-  INDICATES NEGATIVE NUMBERS.
R  INDICATES RECORD WAS SET OR TIED.
MM INDICATES DATA IS MISSING.
T  INDICATES TRACE AMOUNT.




$$
