000
CDUS41 KBGM 230930
CLISYR


CLIMATE REPORT
NATIONAL WEATHER SERVICE BINGHAMTON NY
530 AM EDT SAT APR 23 2016


...................................

...THE SYRACUSE NY CLIMATE SUMMARY FOR APRIL 22 2016...

CLIMATE NORMAL PERIOD 1981 TO 2010
CLIMATE RECORD PERIOD 1902 TO 2016


WEATHER ITEM   OBSERVED TIME   RECORD YEAR NORMAL DEPARTURE LAST
                VALUE   (LST)  VALUE       VALUE  FROM      YEAR
                                                  NORMAL
..................................................................
TEMPERATURE (F)
 YESTERDAY
  MAXIMUM         69    326 PM  85    1954  60      9       51
  MINIMUM         50   1159 PM  25    1984  39     11       36
                                      1983
                                      1978
  AVERAGE         60                        50     10       44

PRECIPITATION (IN)
  YESTERDAY        T             1.26 2006   0.10  -0.10     0.01
  MONTH TO DATE    1.49                      2.39  -0.90     2.72
  SINCE MAR 1      3.94                      5.34  -1.40     4.24
  SINCE JAN 1     10.46                      9.91   0.55     8.12

SNOWFALL (IN)
  YESTERDAY        0.0           6.2  1993   0.1   -0.1      0.0
  MONTH TO DATE    8.1                       3.4    4.7       T
  SINCE MAR 1     13.5                      21.4   -7.9     12.3
  SINCE JUL 1     80.3                     123.3  -43.0    119.1
  SNOW DEPTH       0

DEGREE DAYS
 HEATING
  YESTERDAY        5                        16    -11       21
  MONTH TO DATE  499                       436     63      395
  SINCE MAR 1   1274                      1393   -119     1564
  SINCE JUL 1   5373                      6224   -851     6788

 COOLING
  YESTERDAY        0                         0      0        0
  MONTH TO DATE    0                         0      0        0
  SINCE MAR 1      0                         0      0        0
  SINCE JAN 1      0                         0      0        0
..................................................................


WIND (MPH)
  HIGHEST WIND SPEED    16   HIGHEST WIND DIRECTION    SW (220)
  HIGHEST GUST SPEED    20   HIGHEST GUST DIRECTION    SW (240)
  AVERAGE WIND SPEED     8.6


SKY COVER
  POSSIBLE SUNSHINE  MM
  AVERAGE SKY COVER 0.9


WEATHER CONDITIONS
 THE FOLLOWING WEATHER WAS RECORDED YESTERDAY.
  LIGHT RAIN


RELATIVE HUMIDITY (PERCENT)
 HIGHEST    89          1100 PM
 LOWEST     58           100 PM
 AVERAGE    74

..........................................................


THE SYRACUSE NY CLIMATE NORMALS FOR TODAY
                         NORMAL    RECORD    YEAR
 MAXIMUM TEMPERATURE (F)   61        88      2001
 MINIMUM TEMPERATURE (F)   39        20      1930


SUNRISE AND SUNSET
APRIL 23 2016.........SUNRISE   609 AM EDT   SUNSET   757 PM EDT
APRIL 24 2016.........SUNRISE   607 AM EDT   SUNSET   758 PM EDT


-  INDICATES NEGATIVE NUMBERS.
R  INDICATES RECORD WAS SET OR TIED.
MM INDICATES DATA IS MISSING.
T  INDICATES TRACE AMOUNT.




$$
