000
CDUS41 KBGM 182221
CLISYR


CLIMATE REPORT
NATIONAL WEATHER SERVICE BINGHAMTON NY
521 PM EST TUE NOV 18 2014


...................................

...THE SYRACUSE NY CLIMATE SUMMARY FOR NOVEMBER 18 2014...
VALID TODAY AS OF 0500 PM LOCAL TIME.

CLIMATE NORMAL PERIOD 1981 TO 2010
CLIMATE RECORD PERIOD 1902 TO 2014


WEATHER ITEM   OBSERVED TIME   RECORD YEAR NORMAL DEPARTURE LAST
                VALUE   (LST)  VALUE       VALUE  FROM      YEAR
                                                  NORMAL
..................................................................
TEMPERATURE (F)
 TODAY
  MAXIMUM         33   1202 AM  72    1958  48    -15       62
  MINIMUM         22    851 AM  10    1924  32    -10       38
  AVERAGE         28                        40    -12       50

PRECIPITATION (IN)
  TODAY            T             0.79 1929   0.12  -0.12     0.13
  MONTH TO DATE    1.52                      2.11  -0.59     1.70
  SINCE SEP 1      7.66                      9.24  -1.58     8.81
  SINCE JAN 1     36.70                     33.83   2.87    35.39

SNOWFALL (IN)
  TODAY            T             2.8  1980   0.3   -0.3      0.0
  MONTH TO DATE    2.9                       3.6   -0.7      0.4
  SINCE SEP 1      2.9                       4.0   -1.1      0.4
  SINCE JUL 1      2.9                       4.0   -1.1      0.4
  SNOW DEPTH       0

DEGREE DAYS
 HEATING
  TODAY           37                        25     12       15
  MONTH TO DATE  405                       400      5      379
  SINCE SEP 1    827                       991   -164      895
  SINCE JUL 1    838                      1017   -179      901

 COOLING
  TODAY            0                         0      0        0
  MONTH TO DATE    0                         0      0        0
  SINCE SEP 1     88                        56     32       69
  SINCE JAN 1    647                       569     78      712
..................................................................


WIND (MPH)
  HIGHEST WIND SPEED    33   HIGHEST WIND DIRECTION    SW (240)
  HIGHEST GUST SPEED    42   HIGHEST GUST DIRECTION     W (250)
  AVERAGE WIND SPEED    22.2


SKY COVER
  POSSIBLE SUNSHINE  MM
  AVERAGE SKY COVER 0.8


WEATHER CONDITIONS
 THE FOLLOWING WEATHER WAS RECORDED TODAY.
  LIGHT SNOW


RELATIVE HUMIDITY (PERCENT)
 HIGHEST    69           200 AM
 LOWEST     42          1200 PM
 AVERAGE    56

..........................................................


THE SYRACUSE NY CLIMATE NORMALS FOR TOMORROW
                         NORMAL    RECORD    YEAR
 MAXIMUM TEMPERATURE (F)   47        74      1921
 MINIMUM TEMPERATURE (F)   32        14      1962


SUNRISE AND SUNSET
NOVEMBER 18 2014......SUNRISE   701 AM EST   SUNSET   438 PM EST
NOVEMBER 19 2014......SUNRISE   702 AM EST   SUNSET   437 PM EST


-  INDICATES NEGATIVE NUMBERS.
R  INDICATES RECORD WAS SET OR TIED.
MM INDICATES DATA IS MISSING.
T  INDICATES TRACE AMOUNT.




$$
