000
CDUS41 KBGM 200627
CLISYR


CLIMATE REPORT
NATIONAL WEATHER SERVICE BINGHAMTON NY
126 AM EST FRI FEB 20 2015


...................................

...THE SYRACUSE NY CLIMATE SUMMARY FOR FEBRUARY 19 2015...

CLIMATE NORMAL PERIOD 1981 TO 2010
CLIMATE RECORD PERIOD 1902 TO 2015


WEATHER ITEM   OBSERVED TIME   RECORD YEAR NORMAL DEPARTURE LAST
                VALUE   (LST)  VALUE       VALUE  FROM      YEAR
                                                  NORMAL
..................................................................
TEMPERATURE (F)
 YESTERDAY
  MAXIMUM         11    431 AM  69    1981  35    -24       43
  MINIMUM         -3   1159 PM  -9    2007  18    -21       19
  AVERAGE          4                        27    -23       31

PRECIPITATION (IN)
  YESTERDAY        0.20          2.24 1940   0.07   0.13     0.02
  MONTH TO DATE    2.10                      1.36   0.74     2.09
  SINCE DEC 1      6.72                      7.08  -0.36     7.18
  SINCE JAN 1      3.70                      3.86  -0.16     4.29

SNOWFALL (IN)
  YESTERDAY        6.2          15.4  1972   0.9    5.3       T
  MONTH TO DATE   48.5                      17.6   30.9     31.4
  SINCE DEC 1     84.3                      84.3    0.0     85.7
  SINCE JUL 1     95.3                      94.2    1.1    100.0
  SNOW DEPTH      26

DEGREE DAYS
 HEATING
  YESTERDAY       61                        38     23       34
  MONTH TO DATE 1032                       759    273      863
  SINCE DEC 1   3512                      3146    366     3396
  SINCE JUL 1   4697                      4495    202     4729

 COOLING
  YESTERDAY        0                         0      0        0
  MONTH TO DATE    0                         0      0        0
  SINCE DEC 1      0                         0      0        0
  SINCE JAN 1      0                         0      0        0
..................................................................


WIND (MPH)
  HIGHEST WIND SPEED    28   HIGHEST WIND DIRECTION     W (260)
  HIGHEST GUST SPEED    38   HIGHEST GUST DIRECTION     W (290)
  AVERAGE WIND SPEED    18.5


SKY COVER
  POSSIBLE SUNSHINE  MM
  AVERAGE SKY COVER 1.0


WEATHER CONDITIONS
 THE FOLLOWING WEATHER WAS RECORDED YESTERDAY.
  HEAVY SNOW
  SNOW
  LIGHT SNOW
  FOG
  FOG W/VISIBILITY <= 1/4 MILE
  HAZE
  BLOWING SNOW


RELATIVE HUMIDITY (PERCENT)
 HIGHEST   100          1200 AM
 LOWEST     80           700 AM
 AVERAGE    90

..........................................................


THE SYRACUSE NY CLIMATE NORMALS FOR TODAY
                         NORMAL    RECORD    YEAR
 MAXIMUM TEMPERATURE (F)   35        65      1930
 MINIMUM TEMPERATURE (F)   18       -21      1966


SUNRISE AND SUNSET
FEBRUARY 20 2015......SUNRISE   655 AM EST   SUNSET   542 PM EST
FEBRUARY 21 2015......SUNRISE   654 AM EST   SUNSET   543 PM EST


-  INDICATES NEGATIVE NUMBERS.
R  INDICATES RECORD WAS SET OR TIED.
MM INDICATES DATA IS MISSING.
T  INDICATES TRACE AMOUNT.




$$
