000
CDUS41 KBGM 082120
CLISYR


CLIMATE REPORT
NATIONAL WEATHER SERVICE BINGHAMTON NY
520 PM EDT THU JUN 8 2017


...................................

...THE SYRACUSE NY CLIMATE SUMMARY FOR JUNE 8 2017...
VALID TODAY AS OF 0500 PM LOCAL TIME.

CLIMATE NORMAL PERIOD 1981 TO 2010
CLIMATE RECORD PERIOD 1902 TO 2017


WEATHER ITEM   OBSERVED TIME   RECORD YEAR NORMAL DEPARTURE LAST
                VALUE   (LST)  VALUE       VALUE  FROM      YEAR
                                                  NORMAL
..................................................................
TEMPERATURE (F)
 TODAY
  MAXIMUM         79    205 PM  97    2011  76      3       59
  MINIMUM         47    505 AM  40    1945  54     -7       51
  AVERAGE         63                        65     -2       55

PRECIPITATION (IN)
  TODAY            0.00          1.29 1906   0.11  -0.11     0.05
  MONTH TO DATE    1.72                      0.87   0.85     1.11
  SINCE JUN 1      1.72                      0.87   0.85     1.11
  SINCE JAN 1     23.56                     14.80   8.76    15.67

SNOWFALL (IN)
  TODAY            0.0           0.0  2002   0.0    0.0      0.0
                                      2001
  MONTH TO DATE    0.0                       0.0    0.0       T
  SINCE JUN 1      0.0                       0.0    0.0       T
  SINCE JUL 1    134.9                     123.8   11.1     80.3
  SNOW DEPTH       0

DEGREE DAYS
 HEATING
  TODAY            2                         3     -1       10
  MONTH TO DATE   60                        29     31       12
  SINCE JUN 1     60                        29     31       12
  SINCE JUL 1   6127                      6619   -492     5810

 COOLING
  TODAY            0                         3     -3        0
  MONTH TO DATE    0                        18    -18       22
  SINCE JUN 1      0                        18    -18       22
  SINCE JAN 1     32                        48    -16       78
..................................................................


WIND (MPH)
  HIGHEST WIND SPEED     8   HIGHEST WIND DIRECTION    NE (60)
  HIGHEST GUST SPEED    12   HIGHEST GUST DIRECTION    NE (50)
  AVERAGE WIND SPEED     1.9


SKY COVER
  POSSIBLE SUNSHINE  MM
  AVERAGE SKY COVER 0.3


WEATHER CONDITIONS
 THE FOLLOWING WEATHER WAS RECORDED TODAY.
  NO SIGNIFICANT WEATHER WAS OBSERVED.


RELATIVE HUMIDITY (PERCENT)
 HIGHEST    93          1200 AM
 LOWEST     33           300 PM
 AVERAGE    63

..........................................................


THE SYRACUSE NY CLIMATE NORMALS FOR TOMORROW
                         NORMAL    RECORD    YEAR
 MAXIMUM TEMPERATURE (F)   76        95      2008
 MINIMUM TEMPERATURE (F)   54        37      1983
                                             1913


SUNRISE AND SUNSET
JUNE  8 2017..........SUNRISE   525 AM EDT   SUNSET   842 PM EDT
JUNE  9 2017..........SUNRISE   525 AM EDT   SUNSET   843 PM EDT


-  INDICATES NEGATIVE NUMBERS.
R  INDICATES RECORD WAS SET OR TIED.
MM INDICATES DATA IS MISSING.
T  INDICATES TRACE AMOUNT.




$$
