000
CDUS41 KBGM 212128
CLISYR


CLIMATE REPORT
NATIONAL WEATHER SERVICE BINGHAMTON NY
528 PM EDT WED SEP 21 2016


...................................

...THE SYRACUSE NY CLIMATE SUMMARY FOR SEPTEMBER 21 2016...
VALID TODAY AS OF 0500 PM LOCAL TIME.

CLIMATE NORMAL PERIOD 1981 TO 2010
CLIMATE RECORD PERIOD 1902 TO 2016


WEATHER ITEM   OBSERVED TIME   RECORD YEAR NORMAL DEPARTURE LAST
                VALUE   (LST)  VALUE       VALUE  FROM      YEAR
                                                  NORMAL
..................................................................
TEMPERATURE (F)
 TODAY
  MAXIMUM         79    338 PM  91    1931  70      9       67
  MINIMUM         54    452 AM  35    1973  50      4       42
                                      1929
  AVERAGE         67                        60      7       55

PRECIPITATION (IN)
  TODAY            0.00          1.40 1913   0.13  -0.13     0.00
  MONTH TO DATE    3.67                      2.54   1.13     2.07
  SINCE SEP 1      3.67                      2.54   1.13     2.07
  SINCE JAN 1     26.88                     27.13  -0.25    29.39

SNOWFALL (IN)
  TODAY            0.0           0.0  2002   0.0    0.0      0.0
                                      2000
                                      2001
  MONTH TO DATE    0.0                       0.0    0.0      0.0
  SINCE SEP 1      0.0                       0.0    0.0      0.0
  SINCE JUL 1      0.0                       0.0    0.0      0.0
  SNOW DEPTH       0

DEGREE DAYS
 HEATING
  TODAY            0                         6     -6       10
  MONTH TO DATE   22                        71    -49       29
  SINCE SEP 1     22                        71    -49       29
  SINCE JUL 1     23                        97    -74       37

 COOLING
  TODAY            2                         1      1        0
  MONTH TO DATE   87                        46     41      139
  SINCE SEP 1     87                        46     41      139
  SINCE JAN 1    799                       559    240      711
..................................................................


WIND (MPH)
  HIGHEST WIND SPEED    12   HIGHEST WIND DIRECTION     W (260)
  HIGHEST GUST SPEED    15   HIGHEST GUST DIRECTION    SW (230)
  AVERAGE WIND SPEED     2.6


SKY COVER
  POSSIBLE SUNSHINE  MM
  AVERAGE SKY COVER 0.3


WEATHER CONDITIONS
 THE FOLLOWING WEATHER WAS RECORDED TODAY.
  NO SIGNIFICANT WEATHER WAS OBSERVED.


RELATIVE HUMIDITY (PERCENT)
 HIGHEST    93           300 AM
 LOWEST     36           100 PM
 AVERAGE    65

..........................................................


THE SYRACUSE NY CLIMATE NORMALS FOR TOMORROW
                         NORMAL    RECORD    YEAR
 MAXIMUM TEMPERATURE (F)   70        92      1931
 MINIMUM TEMPERATURE (F)   50        35      1991
                                             1963


SUNRISE AND SUNSET
SEPTEMBER 21 2016.....SUNRISE   651 AM EDT   SUNSET   703 PM EDT
SEPTEMBER 22 2016.....SUNRISE   652 AM EDT   SUNSET   701 PM EDT


-  INDICATES NEGATIVE NUMBERS.
R  INDICATES RECORD WAS SET OR TIED.
MM INDICATES DATA IS MISSING.
T  INDICATES TRACE AMOUNT.




$$
