000
CDUS41 KBGM 142126
CLISYR


CLIMATE REPORT
NATIONAL WEATHER SERVICE BINGHAMTON NY
525 PM EDT THU AUG 14 2014


...................................

...THE SYRACUSE NY CLIMATE SUMMARY FOR AUGUST 14 2014...
VALID TODAY AS OF 0500 PM LOCAL TIME.

CLIMATE NORMAL PERIOD 1981 TO 2010
CLIMATE RECORD PERIOD 1902 TO 2014


WEATHER ITEM   OBSERVED TIME   RECORD YEAR NORMAL DEPARTURE LAST
                VALUE   (LST)  VALUE       VALUE  FROM      YEAR
                                                  NORMAL
..................................................................
TEMPERATURE (F)
 TODAY
  MAXIMUM         70    200 PM 101    2002  81    -11       70
  MINIMUM         56    457 AM  48    1966  60     -4       56
                                      1946
                                      1903
  AVERAGE         63                        70     -7       63

PRECIPITATION (IN)
  TODAY            T             1.55 1929   0.12  -0.12      T
  MONTH TO DATE    1.38                      1.60  -0.22     1.29
  SINCE JUN 1      9.30                      8.69   0.61    11.35
  SINCE JAN 1     26.68                     22.62   4.06    25.29

SNOWFALL (IN)
  TODAY            0.0           0.0  2002   0.0    0.0      0.0
                                      2000
                                      2001
  MONTH TO DATE    0.0                       0.0    0.0      0.0
  SINCE JUN 1      0.0                       0.0    0.0      0.0
  SINCE JUL 1      0.0                       0.0    0.0      0.0
  SNOW DEPTH       0

DEGREE DAYS
 HEATING
  TODAY            2                         1      1        2
  MONTH TO DATE    2                         1      1        3
  SINCE JUN 1     27                        70    -43       67
  SINCE JUL 1      4                         9     -5        6

 COOLING
  TODAY            0                         6     -6        0
  MONTH TO DATE   83                        84     -1       57
  SINCE JUN 1    440                       400     40      484
  SINCE JAN 1    496                       430     66      536
..................................................................


WIND (MPH)
  HIGHEST WIND SPEED    18   HIGHEST WIND DIRECTION     W (260)
  HIGHEST GUST SPEED    25   HIGHEST GUST DIRECTION     W (250)
  AVERAGE WIND SPEED    11.8


SKY COVER
  POSSIBLE SUNSHINE  MM
  AVERAGE SKY COVER 0.8


WEATHER CONDITIONS
 THE FOLLOWING WEATHER WAS RECORDED TODAY.
  NO SIGNIFICANT WEATHER WAS OBSERVED.


RELATIVE HUMIDITY (PERCENT)
 HIGHEST    86           500 AM
 LOWEST     51          1200 PM
 AVERAGE    69

..........................................................


THE SYRACUSE NY CLIMATE NORMALS FOR TOMORROW
                         NORMAL    RECORD    YEAR
 MAXIMUM TEMPERATURE (F)   80        97      1965
 MINIMUM TEMPERATURE (F)   60        46      1972


SUNRISE AND SUNSET
AUGUST 14 2014........SUNRISE   609 AM EDT   SUNSET   808 PM EDT
AUGUST 15 2014........SUNRISE   610 AM EDT   SUNSET   807 PM EDT


-  INDICATES NEGATIVE NUMBERS.
R  INDICATES RECORD WAS SET OR TIED.
MM INDICATES DATA IS MISSING.
T  INDICATES TRACE AMOUNT.




$$
