000
CDUS41 KBGM 140536
CLISYR


CLIMATE REPORT
NATIONAL WEATHER SERVICE BINGHAMTON NY
136 AM EDT SAT MAY 14 2016


...................................

...THE SYRACUSE NY CLIMATE SUMMARY FOR MAY 13 2016...

CLIMATE NORMAL PERIOD 1981 TO 2010
CLIMATE RECORD PERIOD 1902 TO 2016


WEATHER ITEM   OBSERVED TIME   RECORD YEAR NORMAL DEPARTURE LAST
                VALUE   (LST)  VALUE       VALUE  FROM      YEAR
                                                  NORMAL
..................................................................
TEMPERATURE (F)
 YESTERDAY
  MAXIMUM         73    215 PM  86    2004  68      5       58
  MINIMUM         54   1159 PM  30    2005  45      9       40
                                      1941
  AVERAGE         64                        57      7       49

PRECIPITATION (IN)
  YESTERDAY        0.06          1.13 1990   0.10  -0.04     0.01
  MONTH TO DATE    1.03                      1.29  -0.26     1.01
  SINCE MAR 1      5.49                      7.43  -1.94     5.32
  SINCE JAN 1     12.01                     12.00   0.01     9.20

SNOWFALL (IN)
  YESTERDAY        0.0           T    2013   0.0    0.0      0.0
  MONTH TO DATE    0.0                       0.1   -0.1      0.0
  SINCE MAR 1     13.5                      21.9   -8.4     12.9
  SINCE JUL 1     80.3                     123.8  -43.5    119.7
  SNOW DEPTH       0

DEGREE DAYS
 HEATING
  YESTERDAY        1                         9     -8       16
  MONTH TO DATE  150                       137     13       41
  SINCE MAR 1   1588                      1641    -53     1759
  SINCE JUL 1   5687                      6472   -785     6983

 COOLING
  YESTERDAY        0                         1     -1        0
  MONTH TO DATE    0                         3     -3       45
  SINCE MAR 1      0                         7     -7       45
  SINCE JAN 1      0                         7     -7       45
..................................................................


WIND (MPH)
  HIGHEST WIND SPEED    23   HIGHEST WIND DIRECTION     S (170)
  HIGHEST GUST SPEED    31   HIGHEST GUST DIRECTION     S (170)
  AVERAGE WIND SPEED    11.9


SKY COVER
  POSSIBLE SUNSHINE  MM
  AVERAGE SKY COVER 0.8


WEATHER CONDITIONS
 THE FOLLOWING WEATHER WAS RECORDED YESTERDAY.
  LIGHT RAIN
  FOG


RELATIVE HUMIDITY (PERCENT)
 HIGHEST    93           800 AM
 LOWEST     52           600 PM
 AVERAGE    73

..........................................................


THE SYRACUSE NY CLIMATE NORMALS FOR TODAY
                         NORMAL    RECORD    YEAR
 MAXIMUM TEMPERATURE (F)   68        87      1942
 MINIMUM TEMPERATURE (F)   46        30      1939


SUNRISE AND SUNSET
MAY 14 2016...........SUNRISE   541 AM EDT   SUNSET   821 PM EDT
MAY 15 2016...........SUNRISE   540 AM EDT   SUNSET   822 PM EDT


-  INDICATES NEGATIVE NUMBERS.
R  INDICATES RECORD WAS SET OR TIED.
MM INDICATES DATA IS MISSING.
T  INDICATES TRACE AMOUNT.




$$
