000
CDUS41 KBGM 060525
CLISYR


CLIMATE REPORT
NATIONAL WEATHER SERVICE BINGHAMTON NY
123 AM EDT SUN JUL 6 2014


...................................

...THE SYRACUSE NY CLIMATE SUMMARY FOR JULY 5 2014...

CLIMATE NORMAL PERIOD 1981 TO 2010
CLIMATE RECORD PERIOD 1902 TO 2014


WEATHER ITEM   OBSERVED TIME   RECORD YEAR NORMAL DEPARTURE LAST
                VALUE   (LST)  VALUE       VALUE  FROM      YEAR
                                                  NORMAL
..................................................................
TEMPERATURE (F)
 YESTERDAY
  MAXIMUM         81    340 PM 100    1911  81      0       90
  MINIMUM         56    427 AM  46    1982  60     -4       70
  AVERAGE         69                        71     -2       80

PRECIPITATION (IN)
  YESTERDAY        0.00          1.32 1951   0.12  -0.12     0.20
  MONTH TO DATE    0.54                      0.59  -0.05     0.73
  SINCE JUN 1      3.28                      3.90  -0.62     7.53
  SINCE JAN 1     20.66                     17.83   2.83    21.47

SNOWFALL (IN)
  YESTERDAY        0.0           T    1992   0.0    0.0      0.0
  MONTH TO DATE    0.0                       0.0    0.0      0.0
  SINCE JUN 1      0.0                       0.0    0.0      0.0
  SINCE JUL 1      0.0                       0.0    0.0      0.0
  SNOW DEPTH       0

DEGREE DAYS
 HEATING
  YESTERDAY        0                         0      0        0
  MONTH TO DATE    0                         2     -2        0
  SINCE JUN 1     23                        63    -40       61
  SINCE JUL 1      0                         2     -2        0

 COOLING
  YESTERDAY        4                         6     -2       15
  MONTH TO DATE   49                        30     19       59
  SINCE JUN 1    196                       143     53      183
  SINCE JAN 1    252                       173     79      235
..................................................................


WIND (MPH)
  HIGHEST WIND SPEED    20   HIGHEST WIND DIRECTION     W (280)
  HIGHEST GUST SPEED    25   HIGHEST GUST DIRECTION     W (270)
  AVERAGE WIND SPEED    10.5


SKY COVER
  POSSIBLE SUNSHINE  MM
  AVERAGE SKY COVER 0.3


WEATHER CONDITIONS
 THE FOLLOWING WEATHER WAS RECORDED YESTERDAY.
  NO SIGNIFICANT WEATHER WAS OBSERVED.


RELATIVE HUMIDITY (PERCENT)
 HIGHEST    86           300 AM
 LOWEST     30           400 PM
 AVERAGE    58

..........................................................


THE SYRACUSE NY CLIMATE NORMALS FOR TODAY
                         NORMAL    RECORD    YEAR
 MAXIMUM TEMPERATURE (F)   81        95      2012
 MINIMUM TEMPERATURE (F)   61        46      1940


SUNRISE AND SUNSET
JULY  6 2014..........SUNRISE   532 AM EDT   SUNSET   846 PM EDT
JULY  7 2014..........SUNRISE   532 AM EDT   SUNSET   846 PM EDT


-  INDICATES NEGATIVE NUMBERS.
R  INDICATES RECORD WAS SET OR TIED.
MM INDICATES DATA IS MISSING.
T  INDICATES TRACE AMOUNT.

$$
