000
CDUS41 KBGM 100530
CLISYR


CLIMATE REPORT
NATIONAL WEATHER SERVICE BINGHAMTON NY
129 AM EDT WED SEP 10 2014


...................................

...THE SYRACUSE NY CLIMATE SUMMARY FOR SEPTEMBER 9 2014...

CLIMATE NORMAL PERIOD 1981 TO 2010
CLIMATE RECORD PERIOD 1902 TO 2014


WEATHER ITEM   OBSERVED TIME   RECORD YEAR NORMAL DEPARTURE LAST
                VALUE   (LST)  VALUE       VALUE  FROM      YEAR
                                                  NORMAL
..................................................................
TEMPERATURE (F)
 YESTERDAY
  MAXIMUM         77    150 PM  94    1941  75      2       75
  MINIMUM         55    623 AM  37    1938  54      1       44
  AVERAGE         66                        65      1       60

PRECIPITATION (IN)
  YESTERDAY        0.00          2.42 1929   0.12  -0.12     0.00
  MONTH TO DATE    0.53                      1.05  -0.52     1.62
  SINCE SEP 1      0.53                      1.05  -0.52     1.62
  SINCE JAN 1     29.57                     25.64   3.93    28.20

SNOWFALL (IN)
  YESTERDAY        0.0           0.0  2002   0.0    0.0      0.0
                                      2000
                                      2001
  MONTH TO DATE    0.0                       0.0    0.0      0.0
  SINCE SEP 1      0.0                       0.0    0.0      0.0
  SINCE JUL 1      0.0                       0.0    0.0      0.0
  SNOW DEPTH       0

DEGREE DAYS
 HEATING
  YESTERDAY        0                         3     -3        5
  MONTH TO DATE    1                        19    -18       29
  SINCE SEP 1      1                        19    -18       29
  SINCE JUL 1     12                        45    -33       35

 COOLING
  YESTERDAY        1                         2     -1        0
  MONTH TO DATE   56                        27     29       29
  SINCE SEP 1     56                        27     29       29
  SINCE JAN 1    615                       540     75      672
..................................................................


WIND (MPH)
  HIGHEST WIND SPEED    17   HIGHEST WIND DIRECTION     S (160)
  HIGHEST GUST SPEED    24   HIGHEST GUST DIRECTION    SE (150)
  AVERAGE WIND SPEED     7.8


SKY COVER
  POSSIBLE SUNSHINE  MM
  AVERAGE SKY COVER 0.5


WEATHER CONDITIONS
 THE FOLLOWING WEATHER WAS RECORDED YESTERDAY.
  NO SIGNIFICANT WEATHER WAS OBSERVED.


RELATIVE HUMIDITY (PERCENT)
 HIGHEST    86           600 AM
 LOWEST     54           100 PM
 AVERAGE    70

..........................................................


THE SYRACUSE NY CLIMATE NORMALS FOR TODAY
                         NORMAL    RECORD    YEAR
 MAXIMUM TEMPERATURE (F)   75        94      1931
 MINIMUM TEMPERATURE (F)   54        38      1938


SUNRISE AND SUNSET
SEPTEMBER 10 2014.....SUNRISE   639 AM EDT   SUNSET   723 PM EDT
SEPTEMBER 11 2014.....SUNRISE   640 AM EDT   SUNSET   722 PM EDT


-  INDICATES NEGATIVE NUMBERS.
R  INDICATES RECORD WAS SET OR TIED.
MM INDICATES DATA IS MISSING.
T  INDICATES TRACE AMOUNT.

$$
