000
CDUS41 KBGM 130231
CLISYR


CLIMATE REPORT
NATIONAL WEATHER SERVICE BINGHAMTON NY
1031 PM EDT SUN MAR 12 2017


...................................

...THE SYRACUSE NY CLIMATE SUMMARY FOR MARCH 12 2017...
VALID TODAY AS OF 0500 PM LOCAL TIME.

CLIMATE NORMAL PERIOD 1981 TO 2010
CLIMATE RECORD PERIOD 1902 TO 2017


WEATHER ITEM   OBSERVED TIME   RECORD YEAR NORMAL DEPARTURE LAST
                VALUE   (LST)  VALUE       VALUE  FROM      YEAR
                                                  NORMAL
..................................................................
TEMPERATURE (F)
 TODAY
  MAXIMUM         19    412 PM  68    2012  41    -22       61
  MINIMUM          8    713 AM -10    1948  24    -16       24
  AVERAGE         14                        32    -18       43

PRECIPITATION (IN)
  TODAY            T             1.31 2014   0.09  -0.09     0.00
  MONTH TO DATE    0.72                      1.05  -0.33     0.93
  SINCE MAR 1      0.72                      1.05  -0.33     0.93
  SINCE JAN 1      7.30                      5.62   1.68     7.45

SNOWFALL (IN)
  TODAY            0.9          12.4  1992   0.7    0.2      0.0
  MONTH TO DATE    5.0                       9.4   -4.4      5.4
  SINCE MAR 1      5.0                       9.4   -4.4      5.4
  SINCE JUL 1    108.7                     111.3   -2.6     72.2
  SNOW DEPTH       1

DEGREE DAYS
 HEATING
  TODAY           51                        33     18       22
  MONTH TO DATE  434                       413     21      346
  SINCE MAR 1    434                       413     21      346
  SINCE JUL 1   4703                      5244   -541     4445

 COOLING
  TODAY            0                         0      0        0
  MONTH TO DATE    0                         0      0        0
  SINCE MAR 1      0                         0      0        0
  SINCE JAN 1      0                         0      0        0
..................................................................


WIND (MPH)
  HIGHEST WIND SPEED    24   HIGHEST WIND DIRECTION     W (270)
  HIGHEST GUST SPEED    29   HIGHEST GUST DIRECTION     W (270)
  AVERAGE WIND SPEED    12.6


SKY COVER
  POSSIBLE SUNSHINE  MM
  AVERAGE SKY COVER 0.8


WEATHER CONDITIONS
 THE FOLLOWING WEATHER WAS RECORDED TODAY.
  LIGHT SNOW
  FOG
  BLOWING SNOW


RELATIVE HUMIDITY (PERCENT)
 HIGHEST    80           300 PM
 LOWEST     51          1100 AM
 AVERAGE    66

..........................................................


THE SYRACUSE NY CLIMATE NORMALS FOR TOMORROW
                         NORMAL    RECORD    YEAR
 MAXIMUM TEMPERATURE (F)   42        71      1990
 MINIMUM TEMPERATURE (F)   24        -6      1940


SUNRISE AND SUNSET
MARCH 12 2017.........SUNRISE   721 AM EDT   SUNSET   708 PM EDT
MARCH 13 2017.........SUNRISE   720 AM EDT   SUNSET   709 PM EDT


-  INDICATES NEGATIVE NUMBERS.
R  INDICATES RECORD WAS SET OR TIED.
MM INDICATES DATA IS MISSING.
T  INDICATES TRACE AMOUNT.




$$
