000
CDUS41 KBGM 070348
CLISYR


CLIMATE REPORT
NATIONAL WEATHER SERVICE BINGHAMTON NY
1048 PM EST SAT JAN 6 2018


...................................

...THE SYRACUSE NY CLIMATE SUMMARY FOR JANUARY 6 2018...
VALID TODAY AS OF 0500 PM LOCAL TIME.

CLIMATE NORMAL PERIOD 1981 TO 2010
CLIMATE RECORD PERIOD 1902 TO 2018


WEATHER ITEM   OBSERVED TIME   RECORD YEAR NORMAL DEPARTURE LAST
                VALUE   (LST)  VALUE       VALUE  FROM      YEAR
                                                  NORMAL
..................................................................
TEMPERATURE (F)
 TODAY
  MAXIMUM          3    400 PM  62    2007  32    -29       20
  MINIMUM          0        MM -12    1912  16    -16        7
  AVERAGE          2                        24    -22       14

PRECIPITATION (IN)
  TODAY            0.08          1.20 1943   0.09  -0.01      T
  MONTH TO DATE    0.33                      0.54  -0.21     0.68
  SINCE DEC 1      2.67                      3.76  -1.09     3.92
  SINCE JAN 1      0.33                      0.54  -0.21     0.68

SNOWFALL (IN)
  TODAY            4.7           6.3  1986   1.1    3.6       T
  MONTH TO DATE   23.4                       6.2   17.2      1.4
  SINCE DEC 1     57.6                      38.9   18.7     38.6
  SINCE JUL 1     62.8                      48.8   14.0     64.0
  SNOW DEPTH      23

DEGREE DAYS
 HEATING
  TODAY           63                        41     22       51
  MONTH TO DATE  341                       244     97      230
  SINCE DEC 1   1602                      1348    254     1321
  SINCE JUL 1   2799                      2697    102     2515

 COOLING
  TODAY            0                         0      0        0
  MONTH TO DATE    0                         0      0        0
  SINCE DEC 1      0                         0      0        0
  SINCE JAN 1      0                         0      0        0
..................................................................


WIND (MPH)
  HIGHEST WIND SPEED    18   HIGHEST WIND DIRECTION    NW (310)
  HIGHEST GUST SPEED    30   HIGHEST GUST DIRECTION     W (250)
  AVERAGE WIND SPEED    14.7


SKY COVER
  POSSIBLE SUNSHINE  MM
  AVERAGE SKY COVER 0.9


WEATHER CONDITIONS
 THE FOLLOWING WEATHER WAS RECORDED TODAY.
  HEAVY SNOW
  SNOW
  LIGHT SNOW
  FOG
  FOG W/VISIBILITY <= 1/4 MILE
  BLOWING SNOW


RELATIVE HUMIDITY (PERCENT)
 HIGHEST   100           100 AM
 LOWEST     79           200 PM
 AVERAGE    90

..........................................................


THE SYRACUSE NY CLIMATE NORMALS FOR TOMORROW
                         NORMAL    RECORD    YEAR
 MAXIMUM TEMPERATURE (F)   32        64      2008
 MINIMUM TEMPERATURE (F)   16       -11      1996


SUNRISE AND SUNSET
JANUARY  6 2018.......SUNRISE   736 AM EST   SUNSET   445 PM EST
JANUARY  7 2018.......SUNRISE   736 AM EST   SUNSET   446 PM EST


-  INDICATES NEGATIVE NUMBERS.
R  INDICATES RECORD WAS SET OR TIED.
MM INDICATES DATA IS MISSING.
T  INDICATES TRACE AMOUNT.




$$
