000
CDUS41 KBGM 230553
CLISYR


CLIMATE REPORT
NATIONAL WEATHER SERVICE BINGHAMTON NY
1252 AM EST MON FEB 23 2015


...................................

...THE SYRACUSE NY CLIMATE SUMMARY FOR FEBRUARY 22 2015...

CLIMATE NORMAL PERIOD 1981 TO 2010
CLIMATE RECORD PERIOD 1902 TO 2015


WEATHER ITEM   OBSERVED TIME   RECORD YEAR NORMAL DEPARTURE LAST
                VALUE   (LST)  VALUE       VALUE  FROM      YEAR
                                                  NORMAL
..................................................................
TEMPERATURE (F)
 YESTERDAY
  MAXIMUM         25    322 PM  66    1981  36    -11       46
  MINIMUM         13   1159 PM  -4    1918  19     -6       35
  AVERAGE         19                        27     -8       41

PRECIPITATION (IN)
  YESTERDAY        0.10          1.21 1937   0.07   0.03     0.00
  MONTH TO DATE    2.38                      1.58   0.80     3.15
  SINCE DEC 1      7.00                      7.30  -0.30     8.24
  SINCE JAN 1      3.98                      4.08  -0.10     5.35

SNOWFALL (IN)
  YESTERDAY        1.0           8.3  1950   0.8    0.2      0.0
  MONTH TO DATE   55.5                      20.2   35.3     31.4
  SINCE DEC 1     91.3                      86.9    4.4     85.7
  SINCE JUL 1    102.3                      96.8    5.5    100.0
  SNOW DEPTH      31

DEGREE DAYS
 HEATING
  YESTERDAY       46                        38      8       24
  MONTH TO DATE 1210                       873    337      947
  SINCE DEC 1   3690                      3260    430     3480
  SINCE JUL 1   4875                      4609    266     4813

 COOLING
  YESTERDAY        0                         0      0        0
  MONTH TO DATE    0                         0      0        0
  SINCE DEC 1      0                         0      0        0
  SINCE JAN 1      0                         0      0        0
..................................................................


WIND (MPH)
  HIGHEST WIND SPEED    24   HIGHEST WIND DIRECTION    NW (310)
  HIGHEST GUST SPEED    33   HIGHEST GUST DIRECTION    NW (310)
  AVERAGE WIND SPEED     6.7


SKY COVER
  POSSIBLE SUNSHINE  MM
  AVERAGE SKY COVER 1.0


WEATHER CONDITIONS
 THE FOLLOWING WEATHER WAS RECORDED YESTERDAY.
  SNOW
  LIGHT SNOW
  FOG
  BLOWING SNOW


RELATIVE HUMIDITY (PERCENT)
 HIGHEST   100          1200 AM
 LOWEST     74           200 PM
 AVERAGE    87

..........................................................


THE SYRACUSE NY CLIMATE NORMALS FOR TODAY
                         NORMAL    RECORD    YEAR
 MAXIMUM TEMPERATURE (F)   36        67      1984
 MINIMUM TEMPERATURE (F)   19        -7      1914


SUNRISE AND SUNSET
FEBRUARY 23 2015......SUNRISE   651 AM EST   SUNSET   546 PM EST
FEBRUARY 24 2015......SUNRISE   649 AM EST   SUNSET   547 PM EST


-  INDICATES NEGATIVE NUMBERS.
R  INDICATES RECORD WAS SET OR TIED.
MM INDICATES DATA IS MISSING.
T  INDICATES TRACE AMOUNT.




$$
