000
CDUS41 KBGM 120627
CLISYR


CLIMATE REPORT
NATIONAL WEATHER SERVICE BINGHAMTON NY
126 AM EST FRI DEC 12 2014


...................................

...THE SYRACUSE NY CLIMATE SUMMARY FOR DECEMBER 11 2014...

CLIMATE NORMAL PERIOD 1981 TO 2010
CLIMATE RECORD PERIOD 1902 TO 2014


WEATHER ITEM   OBSERVED TIME   RECORD YEAR NORMAL DEPARTURE LAST
                VALUE   (LST)  VALUE       VALUE  FROM      YEAR
                                                  NORMAL
..................................................................
TEMPERATURE (F)
 YESTERDAY
  MAXIMUM         28    751 AM  63    1979  38    -10       28
  MINIMUM         25   1159 PM  -7    1977  24      1       19
  AVERAGE         27                        31     -4       24

PRECIPITATION (IN)
  YESTERDAY        0.14          1.76 1952   0.11   0.03     0.02
  MONTH TO DATE    1.83                      1.25   0.58     0.52
  SINCE DEC 1      1.83                      1.25   0.58     0.52
  SINCE JAN 1     39.31                     36.50   2.81    38.05

SNOWFALL (IN)
  YESTERDAY        2.5           5.9  1950   1.0    1.5      0.5
  MONTH TO DATE   15.8                      10.6    5.2      2.0
  SINCE DEC 1     15.8                      10.6    5.2      2.0
  SINCE JUL 1     26.8                      20.5    6.3     16.3
  SNOW DEPTH      13

DEGREE DAYS
 HEATING
  YESTERDAY       38                        34      4       41
  MONTH TO DATE  376                       354     22      342
  SINCE DEC 1    376                       354     22      342
  SINCE JUL 1   1561                      1703   -142     1675

 COOLING
  YESTERDAY        0                         0      0        0
  MONTH TO DATE    0                         0      0        0
  SINCE DEC 1      0                         0      0        0
  SINCE JAN 1    647                       569     78      712
..................................................................


WIND (MPH)
  HIGHEST WIND SPEED    23   HIGHEST WIND DIRECTION     W (250)
  HIGHEST GUST SPEED    26   HIGHEST GUST DIRECTION    SW (240)
  AVERAGE WIND SPEED    11.9


SKY COVER
  POSSIBLE SUNSHINE  MM
  AVERAGE SKY COVER 1.0


WEATHER CONDITIONS
 THE FOLLOWING WEATHER WAS RECORDED YESTERDAY.
  FREEZING RAIN
  LT FREEZING RAIN
  SNOW
  LIGHT SNOW
  FOG


RELATIVE HUMIDITY (PERCENT)
 HIGHEST   100           100 AM
 LOWEST     84           400 PM
 AVERAGE    92

..........................................................


THE SYRACUSE NY CLIMATE NORMALS FOR TODAY
                         NORMAL    RECORD    YEAR
 MAXIMUM TEMPERATURE (F)   37        61      1979
 MINIMUM TEMPERATURE (F)   24       -10      1988


SUNRISE AND SUNSET
DECEMBER 12 2014......SUNRISE   727 AM EST   SUNSET   429 PM EST
DECEMBER 13 2014......SUNRISE   728 AM EST   SUNSET   430 PM EST


-  INDICATES NEGATIVE NUMBERS.
R  INDICATES RECORD WAS SET OR TIED.
MM INDICATES DATA IS MISSING.
T  INDICATES TRACE AMOUNT.




$$
