000
CDUS41 KBGM 032216
CLISYR


CLIMATE REPORT
NATIONAL WEATHER SERVICE BINGHAMTON NY
515 PM EST SUN DEC 3 2017


...................................

...THE SYRACUSE NY CLIMATE SUMMARY FOR DECEMBER 3 2017...
VALID TODAY AS OF 0500 PM LOCAL TIME.

CLIMATE NORMAL PERIOD 1981 TO 2010
CLIMATE RECORD PERIOD 1902 TO 2017


WEATHER ITEM   OBSERVED TIME   RECORD YEAR NORMAL DEPARTURE LAST
                VALUE   (LST)  VALUE       VALUE  FROM      YEAR
                                                  NORMAL
..................................................................
TEMPERATURE (F)
 TODAY
  MAXIMUM         48    301 PM  65    1982  41      7       37
  MINIMUM         28    732 AM  -8    1976  27      1       34
  AVERAGE         38                        34      4       36

PRECIPITATION (IN)
  TODAY            0.00          1.02 1905   0.12  -0.12     0.02
  MONTH TO DATE    0.01                      0.35  -0.34     0.55
  SINCE DEC 1      0.01                      0.35  -0.34     0.55
  SINCE JAN 1     43.65                     35.60   8.05    37.93

SNOWFALL (IN)
  TODAY            0.0          11.4  2005   0.9   -0.9       T
  MONTH TO DATE    0.0                       2.6   -2.6       T
  SINCE DEC 1      0.0                       2.6   -2.6       T
  SINCE JUL 1      5.2                      12.5   -7.3     25.4
  SNOW DEPTH       0

DEGREE DAYS
 HEATING
  TODAY           27                        31     -4       29
  MONTH TO DATE   88                        92     -4       74
  SINCE DEC 1     88                        92     -4       74
  SINCE JUL 1   1285                      1441   -156     1268

 COOLING
  TODAY            0                         0      0        0
  MONTH TO DATE    0                         0      0        0
  SINCE DEC 1      0                         0      0        0
  SINCE JAN 1    562                       569     -7      809
..................................................................


WIND (MPH)
  HIGHEST WIND SPEED     7   HIGHEST WIND DIRECTION     N (20)
  HIGHEST GUST SPEED     8   HIGHEST GUST DIRECTION    NW (300)
  AVERAGE WIND SPEED     2.7


SKY COVER
  POSSIBLE SUNSHINE  MM
  AVERAGE SKY COVER 0.6


WEATHER CONDITIONS
 THE FOLLOWING WEATHER WAS RECORDED TODAY.
  NO SIGNIFICANT WEATHER WAS OBSERVED.


RELATIVE HUMIDITY (PERCENT)
 HIGHEST   100          1200 AM
 LOWEST     60           200 PM
 AVERAGE    80

..........................................................


THE SYRACUSE NY CLIMATE NORMALS FOR TOMORROW
                         NORMAL    RECORD    YEAR
 MAXIMUM TEMPERATURE (F)   41        70      2012
 MINIMUM TEMPERATURE (F)   27        -7      1944


SUNRISE AND SUNSET
DECEMBER  3 2017......SUNRISE   719 AM EST   SUNSET   430 PM EST
DECEMBER  4 2017......SUNRISE   720 AM EST   SUNSET   430 PM EST


-  INDICATES NEGATIVE NUMBERS.
R  INDICATES RECORD WAS SET OR TIED.
MM INDICATES DATA IS MISSING.
T  INDICATES TRACE AMOUNT.




$$
