000
CDUS41 KBGM 272220
CLISYR


CLIMATE REPORT
NATIONAL WEATHER SERVICE BINGHAMTON NY
620 PM EDT THU AUG 27 2015


...................................

...THE SYRACUSE NY CLIMATE SUMMARY FOR AUGUST 27 2015...
VALID TODAY AS OF 0500 PM LOCAL TIME.

CLIMATE NORMAL PERIOD 1981 TO 2010
CLIMATE RECORD PERIOD 1902 TO 2015


WEATHER ITEM   OBSERVED TIME   RECORD YEAR NORMAL DEPARTURE LAST
                VALUE   (LST)  VALUE       VALUE  FROM      YEAR
                                                  NORMAL
..................................................................
TEMPERATURE (F)
 TODAY
  MAXIMUM         70    332 PM  97    1948  79     -9       80
  MINIMUM         58    745 AM  40    1940  58      0       63
  AVERAGE         64                        68     -4       72

PRECIPITATION (IN)
  TODAY            0.12          1.48 1974   0.11   0.01      T
  MONTH TO DATE    1.91                      3.11  -1.20     3.49
  SINCE JUN 1     15.20                     10.20   5.00    11.41
  SINCE JAN 1     27.32                     24.13   3.19    28.79

SNOWFALL (IN)
  TODAY            0.0           0.0  2002   0.0    0.0      0.0
  MONTH TO DATE    0.0                       0.0    0.0      0.0
  SINCE JUN 1      0.0                       0.0    0.0      0.0
  SINCE JUL 1      0.0                       0.0    0.0      0.0
  SNOW DEPTH       0

DEGREE DAYS
 HEATING
  TODAY            1                         1      0        0
  MONTH TO DATE    1                        14    -13        8
  SINCE JUN 1     59                        83    -24       33
  SINCE JUL 1      6                        22    -16       10

 COOLING
  TODAY            0                         4     -4        7
  MONTH TO DATE  164                       149     15      129
  SINCE JUN 1    450                       465    -15      486
  SINCE JAN 1    555                       495     60      542
..................................................................


WIND (MPH)
  HIGHEST WIND SPEED    16   HIGHEST WIND DIRECTION    NW (300)
  HIGHEST GUST SPEED    20   HIGHEST GUST DIRECTION    NW (300)
  AVERAGE WIND SPEED    10.4


SKY COVER
  POSSIBLE SUNSHINE  MM
  AVERAGE SKY COVER 0.9


WEATHER CONDITIONS
 THE FOLLOWING WEATHER WAS RECORDED TODAY.
  RAIN
  LIGHT RAIN
  FOG


RELATIVE HUMIDITY (PERCENT)
 HIGHEST    93           500 AM
 LOWEST     53           400 PM
 AVERAGE    73

..........................................................


THE SYRACUSE NY CLIMATE NORMALS FOR TOMORROW
                         NORMAL    RECORD    YEAR
 MAXIMUM TEMPERATURE (F)   78        98      1948
 MINIMUM TEMPERATURE (F)   58        43      1982
                                             1957


SUNRISE AND SUNSET
AUGUST 27 2015........SUNRISE   623 AM EDT   SUNSET   748 PM EDT
AUGUST 28 2015........SUNRISE   624 AM EDT   SUNSET   747 PM EDT


-  INDICATES NEGATIVE NUMBERS.
R  INDICATES RECORD WAS SET OR TIED.
MM INDICATES DATA IS MISSING.
T  INDICATES TRACE AMOUNT.




$$
