901
CDUS41 KBGM 172151
CLISYR


CLIMATE REPORT
NATIONAL WEATHER SERVICE BINGHAMTON NY
551 PM EDT WED AUG 17 2016


...................................

...THE SYRACUSE NY CLIMATE SUMMARY FOR AUGUST 17 2016...
VALID TODAY AS OF 0500 PM LOCAL TIME.

CLIMATE NORMAL PERIOD 1981 TO 2010
CLIMATE RECORD PERIOD 1902 TO 2016


WEATHER ITEM   OBSERVED TIME   RECORD YEAR NORMAL DEPARTURE LAST
                VALUE   (LST)  VALUE       VALUE  FROM      YEAR
                                                  NORMAL
..................................................................
TEMPERATURE (F)
 TODAY
  MAXIMUM         80    342 PM  97    1987  80      0       89
  MINIMUM         67    732 AM  44    1979  60      7       66
  AVERAGE         74                        70      4       78

PRECIPITATION (IN)
  TODAY            T             0.85 1944   0.12  -0.12     0.00
  MONTH TO DATE    3.39                      1.96   1.43     1.40
  SINCE JUN 1      7.99                      9.05  -1.06    14.69
  SINCE JAN 1     22.55                     22.98  -0.43    26.81

SNOWFALL (IN)
  TODAY            0.0           0.0  2002   0.0    0.0      0.0
                                      2000
                                      2001
  MONTH TO DATE    0.0                       0.0    0.0      0.0
  SINCE JUN 1      T                         0.0    0.0      0.0
  SINCE JUL 1      0.0                       0.0    0.0      0.0
  SNOW DEPTH       0

DEGREE DAYS
 HEATING
  TODAY            0                         1     -1        0
  MONTH TO DATE    0                         4     -4        0
  SINCE JUN 1     53                        73    -20       58
  SINCE JUL 1      0                        12    -12        5

 COOLING
  TODAY            9                         5      4       13
  MONTH TO DATE  189                       101     88      107
  SINCE JUN 1    555                       417    138      393
  SINCE JAN 1    611                       447    164      498
..................................................................


WIND (MPH)
  HIGHEST WIND SPEED    29   HIGHEST WIND DIRECTION     W (270)
  HIGHEST GUST SPEED    38   HIGHEST GUST DIRECTION     W (250)
  AVERAGE WIND SPEED    10.1


SKY COVER
  POSSIBLE SUNSHINE  MM
  AVERAGE SKY COVER 1.0


WEATHER CONDITIONS
 THE FOLLOWING WEATHER WAS RECORDED TODAY.
  LIGHT RAIN


RELATIVE HUMIDITY (PERCENT)
 HIGHEST    81           700 AM
 LOWEST     54           200 PM
 AVERAGE    68

..........................................................


THE SYRACUSE NY CLIMATE NORMALS FOR TOMORROW
                         NORMAL    RECORD    YEAR
 MAXIMUM TEMPERATURE (F)   80        93      1913
 MINIMUM TEMPERATURE (F)   60        46      1918


SUNRISE AND SUNSET
AUGUST 17 2016........SUNRISE   613 AM EDT   SUNSET   803 PM EDT
AUGUST 18 2016........SUNRISE   614 AM EDT   SUNSET   802 PM EDT


-  INDICATES NEGATIVE NUMBERS.
R  INDICATES RECORD WAS SET OR TIED.
MM INDICATES DATA IS MISSING.
T  INDICATES TRACE AMOUNT.




$$
