000
CDUS41 KBGM 070218
CLISYR


CLIMATE REPORT
NATIONAL WEATHER SERVICE BINGHAMTON NY
1018 PM EDT SUN AUG 6 2017


...................................

...THE SYRACUSE NY CLIMATE SUMMARY FOR AUGUST 6 2017...
VALID AS OF 1000 PM LOCAL TIME.

CLIMATE NORMAL PERIOD 1981 TO 2010
CLIMATE RECORD PERIOD 1902 TO 2017


WEATHER ITEM   OBSERVED TIME   RECORD YEAR NORMAL DEPARTURE LAST
                VALUE   (LST)  VALUE       VALUE  FROM      YEAR
                                                  NORMAL
..................................................................
TEMPERATURE (F)
 TODAY
  MAXIMUM         76    417 PM  95    2001  81     -5       82
  MINIMUM         55    231 AM  44    1994  61     -6       67
  AVERAGE         66                        71     -5       75

PRECIPITATION (IN)
  TODAY            T             1.06 1915   0.11  -0.11     0.22
  MONTH TO DATE    0.85                      0.69   0.16     0.79
  SINCE JUN 1      9.73                      7.78   1.95     5.39
  SINCE JAN 1     31.57                     21.71   9.86    19.95

SNOWFALL (IN)
  TODAY            0.0           0.0  2002   0.0    0.0      0.0
                                      2000
                                      2001
  MONTH TO DATE    0.0                       0.0    0.0      0.0
  SINCE JUN 1      0.0                       0.0    0.0       T
  SINCE JUL 1      0.0                       0.0    0.0      0.0
  SNOW DEPTH       0

DEGREE DAYS
 HEATING
  TODAY            0                         0      0        0
  MONTH TO DATE    0                         0      0        0
  SINCE JUN 1     73                        69      4       53
  SINCE JUL 1      2                         8     -6        0

 COOLING
  TODAY            1                         6     -5       10
  MONTH TO DATE   42                        36      6       61
  SINCE JUN 1    320                       352    -32      427
  SINCE JAN 1    352                       382    -30      483
..................................................................


WIND (MPH)
  HIGHEST WIND SPEED    17   HIGHEST WIND DIRECTION     W (260)
  HIGHEST GUST SPEED    21   HIGHEST GUST DIRECTION     W (270)
  AVERAGE WIND SPEED     8.9


SKY COVER
  POSSIBLE SUNSHINE  MM
  AVERAGE SKY COVER 0.5


WEATHER CONDITIONS
 THE FOLLOWING WEATHER WAS RECORDED TODAY.
  NO SIGNIFICANT WEATHER WAS OBSERVED.


RELATIVE HUMIDITY (PERCENT)
 HIGHEST    86           200 AM
 LOWEST     43           400 PM
 AVERAGE    65

..........................................................


THE SYRACUSE NY CLIMATE NORMALS FOR TOMORROW
                         NORMAL    RECORD    YEAR
 MAXIMUM TEMPERATURE (F)   81        96      1965
                                             1918
 MINIMUM TEMPERATURE (F)   61        48      1994
                                             1948


SUNRISE AND SUNSET
AUGUST  6 2017........SUNRISE   601 AM EDT   SUNSET   819 PM EDT
AUGUST  7 2017........SUNRISE   602 AM EDT   SUNSET   818 PM EDT


-  INDICATES NEGATIVE NUMBERS.
R  INDICATES RECORD WAS SET OR TIED.
MM INDICATES DATA IS MISSING.
T  INDICATES TRACE AMOUNT.




$$
