000
CDUS41 KBGM 140522
CLISYR


CLIMATE REPORT
NATIONAL WEATHER SERVICE BINGHAMTON NY
120 AM EDT WED JUN 14 2017


...................................

...THE SYRACUSE NY CLIMATE SUMMARY FOR JUNE 13 2017...

CLIMATE NORMAL PERIOD 1981 TO 2010
CLIMATE RECORD PERIOD 1902 TO 2017


WEATHER ITEM   OBSERVED TIME   RECORD YEAR NORMAL DEPARTURE LAST
                VALUE   (LST)  VALUE       VALUE  FROM      YEAR
                                                  NORMAL
..................................................................
TEMPERATURE (F)
 YESTERDAY
  MAXIMUM         82    100 PM  94    1949  77      5       63
  MINIMUM         60   1159 PM  43    1995  56      4       50
  AVERAGE         71                        66      5       57

PRECIPITATION (IN)
  YESTERDAY        0.13          1.32 2000   0.11   0.02      T
  MONTH TO DATE    1.89                      1.42   0.47     1.60
  SINCE JUN 1      1.89                      1.42   0.47     1.60
  SINCE JAN 1     23.73                     15.35   8.38    16.16

SNOWFALL (IN)
  YESTERDAY        0.0           0.0  2002   0.0    0.0      0.0
                                      2001
                                      2000
  MONTH TO DATE    0.0                       0.0    0.0       T
  SINCE JUN 1      0.0                       0.0    0.0       T
  SINCE JUL 1    134.9                     123.8   11.1     80.3
  SNOW DEPTH       0

DEGREE DAYS
 HEATING
  YESTERDAY        0                         2     -2        8
  MONTH TO DATE   60                        40     20       39
  SINCE JUN 1     60                        40     20       39
  SINCE JUL 1   6127                      6630   -503     5837

 COOLING
  YESTERDAY        6                         3      3        0
  MONTH TO DATE   40                        33      7       22
  SINCE JUN 1     40                        33      7       22
  SINCE JAN 1     72                        63      9       78
..................................................................


WIND (MPH)
  HIGHEST WIND SPEED    15   HIGHEST WIND DIRECTION     N (340)
  HIGHEST GUST SPEED    20   HIGHEST GUST DIRECTION    NW (320)
  AVERAGE WIND SPEED     7.7


SKY COVER
  POSSIBLE SUNSHINE  MM
  AVERAGE SKY COVER 0.8


WEATHER CONDITIONS
 THE FOLLOWING WEATHER WAS RECORDED YESTERDAY.
  HEAVY RAIN
  LIGHT RAIN
  FOG


RELATIVE HUMIDITY (PERCENT)
 HIGHEST    93           800 PM
 LOWEST     44          1000 PM
 AVERAGE    69

..........................................................


THE SYRACUSE NY CLIMATE NORMALS FOR TODAY
                         NORMAL    RECORD    YEAR
 MAXIMUM TEMPERATURE (F)   77        95      1988
 MINIMUM TEMPERATURE (F)   56        43      1970
                                             1946


SUNRISE AND SUNSET
JUNE 14 2017..........SUNRISE   524 AM EDT   SUNSET   845 PM EDT
JUNE 15 2017..........SUNRISE   524 AM EDT   SUNSET   846 PM EDT


-  INDICATES NEGATIVE NUMBERS.
R  INDICATES RECORD WAS SET OR TIED.
MM INDICATES DATA IS MISSING.
T  INDICATES TRACE AMOUNT.




$$
