000
CDUS41 KBGM 070535
CLISYR


CLIMATE REPORT
NATIONAL WEATHER SERVICE BINGHAMTON NY
134 AM EDT MON JUL 7 2014


...................................

...THE SYRACUSE NY CLIMATE SUMMARY FOR JULY 6 2014...

CLIMATE NORMAL PERIOD 1981 TO 2010
CLIMATE RECORD PERIOD 1902 TO 2014


WEATHER ITEM   OBSERVED TIME   RECORD YEAR NORMAL DEPARTURE LAST
                VALUE   (LST)  VALUE       VALUE  FROM      YEAR
                                                  NORMAL
..................................................................
TEMPERATURE (F)
 YESTERDAY
  MAXIMUM         84    531 PM  95    2012  81      3       86
  MINIMUM         61    442 AM  46    1940  61      0       72
  AVERAGE         73                        71      2       79

PRECIPITATION (IN)
  YESTERDAY        0.00          0.85 1939   0.12  -0.12     0.01
  MONTH TO DATE    0.54                      0.71  -0.17     0.74
  SINCE JUN 1      3.28                      4.02  -0.74     7.54
  SINCE JAN 1     20.66                     17.95   2.71    21.48

SNOWFALL (IN)
  YESTERDAY        0.0           0.0  2002   0.0    0.0      0.0
                                      2000
                                      2001
  MONTH TO DATE    0.0                       0.0    0.0      0.0
  SINCE JUN 1      0.0                       0.0    0.0      0.0
  SINCE JUL 1      0.0                       0.0    0.0      0.0
  SNOW DEPTH       0

DEGREE DAYS
 HEATING
  YESTERDAY        0                         0      0        0
  MONTH TO DATE    0                         2     -2        0
  SINCE JUN 1     23                        63    -40       61
  SINCE JUL 1      0                         2     -2        0

 COOLING
  YESTERDAY        8                         6      2       14
  MONTH TO DATE   57                        36     21       73
  SINCE JUN 1    204                       149     55      197
  SINCE JAN 1    260                       179     81      249
..................................................................


WIND (MPH)
  HIGHEST WIND SPEED    21   HIGHEST WIND DIRECTION    SW (240)
  HIGHEST GUST SPEED    26   HIGHEST GUST DIRECTION    SW (230)
  AVERAGE WIND SPEED     9.4


SKY COVER
  POSSIBLE SUNSHINE  MM
  AVERAGE SKY COVER 0.4


WEATHER CONDITIONS
 THE FOLLOWING WEATHER WAS RECORDED YESTERDAY.
  NO SIGNIFICANT WEATHER WAS OBSERVED.


RELATIVE HUMIDITY (PERCENT)
 HIGHEST    60           400 AM
 LOWEST     32           500 PM
 AVERAGE    46

..........................................................


THE SYRACUSE NY CLIMATE NORMALS FOR TODAY
                         NORMAL    RECORD    YEAR
 MAXIMUM TEMPERATURE (F)   82        97      1921
 MINIMUM TEMPERATURE (F)   61        48      1967


SUNRISE AND SUNSET
JULY  7 2014..........SUNRISE   532 AM EDT   SUNSET   846 PM EDT
JULY  8 2014..........SUNRISE   533 AM EDT   SUNSET   846 PM EDT


-  INDICATES NEGATIVE NUMBERS.
R  INDICATES RECORD WAS SET OR TIED.
MM INDICATES DATA IS MISSING.
T  INDICATES TRACE AMOUNT.

$$
