000
CDUS41 KBGM 260219
CLISYR


CLIMATE REPORT
NATIONAL WEATHER SERVICE BINGHAMTON NY
1019 PM EDT SAT JUL 25 2015


...................................

...THE SYRACUSE NY CLIMATE SUMMARY FOR JULY 25 2015...
VALID AS OF 1000 PM LOCAL TIME.

CLIMATE NORMAL PERIOD 1981 TO 2010
CLIMATE RECORD PERIOD 1902 TO 2015


WEATHER ITEM   OBSERVED TIME   RECORD YEAR NORMAL DEPARTURE LAST
                VALUE   (LST)  VALUE       VALUE  FROM      YEAR
                                                  NORMAL
..................................................................
TEMPERATURE (F)
 TODAY
  MAXIMUM         81    436 PM  95    1941  82     -1       80
  MINIMUM         57    352 AM  45    1976  61     -4       56
  AVERAGE         69                        72     -3       68

PRECIPITATION (IN)
  TODAY            0.02          0.82 1962   0.12  -0.10     0.00
  MONTH TO DATE    2.28                      3.06  -0.78     2.03
  SINCE JUN 1     12.20                      6.37   5.83     4.77
  SINCE JAN 1     24.32                     20.30   4.02    22.15

SNOWFALL (IN)
  TODAY            0.0           0.0  2002   0.0    0.0      0.0
                                      2000
                                      2001
  MONTH TO DATE    0.0                       0.0    0.0      0.0
  SINCE JUN 1      0.0                       0.0    0.0      0.0
  SINCE JUL 1      0.0                       0.0    0.0      0.0
  SNOW DEPTH       0

DEGREE DAYS
 HEATING
  TODAY            0                         0      0        0
  MONTH TO DATE    5                         2      3        0
  SINCE JUN 1     58                        63     -5       23
  SINCE JUL 1      5                         2      3        0

 COOLING
  TODAY            4                         7     -3        3
  MONTH TO DATE  129                       167    -38      191
  SINCE JUN 1    218                       280    -62      338
  SINCE JAN 1    323                       310     13      394
..................................................................


WIND (MPH)
  HIGHEST WIND SPEED    21   HIGHEST WIND DIRECTION     S (190)
  HIGHEST GUST SPEED    28   HIGHEST GUST DIRECTION     S (200)
  AVERAGE WIND SPEED     5.4


SKY COVER
  POSSIBLE SUNSHINE  MM
  AVERAGE SKY COVER 0.7


WEATHER CONDITIONS
 THE FOLLOWING WEATHER WAS RECORDED TODAY.
  THUNDERSTORM
  LIGHT RAIN


RELATIVE HUMIDITY (PERCENT)
 HIGHEST    93           400 AM
 LOWEST     52          1000 AM
 AVERAGE    73

..........................................................


THE SYRACUSE NY CLIMATE NORMALS FOR TOMORROW
                         NORMAL    RECORD    YEAR
 MAXIMUM TEMPERATURE (F)   82        94      1939
                                             1930
 MINIMUM TEMPERATURE (F)   61        48      1984


SUNRISE AND SUNSET
JULY 25 2015..........SUNRISE   548 AM EDT   SUNSET   834 PM EDT
JULY 26 2015..........SUNRISE   549 AM EDT   SUNSET   833 PM EDT


-  INDICATES NEGATIVE NUMBERS.
R  INDICATES RECORD WAS SET OR TIED.
MM INDICATES DATA IS MISSING.
T  INDICATES TRACE AMOUNT.




$$
