000
CDUS41 KBGM 100540
CLISYR


CLIMATE REPORT
NATIONAL WEATHER SERVICE BINGHAMTON NY
1240 AM EST WED DEC 10 2014


...................................

...THE SYRACUSE NY CLIMATE SUMMARY FOR DECEMBER 9 2014...

CLIMATE NORMAL PERIOD 1981 TO 2010
CLIMATE RECORD PERIOD 1902 TO 2014


WEATHER ITEM   OBSERVED TIME   RECORD YEAR NORMAL DEPARTURE LAST
                VALUE   (LST)  VALUE       VALUE  FROM      YEAR
                                                  NORMAL
..................................................................
TEMPERATURE (F)
 YESTERDAY
  MAXIMUM         37    552 PM  67    1966  39     -2       45
  MINIMUM         26    109 AM -11    1902  25      1       27
  AVERAGE         32                        32      0       36

PRECIPITATION (IN)
  YESTERDAY        0.15          1.21 1973   0.12   0.03     0.05
  MONTH TO DATE    0.90                      1.03  -0.13     0.50
  SINCE DEC 1      0.90                      1.03  -0.13     0.50
  SINCE JAN 1     38.38                     36.28   2.10    38.03

SNOWFALL (IN)
  YESTERDAY        0.1           7.4  1981   1.0   -0.9      0.3
  MONTH TO DATE    1.5                       8.5   -7.0      1.5
  SINCE DEC 1      1.5                       8.5   -7.0      1.5
  SINCE JUL 1     12.5                      18.4   -5.9     15.8
  SNOW DEPTH       0

DEGREE DAYS
 HEATING
  YESTERDAY       33                        33      0       29
  MONTH TO DATE  303                       286     17      265
  SINCE DEC 1    303                       286     17      265
  SINCE JUL 1   1488                      1635   -147     1598

 COOLING
  YESTERDAY        0                         0      0        0
  MONTH TO DATE    0                         0      0        0
  SINCE DEC 1      0                         0      0        0
  SINCE JAN 1    647                       569     78      712
..................................................................


WIND (MPH)
  HIGHEST WIND SPEED    16   HIGHEST WIND DIRECTION     E (90)
  HIGHEST GUST SPEED    22   HIGHEST GUST DIRECTION     E (90)
  AVERAGE WIND SPEED     8.8


SKY COVER
  POSSIBLE SUNSHINE  MM
  AVERAGE SKY COVER 1.0


WEATHER CONDITIONS
 THE FOLLOWING WEATHER WAS RECORDED YESTERDAY.
  LIGHT RAIN
  LT FREEZING RAIN
  SNOW
  LIGHT SNOW
  SLEET
  FOG


RELATIVE HUMIDITY (PERCENT)
 HIGHEST    96           800 PM
 LOWEST     75           300 AM
 AVERAGE    86

..........................................................


THE SYRACUSE NY CLIMATE NORMALS FOR TODAY
                         NORMAL    RECORD    YEAR
 MAXIMUM TEMPERATURE (F)   38        70      1966
 MINIMUM TEMPERATURE (F)   25        -1      1982
                                             1904


SUNRISE AND SUNSET
DECEMBER 10 2014......SUNRISE   725 AM EST   SUNSET   429 PM EST
DECEMBER 11 2014......SUNRISE   726 AM EST   SUNSET   429 PM EST


-  INDICATES NEGATIVE NUMBERS.
R  INDICATES RECORD WAS SET OR TIED.
MM INDICATES DATA IS MISSING.
T  INDICATES TRACE AMOUNT.




$$
