084
CDUS41 KBGM 032224
CLISYR


CLIMATE REPORT
NATIONAL WEATHER SERVICE BINGHAMTON NY
523 PM EST WED FEB 3 2016


...................................

...THE SYRACUSE NY CLIMATE SUMMARY FOR FEBRUARY 3 2016...
VALID TODAY AS OF 0500 PM LOCAL TIME.

CLIMATE NORMAL PERIOD 1981 TO 2010
CLIMATE RECORD PERIOD 1902 TO 2016


WEATHER ITEM   OBSERVED TIME   RECORD YEAR NORMAL DEPARTURE LAST
                VALUE   (LST)  VALUE       VALUE  FROM      YEAR
                                                  NORMAL
..................................................................
TEMPERATURE (F)
 TODAY
  MAXIMUM         53    345 PM  54    1991  32     21       22
  MINIMUM         37   1214 AM -14    1961  16     21       -2
  AVERAGE         45                        24     21       10

PRECIPITATION (IN)
  TODAY            0.58R         0.55 1972   0.07   0.51      T
  MONTH TO DATE    0.58                      0.21   0.37     0.40
  SINCE DEC 1      7.12                      5.93   1.19     5.02
  SINCE JAN 1      2.29                      2.71  -0.42     2.00

SNOWFALL (IN)
  TODAY            0.0           7.2  1970   1.0   -1.0      0.4
  MONTH TO DATE    0.0                       3.0   -3.0     10.4
  SINCE DEC 1     40.9                      69.7  -28.8     46.2
  SINCE JUL 1     41.7                      79.6  -37.9     57.2
  SNOW DEPTH       0

DEGREE DAYS
 HEATING
  TODAY           20                        41    -21       55
  MONTH TO DATE   73                       123    -50      159
  SINCE DEC 1   2008                      2510   -502     2639
  SINCE JUL 1   3093                      3859   -766     3824

 COOLING
  TODAY            0                         0      0        0
  MONTH TO DATE    0                         0      0        0
  SINCE DEC 1      0                         0      0        0
  SINCE JAN 1      0                         0      0        0
..................................................................


WIND (MPH)
  HIGHEST WIND SPEED    33   HIGHEST WIND DIRECTION     S (170)
  HIGHEST GUST SPEED    43   HIGHEST GUST DIRECTION    SE (150)
  AVERAGE WIND SPEED    12.9


SKY COVER
  POSSIBLE SUNSHINE  MM
  AVERAGE SKY COVER 1.0


WEATHER CONDITIONS
 THE FOLLOWING WEATHER WAS RECORDED TODAY.
  RAIN
  LIGHT RAIN
  FOG


RELATIVE HUMIDITY (PERCENT)
 HIGHEST    89           800 AM
 LOWEST     51           100 AM
 AVERAGE    70

..........................................................


THE SYRACUSE NY CLIMATE NORMALS FOR TOMORROW
                         NORMAL    RECORD    YEAR
 MAXIMUM TEMPERATURE (F)   32        60      1991
 MINIMUM TEMPERATURE (F)   16       -15      1908


SUNRISE AND SUNSET
FEBRUARY  3 2016......SUNRISE   718 AM EST   SUNSET   519 PM EST
FEBRUARY  4 2016......SUNRISE   717 AM EST   SUNSET   520 PM EST


-  INDICATES NEGATIVE NUMBERS.
R  INDICATES RECORD WAS SET OR TIED.
MM INDICATES DATA IS MISSING.
T  INDICATES TRACE AMOUNT.




$$
