000
CDUS41 KBGM 100603
CLISYR


CLIMATE REPORT
NATIONAL WEATHER SERVICE BINGHAMTON NY
101 AM EST TUE JAN 10 2017


...................................

...THE SYRACUSE NY CLIMATE SUMMARY FOR JANUARY 9 2017...

CLIMATE NORMAL PERIOD 1981 TO 2010
CLIMATE RECORD PERIOD 1902 TO 2017


WEATHER ITEM   OBSERVED TIME   RECORD YEAR NORMAL DEPARTURE LAST
                VALUE   (LST)  VALUE       VALUE  FROM      YEAR
                                                  NORMAL
..................................................................
TEMPERATURE (F)
 YESTERDAY
  MAXIMUM         22    516 PM  64    1937  32    -10       47
  MINIMUM          7    136 AM -22    1968  16     -9       38
  AVERAGE         15                        24     -9       43

PRECIPITATION (IN)
  YESTERDAY        T             1.05 1935   0.09  -0.09     0.07
  MONTH TO DATE    0.78                      0.80  -0.02     0.27
  SINCE DEC 1      4.02                      4.02   0.00     5.10
  SINCE JAN 1      0.78                      0.80  -0.02     0.27

SNOWFALL (IN)
  YESTERDAY        0.2           7.1  1994   1.0   -0.8      0.0
  MONTH TO DATE    3.9                       9.4   -5.5      3.6
  SINCE DEC 1     41.1                      42.1   -1.0      5.7
  SINCE JUL 1     66.5                      52.0   14.5      6.5
  SNOW DEPTH       2

DEGREE DAYS
 HEATING
  YESTERDAY       50                        41      9       22
  MONTH TO DATE  346                       367    -21      349
  SINCE DEC 1   1437                      1471    -34     1080
  SINCE JUL 1   2631                      2820   -189     2165

 COOLING
  YESTERDAY        0                         0      0        0
  MONTH TO DATE    0                         0      0        0
  SINCE DEC 1      0                         0      0        0
  SINCE JAN 1      0                         0      0        0
..................................................................


WIND (MPH)
  HIGHEST WIND SPEED    16   HIGHEST WIND DIRECTION     S (160)
  HIGHEST GUST SPEED    21   HIGHEST GUST DIRECTION     S (160)
  AVERAGE WIND SPEED     6.4


SKY COVER
  POSSIBLE SUNSHINE  MM
  AVERAGE SKY COVER 0.9


WEATHER CONDITIONS
 THE FOLLOWING WEATHER WAS RECORDED YESTERDAY.
  LIGHT SNOW
  FOG


RELATIVE HUMIDITY (PERCENT)
 HIGHEST   100          1200 AM
 LOWEST     49           900 PM
 AVERAGE    75

..........................................................


THE SYRACUSE NY CLIMATE NORMALS FOR TODAY
                         NORMAL    RECORD    YEAR
 MAXIMUM TEMPERATURE (F)   31        57      1950
 MINIMUM TEMPERATURE (F)   16       -16      2004


SUNRISE AND SUNSET
JANUARY 10 2017.......SUNRISE   735 AM EST   SUNSET   449 PM EST
JANUARY 11 2017.......SUNRISE   735 AM EST   SUNSET   451 PM EST


-  INDICATES NEGATIVE NUMBERS.
R  INDICATES RECORD WAS SET OR TIED.
MM INDICATES DATA IS MISSING.
T  INDICATES TRACE AMOUNT.




$$
