000
CDUS41 KBGM 160253
CLISYR


CLIMATE REPORT
NATIONAL WEATHER SERVICE BINGHAMTON NY
1053 PM EDT THU SEP 15 2016


...................................

...THE SYRACUSE NY CLIMATE SUMMARY FOR SEPTEMBER 15 2016...
VALID AS OF 1000 PM LOCAL TIME.

CLIMATE NORMAL PERIOD 1981 TO 2010
CLIMATE RECORD PERIOD 1902 TO 2016


WEATHER ITEM   OBSERVED TIME   RECORD YEAR NORMAL DEPARTURE LAST
                VALUE   (LST)  VALUE       VALUE  FROM      YEAR
                                                  NORMAL
..................................................................
TEMPERATURE (F)
 TODAY
  MAXIMUM         69    429 PM  96    1939  73     -4       80
  MINIMUM         44    557 AM  33    1913  52     -8       51
  AVERAGE         57                        62     -5       66

PRECIPITATION (IN)
  TODAY            0.00          1.23 1991   0.12  -0.12     0.00
  MONTH TO DATE    1.66                      1.78  -0.12     1.71
  SINCE SEP 1      1.66                      1.78  -0.12     1.71
  SINCE JAN 1     24.87                     26.37  -1.50    29.03

SNOWFALL (IN)
  TODAY            0.0           0.0  2002   0.0    0.0      0.0
                                      2000
                                      2001
  MONTH TO DATE    0.0                       0.0    0.0      0.0
  SINCE SEP 1      0.0                       0.0    0.0      0.0
  SINCE JUL 1      0.0                       0.0    0.0      0.0
  SNOW DEPTH       0

DEGREE DAYS
 HEATING
  TODAY            8                         4      4        0
  MONTH TO DATE   17                        40    -23       12
  SINCE SEP 1     17                        40    -23       12
  SINCE JUL 1     18                        66    -48       20

 COOLING
  TODAY            0                         2     -2        1
  MONTH TO DATE   62                        39     23      115
  SINCE SEP 1     62                        39     23      115
  SINCE JAN 1    774                       552    222      687
..................................................................


WIND (MPH)
  HIGHEST WIND SPEED    12   HIGHEST WIND DIRECTION    NW (330)
  HIGHEST GUST SPEED    13   HIGHEST GUST DIRECTION    NW (330)
  AVERAGE WIND SPEED     2.0


SKY COVER
  POSSIBLE SUNSHINE  MM
  AVERAGE SKY COVER 0.2


WEATHER CONDITIONS
 THE FOLLOWING WEATHER WAS RECORDED TODAY.
  FOG


RELATIVE HUMIDITY (PERCENT)
 HIGHEST   100           500 AM
 LOWEST     36           400 PM
 AVERAGE    68

..........................................................


THE SYRACUSE NY CLIMATE NORMALS FOR TOMORROW
                         NORMAL    RECORD    YEAR
 MAXIMUM TEMPERATURE (F)   72        98      1939
 MINIMUM TEMPERATURE (F)   52        35      1964


SUNRISE AND SUNSET
SEPTEMBER 15 2016.....SUNRISE   645 AM EDT   SUNSET   714 PM EDT
SEPTEMBER 16 2016.....SUNRISE   646 AM EDT   SUNSET   712 PM EDT


-  INDICATES NEGATIVE NUMBERS.
R  INDICATES RECORD WAS SET OR TIED.
MM INDICATES DATA IS MISSING.
T  INDICATES TRACE AMOUNT.




$$
