000
CDUS41 KBGM 112220
CLISYR


CLIMATE REPORT
NATIONAL WEATHER SERVICE BINGHAMTON NY
620 PM EDT TUE APR 11 2017


...................................

...THE SYRACUSE NY CLIMATE SUMMARY FOR APRIL 11 2017...
VALID TODAY AS OF 0500 PM LOCAL TIME.

CLIMATE NORMAL PERIOD 1981 TO 2010
CLIMATE RECORD PERIOD 1902 TO 2017


WEATHER ITEM   OBSERVED TIME   RECORD YEAR NORMAL DEPARTURE LAST
                VALUE   (LST)  VALUE       VALUE  FROM      YEAR
                                                  NORMAL
..................................................................
TEMPERATURE (F)
 TODAY
  MAXIMUM         75   1152 AM  85    2011  55     20       51
  MINIMUM         49    511 AM  19    1909  35     14       35
  AVERAGE         62                        45     17       43

PRECIPITATION (IN)
  TODAY            0.15          0.91 1992   0.11   0.04     0.42
  MONTH TO DATE    2.95                      1.23   1.72     1.36
  SINCE MAR 1      6.80                      4.18   2.62     3.81
  SINCE JAN 1     13.38                      8.75   4.63    10.33

SNOWFALL (IN)
  TODAY            0.0           2.7  1982   0.2   -0.2       T
  MONTH TO DATE    0.3                       2.2   -1.9      8.1
  SINCE MAR 1     31.2                      20.2   11.0     13.5
  SINCE JUL 1    134.9                     122.1   12.8     80.3
  SNOW DEPTH       0

DEGREE DAYS
 HEATING
  TODAY            3                        20    -17       22
  MONTH TO DATE  195                       243    -48      338
  SINCE MAR 1   1267                      1200     67     1113
  SINCE JUL 1   5536                      6031   -495     5212

 COOLING
  TODAY            0                         0      0        0
  MONTH TO DATE    4                         0      4        0
  SINCE MAR 1      4                         0      4        0
  SINCE JAN 1      4                         0      4        0
..................................................................


WIND (MPH)
  HIGHEST WIND SPEED    23   HIGHEST WIND DIRECTION     W (260)
  HIGHEST GUST SPEED    27   HIGHEST GUST DIRECTION     W (250)
  AVERAGE WIND SPEED     6.9


SKY COVER
  POSSIBLE SUNSHINE  MM
  AVERAGE SKY COVER 0.8


WEATHER CONDITIONS
 THE FOLLOWING WEATHER WAS RECORDED TODAY.
  RAIN
  LIGHT RAIN
  FOG


RELATIVE HUMIDITY (PERCENT)
 HIGHEST    90           500 PM
 LOWEST     41          1000 AM
 AVERAGE    66

..........................................................


THE SYRACUSE NY CLIMATE NORMALS FOR TOMORROW
                         NORMAL    RECORD    YEAR
 MAXIMUM TEMPERATURE (F)   56        83      1945
 MINIMUM TEMPERATURE (F)   36        19      1976
                                             1967


SUNRISE AND SUNSET
APRIL 11 2017.........SUNRISE   629 AM EDT   SUNSET   743 PM EDT
APRIL 12 2017.........SUNRISE   627 AM EDT   SUNSET   744 PM EDT


-  INDICATES NEGATIVE NUMBERS.
R  INDICATES RECORD WAS SET OR TIED.
MM INDICATES DATA IS MISSING.
T  INDICATES TRACE AMOUNT.




$$
