000
CDUS41 KBGM 110534
CLISYR


CLIMATE REPORT
NATIONAL WEATHER SERVICE BINGHAMTON NY
132 AM EDT THU MAY 11 2017


...................................

...THE SYRACUSE NY CLIMATE SUMMARY FOR MAY 10 2017...

CLIMATE NORMAL PERIOD 1981 TO 2010
CLIMATE RECORD PERIOD 1902 TO 2017


WEATHER ITEM   OBSERVED TIME   RECORD YEAR NORMAL DEPARTURE LAST
                VALUE   (LST)  VALUE       VALUE  FROM      YEAR
                                                  NORMAL
..................................................................
TEMPERATURE (F)
 YESTERDAY
  MAXIMUM         54    508 PM  89    1936  67    -13       65
  MINIMUM         30    405 AM  27    1966  45    -15       33
  AVERAGE         42                        56    -14       49

PRECIPITATION (IN)
  YESTERDAY        0.00          1.15 1919   0.10  -0.10     0.00
  MONTH TO DATE    2.94                      0.99   1.95     0.97
  SINCE MAR 1     11.74                      7.13   4.61     5.43
  SINCE JAN 1     18.32                     11.70   6.62    11.95

SNOWFALL (IN)
  YESTERDAY        0.0           T    1966   0.0    0.0      0.0
  MONTH TO DATE    0.0                       0.1   -0.1      0.0
  SINCE MAR 1     31.2                      21.9    9.3     13.5
  SINCE JUL 1    134.9                     123.8   11.1     80.3
  SNOW DEPTH       0

DEGREE DAYS
 HEATING
  YESTERDAY       23                        10     13       16
  MONTH TO DATE  174                       110     64      138
  SINCE MAR 1   1672                      1614     58     1576
  SINCE JUL 1   5941                      6445   -504     5675

 COOLING
  YESTERDAY        0                         0      0        0
  MONTH TO DATE    0                         0      0        0
  SINCE MAR 1     12                         4      8        0
  SINCE JAN 1     12                         4      8        0
..................................................................


WIND (MPH)
  HIGHEST WIND SPEED    10   HIGHEST WIND DIRECTION     N (350)
  HIGHEST GUST SPEED    13   HIGHEST GUST DIRECTION     N (20)
  AVERAGE WIND SPEED     2.8


SKY COVER
  POSSIBLE SUNSHINE  MM
  AVERAGE SKY COVER 0.6


WEATHER CONDITIONS
 THE FOLLOWING WEATHER WAS RECORDED YESTERDAY.
  NO SIGNIFICANT WEATHER WAS OBSERVED.


RELATIVE HUMIDITY (PERCENT)
 HIGHEST   100           400 AM
 LOWEST     44           200 PM
 AVERAGE    72

..........................................................


THE SYRACUSE NY CLIMATE NORMALS FOR TODAY
                         NORMAL    RECORD    YEAR
 MAXIMUM TEMPERATURE (F)   67        90      1911
 MINIMUM TEMPERATURE (F)   45        29      1949


SUNRISE AND SUNSET
MAY 11 2017...........SUNRISE   545 AM EDT   SUNSET   817 PM EDT
MAY 12 2017...........SUNRISE   544 AM EDT   SUNSET   818 PM EDT


-  INDICATES NEGATIVE NUMBERS.
R  INDICATES RECORD WAS SET OR TIED.
MM INDICATES DATA IS MISSING.
T  INDICATES TRACE AMOUNT.




$$
