000
CDUS41 KBGM 272119
CLISYR


CLIMATE REPORT
NATIONAL WEATHER SERVICE BINGHAMTON NY
518 PM EDT WED APR 27 2016


...................................

...THE SYRACUSE NY CLIMATE SUMMARY FOR APRIL 27 2016...
VALID TODAY AS OF 0500 PM LOCAL TIME.

CLIMATE NORMAL PERIOD 1981 TO 2010
CLIMATE RECORD PERIOD 1902 TO 2016


WEATHER ITEM   OBSERVED TIME   RECORD YEAR NORMAL DEPARTURE LAST
                VALUE   (LST)  VALUE       VALUE  FROM      YEAR
                                                  NORMAL
..................................................................
TEMPERATURE (F)
 TODAY
  MAXIMUM         54    255 PM  91    2009  62     -8       52
  MINIMUM         28R   428 AM  28    1993  41    -13       41
                                      1972
                                      1966
  AVERAGE         41                        52    -11       47

PRECIPITATION (IN)
  TODAY            0.00          0.87 1943   0.10  -0.10      T
  MONTH TO DATE    2.01                      2.88  -0.87     2.79
  SINCE MAR 1      4.46                      5.83  -1.37     4.31
  SINCE JAN 1     10.98                     10.40   0.58     8.19

SNOWFALL (IN)
  TODAY            0.0           T    2012   0.1   -0.1      0.0
                                      2010
                                      1976
  MONTH TO DATE    8.1                       3.7    4.4      0.6
  SINCE MAR 1     13.5                      21.7   -8.2     12.9
  SINCE JUL 1     80.3                     123.6  -43.3    119.7
  SNOW DEPTH       0

DEGREE DAYS
 HEATING
  TODAY           24                        14     10       18
  MONTH TO DATE  611                       508    103      519
  SINCE MAR 1   1386                      1465    -79     1688
  SINCE JUL 1   5485                      6296   -811     6912

 COOLING
  TODAY            0                         0      0        0
  MONTH TO DATE    0                         0      0        0
  SINCE MAR 1      0                         0      0        0
  SINCE JAN 1      0                         0      0        0
..................................................................


WIND (MPH)
  HIGHEST WIND SPEED    18   HIGHEST WIND DIRECTION    NW (330)
  HIGHEST GUST SPEED    24   HIGHEST GUST DIRECTION    NW (330)
  AVERAGE WIND SPEED     3.2


SKY COVER
  POSSIBLE SUNSHINE  MM
  AVERAGE SKY COVER 0.4


WEATHER CONDITIONS
 THE FOLLOWING WEATHER WAS RECORDED TODAY.
  NO SIGNIFICANT WEATHER WAS OBSERVED.


RELATIVE HUMIDITY (PERCENT)
 HIGHEST   100           400 AM
 LOWEST     22           300 PM
 AVERAGE    61

..........................................................


THE SYRACUSE NY CLIMATE NORMALS FOR TOMORROW
                         NORMAL    RECORD    YEAR
 MAXIMUM TEMPERATURE (F)   63        92      1990
 MINIMUM TEMPERATURE (F)   41        24      1947


SUNRISE AND SUNSET
APRIL 27 2016.........SUNRISE   603 AM EDT   SUNSET   802 PM EDT
APRIL 28 2016.........SUNRISE   602 AM EDT   SUNSET   803 PM EDT


-  INDICATES NEGATIVE NUMBERS.
R  INDICATES RECORD WAS SET OR TIED.
MM INDICATES DATA IS MISSING.
T  INDICATES TRACE AMOUNT.

$$
