000
CDUS41 KBGM 160540
CLISYR


CLIMATE REPORT
NATIONAL WEATHER SERVICE BINGHAMTON NY
140 AM EDT THU OCT 16 2014


...................................

...THE SYRACUSE NY CLIMATE SUMMARY FOR OCTOBER 15 2014...

CLIMATE NORMAL PERIOD 1981 TO 2010
CLIMATE RECORD PERIOD 1902 TO 2014


WEATHER ITEM   OBSERVED TIME   RECORD YEAR NORMAL DEPARTURE LAST
                VALUE   (LST)  VALUE       VALUE  FROM      YEAR
                                                  NORMAL
..................................................................
TEMPERATURE (F)
 YESTERDAY
  MAXIMUM         75   1021 AM  83    1947  60     15       67
  MINIMUM         65   1159 PM  29    1996  41     24       47
  AVERAGE         70                        51     19       57

PRECIPITATION (IN)
  YESTERDAY        0.65          1.20 2003   0.11   0.54     0.00
  MONTH TO DATE    1.89                      1.69   0.20     2.09
  SINCE SEP 1      3.49                      5.38  -1.89     5.29
  SINCE JAN 1     32.53                     29.97   2.56    31.87

SNOWFALL (IN)
  YESTERDAY        0.0           T    1972   0.0    0.0      0.0
  MONTH TO DATE    0.0                       0.0    0.0      0.0
  SINCE SEP 1      0.0                       0.0    0.0      0.0
  SINCE JUL 1      0.0                       0.0    0.0      0.0
  SNOW DEPTH       0

DEGREE DAYS
 HEATING
  YESTERDAY        0                        14    -14        8
  MONTH TO DATE  115                       180    -65       86
  SINCE SEP 1    218                       321   -103      258
  SINCE JUL 1    229                       347   -118      264

 COOLING
  YESTERDAY        5                         0      5        0
  MONTH TO DATE   13                         0     13        1
  SINCE SEP 1     88                        52     36       69
  SINCE JAN 1    647                       565     82      712
..................................................................


WIND (MPH)
  HIGHEST WIND SPEED    24   HIGHEST WIND DIRECTION     S (160)
  HIGHEST GUST SPEED    30   HIGHEST GUST DIRECTION    SE (140)
  AVERAGE WIND SPEED     8.9


SKY COVER
  POSSIBLE SUNSHINE  MM
  AVERAGE SKY COVER 1.0


WEATHER CONDITIONS
 THE FOLLOWING WEATHER WAS RECORDED YESTERDAY.
  RAIN
  LIGHT RAIN
  FOG


RELATIVE HUMIDITY (PERCENT)
 HIGHEST    93           500 PM
 LOWEST     64          1200 AM
 AVERAGE    79

..........................................................


THE SYRACUSE NY CLIMATE NORMALS FOR TODAY
                         NORMAL    RECORD    YEAR
 MAXIMUM TEMPERATURE (F)   60        87      1947
 MINIMUM TEMPERATURE (F)   41        27      1940


SUNRISE AND SUNSET
OCTOBER 16 2014.......SUNRISE   719 AM EDT   SUNSET   620 PM EDT
OCTOBER 17 2014.......SUNRISE   720 AM EDT   SUNSET   618 PM EDT


-  INDICATES NEGATIVE NUMBERS.
R  INDICATES RECORD WAS SET OR TIED.
MM INDICATES DATA IS MISSING.
T  INDICATES TRACE AMOUNT.




$$
