000
CDUS41 KBGM 310323
CLISYR


CLIMATE REPORT
NATIONAL WEATHER SERVICE BINGHAMTON NY
1022 PM EST SAT JAN 30 2016


...................................

...THE SYRACUSE NY CLIMATE SUMMARY FOR JANUARY 30 2016...
VALID AS OF 1000 PM LOCAL TIME.

CLIMATE NORMAL PERIOD 1981 TO 2010
CLIMATE RECORD PERIOD 1902 TO 2016


WEATHER ITEM   OBSERVED TIME   RECORD YEAR NORMAL DEPARTURE LAST
                VALUE   (LST)  VALUE       VALUE  FROM      YEAR
                                                  NORMAL
..................................................................
TEMPERATURE (F)
 TODAY
  MAXIMUM         43    649 PM  63    2013  32     11       27
  MINIMUM         22    635 AM -16    1948  16      6        5
  AVERAGE         33                        24      9       16

PRECIPITATION (IN)
  TODAY            T             2.30 1934   0.07  -0.07     0.11
  MONTH TO DATE    1.71                      2.43  -0.72     1.60
  SINCE DEC 1      6.54                      5.65   0.89     4.62
  SINCE JAN 1      1.71                      2.43  -0.72     1.60

SNOWFALL (IN)
  TODAY            T            17.2  1966   1.1   -1.1      3.3
  MONTH TO DATE   38.8                      32.9    5.9     18.2
  SINCE DEC 1     40.9                      65.6  -24.7     35.7
  SINCE JUL 1     41.7                      75.5  -33.8     46.7
  SNOW DEPTH       6

DEGREE DAYS
 HEATING
  TODAY           32                        41     -9       49
  MONTH TO DATE 1183                      1245    -62     1411
  SINCE DEC 1   1914                      2349   -435     2419
  SINCE JUL 1   2999                      3698   -699     3604

 COOLING
  TODAY            0                         0      0        0
  MONTH TO DATE    0                         0      0        0
  SINCE DEC 1      0                         0      0        0
  SINCE JAN 1      0                         0      0        0
..................................................................


WIND (MPH)
  HIGHEST WIND SPEED    18   HIGHEST WIND DIRECTION     W (270)
  HIGHEST GUST SPEED    22   HIGHEST GUST DIRECTION    SW (210)
  AVERAGE WIND SPEED    10.7


SKY COVER
  POSSIBLE SUNSHINE  MM
  AVERAGE SKY COVER 0.9


WEATHER CONDITIONS
 THE FOLLOWING WEATHER WAS RECORDED TODAY.
  LIGHT SNOW


RELATIVE HUMIDITY (PERCENT)
 HIGHEST    92           100 AM
 LOWEST     40           200 PM
 AVERAGE    66

..........................................................


THE SYRACUSE NY CLIMATE NORMALS FOR TOMORROW
                         NORMAL    RECORD    YEAR
 MAXIMUM TEMPERATURE (F)   32        63      1988
 MINIMUM TEMPERATURE (F)   16       -19      1920


SUNRISE AND SUNSET
JANUARY 30 2016.......SUNRISE   722 AM EST   SUNSET   514 PM EST
JANUARY 31 2016.......SUNRISE   721 AM EST   SUNSET   515 PM EST


-  INDICATES NEGATIVE NUMBERS.
R  INDICATES RECORD WAS SET OR TIED.
MM INDICATES DATA IS MISSING.
T  INDICATES TRACE AMOUNT.




$$
