000
CDUS41 KBGM 210627
CLISYR


CLIMATE REPORT
NATIONAL WEATHER SERVICE BINGHAMTON NY
127 AM EST WED JAN 21 2015


...................................

...THE SYRACUSE NY CLIMATE SUMMARY FOR JANUARY 20 2015...

CLIMATE NORMAL PERIOD 1981 TO 2010
CLIMATE RECORD PERIOD 1902 TO 2015


WEATHER ITEM   OBSERVED TIME   RECORD YEAR NORMAL DEPARTURE LAST
                VALUE   (LST)  VALUE       VALUE  FROM      YEAR
                                                  NORMAL
..................................................................
TEMPERATURE (F)
 YESTERDAY
  MAXIMUM         24   1251 AM  61    1951  31     -7       32
  MINIMUM          5   1159 PM  -9    1983  15    -10        8
  AVERAGE         15                        23     -8       20

PRECIPITATION (IN)
  YESTERDAY        T             1.22 1986   0.08  -0.08     0.07
  MONTH TO DATE    1.34                      1.69  -0.35     1.93
  SINCE DEC 1      4.36                      4.91  -0.55     4.82
  SINCE JAN 1      1.34                      1.69  -0.35     1.93

SNOWFALL (IN)
  YESTERDAY        0.6          13.5  1978   1.1   -0.5      1.5
  MONTH TO DATE   12.0                      21.8   -9.8     17.7
  SINCE DEC 1     29.5                      54.5  -25.0     46.7
  SINCE JUL 1     40.5                      64.4  -23.9     61.0
  SNOW DEPTH       2

DEGREE DAYS
 HEATING
  YESTERDAY       50                        42      8       45
  MONTH TO DATE  928                       827    101      808
  SINCE DEC 1   1936                      1931      5     1950
  SINCE JUL 1   3121                      3280   -159     3283

 COOLING
  YESTERDAY        0                         0      0        0
  MONTH TO DATE    0                         0      0        0
  SINCE DEC 1      0                         0      0        0
  SINCE JAN 1      0                         0      0        0
..................................................................


WIND (MPH)
  HIGHEST WIND SPEED    18   HIGHEST WIND DIRECTION     W (290)
  HIGHEST GUST SPEED    25   HIGHEST GUST DIRECTION     W (290)
  AVERAGE WIND SPEED     6.8


SKY COVER
  POSSIBLE SUNSHINE  MM
  AVERAGE SKY COVER 0.7


WEATHER CONDITIONS
 THE FOLLOWING WEATHER WAS RECORDED YESTERDAY.
  LIGHT SNOW
  FOG


RELATIVE HUMIDITY (PERCENT)
 HIGHEST   100           600 AM
 LOWEST     68           200 PM
 AVERAGE    84

..........................................................


THE SYRACUSE NY CLIMATE NORMALS FOR TODAY
                         NORMAL    RECORD    YEAR
 MAXIMUM TEMPERATURE (F)   31        68      1906
 MINIMUM TEMPERATURE (F)   15       -12      2005


SUNRISE AND SUNSET
JANUARY 21 2015.......SUNRISE   730 AM EST   SUNSET   502 PM EST
JANUARY 22 2015.......SUNRISE   729 AM EST   SUNSET   503 PM EST


-  INDICATES NEGATIVE NUMBERS.
R  INDICATES RECORD WAS SET OR TIED.
MM INDICATES DATA IS MISSING.
T  INDICATES TRACE AMOUNT.




$$

HEDEN
