000
CDUS41 KBGM 130553
CLISYR


CLIMATE REPORT
NATIONAL WEATHER SERVICE BINGHAMTON NY
153 AM EDT FRI MAY 13 2016


...................................

...THE SYRACUSE NY CLIMATE SUMMARY FOR MAY 12 2016...

CLIMATE NORMAL PERIOD 1981 TO 2010
CLIMATE RECORD PERIOD 1902 TO 2016


WEATHER ITEM   OBSERVED TIME   RECORD YEAR NORMAL DEPARTURE LAST
                VALUE   (LST)  VALUE       VALUE  FROM      YEAR
                                                  NORMAL
..................................................................
TEMPERATURE (F)
 YESTERDAY
  MAXIMUM         83    408 PM  84    2014  68     15       75
                                      1993
                                      1985
  MINIMUM         43    500 AM  30    1963  45     -2       53
                                      1940
                                      1907
  AVERAGE         63                        56      7       64

PRECIPITATION (IN)
  YESTERDAY        0.00          1.29 1914   0.10  -0.10     0.21
  MONTH TO DATE    0.97                      1.19  -0.22     1.00
  SINCE MAR 1      5.43                      7.33  -1.90     5.31
  SINCE JAN 1     11.95                     11.90   0.05     9.19

SNOWFALL (IN)
  YESTERDAY        0.0           2.1  1996   0.0    0.0      0.0
  MONTH TO DATE    0.0                       0.1   -0.1      0.0
  SINCE MAR 1     13.5                      21.9   -8.4     12.9
  SINCE JUL 1     80.3                     123.8  -43.5    119.7
  SNOW DEPTH       0

DEGREE DAYS
 HEATING
  YESTERDAY        2                         9     -7        1
  MONTH TO DATE  149                       128     21       25
  SINCE MAR 1   1587                      1632    -45     1743
  SINCE JUL 1   5686                      6463   -777     6967

 COOLING
  YESTERDAY        0                         1     -1        0
  MONTH TO DATE    0                         2     -2       45
  SINCE MAR 1      0                         6     -6       45
  SINCE JAN 1      0                         6     -6       45
..................................................................


WIND (MPH)
  HIGHEST WIND SPEED    17   HIGHEST WIND DIRECTION     S (170)
  HIGHEST GUST SPEED    26   HIGHEST GUST DIRECTION     S (160)
  AVERAGE WIND SPEED     6.6


SKY COVER
  POSSIBLE SUNSHINE  MM
  AVERAGE SKY COVER 0.7


WEATHER CONDITIONS
 THE FOLLOWING WEATHER WAS RECORDED YESTERDAY.
  NO SIGNIFICANT WEATHER WAS OBSERVED.


RELATIVE HUMIDITY (PERCENT)
 HIGHEST    83           400 AM
 LOWEST     25          1200 PM
 AVERAGE    54

..........................................................


THE SYRACUSE NY CLIMATE NORMALS FOR TODAY
                         NORMAL    RECORD    YEAR
 MAXIMUM TEMPERATURE (F)   68        86      2004
 MINIMUM TEMPERATURE (F)   45        30      2005
                                             1941


SUNRISE AND SUNSET
MAY 13 2016...........SUNRISE   543 AM EDT   SUNSET   820 PM EDT
MAY 14 2016...........SUNRISE   541 AM EDT   SUNSET   821 PM EDT


-  INDICATES NEGATIVE NUMBERS.
R  INDICATES RECORD WAS SET OR TIED.
MM INDICATES DATA IS MISSING.
T  INDICATES TRACE AMOUNT.




$$
