000
CDUS41 KBGM 090234
CLISYR


CLIMATE REPORT
NATIONAL WEATHER SERVICE BINGHAMTON NY
1034 PM EDT MON SEP 8 2014


...................................

...THE SYRACUSE NY CLIMATE SUMMARY FOR SEPTEMBER 8 2014...
VALID AS OF 1000 PM LOCAL TIME.

CLIMATE NORMAL PERIOD 1981 TO 2010
CLIMATE RECORD PERIOD 1902 TO 2014


WEATHER ITEM   OBSERVED TIME   RECORD YEAR NORMAL DEPARTURE LAST
                VALUE   (LST)  VALUE       VALUE  FROM      YEAR
                                                  NORMAL
..................................................................
TEMPERATURE (F)
 TODAY
  MAXIMUM         79    312 PM  93    1964  75      4       66
                                      1959
                                      1945
  MINIMUM         50    615 AM  41    1952  55     -5       48
                                      1940
  AVERAGE         65                        65      0       57

PRECIPITATION (IN)
  TODAY            0.00          1.10 1911   0.11  -0.11     0.09
  MONTH TO DATE    0.53                      0.93  -0.40     1.62
  SINCE SEP 1      0.53                      0.93  -0.40     1.62
  SINCE JAN 1     29.57                     25.52   4.05    28.20

SNOWFALL (IN)
  TODAY            0.0           0.0  2002   0.0    0.0      0.0
                                      2000
                                      2001
  MONTH TO DATE    0.0                       0.0    0.0      0.0
  SINCE SEP 1      0.0                       0.0    0.0      0.0
  SINCE JUL 1      0.0                       0.0    0.0      0.0
  SNOW DEPTH       0

DEGREE DAYS
 HEATING
  TODAY            0                         3     -3        8
  MONTH TO DATE    1                        16    -15       24
  SINCE SEP 1      1                        16    -15       24
  SINCE JUL 1     12                        42    -30       30

 COOLING
  TODAY            0                         3     -3        0
  MONTH TO DATE   55                        25     30       29
  SINCE SEP 1     55                        25     30       29
  SINCE JAN 1    614                       538     76      672
..................................................................


WIND (MPH)
  HIGHEST WIND SPEED    18   HIGHEST WIND DIRECTION    SE (120)
  HIGHEST GUST SPEED    24   HIGHEST GUST DIRECTION     E (110)
  AVERAGE WIND SPEED     7.0


SKY COVER
  POSSIBLE SUNSHINE  MM
  AVERAGE SKY COVER 0.2


WEATHER CONDITIONS
 THE FOLLOWING WEATHER WAS RECORDED TODAY.
  NO SIGNIFICANT WEATHER WAS OBSERVED.


RELATIVE HUMIDITY (PERCENT)
 HIGHEST    89          1200 AM
 LOWEST     42           200 PM
 AVERAGE    66

..........................................................


THE SYRACUSE NY CLIMATE NORMALS FOR TOMORROW
                         NORMAL    RECORD    YEAR
 MAXIMUM TEMPERATURE (F)   75        94      1941
 MINIMUM TEMPERATURE (F)   54        37      1938


SUNRISE AND SUNSET
SEPTEMBER  8 2014.....SUNRISE   636 AM EDT   SUNSET   727 PM EDT
SEPTEMBER  9 2014.....SUNRISE   637 AM EDT   SUNSET   725 PM EDT


-  INDICATES NEGATIVE NUMBERS.
R  INDICATES RECORD WAS SET OR TIED.
MM INDICATES DATA IS MISSING.
T  INDICATES TRACE AMOUNT.




$$
