000
CDUS41 KBGM 162123
CLISYR


CLIMATE REPORT
NATIONAL WEATHER SERVICE BINGHAMTON NY
523 PM EDT THU OCT 16 2014


...................................

...THE SYRACUSE NY CLIMATE SUMMARY FOR OCTOBER 16 2014...
VALID TODAY AS OF 0500 PM LOCAL TIME.

CLIMATE NORMAL PERIOD 1981 TO 2010
CLIMATE RECORD PERIOD 1902 TO 2014


WEATHER ITEM   OBSERVED TIME   RECORD YEAR NORMAL DEPARTURE LAST
                VALUE   (LST)  VALUE       VALUE  FROM      YEAR
                                                  NORMAL
..................................................................
TEMPERATURE (F)
 TODAY
  MAXIMUM         75    233 PM  87    1947  60     15       67
  MINIMUM         63    520 AM  27    1940  41     22       59
  AVERAGE         69                        50     19       63

PRECIPITATION (IN)
  TODAY            1.05          1.29 1955   0.11   0.94     0.17
  MONTH TO DATE    2.94                      1.80   1.14     2.26
  SINCE SEP 1      4.54                      5.49  -0.95     5.46
  SINCE JAN 1     33.58                     30.08   3.50    32.04

SNOWFALL (IN)
  TODAY            0.0           0.6  1970   0.0    0.0      0.0
  MONTH TO DATE    0.0                       0.0    0.0      0.0
  SINCE SEP 1      0.0                       0.0    0.0      0.0
  SINCE JUL 1      0.0                       0.0    0.0      0.0
  SNOW DEPTH       0

DEGREE DAYS
 HEATING
  TODAY            0                        15    -15        2
  MONTH TO DATE  115                       195    -80       88
  SINCE SEP 1    218                       336   -118      260
  SINCE JUL 1    229                       362   -133      266

 COOLING
  TODAY            4                         0      4        0
  MONTH TO DATE   17                         0     17        1
  SINCE SEP 1     92                        52     40       69
  SINCE JAN 1    651                       565     86      712
..................................................................


WIND (MPH)
  HIGHEST WIND SPEED    16   HIGHEST WIND DIRECTION     W (250)
  HIGHEST GUST SPEED    20   HIGHEST GUST DIRECTION     W (250)
  AVERAGE WIND SPEED     8.5


SKY COVER
  POSSIBLE SUNSHINE  MM
  AVERAGE SKY COVER 0.7


WEATHER CONDITIONS
 THE FOLLOWING WEATHER WAS RECORDED TODAY.
  HEAVY RAIN
  RAIN
  LIGHT RAIN
  FOG


RELATIVE HUMIDITY (PERCENT)
 HIGHEST   100           500 AM
 LOWEST     53           300 PM
 AVERAGE    77

..........................................................


THE SYRACUSE NY CLIMATE NORMALS FOR TOMORROW
                         NORMAL    RECORD    YEAR
 MAXIMUM TEMPERATURE (F)   60        84      1947
 MINIMUM TEMPERATURE (F)   41        24      1978


SUNRISE AND SUNSET
OCTOBER 16 2014.......SUNRISE   719 AM EDT   SUNSET   620 PM EDT
OCTOBER 17 2014.......SUNRISE   720 AM EDT   SUNSET   618 PM EDT


-  INDICATES NEGATIVE NUMBERS.
R  INDICATES RECORD WAS SET OR TIED.
MM INDICATES DATA IS MISSING.
T  INDICATES TRACE AMOUNT.




$$
