895
CDUS41 KBGM 210248
CLISYR


CLIMATE REPORT
NATIONAL WEATHER SERVICE BINGHAMTON NY
1048 PM EDT TUE JUN 20 2017


...................................

...THE SYRACUSE NY CLIMATE SUMMARY FOR JUNE 20 2017...
VALID AS OF 1000 PM LOCAL TIME.

CLIMATE NORMAL PERIOD 1981 TO 2010
CLIMATE RECORD PERIOD 1902 TO 2017


WEATHER ITEM   OBSERVED TIME   RECORD YEAR NORMAL DEPARTURE LAST
                VALUE   (LST)  VALUE       VALUE  FROM      YEAR
                                                  NORMAL
..................................................................
TEMPERATURE (F)
 TODAY
  MAXIMUM         76    110 PM  96    1931  79     -3       90
  MINIMUM         62    843 PM  41    1918  58      4       63
                                      1914
  AVERAGE         69                        68      1       77

PRECIPITATION (IN)
  TODAY            0.06          1.90 1963   0.11  -0.05     0.31
  MONTH TO DATE    3.02                      2.19   0.83     1.91
  SINCE JUN 1      3.02                      2.19   0.83     1.91
  SINCE JAN 1     24.86                     16.12   8.74    16.47

SNOWFALL (IN)
  TODAY            0.0           0.0  2002   0.0    0.0      0.0
  MONTH TO DATE    0.0                       0.0    0.0       T
  SINCE JUN 1      0.0                       0.0    0.0       T
  SINCE JUL 1    134.9                     123.8   11.1     80.3
  SNOW DEPTH       0

DEGREE DAYS
 HEATING
  TODAY            0                         1     -1        0
  MONTH TO DATE   60                        51      9       49
  SINCE JUN 1     60                        51      9       49
  SINCE JUL 1   6127                      6641   -514     5847

 COOLING
  TODAY            4                         4      0       12
  MONTH TO DATE   80                        60     20       56
  SINCE JUN 1     80                        60     20       56
  SINCE JAN 1    112                        90     22      112
..................................................................


WIND (MPH)
  HIGHEST WIND SPEED    22   HIGHEST WIND DIRECTION     W (260)
  HIGHEST GUST SPEED    32   HIGHEST GUST DIRECTION    SW (230)
  AVERAGE WIND SPEED    10.6


SKY COVER
  POSSIBLE SUNSHINE  MM
  AVERAGE SKY COVER 0.7


WEATHER CONDITIONS
 THE FOLLOWING WEATHER WAS RECORDED TODAY.
  THUNDERSTORM
  LIGHT RAIN


RELATIVE HUMIDITY (PERCENT)
 HIGHEST   100          1200 AM
 LOWEST     50           100 PM
 AVERAGE    75

..........................................................


THE SYRACUSE NY CLIMATE NORMALS FOR TOMORROW
                         NORMAL    RECORD    YEAR
 MAXIMUM TEMPERATURE (F)   79        98      1953
 MINIMUM TEMPERATURE (F)   58        43      1940


SUNRISE AND SUNSET
JUNE 20 2017..........SUNRISE   525 AM EDT   SUNSET   847 PM EDT
JUNE 21 2017..........SUNRISE   525 AM EDT   SUNSET   848 PM EDT


-  INDICATES NEGATIVE NUMBERS.
R  INDICATES RECORD WAS SET OR TIED.
MM INDICATES DATA IS MISSING.
T  INDICATES TRACE AMOUNT.




$$
