000
CDUS41 KBGM 080320
CLISYR


CLIMATE REPORT
NATIONAL WEATHER SERVICE BINGHAMTON NY
1018 PM EST TUE FEB 7 2017


...................................

...THE SYRACUSE NY CLIMATE SUMMARY FOR FEBRUARY 7 2017...
VALID AS OF 1000 PM LOCAL TIME.

CLIMATE NORMAL PERIOD 1981 TO 2010
CLIMATE RECORD PERIOD 1902 TO 2017


WEATHER ITEM   OBSERVED TIME   RECORD YEAR NORMAL DEPARTURE LAST
                VALUE   (LST)  VALUE       VALUE  FROM      YEAR
                                                  NORMAL
..................................................................
TEMPERATURE (F)
 TODAY
  MAXIMUM         46    959 PM  55    1904  33     13       45
  MINIMUM         27    427 AM -20    1966  16     11       23
  AVERAGE         37                        24     13       34

PRECIPITATION (IN)
  TODAY            0.60          1.00 1942   0.07   0.53     0.00
  MONTH TO DATE    0.91                      0.49   0.42     0.58
  SINCE DEC 1      7.18                      6.21   0.97     7.12
  SINCE JAN 1      3.94                      2.99   0.95     2.29

SNOWFALL (IN)
  TODAY            0.0           6.4  1995   0.9   -0.9      0.0
  MONTH TO DATE    7.7                       6.8    0.9       T
  SINCE DEC 1     53.3                      73.5  -20.2     40.9
  SINCE JUL 1     78.7                      83.4   -4.7     41.7
  SNOW DEPTH       2

DEGREE DAYS
 HEATING
  TODAY           28                        40    -12       31
  MONTH TO DATE  271                       286    -15      197
  SINCE DEC 1   2464                      2673   -209     2132
  SINCE JUL 1   3658                      4022   -364     3217

 COOLING
  TODAY            0                         0      0        0
  MONTH TO DATE    0                         0      0        0
  SINCE DEC 1      0                         0      0        0
  SINCE JAN 1      0                         0      0        0
..................................................................


WIND (MPH)
  HIGHEST WIND SPEED    20   HIGHEST WIND DIRECTION     E (80)
  HIGHEST GUST SPEED    24   HIGHEST GUST DIRECTION     E (90)
  AVERAGE WIND SPEED    10.6


SKY COVER
  POSSIBLE SUNSHINE  MM
  AVERAGE SKY COVER 1.0


WEATHER CONDITIONS
 THE FOLLOWING WEATHER WAS RECORDED TODAY.
  RAIN
  LIGHT RAIN
  FREEZING RAIN
  LT FREEZING RAIN
  FOG


RELATIVE HUMIDITY (PERCENT)
 HIGHEST   100           200 PM
 LOWEST     61          1100 AM
 AVERAGE    81

..........................................................


THE SYRACUSE NY CLIMATE NORMALS FOR TOMORROW
                         NORMAL    RECORD    YEAR
 MAXIMUM TEMPERATURE (F)   33        60      1925
 MINIMUM TEMPERATURE (F)   17       -22      1934


SUNRISE AND SUNSET
FEBRUARY  7 2017......SUNRISE   712 AM EST   SUNSET   525 PM EST
FEBRUARY  8 2017......SUNRISE   711 AM EST   SUNSET   527 PM EST


-  INDICATES NEGATIVE NUMBERS.
R  INDICATES RECORD WAS SET OR TIED.
MM INDICATES DATA IS MISSING.
T  INDICATES TRACE AMOUNT.

$$
