000
CDUS41 KBGM 191324
CLISYR


CLIMATE REPORT
NATIONAL WEATHER SERVICE BINGHAMTON NY
824 AM EST THU FEB 19 2015


...................................

...THE SYRACUSE NY CLIMATE SUMMARY FOR FEBRUARY 18 2015...

CLIMATE NORMAL PERIOD 1981 TO 2010
CLIMATE RECORD PERIOD 1902 TO 2015


WEATHER ITEM   OBSERVED TIME   RECORD YEAR NORMAL DEPARTURE LAST
                VALUE   (LST)  VALUE       VALUE  FROM      YEAR
                                                  NORMAL
..................................................................
TEMPERATURE (F)
 YESTERDAY
  MAXIMUM         24   1204 PM  62    1981  35    -11       34
  MINIMUM         -7    740 AM -26    1979  18    -25       17
  AVERAGE          9                        26    -17       26

PRECIPITATION (IN)
  YESTERDAY        0.06          1.04 1976   0.08  -0.02      T
  MONTH TO DATE    1.90                      1.29   0.61     2.07
  SINCE DEC 1      6.52                      7.01  -0.49     7.16
  SINCE JAN 1      3.50                      3.79  -0.29     4.27

SNOWFALL (IN)
  YESTERDAY        2.6           6.1  2005   0.9    1.7      0.1
  MONTH TO DATE   42.3                      16.7   25.6     31.4
  SINCE DEC 1     78.1                      83.4   -5.3     85.7
  SINCE JUL 1     89.1                      93.3   -4.2    100.0
  SNOW DEPTH      23

DEGREE DAYS
 HEATING
  YESTERDAY       56                        39     17       39
  MONTH TO DATE  971                       721    250      829
  SINCE DEC 1   3451                      3108    343     3362
  SINCE JUL 1   4636                      4457    179     4695

 COOLING
  YESTERDAY        0                         0      0        0
  MONTH TO DATE    0                         0      0        0
  SINCE DEC 1      0                         0      0        0
  SINCE JAN 1      0                         0      0        0
..................................................................


WIND (MPH)
  HIGHEST WIND SPEED    28   HIGHEST WIND DIRECTION     W (270)
  HIGHEST GUST SPEED    32   HIGHEST GUST DIRECTION     W (260)
  AVERAGE WIND SPEED     5.8


SKY COVER
  POSSIBLE SUNSHINE  MM
  AVERAGE SKY COVER 0.8


WEATHER CONDITIONS
 THE FOLLOWING WEATHER WAS RECORDED YESTERDAY.
  HEAVY SNOW
  SNOW
  LIGHT SNOW
  FOG
  FOG W/VISIBILITY <= 1/4 MILE
  BLOWING SNOW


RELATIVE HUMIDITY (PERCENT)
 HIGHEST   100           700 PM
 LOWEST     52           100 PM
 AVERAGE    76

..........................................................


THE SYRACUSE NY CLIMATE NORMALS FOR TODAY
                         NORMAL    RECORD    YEAR
 MAXIMUM TEMPERATURE (F)   35        69      1981
 MINIMUM TEMPERATURE (F)   18        -9      2007


SUNRISE AND SUNSET
FEBRUARY 19 2015......SUNRISE   657 AM EST   SUNSET   541 PM EST
FEBRUARY 20 2015......SUNRISE   655 AM EST   SUNSET   542 PM EST


-  INDICATES NEGATIVE NUMBERS.
R  INDICATES RECORD WAS SET OR TIED.
MM INDICATES DATA IS MISSING.
T  INDICATES TRACE AMOUNT.




$$
