000
CDUS41 KBGM 170644
CLISYR


CLIMATE REPORT
NATIONAL WEATHER SERVICE BINGHAMTON NY
243 AM EDT SUN MAY 17 2015


...................................

...THE SYRACUSE NY CLIMATE SUMMARY FOR MAY 16 2015...

CLIMATE NORMAL PERIOD 1981 TO 2010
CLIMATE RECORD PERIOD 1902 TO 2015


WEATHER ITEM   OBSERVED TIME   RECORD YEAR NORMAL DEPARTURE LAST
                VALUE   (LST)  VALUE       VALUE  FROM      YEAR
                                                  NORMAL
..................................................................
TEMPERATURE (F)
 YESTERDAY
  MAXIMUM         78    239 PM  90    1962  69      9       69
  MINIMUM         54    509 AM  32    1936  46      8       42
  AVERAGE         66                        58      8       56

PRECIPITATION (IN)
  YESTERDAY        0.05          1.45 1916   0.10  -0.05     1.14
  MONTH TO DATE    1.29                      1.59  -0.30     3.43
  SINCE MAR 1      5.60                      7.73  -2.13    11.55
  SINCE JAN 1      9.48                     12.30  -2.82    17.10

SNOWFALL (IN)
  YESTERDAY        0.0           T    1956   0.0    0.0      0.0
  MONTH TO DATE    0.0                       0.1   -0.1      0.0
  SINCE MAR 1     12.9                      21.9   -9.0     22.1
  SINCE JUL 1    119.7                     123.8   -4.1    132.0
  SNOW DEPTH       0

DEGREE DAYS
 HEATING
  YESTERDAY        0                         8     -8        9
  MONTH TO DATE   62                       162   -100      110
  SINCE MAR 1   1780                      1666    114     1883
  SINCE JUL 1   7004                      6497    507     6975

 COOLING
  YESTERDAY        1                         1      0        0
  MONTH TO DATE   46                         6     40       32
  SINCE MAR 1     46                        10     36       33
  SINCE JAN 1     46                        10     36       33
..................................................................


WIND (MPH)
  HIGHEST WIND SPEED    16   HIGHEST WIND DIRECTION     W (270)
  HIGHEST GUST SPEED    19   HIGHEST GUST DIRECTION     W (260)
  AVERAGE WIND SPEED     5.3


SKY COVER
  POSSIBLE SUNSHINE  MM
  AVERAGE SKY COVER 0.7


WEATHER CONDITIONS
 THE FOLLOWING WEATHER WAS RECORDED YESTERDAY.
  RAIN
  LIGHT RAIN
  FOG


RELATIVE HUMIDITY (PERCENT)
 HIGHEST   100           500 AM
 LOWEST     62           200 PM
 AVERAGE    81

..........................................................


THE SYRACUSE NY CLIMATE NORMALS FOR TODAY
                         NORMAL    RECORD    YEAR
 MAXIMUM TEMPERATURE (F)   69        91      1977
 MINIMUM TEMPERATURE (F)   47        30      1983


SUNRISE AND SUNSET
MAY 17 2015...........SUNRISE   539 AM EDT   SUNSET   823 PM EDT
MAY 18 2015...........SUNRISE   538 AM EDT   SUNSET   824 PM EDT


-  INDICATES NEGATIVE NUMBERS.
R  INDICATES RECORD WAS SET OR TIED.
MM INDICATES DATA IS MISSING.
T  INDICATES TRACE AMOUNT.

$$
