000
CDUS41 KBGM 110521
CLISYR


CLIMATE REPORT
NATIONAL WEATHER SERVICE BINGHAMTON NY
120 AM EDT MON JUL 11 2016


...................................

...THE SYRACUSE NY CLIMATE SUMMARY FOR JULY 10 2016...

CLIMATE NORMAL PERIOD 1981 TO 2010
CLIMATE RECORD PERIOD 1902 TO 2016


WEATHER ITEM   OBSERVED TIME   RECORD YEAR NORMAL DEPARTURE LAST
                VALUE   (LST)  VALUE       VALUE  FROM      YEAR
                                                  NORMAL
..................................................................
TEMPERATURE (F)
 YESTERDAY
  MAXIMUM         71    617 PM 101    1936  82    -11       79
  MINIMUM         58   1150 PM  46    1942  61     -3       59
  AVERAGE         65                        71     -6       69

PRECIPITATION (IN)
  YESTERDAY        0.03          1.94 1919   0.13  -0.10     0.00
  MONTH TO DATE    0.97                      1.21  -0.24     1.63
  SINCE JUN 1      2.92                      4.52  -1.60    11.55
  SINCE JAN 1     17.48                     18.45  -0.97    23.67

SNOWFALL (IN)
  YESTERDAY        0.0           0.0  2002   0.0    0.0      0.0
                                      2000
                                      2001
  MONTH TO DATE    0.0                       0.0    0.0      0.0
  SINCE JUN 1      T                         0.0    0.0      0.0
  SINCE JUL 1      0.0                       0.0    0.0      0.0
  SNOW DEPTH       0

DEGREE DAYS
 HEATING
  YESTERDAY        0                         0      0        0
  MONTH TO DATE    0                         2     -2        2
  SINCE JUN 1     53                        63    -10       55
  SINCE JUL 1      0                         2     -2        2

 COOLING
  YESTERDAY        0                         7     -7        4
  MONTH TO DATE   78                        62     16       37
  SINCE JUN 1    179                       175      4      126
  SINCE JAN 1    235                       205     30      231
..................................................................


WIND (MPH)
  HIGHEST WIND SPEED    18   HIGHEST WIND DIRECTION    NW (300)
  HIGHEST GUST SPEED    26   HIGHEST GUST DIRECTION    NW (320)
  AVERAGE WIND SPEED     9.0


SKY COVER
  POSSIBLE SUNSHINE  MM
  AVERAGE SKY COVER 0.9


WEATHER CONDITIONS
 THE FOLLOWING WEATHER WAS RECORDED YESTERDAY.
  LIGHT RAIN
  FOG


RELATIVE HUMIDITY (PERCENT)
 HIGHEST    97          1000 PM
 LOWEST     66           500 PM
 AVERAGE    82

..........................................................


THE SYRACUSE NY CLIMATE NORMALS FOR TODAY
                         NORMAL    RECORD    YEAR
 MAXIMUM TEMPERATURE (F)   82        96      1936
 MINIMUM TEMPERATURE (F)   61        48      1945


SUNRISE AND SUNSET
JULY 11 2016..........SUNRISE   536 AM EDT   SUNSET   844 PM EDT
JULY 12 2016..........SUNRISE   536 AM EDT   SUNSET   843 PM EDT


-  INDICATES NEGATIVE NUMBERS.
R  INDICATES RECORD WAS SET OR TIED.
MM INDICATES DATA IS MISSING.
T  INDICATES TRACE AMOUNT.

$$
