000
CDUS41 KBGM 210526
CLISYR


CLIMATE REPORT
NATIONAL WEATHER SERVICE BINGHAMTON NY
125 AM EDT FRI APR 21 2017


...................................

...THE SYRACUSE NY CLIMATE SUMMARY FOR APRIL 20 2017...

CLIMATE NORMAL PERIOD 1981 TO 2010
CLIMATE RECORD PERIOD 1902 TO 2017


WEATHER ITEM   OBSERVED TIME   RECORD YEAR NORMAL DEPARTURE LAST
                VALUE   (LST)  VALUE       VALUE  FROM      YEAR
                                                  NORMAL
..................................................................
TEMPERATURE (F)
 YESTERDAY
  MAXIMUM         59    123 PM  90    1941  59      0       64
  MINIMUM         48    742 AM  20    1904  38     10       37
  AVERAGE         54                        49      5       51

PRECIPITATION (IN)
  YESTERDAY        0.75          1.36 2011   0.10   0.65     0.00
  MONTH TO DATE    4.41                      2.19   2.22     1.49
  SINCE MAR 1      8.26                      5.14   3.12     3.94
  SINCE JAN 1     14.84                      9.71   5.13    10.46

SNOWFALL (IN)
  YESTERDAY        0.0           4.2  1983   0.1   -0.1      0.0
  MONTH TO DATE    0.3                       3.3   -3.0      8.1
  SINCE MAR 1     31.2                      21.3    9.9     13.5
  SINCE JUL 1    134.9                     123.2   11.7     80.3
  SNOW DEPTH       0

DEGREE DAYS
 HEATING
  YESTERDAY       11                        16     -5       14
  MONTH TO DATE  326                       404    -78      489
  SINCE MAR 1   1398                      1361     37     1264
  SINCE JUL 1   5667                      6192   -525     5363

 COOLING
  YESTERDAY        0                         0      0        0
  MONTH TO DATE    8                         0      8        0
  SINCE MAR 1      8                         0      8        0
  SINCE JAN 1      8                         0      8        0
..................................................................


WIND (MPH)
  HIGHEST WIND SPEED    18   HIGHEST WIND DIRECTION     E (90)
  HIGHEST GUST SPEED    21   HIGHEST GUST DIRECTION     E (90)
  AVERAGE WIND SPEED     5.4


SKY COVER
  POSSIBLE SUNSHINE  MM
  AVERAGE SKY COVER 1.0


WEATHER CONDITIONS
 THE FOLLOWING WEATHER WAS RECORDED YESTERDAY.
  THUNDERSTORM
  HEAVY RAIN
  RAIN
  LIGHT RAIN
  FOG


RELATIVE HUMIDITY (PERCENT)
 HIGHEST   100           300 AM
 LOWEST     77           100 PM
 AVERAGE    89

..........................................................


THE SYRACUSE NY CLIMATE NORMALS FOR TODAY
                         NORMAL    RECORD    YEAR
 MAXIMUM TEMPERATURE (F)   60        87      1954
 MINIMUM TEMPERATURE (F)   39        24      1981


SUNRISE AND SUNSET
APRIL 21 2017.........SUNRISE   612 AM EDT   SUNSET   754 PM EDT
APRIL 22 2017.........SUNRISE   611 AM EDT   SUNSET   756 PM EDT


-  INDICATES NEGATIVE NUMBERS.
R  INDICATES RECORD WAS SET OR TIED.
MM INDICATES DATA IS MISSING.
T  INDICATES TRACE AMOUNT.




$$
