000
CDUS41 KBGM 210739
CLISYR


CLIMATE REPORT
NATIONAL WEATHER SERVICE BINGHAMTON NY
339 AM EDT FRI AUG 21 2015


...................................

...THE SYRACUSE NY CLIMATE SUMMARY FOR AUGUST 20 2015...

CLIMATE NORMAL PERIOD 1981 TO 2010
CLIMATE RECORD PERIOD 1902 TO 2015


WEATHER ITEM   OBSERVED TIME   RECORD YEAR NORMAL DEPARTURE LAST
                VALUE   (LST)  VALUE       VALUE  FROM      YEAR
                                                  NORMAL
..................................................................
TEMPERATURE (F)
 YESTERDAY
  MAXIMUM         85    141 PM  93    1955  80      5       83
  MINIMUM         66   1159 PM  44    1984  59      7       61
  AVERAGE         76                        70      6       72

PRECIPITATION (IN)
  YESTERDAY        0.30          1.17 1904   0.12   0.18     0.19
  MONTH TO DATE    1.75                      2.32  -0.57     2.66
  SINCE JUN 1     15.04                      9.41   5.63    10.58
  SINCE JAN 1     27.16                     23.34   3.82    27.96

SNOWFALL (IN)
  YESTERDAY        0.0           0.0  2002   0.0    0.0      0.0
                                      2000
                                      2001
  MONTH TO DATE    0.0                       0.0    0.0      0.0
  SINCE JUN 1      0.0                       0.0    0.0      0.0
  SINCE JUL 1      0.0                       0.0    0.0      0.0
  SNOW DEPTH       0

DEGREE DAYS
 HEATING
  YESTERDAY        0                         1     -1        0
  MONTH TO DATE    0                         7     -7        8
  SINCE JUN 1     58                        76    -18       33
  SINCE JUL 1      5                        15    -10       10

 COOLING
  YESTERDAY       11                         5      6        7
  MONTH TO DATE  136                       116     20       92
  SINCE JUN 1    422                       432    -10      449
  SINCE JAN 1    527                       462     65      505
..................................................................


WIND (MPH)
  HIGHEST WIND SPEED    28   HIGHEST WIND DIRECTION     S (160)
  HIGHEST GUST SPEED    37   HIGHEST GUST DIRECTION    SE (150)
  AVERAGE WIND SPEED    10.4


SKY COVER
  POSSIBLE SUNSHINE  MM
  AVERAGE SKY COVER 0.8


WEATHER CONDITIONS
 THE FOLLOWING WEATHER WAS RECORDED YESTERDAY.
  RAIN
  LIGHT RAIN
  FOG


RELATIVE HUMIDITY (PERCENT)
 HIGHEST   100          1100 PM
 LOWEST     59          1200 PM
 AVERAGE    80

..........................................................


THE SYRACUSE NY CLIMATE NORMALS FOR TODAY
                         NORMAL    RECORD    YEAR
 MAXIMUM TEMPERATURE (F)   80        92      1955
 MINIMUM TEMPERATURE (F)   59        42      1977


SUNRISE AND SUNSET
AUGUST 21 2015........SUNRISE   616 AM EDT   SUNSET   758 PM EDT
AUGUST 22 2015........SUNRISE   618 AM EDT   SUNSET   756 PM EDT


-  INDICATES NEGATIVE NUMBERS.
R  INDICATES RECORD WAS SET OR TIED.
MM INDICATES DATA IS MISSING.
T  INDICATES TRACE AMOUNT.




$$
