000
CDUS41 KBGM 102228
CLISYR


CLIMATE REPORT
NATIONAL WEATHER SERVICE BINGHAMTON NY
527 PM EST FRI MAR 10 2017


...................................

...THE SYRACUSE NY CLIMATE SUMMARY FOR MARCH 10 2017...
VALID TODAY AS OF 0500 PM LOCAL TIME.

CLIMATE NORMAL PERIOD 1981 TO 2010
CLIMATE RECORD PERIOD 1902 TO 2017


WEATHER ITEM   OBSERVED TIME   RECORD YEAR NORMAL DEPARTURE LAST
                VALUE   (LST)  VALUE       VALUE  FROM      YEAR
                                                  NORMAL
..................................................................
TEMPERATURE (F)
 TODAY
  MAXIMUM         31   1205 AM  67    1977  41    -10       61
  MINIMUM         22    459 PM  -1    1995  23     -1       45
                                      1984
                                      1972
  AVERAGE         27                        32     -5       53

PRECIPITATION (IN)
  TODAY            T             1.33 1964   0.09  -0.09     0.78
  MONTH TO DATE    0.70                      0.87  -0.17     0.92
  SINCE MAR 1      0.70                      0.87  -0.17     0.92
  SINCE JAN 1      7.28                      5.44   1.84     7.44

SNOWFALL (IN)
  TODAY            T            10.3  1964   0.8   -0.8      0.0
  MONTH TO DATE    2.6                       8.0   -5.4      5.4
  SINCE MAR 1      2.6                       8.0   -5.4      5.4
  SINCE JUL 1    106.3                     109.9   -3.6     72.2
  SNOW DEPTH       0

DEGREE DAYS
 HEATING
  TODAY           38                        33      5       12
  MONTH TO DATE  325                       347    -22      296
  SINCE MAR 1    325                       347    -22      296
  SINCE JUL 1   4594                      5178   -584     4395

 COOLING
  TODAY            0                         0      0        0
  MONTH TO DATE    0                         0      0        0
  SINCE MAR 1      0                         0      0        0
  SINCE JAN 1      0                         0      0        0
..................................................................


WIND (MPH)
  HIGHEST WIND SPEED    31   HIGHEST WIND DIRECTION     W (290)
  HIGHEST GUST SPEED    42   HIGHEST GUST DIRECTION     W (280)
  AVERAGE WIND SPEED    14.3


SKY COVER
  POSSIBLE SUNSHINE  MM
  AVERAGE SKY COVER 0.8


WEATHER CONDITIONS
 THE FOLLOWING WEATHER WAS RECORDED TODAY.
  LIGHT SNOW


RELATIVE HUMIDITY (PERCENT)
 HIGHEST    75           200 AM
 LOWEST     40           400 PM
 AVERAGE    58

..........................................................


THE SYRACUSE NY CLIMATE NORMALS FOR TOMORROW
                         NORMAL    RECORD    YEAR
 MAXIMUM TEMPERATURE (F)   41        67      1977
 MINIMUM TEMPERATURE (F)   23        -1      1948


SUNRISE AND SUNSET
MARCH 10 2017.........SUNRISE   625 AM EST   SUNSET   605 PM EST
MARCH 11 2017.........SUNRISE   623 AM EST   SUNSET   606 PM EST


-  INDICATES NEGATIVE NUMBERS.
R  INDICATES RECORD WAS SET OR TIED.
MM INDICATES DATA IS MISSING.
T  INDICATES TRACE AMOUNT.




$$
