000
CDUS41 KBGM 250615
CLISYR


CLIMATE REPORT
NATIONAL WEATHER SERVICE BINGHAMTON NY
112 AM EST FRI NOV 25 2016


...................................

...THE SYRACUSE NY CLIMATE SUMMARY FOR NOVEMBER 24 2016...

CLIMATE NORMAL PERIOD 1981 TO 2010
CLIMATE RECORD PERIOD 1902 TO 2016


WEATHER ITEM   OBSERVED TIME   RECORD YEAR NORMAL DEPARTURE LAST
                VALUE   (LST)  VALUE       VALUE  FROM      YEAR
                                                  NORMAL
..................................................................
TEMPERATURE (F)
 YESTERDAY
  MAXIMUM         35   1035 AM  72    2014  45    -10       38
  MINIMUM         30    608 AM   5    1956  30      0       28
  AVERAGE         33                        38     -5       33

PRECIPITATION (IN)
  YESTERDAY        0.06          1.14 1912   0.12  -0.06      T
  MONTH TO DATE    2.24                      2.83  -0.59     0.79
  SINCE SEP 1     13.63                      9.96   3.67     9.61
  SINCE JAN 1     36.84                     34.55   2.29    36.93

SNOWFALL (IN)
  YESTERDAY        T             5.1  1970   0.5   -0.5       T
  MONTH TO DATE   25.1                       6.1   19.0      0.4
  SINCE SEP 1     25.3                       6.5   18.8      0.8
  SINCE JUL 1     25.3                       6.5   18.8      0.8
  SNOW DEPTH       9

DEGREE DAYS
 HEATING
  YESTERDAY       32                        27      5       32
  MONTH TO DATE  541                       559    -18      420
  SINCE SEP 1   1044                      1150   -106      932
  SINCE JUL 1   1045                      1176   -131      940

 COOLING
  YESTERDAY        0                         0      0        0
  MONTH TO DATE    0                         0      0        0
  SINCE SEP 1     97                        56     41      145
  SINCE JAN 1    809                       569    240      717
..................................................................


WIND (MPH)
  HIGHEST WIND SPEED    15   HIGHEST WIND DIRECTION     E (70)
  HIGHEST GUST SPEED    17   HIGHEST GUST DIRECTION     E (70)
  AVERAGE WIND SPEED     7.1


SKY COVER
  POSSIBLE SUNSHINE  MM
  AVERAGE SKY COVER 0.8


WEATHER CONDITIONS
 THE FOLLOWING WEATHER WAS RECORDED YESTERDAY.
  LIGHT RAIN
  LT FREEZING RAIN
  SNOW
  LIGHT SNOW
  SLEET
  FOG


RELATIVE HUMIDITY (PERCENT)
 HIGHEST   100           700 PM
 LOWEST     75           900 AM
 AVERAGE    88

..........................................................


THE SYRACUSE NY CLIMATE NORMALS FOR TODAY
                         NORMAL    RECORD    YEAR
 MAXIMUM TEMPERATURE (F)   44        67      2001
 MINIMUM TEMPERATURE (F)   30         8      1938


SUNRISE AND SUNSET
NOVEMBER 25 2016......SUNRISE   710 AM EST   SUNSET   433 PM EST
NOVEMBER 26 2016......SUNRISE   711 AM EST   SUNSET   432 PM EST


-  INDICATES NEGATIVE NUMBERS.
R  INDICATES RECORD WAS SET OR TIED.
MM INDICATES DATA IS MISSING.
T  INDICATES TRACE AMOUNT.




$$
