000
CDUS41 KBGM 242142
CLISYR


CLIMATE REPORT
NATIONAL WEATHER SERVICE BINGHAMTON NY
542 PM EDT WED JUN 24 2015


...................................

...THE SYRACUSE NY CLIMATE SUMMARY FOR JUNE 24 2015...
VALID TODAY AS OF 0500 PM LOCAL TIME.

CLIMATE NORMAL PERIOD 1981 TO 2010
CLIMATE RECORD PERIOD 1902 TO 2015


WEATHER ITEM   OBSERVED TIME   RECORD YEAR NORMAL DEPARTURE LAST
                VALUE   (LST)  VALUE       VALUE  FROM      YEAR
                                                  NORMAL
..................................................................
TEMPERATURE (F)
 TODAY
  MAXIMUM         75    400 PM  93    1952  80     -5       87
                                      1949
  MINIMUM         58        MM  45    1988  59     -1       69
  AVERAGE         67                        69     -2       78

PRECIPITATION (IN)
  TODAY            0.00          0.97 1992   0.11  -0.11     0.66
  MONTH TO DATE    5.46                      2.63   2.83     1.94
  SINCE JUN 1      5.46                      2.63   2.83     1.94
  SINCE JAN 1     17.58                     16.56   1.02    19.32

SNOWFALL (IN)
  TODAY            0.0           T    1992   0.0    0.0      0.0
  MONTH TO DATE    0.0                       0.0    0.0      0.0
  SINCE JUN 1      0.0                       0.0    0.0      0.0
  SINCE JUL 1    119.7                     123.8   -4.1    132.0
  SNOW DEPTH       0

DEGREE DAYS
 HEATING
  TODAY            0                         1     -1        0
  MONTH TO DATE   43                        55    -12       23
  SINCE JUN 1     43                        55    -12       23
  SINCE JUL 1   7111                      6645    466     7079

 COOLING
  TODAY            2                         5     -3       13
  MONTH TO DATE   80                        80      0       92
  SINCE JUN 1     80                        80      0       92
  SINCE JAN 1    185                       110     75      148
..................................................................


WIND (MPH)
  HIGHEST WIND SPEED    14   HIGHEST WIND DIRECTION    NW (300)
  HIGHEST GUST SPEED    17   HIGHEST GUST DIRECTION    NW (310)
  AVERAGE WIND SPEED     7.9


SKY COVER
  POSSIBLE SUNSHINE  MM
  AVERAGE SKY COVER 0.7


WEATHER CONDITIONS
 THE FOLLOWING WEATHER WAS RECORDED TODAY.
  NO SIGNIFICANT WEATHER WAS OBSERVED.


RELATIVE HUMIDITY (PERCENT)
 HIGHEST    93           300 AM
 LOWEST     36           400 PM
 AVERAGE    65

..........................................................


THE SYRACUSE NY CLIMATE NORMALS FOR TOMORROW
                         NORMAL    RECORD    YEAR
 MAXIMUM TEMPERATURE (F)   80        95      2005
 MINIMUM TEMPERATURE (F)   59        40      1979


SUNRISE AND SUNSET
JUNE 24 2015..........SUNRISE   526 AM EDT   SUNSET   848 PM EDT
JUNE 25 2015..........SUNRISE   526 AM EDT   SUNSET   848 PM EDT


-  INDICATES NEGATIVE NUMBERS.
R  INDICATES RECORD WAS SET OR TIED.
MM INDICATES DATA IS MISSING.
T  INDICATES TRACE AMOUNT.




$$
