000
CDUS41 KBGM 210226
CLISYR


CLIMATE REPORT
NATIONAL WEATHER SERVICE BINGHAMTON NY
1025 PM EDT WED APR 20 2016


...................................

...THE SYRACUSE NY CLIMATE SUMMARY FOR APRIL 20 2016...
VALID AS OF 1000 PM LOCAL TIME.

CLIMATE NORMAL PERIOD 1981 TO 2010
CLIMATE RECORD PERIOD 1902 TO 2016


WEATHER ITEM   OBSERVED TIME   RECORD YEAR NORMAL DEPARTURE LAST
                VALUE   (LST)  VALUE       VALUE  FROM      YEAR
                                                  NORMAL
..................................................................
TEMPERATURE (F)
 TODAY
  MAXIMUM         64    438 PM  90    1941  59      5       59
  MINIMUM         37    607 AM  20    1904  38     -1       45
  AVERAGE         51                        49      2       52

PRECIPITATION (IN)
  TODAY            0.00          1.36 2011   0.10  -0.10     0.44
  MONTH TO DATE    1.49                      2.19  -0.70     2.48
  SINCE MAR 1      3.94                      5.14  -1.20     4.00
  SINCE JAN 1     10.46                      9.71   0.75     7.88

SNOWFALL (IN)
  TODAY            0.0           4.2  1983   0.1   -0.1      0.0
  MONTH TO DATE    8.1                       3.3    4.8       T
  SINCE MAR 1     13.5                      21.3   -7.8     12.3
  SINCE JUL 1     80.3                     123.2  -42.9    119.1
  SNOW DEPTH       0

DEGREE DAYS
 HEATING
  TODAY           14                        16     -2       13
  MONTH TO DATE  489                       404     85      359
  SINCE MAR 1   1264                      1361    -97     1528
  SINCE JUL 1   5363                      6192   -829     6752

 COOLING
  TODAY            0                         0      0        0
  MONTH TO DATE    0                         0      0        0
  SINCE MAR 1      0                         0      0        0
  SINCE JAN 1      0                         0      0        0
..................................................................


WIND (MPH)
  HIGHEST WIND SPEED    15   HIGHEST WIND DIRECTION    NW (330)
  HIGHEST GUST SPEED    15   HIGHEST GUST DIRECTION    NW (330)
  AVERAGE WIND SPEED     4.3


SKY COVER
  POSSIBLE SUNSHINE  MM
  AVERAGE SKY COVER 0.2


WEATHER CONDITIONS
 THE FOLLOWING WEATHER WAS RECORDED TODAY.
  NO SIGNIFICANT WEATHER WAS OBSERVED.


RELATIVE HUMIDITY (PERCENT)
 HIGHEST    76           200 AM
 LOWEST     20           300 PM
 AVERAGE    48

..........................................................


THE SYRACUSE NY CLIMATE NORMALS FOR TOMORROW
                         NORMAL    RECORD    YEAR
 MAXIMUM TEMPERATURE (F)   60        87      1954
 MINIMUM TEMPERATURE (F)   39        24      1981


SUNRISE AND SUNSET
APRIL 20 2016.........SUNRISE   614 AM EDT   SUNSET   754 PM EDT
APRIL 21 2016.........SUNRISE   612 AM EDT   SUNSET   755 PM EDT


-  INDICATES NEGATIVE NUMBERS.
R  INDICATES RECORD WAS SET OR TIED.
MM INDICATES DATA IS MISSING.
T  INDICATES TRACE AMOUNT.




$$
