000
CDUS41 KBGM 292225
CLISYR


CLIMATE REPORT
NATIONAL WEATHER SERVICE BINGHAMTON NY
523 PM EST WED NOV 29 2017


...................................

...THE SYRACUSE NY CLIMATE SUMMARY FOR NOVEMBER 29 2017...
VALID TODAY AS OF 0500 PM LOCAL TIME.

CLIMATE NORMAL PERIOD 1981 TO 2010
CLIMATE RECORD PERIOD 1902 TO 2017


WEATHER ITEM   OBSERVED TIME   RECORD YEAR NORMAL DEPARTURE LAST
                VALUE   (LST)  VALUE       VALUE  FROM      YEAR
                                                  NORMAL
..................................................................
TEMPERATURE (F)
 TODAY
  MAXIMUM         54    319 AM  70    2005  43     11       56
  MINIMUM         39    459 PM   9    1903  29     10       37
  AVERAGE         47                        36     11       47

PRECIPITATION (IN)
  TODAY            T             1.58 1987   0.12  -0.12     0.03
  MONTH TO DATE    3.56                      3.41   0.15     2.76
  SINCE SEP 1     11.03                     10.54   0.49    14.15
  SINCE JAN 1     43.55                     35.13   8.42    37.36

SNOWFALL (IN)
  TODAY            0.0           4.4  2003   0.5   -0.5      0.0
                                      1967
  MONTH TO DATE    5.2                       8.9   -3.7     25.2
  SINCE SEP 1      5.2                       9.3   -4.1     25.4
  SINCE JUL 1      5.2                       9.3   -4.1     25.4
  SNOW DEPTH       0

DEGREE DAYS
 HEATING
  TODAY           18                        29    -11       18
  MONTH TO DATE  768                       702     66      670
  SINCE SEP 1   1126                      1293   -167     1173
  SINCE JUL 1   1162                      1319   -157     1174

 COOLING
  TODAY            0                         0      0        0
  MONTH TO DATE    0                         0      0        0
  SINCE SEP 1    112                        56     56       97
  SINCE JAN 1    562                       569     -7      809
..................................................................


WIND (MPH)
  HIGHEST WIND SPEED    29   HIGHEST WIND DIRECTION     W (270)
  HIGHEST GUST SPEED    36   HIGHEST GUST DIRECTION     W (280)
  AVERAGE WIND SPEED    14.1


SKY COVER
  POSSIBLE SUNSHINE  MM
  AVERAGE SKY COVER 0.9


WEATHER CONDITIONS
 THE FOLLOWING WEATHER WAS RECORDED TODAY.
  NO SIGNIFICANT WEATHER WAS OBSERVED.


RELATIVE HUMIDITY (PERCENT)
 HIGHEST    77           700 AM
 LOWEST     41           200 AM
 AVERAGE    59

..........................................................


THE SYRACUSE NY CLIMATE NORMALS FOR TOMORROW
                         NORMAL    RECORD    YEAR
 MAXIMUM TEMPERATURE (F)   42        67      1998
 MINIMUM TEMPERATURE (F)   28         5      1976


SUNRISE AND SUNSET
NOVEMBER 29 2017......SUNRISE   714 AM EST   SUNSET   431 PM EST
NOVEMBER 30 2017......SUNRISE   715 AM EST   SUNSET   431 PM EST


-  INDICATES NEGATIVE NUMBERS.
R  INDICATES RECORD WAS SET OR TIED.
MM INDICATES DATA IS MISSING.
T  INDICATES TRACE AMOUNT.

$$
