000
CDUS41 KBGM 130552
CLISYR


CLIMATE REPORT
NATIONAL WEATHER SERVICE BINGHAMTON NY
152 AM EDT THU APR 13 2017


...................................

...THE SYRACUSE NY CLIMATE SUMMARY FOR APRIL 12 2017...

CLIMATE NORMAL PERIOD 1981 TO 2010
CLIMATE RECORD PERIOD 1902 TO 2017


WEATHER ITEM   OBSERVED TIME   RECORD YEAR NORMAL DEPARTURE LAST
                VALUE   (LST)  VALUE       VALUE  FROM      YEAR
                                                  NORMAL
..................................................................
TEMPERATURE (F)
 YESTERDAY
  MAXIMUM         58    136 AM  83    1945  56      2       50
  MINIMUM         40   1159 PM  19    1976  36      4       31
                                      1967
  AVERAGE         49                        46      3       41

PRECIPITATION (IN)
  YESTERDAY        0.00          1.29 1965   0.12  -0.12     0.13
  MONTH TO DATE    2.95                      1.35   1.60     1.49
  SINCE MAR 1      6.80                      4.30   2.50     3.94
  SINCE JAN 1     13.38                      8.87   4.51    10.46

SNOWFALL (IN)
  YESTERDAY        0.0           3.1  1993   0.1   -0.1       T
  MONTH TO DATE    0.3                       2.3   -2.0      8.1
  SINCE MAR 1     31.2                      20.3   10.9     13.5
  SINCE JUL 1    134.9                     122.2   12.7     80.3
  SNOW DEPTH       0

DEGREE DAYS
 HEATING
  YESTERDAY       16                        20     -4       24
  MONTH TO DATE  211                       263    -52      362
  SINCE MAR 1   1283                      1220     63     1137
  SINCE JUL 1   5552                      6051   -499     5236

 COOLING
  YESTERDAY        0                         0      0        0
  MONTH TO DATE    4                         0      4        0
  SINCE MAR 1      4                         0      4        0
  SINCE JAN 1      4                         0      4        0
..................................................................


WIND (MPH)
  HIGHEST WIND SPEED    22   HIGHEST WIND DIRECTION     W (290)
  HIGHEST GUST SPEED    30   HIGHEST GUST DIRECTION    NW (300)
  AVERAGE WIND SPEED    10.7


SKY COVER
  POSSIBLE SUNSHINE  MM
  AVERAGE SKY COVER 1.0


WEATHER CONDITIONS
 THE FOLLOWING WEATHER WAS RECORDED YESTERDAY.
  NO SIGNIFICANT WEATHER WAS OBSERVED.


RELATIVE HUMIDITY (PERCENT)
 HIGHEST   100          1200 AM
 LOWEST     66           100 PM
 AVERAGE    83

..........................................................


THE SYRACUSE NY CLIMATE NORMALS FOR TODAY
                         NORMAL    RECORD    YEAR
 MAXIMUM TEMPERATURE (F)   56        85      1945
 MINIMUM TEMPERATURE (F)   36        21      1940
                                             1914


SUNRISE AND SUNSET
APRIL 13 2017.........SUNRISE   625 AM EDT   SUNSET   745 PM EDT
APRIL 14 2017.........SUNRISE   624 AM EDT   SUNSET   746 PM EDT


-  INDICATES NEGATIVE NUMBERS.
R  INDICATES RECORD WAS SET OR TIED.
MM INDICATES DATA IS MISSING.
T  INDICATES TRACE AMOUNT.




$$
