000
CDUS41 KBGM 180217
CLISYR


CLIMATE REPORT
NATIONAL WEATHER SERVICE BINGHAMTON NY
1015 PM EDT SUN MAY 17 2015


...................................

...THE SYRACUSE NY CLIMATE SUMMARY FOR MAY 17 2015...
VALID AS OF 1000 PM LOCAL TIME.

CLIMATE NORMAL PERIOD 1981 TO 2010
CLIMATE RECORD PERIOD 1902 TO 2015


WEATHER ITEM   OBSERVED TIME   RECORD YEAR NORMAL DEPARTURE LAST
                VALUE   (LST)  VALUE       VALUE  FROM      YEAR
                                                  NORMAL
..................................................................
TEMPERATURE (F)
 TODAY
  MAXIMUM         79    420 PM  91    1977  69     10       57
  MINIMUM         57    347 AM  30    1983  47     10       40
  AVERAGE         68                        58     10       49

PRECIPITATION (IN)
  TODAY            0.00          0.91 1916   0.11  -0.11     0.00
  MONTH TO DATE    1.29                      1.70  -0.41     3.43
  SINCE MAR 1      5.60                      7.84  -2.24    11.55
  SINCE JAN 1      9.48                     12.41  -2.93    17.10

SNOWFALL (IN)
  TODAY            0.0           1.2  1973   0.0    0.0      0.0
  MONTH TO DATE    0.0                       0.1   -0.1      0.0
  SINCE MAR 1     12.9                      21.9   -9.0     22.1
  SINCE JUL 1    119.7                     123.8   -4.1    132.0
  SNOW DEPTH       0

DEGREE DAYS
 HEATING
  TODAY            0                         8     -8       16
  MONTH TO DATE   62                       170   -108      126
  SINCE MAR 1   1780                      1674    106     1899
  SINCE JUL 1   7004                      6505    499     6991

 COOLING
  TODAY            3                         1      2        0
  MONTH TO DATE   49                         7     42       32
  SINCE MAR 1     49                        11     38       33
  SINCE JAN 1     49                        11     38       33
..................................................................


WIND (MPH)
  HIGHEST WIND SPEED    14   HIGHEST WIND DIRECTION     W (250)
  HIGHEST GUST SPEED    18   HIGHEST GUST DIRECTION     W (270)
  AVERAGE WIND SPEED     4.0


SKY COVER
  POSSIBLE SUNSHINE  MM
  AVERAGE SKY COVER 0.5


WEATHER CONDITIONS
 THE FOLLOWING WEATHER WAS RECORDED TODAY.
  FOG


RELATIVE HUMIDITY (PERCENT)
 HIGHEST    93           300 AM
 LOWEST     45           200 PM
 AVERAGE    69

..........................................................


THE SYRACUSE NY CLIMATE NORMALS FOR TOMORROW
                         NORMAL    RECORD    YEAR
 MAXIMUM TEMPERATURE (F)   70        90      1962
 MINIMUM TEMPERATURE (F)   47        30      1983


SUNRISE AND SUNSET
MAY 17 2015...........SUNRISE   539 AM EDT   SUNSET   823 PM EDT
MAY 18 2015...........SUNRISE   538 AM EDT   SUNSET   824 PM EDT


-  INDICATES NEGATIVE NUMBERS.
R  INDICATES RECORD WAS SET OR TIED.
MM INDICATES DATA IS MISSING.
T  INDICATES TRACE AMOUNT.




$$
