000
CDUS41 KBGM 080624
CLISYR


CLIMATE REPORT
NATIONAL WEATHER SERVICE BINGHAMTON NY
223 AM EDT MON AUG 8 2016


...................................

...THE SYRACUSE NY CLIMATE SUMMARY FOR AUGUST 7 2016...

CLIMATE NORMAL PERIOD 1981 TO 2010
CLIMATE RECORD PERIOD 1902 TO 2016


WEATHER ITEM   OBSERVED TIME   RECORD YEAR NORMAL DEPARTURE LAST
                VALUE   (LST)  VALUE       VALUE  FROM      YEAR
                                                  NORMAL
..................................................................
TEMPERATURE (F)
 YESTERDAY
  MAXIMUM         81    432 PM  96    1965  81      0       79
                                      1918
  MINIMUM         63    519 AM  48    1994  61      2       54
                                      1948
  AVERAGE         72                        71      1       67

PRECIPITATION (IN)
  YESTERDAY        0.00          1.69 1976   0.11  -0.11     0.00
  MONTH TO DATE    0.79                      0.80  -0.01     0.13
  SINCE JUN 1      5.39                      7.89  -2.50    13.42
  SINCE JAN 1     19.95                     21.82  -1.87    25.54

SNOWFALL (IN)
  YESTERDAY        0.0           0.0  2002   0.0    0.0      0.0
                                      2000
                                      2001
  MONTH TO DATE    0.0                       0.0    0.0      0.0
  SINCE JUN 1      T                         0.0    0.0      0.0
  SINCE JUL 1      0.0                       0.0    0.0      0.0
  SNOW DEPTH       0

DEGREE DAYS
 HEATING
  YESTERDAY        0                         0      0        0
  MONTH TO DATE    0                         0      0        0
  SINCE JUN 1     53                        69    -16       58
  SINCE JUL 1      0                         8     -8        5

 COOLING
  YESTERDAY        7                         6      1        2
  MONTH TO DATE   68                        42     26       35
  SINCE JUN 1    434                       358     76      321
  SINCE JAN 1    490                       388    102      426
..................................................................


WIND (MPH)
  HIGHEST WIND SPEED    18   HIGHEST WIND DIRECTION     W (270)
  HIGHEST GUST SPEED    25   HIGHEST GUST DIRECTION    NW (330)
  AVERAGE WIND SPEED    10.5


SKY COVER
  POSSIBLE SUNSHINE  MM
  AVERAGE SKY COVER 0.4


WEATHER CONDITIONS
 THE FOLLOWING WEATHER WAS RECORDED YESTERDAY.
  NO SIGNIFICANT WEATHER WAS OBSERVED.


RELATIVE HUMIDITY (PERCENT)
 HIGHEST    87           500 AM
 LOWEST     42           200 PM
 AVERAGE    65

..........................................................


THE SYRACUSE NY CLIMATE NORMALS FOR TODAY
                         NORMAL    RECORD    YEAR
 MAXIMUM TEMPERATURE (F)   81        96      2001
 MINIMUM TEMPERATURE (F)   61        49      1903


SUNRISE AND SUNSET
AUGUST  8 2016........SUNRISE   603 AM EDT   SUNSET   816 PM EDT
AUGUST  9 2016........SUNRISE   604 AM EDT   SUNSET   815 PM EDT


-  INDICATES NEGATIVE NUMBERS.
R  INDICATES RECORD WAS SET OR TIED.
MM INDICATES DATA IS MISSING.
T  INDICATES TRACE AMOUNT.




$$

Heden
