000
CDUS41 KBGM 102117
CLISYR


CLIMATE REPORT
NATIONAL WEATHER SERVICE BINGHAMTON NY
517 PM EDT TUE OCT 10 2017


...................................

...THE SYRACUSE NY CLIMATE SUMMARY FOR OCTOBER 10 2017...
VALID TODAY AS OF 0500 PM LOCAL TIME.

CLIMATE NORMAL PERIOD 1981 TO 2010
CLIMATE RECORD PERIOD 1902 TO 2017


WEATHER ITEM   OBSERVED TIME   RECORD YEAR NORMAL DEPARTURE LAST
                VALUE   (LST)  VALUE       VALUE  FROM      YEAR
                                                  NORMAL
..................................................................
TEMPERATURE (F)
 TODAY
  MAXIMUM         74    340 PM  85    1949  62     12       53
                                      1939
  MINIMUM         58   1214 AM  27    1986  43     15       35
  AVERAGE         66                        52     14       44

PRECIPITATION (IN)
  TODAY            0.00          1.71 1950   0.12  -0.12     0.00
  MONTH TO DATE    1.27                      1.15   0.12     1.67
  SINCE SEP 1      2.65                      4.84  -2.19     5.37
  SINCE JAN 1     35.17                     29.43   5.74    28.58

SNOWFALL (IN)
  TODAY            0.0           0.3  1964   0.0    0.0      0.0
  MONTH TO DATE    0.0                       0.0    0.0      0.0
  SINCE SEP 1      0.0                       0.0    0.0      0.0
  SINCE JUL 1      0.0                       0.0    0.0      0.0
  SNOW DEPTH       0

DEGREE DAYS
 HEATING
  TODAY            0                        13    -13       21
  MONTH TO DATE   38                       112    -74       75
  SINCE SEP 1    141                       253   -112      163
  SINCE JUL 1    177                       279   -102      164

 COOLING
  TODAY            1                         0      1        0
  MONTH TO DATE   17                         0     17        0
  SINCE SEP 1    112                        52     60       90
  SINCE JAN 1    562                       565     -3      802
..................................................................


WIND (MPH)
  HIGHEST WIND SPEED    14   HIGHEST WIND DIRECTION     W (260)
  HIGHEST GUST SPEED    17   HIGHEST GUST DIRECTION     W (270)
  AVERAGE WIND SPEED     5.0


SKY COVER
  POSSIBLE SUNSHINE  MM
  AVERAGE SKY COVER 0.8


WEATHER CONDITIONS
 THE FOLLOWING WEATHER WAS RECORDED TODAY.
  FOG


RELATIVE HUMIDITY (PERCENT)
 HIGHEST   100          1200 AM
 LOWEST     57           200 PM
 AVERAGE    79

..........................................................


THE SYRACUSE NY CLIMATE NORMALS FOR TOMORROW
                         NORMAL    RECORD    YEAR
 MAXIMUM TEMPERATURE (F)   62        86      1949
 MINIMUM TEMPERATURE (F)   43        28      1943


SUNRISE AND SUNSET
OCTOBER 10 2017.......SUNRISE   712 AM EDT   SUNSET   630 PM EDT
OCTOBER 11 2017.......SUNRISE   714 AM EDT   SUNSET   628 PM EDT


-  INDICATES NEGATIVE NUMBERS.
R  INDICATES RECORD WAS SET OR TIED.
MM INDICATES DATA IS MISSING.
T  INDICATES TRACE AMOUNT.




$$
