000
CDUS41 KBGM 010551
CLISYR


CLIMATE REPORT
NATIONAL WEATHER SERVICE BINGHAMTON NY
150 AM EDT TUE APR 1 2014


...................................

...THE SYRACUSE NY CLIMATE SUMMARY FOR MARCH 31 2014...

CLIMATE NORMAL PERIOD 1981 TO 2010
CLIMATE RECORD PERIOD 1902 TO 2014


WEATHER ITEM   OBSERVED TIME   RECORD YEAR NORMAL DEPARTURE LAST
                VALUE   (LST)  VALUE       VALUE  FROM      YEAR
                                                  NORMAL
..................................................................
TEMPERATURE (F)
 YESTERDAY
  MAXIMUM         45    149 PM  85    1998  50     -5       57
  MINIMUM         28   1123 PM   9    1923  31     -3       30
  AVERAGE         37                        40     -3       44

PRECIPITATION (IN)
  YESTERDAY        0.00          1.16 1974   0.10  -0.10     0.34
  MONTH TO DATE    3.48                      2.95   0.53     2.02
  SINCE MAR 1      3.48                      2.95   0.53     2.02
  SINCE JAN 1      9.03                      7.52   1.51     6.44

SNOWFALL (IN)
  YESTERDAY        0.0           9.3  1974   0.3   -0.3      0.0
  MONTH TO DATE   21.7                      18.0    3.7     20.2
  SINCE MAR 1     21.7                      18.0    3.7     20.2
  SINCE JUL 1    131.6                     119.9   11.7    103.4
  SNOW DEPTH       0

DEGREE DAYS
 HEATING
  YESTERDAY       28                        25      3       21
  MONTH TO DATE 1211                       957    254      964
  SINCE MAR 1   1211                       957    254      964
  SINCE JUL 1   6303                      5788    515     5335

 COOLING
  YESTERDAY        0                         0      0        0
  MONTH TO DATE    0                         0      0        0
  SINCE MAR 1      0                         0      0        0
  SINCE JAN 1      0                         0      0        0
..................................................................


WIND (MPH)
  HIGHEST WIND SPEED    23   HIGHEST WIND DIRECTION    NW (330)
  HIGHEST GUST SPEED    29   HIGHEST GUST DIRECTION    NW (330)
  AVERAGE WIND SPEED    10.2


SKY COVER
  POSSIBLE SUNSHINE  MM
  AVERAGE SKY COVER 0.6


WEATHER CONDITIONS
 THE FOLLOWING WEATHER WAS RECORDED YESTERDAY.
  NO SIGNIFICANT WEATHER WAS OBSERVED.


RELATIVE HUMIDITY (PERCENT)
 HIGHEST    85           500 AM
 LOWEST     49           400 PM
 AVERAGE    67

..........................................................


THE SYRACUSE NY CLIMATE NORMALS FOR TODAY
                         NORMAL    RECORD    YEAR
 MAXIMUM TEMPERATURE (F)   50        84      1986
 MINIMUM TEMPERATURE (F)   31         7      1923


SUNRISE AND SUNSET
APRIL  1 2014.........SUNRISE   646 AM EDT   SUNSET   731 PM EDT
APRIL  2 2014.........SUNRISE   645 AM EDT   SUNSET   732 PM EDT


-  INDICATES NEGATIVE NUMBERS.
R  INDICATES RECORD WAS SET OR TIED.
MM INDICATES DATA IS MISSING.
T  INDICATES TRACE AMOUNT.




$$
