000
CDUS41 KBGM 280605
CLISYR


CLIMATE REPORT
NATIONAL WEATHER SERVICE BINGHAMTON NY
101 AM EST THU JAN 28 2016


...................................

...THE SYRACUSE NY CLIMATE SUMMARY FOR JANUARY 27 2016...

CLIMATE NORMAL PERIOD 1981 TO 2010
CLIMATE RECORD PERIOD 1902 TO 2016


WEATHER ITEM   OBSERVED TIME   RECORD YEAR NORMAL DEPARTURE LAST
                VALUE   (LST)  VALUE       VALUE  FROM      YEAR
                                                  NORMAL
..................................................................
TEMPERATURE (F)
 YESTERDAY
  MAXIMUM         35    239 AM  64    1916  32      3       14
  MINIMUM         23    932 PM -16    1994  15      8        4
  AVERAGE         29                        23      6        9

PRECIPITATION (IN)
  YESTERDAY        0.01          0.96 2012   0.07  -0.06      T
  MONTH TO DATE    1.69                      2.22  -0.53     1.40
  SINCE DEC 1      6.52                      5.44   1.08     4.42
  SINCE JAN 1      1.69                      2.22  -0.53     1.40

SNOWFALL (IN)
  YESTERDAY        0.2           9.0  1963   1.1   -0.9       T
  MONTH TO DATE   38.0                      29.6    8.4     13.8
  SINCE DEC 1     40.1                      62.3  -22.2     31.3
  SINCE JUL 1     40.9                      72.2  -31.3     42.3
  SNOW DEPTH       7

DEGREE DAYS
 HEATING
  YESTERDAY       36                        42     -6       56
  MONTH TO DATE 1080                      1121    -41     1261
  SINCE DEC 1   1811                      2225   -414     2269
  SINCE JUL 1   2896                      3574   -678     3454

 COOLING
  YESTERDAY        0                         0      0        0
  MONTH TO DATE    0                         0      0        0
  SINCE DEC 1      0                         0      0        0
  SINCE JAN 1      0                         0      0        0
..................................................................


WIND (MPH)
  HIGHEST WIND SPEED    23   HIGHEST WIND DIRECTION     W (290)
  HIGHEST GUST SPEED    29   HIGHEST GUST DIRECTION     W (250)
  AVERAGE WIND SPEED    11.0


SKY COVER
  POSSIBLE SUNSHINE  MM
  AVERAGE SKY COVER 0.9


WEATHER CONDITIONS
 THE FOLLOWING WEATHER WAS RECORDED YESTERDAY.
  LIGHT SNOW
  FOG


RELATIVE HUMIDITY (PERCENT)
 HIGHEST   100          1000 AM
 LOWEST     58           500 PM
 AVERAGE    79

..........................................................


THE SYRACUSE NY CLIMATE NORMALS FOR TODAY
                         NORMAL    RECORD    YEAR
 MAXIMUM TEMPERATURE (F)   32        64      1916
 MINIMUM TEMPERATURE (F)   15       -18      2005


SUNRISE AND SUNSET
JANUARY 28 2016.......SUNRISE   724 AM EST   SUNSET   511 PM EST
JANUARY 29 2016.......SUNRISE   723 AM EST   SUNSET   512 PM EST


-  INDICATES NEGATIVE NUMBERS.
R  INDICATES RECORD WAS SET OR TIED.
MM INDICATES DATA IS MISSING.
T  INDICATES TRACE AMOUNT.

$$
