000
CDUS41 KBGM 220538
CLISYR


CLIMATE REPORT
NATIONAL WEATHER SERVICE BINGHAMTON NY
1236 AM EST THU JAN 22 2015


...................................

...THE SYRACUSE NY CLIMATE SUMMARY FOR JANUARY 21 2015...

CLIMATE NORMAL PERIOD 1981 TO 2010
CLIMATE RECORD PERIOD 1902 TO 2015


WEATHER ITEM   OBSERVED TIME   RECORD YEAR NORMAL DEPARTURE LAST
                VALUE   (LST)  VALUE       VALUE  FROM      YEAR
                                                  NORMAL
..................................................................
TEMPERATURE (F)
 YESTERDAY
  MAXIMUM         22    312 PM  68    1906  31     -9        8
  MINIMUM         -2    706 AM -12    2005  15    -17       -9
  AVERAGE         10                        23    -13        0

PRECIPITATION (IN)
  YESTERDAY        T             0.91 1903   0.08  -0.08      T
  MONTH TO DATE    1.34                      1.77  -0.43     1.93
  SINCE DEC 1      4.36                      4.99  -0.63     4.82
  SINCE JAN 1      1.34                      1.77  -0.43     1.93

SNOWFALL (IN)
  YESTERDAY        0.1           5.4  1978   1.2   -1.1       T
  MONTH TO DATE   12.1                      23.0  -10.9     17.7
  SINCE DEC 1     29.6                      55.7  -26.1     46.7
  SINCE JUL 1     40.6                      65.6  -25.0     61.0
  SNOW DEPTH       2

DEGREE DAYS
 HEATING
  YESTERDAY       55                        42     13       65
  MONTH TO DATE  983                       869    114      873
  SINCE DEC 1   1991                      1973     18     2015
  SINCE JUL 1   3176                      3322   -146     3348

 COOLING
  YESTERDAY        0                         0      0        0
  MONTH TO DATE    0                         0      0        0
  SINCE DEC 1      0                         0      0        0
  SINCE JAN 1      0                         0      0        0
..................................................................


WIND (MPH)
  HIGHEST WIND SPEED     8   HIGHEST WIND DIRECTION     E (70)
  HIGHEST GUST SPEED     9   HIGHEST GUST DIRECTION     E (80)
  AVERAGE WIND SPEED     4.1


SKY COVER
  POSSIBLE SUNSHINE  MM
  AVERAGE SKY COVER 0.7


WEATHER CONDITIONS
 THE FOLLOWING WEATHER WAS RECORDED YESTERDAY.
  LIGHT SNOW


RELATIVE HUMIDITY (PERCENT)
 HIGHEST    95           300 AM
 LOWEST     57           200 PM
 AVERAGE    76

..........................................................


THE SYRACUSE NY CLIMATE NORMALS FOR TODAY
                         NORMAL    RECORD    YEAR
 MAXIMUM TEMPERATURE (F)   31        68      1906
 MINIMUM TEMPERATURE (F)   15       -19      1984


SUNRISE AND SUNSET
JANUARY 22 2015.......SUNRISE   729 AM EST   SUNSET   503 PM EST
JANUARY 23 2015.......SUNRISE   728 AM EST   SUNSET   505 PM EST


-  INDICATES NEGATIVE NUMBERS.
R  INDICATES RECORD WAS SET OR TIED.
MM INDICATES DATA IS MISSING.
T  INDICATES TRACE AMOUNT.

$$
