000
CDUS41 KBGM 120222
CLISYR


CLIMATE REPORT
NATIONAL WEATHER SERVICE BINGHAMTON NY
1022 PM EDT SUN JUN 11 2017


...................................

...THE SYRACUSE NY CLIMATE SUMMARY FOR JUNE 11 2017...
VALID TODAY AS OF 0500 PM LOCAL TIME.

CLIMATE NORMAL PERIOD 1981 TO 2010
CLIMATE RECORD PERIOD 1902 TO 2017


WEATHER ITEM   OBSERVED TIME   RECORD YEAR NORMAL DEPARTURE LAST
                VALUE   (LST)  VALUE       VALUE  FROM      YEAR
                                                  NORMAL
..................................................................
TEMPERATURE (F)
 TODAY
  MAXIMUM         88    500 PM  95    1947  77     11       80
                                      1933
  MINIMUM         66   1200 AM  38    1972  55     11       45
  AVERAGE         77                        66     11       63

PRECIPITATION (IN)
  TODAY            0.00          4.79 1922   0.11  -0.11     0.49
  MONTH TO DATE    1.76                      1.20   0.56     1.60
  SINCE JUN 1      1.76                      1.20   0.56     1.60
  SINCE JAN 1     23.60                     15.13   8.47    16.16

SNOWFALL (IN)
  TODAY            0.0           0.0  2002   0.0    0.0      0.0
                                      2001
  MONTH TO DATE    0.0                       0.0    0.0       T
  SINCE JUN 1      0.0                       0.0    0.0       T
  SINCE JUL 1    134.9                     123.8   11.1     80.3
  SNOW DEPTH       0

DEGREE DAYS
 HEATING
  TODAY            0                         2     -2        2
  MONTH TO DATE   60                        36     24       30
  SINCE JUN 1     60                        36     24       30
  SINCE JUL 1   6127                      6626   -499     5828

 COOLING
  TODAY           12                         3      9        0
  MONTH TO DATE   19                        27     -8       22
  SINCE JUN 1     19                        27     -8       22
  SINCE JAN 1     51                        57     -6       78
..................................................................


WIND (MPH)
  HIGHEST WIND SPEED    17   HIGHEST WIND DIRECTION    SW (240)
  HIGHEST GUST SPEED    25   HIGHEST GUST DIRECTION    SW (240)
  AVERAGE WIND SPEED    12.6


SKY COVER
  POSSIBLE SUNSHINE  MM
  AVERAGE SKY COVER 0.4


WEATHER CONDITIONS
 THE FOLLOWING WEATHER WAS RECORDED TODAY.
  NO SIGNIFICANT WEATHER WAS OBSERVED.


RELATIVE HUMIDITY (PERCENT)
 HIGHEST    68          1200 AM
 LOWEST     39           200 PM
 AVERAGE    54

..........................................................


THE SYRACUSE NY CLIMATE NORMALS FOR TOMORROW
                         NORMAL    RECORD    YEAR
 MAXIMUM TEMPERATURE (F)   77        94      1949
 MINIMUM TEMPERATURE (F)   55        39      1906


SUNRISE AND SUNSET
JUNE 11 2017..........SUNRISE   525 AM EDT   SUNSET   844 PM EDT
JUNE 12 2017..........SUNRISE   524 AM EDT   SUNSET   845 PM EDT


-  INDICATES NEGATIVE NUMBERS.
R  INDICATES RECORD WAS SET OR TIED.
MM INDICATES DATA IS MISSING.
T  INDICATES TRACE AMOUNT.




$$
