000
CDUS41 KBGM 190221
CLISYR


CLIMATE REPORT
NATIONAL WEATHER SERVICE BINGHAMTON NY
1020 PM EDT SAT MAR 18 2017


...................................

...THE SYRACUSE NY CLIMATE SUMMARY FOR MARCH 18 2017...
VALID AS OF 1000 PM LOCAL TIME.

CLIMATE NORMAL PERIOD 1981 TO 2010
CLIMATE RECORD PERIOD 1902 TO 2017


WEATHER ITEM   OBSERVED TIME   RECORD YEAR NORMAL DEPARTURE LAST
                VALUE   (LST)  VALUE       VALUE  FROM      YEAR
                                                  NORMAL
..................................................................
TEMPERATURE (F)
 TODAY
  MAXIMUM         35    313 PM  80    2012  44     -9       41
  MINIMUM         15    510 AM  -5    1967  26    -11       26
                                      1956
  AVERAGE         25                        35    -10       34

PRECIPITATION (IN)
  TODAY            0.11          1.30 1928   0.10   0.01     0.11
  MONTH TO DATE    2.02                      1.62   0.40     1.87
  SINCE MAR 1      2.02                      1.62   0.40     1.87
  SINCE JAN 1      8.60                      6.19   2.41     8.39

SNOWFALL (IN)
  TODAY            0.7           3.9  1950   0.5    0.2       T
  MONTH TO DATE   30.2                      12.9   17.3      5.4
  SINCE MAR 1     30.2                      12.9   17.3      5.4
  SINCE JUL 1    133.9                     114.8   19.1     72.2
  SNOW DEPTH      11

DEGREE DAYS
 HEATING
  TODAY           40                        30     10       31
  MONTH TO DATE  692                       600     92      467
  SINCE MAR 1    692                       600     92      467
  SINCE JUL 1   4961                      5431   -470     4566

 COOLING
  TODAY            0                         0      0        0
  MONTH TO DATE    0                         0      0        0
  SINCE MAR 1      0                         0      0        0
  SINCE JAN 1      0                         0      0        0
..................................................................


WIND (MPH)
  HIGHEST WIND SPEED    17   HIGHEST WIND DIRECTION     E (90)
  HIGHEST GUST SPEED    22   HIGHEST GUST DIRECTION     E (90)
  AVERAGE WIND SPEED     9.3


SKY COVER
  POSSIBLE SUNSHINE  MM
  AVERAGE SKY COVER 0.9


WEATHER CONDITIONS
 THE FOLLOWING WEATHER WAS RECORDED TODAY.
  SNOW
  LIGHT SNOW
  FOG


RELATIVE HUMIDITY (PERCENT)
 HIGHEST   100           200 PM
 LOWEST     43          1100 AM
 AVERAGE    72

..........................................................


THE SYRACUSE NY CLIMATE NORMALS FOR TOMORROW
                         NORMAL    RECORD    YEAR
 MAXIMUM TEMPERATURE (F)   44        79      2012
 MINIMUM TEMPERATURE (F)   26       -11      1993


SUNRISE AND SUNSET
MARCH 18 2017.........SUNRISE   711 AM EDT   SUNSET   715 PM EDT
MARCH 19 2017.........SUNRISE   709 AM EDT   SUNSET   716 PM EDT


-  INDICATES NEGATIVE NUMBERS.
R  INDICATES RECORD WAS SET OR TIED.
MM INDICATES DATA IS MISSING.
T  INDICATES TRACE AMOUNT.




$$
