000
CDUS41 KBGM 290536
CLISYR


CLIMATE REPORT
NATIONAL WEATHER SERVICE BINGHAMTON NY
1234 AM EST FRI JAN 29 2016


...................................

...THE SYRACUSE NY CLIMATE SUMMARY FOR JANUARY 28 2016...

CLIMATE NORMAL PERIOD 1981 TO 2010
CLIMATE RECORD PERIOD 1902 TO 2016


WEATHER ITEM   OBSERVED TIME   RECORD YEAR NORMAL DEPARTURE LAST
                VALUE   (LST)  VALUE       VALUE  FROM      YEAR
                                                  NORMAL
..................................................................
TEMPERATURE (F)
 YESTERDAY
  MAXIMUM         38    435 PM  64    1916  32      6       22
  MINIMUM         22    423 AM -18    2005  15      7        0
  AVERAGE         30                        24      6       11

PRECIPITATION (IN)
  YESTERDAY        T             0.75 1974   0.07  -0.07     0.00
  MONTH TO DATE    1.69                      2.29  -0.60     1.40
  SINCE DEC 1      6.52                      5.51   1.01     4.42
  SINCE JAN 1      1.69                      2.29  -0.60     1.40

SNOWFALL (IN)
  YESTERDAY        T             9.3  2009   1.1   -1.1      0.0
  MONTH TO DATE   38.0                      30.7    7.3     13.8
  SINCE DEC 1     40.1                      63.4  -23.3     31.3
  SINCE JUL 1     40.9                      73.3  -32.4     42.3
  SNOW DEPTH       6

DEGREE DAYS
 HEATING
  YESTERDAY       35                        42     -7       54
  MONTH TO DATE 1115                      1163    -48     1315
  SINCE DEC 1   1846                      2267   -421     2323
  SINCE JUL 1   2931                      3616   -685     3508

 COOLING
  YESTERDAY        0                         0      0        0
  MONTH TO DATE    0                         0      0        0
  SINCE DEC 1      0                         0      0        0
  SINCE JAN 1      0                         0      0        0
..................................................................


WIND (MPH)
  HIGHEST WIND SPEED    18   HIGHEST WIND DIRECTION     S (180)
  HIGHEST GUST SPEED    24   HIGHEST GUST DIRECTION     S (180)
  AVERAGE WIND SPEED     9.5


SKY COVER
  POSSIBLE SUNSHINE  MM
  AVERAGE SKY COVER 0.8


WEATHER CONDITIONS
 THE FOLLOWING WEATHER WAS RECORDED YESTERDAY.
  LIGHT SNOW


RELATIVE HUMIDITY (PERCENT)
 HIGHEST    84           400 AM
 LOWEST     47           700 PM
 AVERAGE    66

..........................................................


THE SYRACUSE NY CLIMATE NORMALS FOR TODAY
                         NORMAL    RECORD    YEAR
 MAXIMUM TEMPERATURE (F)   32        58      1950
 MINIMUM TEMPERATURE (F)   16        -6      1934


SUNRISE AND SUNSET
JANUARY 29 2016.......SUNRISE   723 AM EST   SUNSET   512 PM EST
JANUARY 30 2016.......SUNRISE   722 AM EST   SUNSET   514 PM EST


-  INDICATES NEGATIVE NUMBERS.
R  INDICATES RECORD WAS SET OR TIED.
MM INDICATES DATA IS MISSING.
T  INDICATES TRACE AMOUNT.

$$
