000
CDUS41 KBGM 250850
CLISYR


CLIMATE REPORT
NATIONAL WEATHER SERVICE BINGHAMTON NY
349 AM EST WED FEB 25 2015


...................................

...THE SYRACUSE NY CLIMATE SUMMARY FOR FEBRUARY 24 2015...

CLIMATE NORMAL PERIOD 1981 TO 2010
CLIMATE RECORD PERIOD 1902 TO 2015


WEATHER ITEM   OBSERVED TIME   RECORD YEAR NORMAL DEPARTURE LAST
                VALUE   (LST)  VALUE       VALUE  FROM      YEAR
                                                  NORMAL
..................................................................
TEMPERATURE (F)
 YESTERDAY
  MAXIMUM         19    827 PM  65    1906  36    -17       27
  MINIMUM        -18R   553 AM -13    1914  19    -37       18
  AVERAGE          1                        28    -27       23

PRECIPITATION (IN)
  YESTERDAY        0.00          1.10 1975   0.08  -0.08     0.05
  MONTH TO DATE    2.45                      1.74   0.71     3.20
  SINCE DEC 1      7.07                      7.46  -0.39     8.29
  SINCE JAN 1      4.05                      4.24  -0.19     5.40

SNOWFALL (IN)
  YESTERDAY        0.0          13.0  1998   0.8   -0.8      2.3
  MONTH TO DATE   59.1                      21.9   37.2     33.7
  SINCE DEC 1     94.9                      88.6    6.3     88.0
  SINCE JUL 1    105.9                      98.5    7.4    102.3
  SNOW DEPTH      32

DEGREE DAYS
 HEATING
  YESTERDAY       64                        37     27       42
  MONTH TO DATE 1333                       948    385     1019
  SINCE DEC 1   3813                      3335    478     3552
  SINCE JUL 1   4998                      4684    314     4885

 COOLING
  YESTERDAY        0                         0      0        0
  MONTH TO DATE    0                         0      0        0
  SINCE DEC 1      0                         0      0        0
  SINCE JAN 1      0                         0      0        0
..................................................................


WIND (MPH)
  HIGHEST WIND SPEED    24   HIGHEST WIND DIRECTION     S (200)
  HIGHEST GUST SPEED    34   HIGHEST GUST DIRECTION     S (180)
  AVERAGE WIND SPEED    10.2


SKY COVER
  POSSIBLE SUNSHINE  MM
  AVERAGE SKY COVER 0.7


WEATHER CONDITIONS
 THE FOLLOWING WEATHER WAS RECORDED YESTERDAY.
  NO SIGNIFICANT WEATHER WAS OBSERVED.


RELATIVE HUMIDITY (PERCENT)
 HIGHEST    68          1200 AM
 LOWEST     34           300 PM
 AVERAGE    51

..........................................................


THE SYRACUSE NY CLIMATE NORMALS FOR TODAY
                         NORMAL    RECORD    YEAR
 MAXIMUM TEMPERATURE (F)   36        66      1957
 MINIMUM TEMPERATURE (F)   19       -10      1993


SUNRISE AND SUNSET
FEBRUARY 25 2015......SUNRISE   647 AM EST   SUNSET   548 PM EST
FEBRUARY 26 2015......SUNRISE   646 AM EST   SUNSET   550 PM EST


-  INDICATES NEGATIVE NUMBERS.
R  INDICATES RECORD WAS SET OR TIED.
MM INDICATES DATA IS MISSING.
T  INDICATES TRACE AMOUNT.




$$

HEDEN
