000
CDUS41 KBGM 072219
CLISYR


CLIMATE REPORT
NATIONAL WEATHER SERVICE BINGHAMTON NY
519 PM EST TUE MAR 7 2017


...................................

...THE SYRACUSE NY CLIMATE SUMMARY FOR MARCH 7 2017...
VALID TODAY AS OF 0500 PM LOCAL TIME.

CLIMATE NORMAL PERIOD 1981 TO 2010
CLIMATE RECORD PERIOD 1902 TO 2017


WEATHER ITEM   OBSERVED TIME   RECORD YEAR NORMAL DEPARTURE LAST
                VALUE   (LST)  VALUE       VALUE  FROM      YEAR
                                                  NORMAL
..................................................................
TEMPERATURE (F)
 TODAY
  MAXIMUM         54    340 PM  68    2012  40     14       54
  MINIMUM         37   1216 AM  -1    1989  22     15       27
  AVERAGE         46                        31     15       41

PRECIPITATION (IN)
  TODAY            0.36          1.33 2009   0.09   0.27      T
  MONTH TO DATE    0.43                      0.60  -0.17     0.14
  SINCE MAR 1      0.43                      0.60  -0.17     0.14
  SINCE JAN 1      7.01                      5.17   1.84     6.66

SNOWFALL (IN)
  TODAY            0.0           6.3  2011   0.8   -0.8      0.0
  MONTH TO DATE    2.6                       5.6   -3.0      5.4
  SINCE MAR 1      2.6                       5.6   -3.0      5.4
  SINCE JUL 1    106.3                     107.5   -1.2     72.2
  SNOW DEPTH       0

DEGREE DAYS
 HEATING
  TODAY           19                        34    -15       24
  MONTH TO DATE  237                       246     -9      259
  SINCE MAR 1    237                       246     -9      259
  SINCE JUL 1   4506                      5077   -571     4358

 COOLING
  TODAY            0                         0      0        0
  MONTH TO DATE    0                         0      0        0
  SINCE MAR 1      0                         0      0        0
  SINCE JAN 1      0                         0      0        0
..................................................................


WIND (MPH)
  HIGHEST WIND SPEED    17   HIGHEST WIND DIRECTION     S (170)
  HIGHEST GUST SPEED    25   HIGHEST GUST DIRECTION     S (170)
  AVERAGE WIND SPEED     9.1


SKY COVER
  POSSIBLE SUNSHINE  MM
  AVERAGE SKY COVER 0.8


WEATHER CONDITIONS
 THE FOLLOWING WEATHER WAS RECORDED TODAY.
  RAIN
  LIGHT RAIN
  FOG


RELATIVE HUMIDITY (PERCENT)
 HIGHEST    93           400 AM
 LOWEST     77           200 PM
 AVERAGE    85

..........................................................


THE SYRACUSE NY CLIMATE NORMALS FOR TOMORROW
                         NORMAL    RECORD    YEAR
 MAXIMUM TEMPERATURE (F)   40        71      2000
 MINIMUM TEMPERATURE (F)   22        -6      1984


SUNRISE AND SUNSET
MARCH  7 2017.........SUNRISE   630 AM EST   SUNSET   601 PM EST
MARCH  8 2017.........SUNRISE   628 AM EST   SUNSET   603 PM EST


-  INDICATES NEGATIVE NUMBERS.
R  INDICATES RECORD WAS SET OR TIED.
MM INDICATES DATA IS MISSING.
T  INDICATES TRACE AMOUNT.




$$
