664
CDUS41 KBGM 230239
CLISYR


CLIMATE REPORT
NATIONAL WEATHER SERVICE BINGHAMTON NY
1039 PM EDT SAT APR 22 2017


...................................

...THE SYRACUSE NY CLIMATE SUMMARY FOR APRIL 22 2017...
VALID AS OF 1000 PM LOCAL TIME.

CLIMATE NORMAL PERIOD 1981 TO 2010
CLIMATE RECORD PERIOD 1902 TO 2017


WEATHER ITEM   OBSERVED TIME   RECORD YEAR NORMAL DEPARTURE LAST
                VALUE   (LST)  VALUE       VALUE  FROM      YEAR
                                                  NORMAL
..................................................................
TEMPERATURE (F)
 TODAY
  MAXIMUM         50    527 PM  85    1954  60    -10       69
  MINIMUM         42    859 PM  25    1984  39      3       50
                                      1983
                                      1978
  AVERAGE         46                        50     -4       60

PRECIPITATION (IN)
  TODAY            0.00          1.26 2006   0.10  -0.10      T
  MONTH TO DATE    4.61                      2.39   2.22     1.49
  SINCE MAR 1      8.46                      5.34   3.12     3.94
  SINCE JAN 1     15.04                      9.91   5.13    10.46

SNOWFALL (IN)
  TODAY            0.0           6.2  1993   0.1   -0.1      0.0
  MONTH TO DATE    0.3                       3.4   -3.1      8.1
  SINCE MAR 1     31.2                      21.4    9.8     13.5
  SINCE JUL 1    134.9                     123.3   11.6     80.3
  SNOW DEPTH       0

DEGREE DAYS
 HEATING
  TODAY           19                        16      3        5
  MONTH TO DATE  356                       436    -80      499
  SINCE MAR 1   1428                      1393     35     1274
  SINCE JUL 1   5697                      6224   -527     5373

 COOLING
  TODAY            0                         0      0        0
  MONTH TO DATE    8                         0      8        0
  SINCE MAR 1      8                         0      8        0
  SINCE JAN 1      8                         0      8        0
..................................................................


WIND (MPH)
  HIGHEST WIND SPEED    18   HIGHEST WIND DIRECTION    NW (300)
  HIGHEST GUST SPEED    23   HIGHEST GUST DIRECTION    NW (300)
  AVERAGE WIND SPEED    10.0


SKY COVER
  POSSIBLE SUNSHINE  MM
  AVERAGE SKY COVER 0.9


WEATHER CONDITIONS
 THE FOLLOWING WEATHER WAS RECORDED TODAY.
  NO SIGNIFICANT WEATHER WAS OBSERVED.


RELATIVE HUMIDITY (PERCENT)
 HIGHEST    77          1200 AM
 LOWEST     61           400 PM
 AVERAGE    69

..........................................................


THE SYRACUSE NY CLIMATE NORMALS FOR TOMORROW
                         NORMAL    RECORD    YEAR
 MAXIMUM TEMPERATURE (F)   61        88      2001
 MINIMUM TEMPERATURE (F)   39        20      1930


SUNRISE AND SUNSET
APRIL 22 2017.........SUNRISE   611 AM EDT   SUNSET   756 PM EDT
APRIL 23 2017.........SUNRISE   609 AM EDT   SUNSET   757 PM EDT


-  INDICATES NEGATIVE NUMBERS.
R  INDICATES RECORD WAS SET OR TIED.
MM INDICATES DATA IS MISSING.
T  INDICATES TRACE AMOUNT.




$$
