000
CDUS41 KBGM 080235
CLISYR


CLIMATE REPORT
NATIONAL WEATHER SERVICE BINGHAMTON NY
1035 PM EDT MON AUG 7 2017


...................................

...THE SYRACUSE NY CLIMATE SUMMARY FOR AUGUST 7 2017...
VALID AS OF 1000 PM LOCAL TIME.

CLIMATE NORMAL PERIOD 1981 TO 2010
CLIMATE RECORD PERIOD 1902 TO 2017


WEATHER ITEM   OBSERVED TIME   RECORD YEAR NORMAL DEPARTURE LAST
                VALUE   (LST)  VALUE       VALUE  FROM      YEAR
                                                  NORMAL
..................................................................
TEMPERATURE (F)
 TODAY
  MAXIMUM         77   1126 AM  96    1965  81     -4       81
                                      1918
  MINIMUM         57    457 AM  48    1994  61     -4       63
                                      1948
  AVERAGE         67                        71     -4       72

PRECIPITATION (IN)
  TODAY            T             1.69 1976   0.11  -0.11     0.00
  MONTH TO DATE    0.85                      0.80   0.05     0.79
  SINCE JUN 1      9.73                      7.89   1.84     5.39
  SINCE JAN 1     31.57                     21.82   9.75    19.95

SNOWFALL (IN)
  TODAY            0.0           0.0  2002   0.0    0.0      0.0
                                      2000
                                      2001
  MONTH TO DATE    0.0                       0.0    0.0      0.0
  SINCE JUN 1      0.0                       0.0    0.0       T
  SINCE JUL 1      0.0                       0.0    0.0      0.0
  SNOW DEPTH       0

DEGREE DAYS
 HEATING
  TODAY            0                         0      0        0
  MONTH TO DATE    0                         0      0        0
  SINCE JUN 1     73                        69      4       53
  SINCE JUL 1      2                         8     -6        0

 COOLING
  TODAY            2                         6     -4        7
  MONTH TO DATE   44                        42      2       68
  SINCE JUN 1    322                       358    -36      434
  SINCE JAN 1    354                       388    -34      490
..................................................................


WIND (MPH)
  HIGHEST WIND SPEED    16   HIGHEST WIND DIRECTION     S (190)
  HIGHEST GUST SPEED    21   HIGHEST GUST DIRECTION     S (190)
  AVERAGE WIND SPEED     5.2


SKY COVER
  POSSIBLE SUNSHINE  MM
  AVERAGE SKY COVER 0.7


WEATHER CONDITIONS
 THE FOLLOWING WEATHER WAS RECORDED TODAY.
  LIGHT RAIN


RELATIVE HUMIDITY (PERCENT)
 HIGHEST    93           300 AM
 LOWEST     57           300 PM
 AVERAGE    75

..........................................................


THE SYRACUSE NY CLIMATE NORMALS FOR TOMORROW
                         NORMAL    RECORD    YEAR
 MAXIMUM TEMPERATURE (F)   81        96      2001
 MINIMUM TEMPERATURE (F)   61        49      1903


SUNRISE AND SUNSET
AUGUST  7 2017........SUNRISE   602 AM EDT   SUNSET   818 PM EDT
AUGUST  8 2017........SUNRISE   603 AM EDT   SUNSET   817 PM EDT


-  INDICATES NEGATIVE NUMBERS.
R  INDICATES RECORD WAS SET OR TIED.
MM INDICATES DATA IS MISSING.
T  INDICATES TRACE AMOUNT.




$$
