000
CDUS41 KBGM 290314
CLISYR


CLIMATE REPORT
NATIONAL WEATHER SERVICE BINGHAMTON NY
1013 PM EST TUE NOV 28 2017


...................................

...THE SYRACUSE NY CLIMATE SUMMARY FOR NOVEMBER 28 2017...
VALID AS OF 1000 PM LOCAL TIME.

CLIMATE NORMAL PERIOD 1981 TO 2010
CLIMATE RECORD PERIOD 1902 TO 2017


WEATHER ITEM   OBSERVED TIME   RECORD YEAR NORMAL DEPARTURE LAST
                VALUE   (LST)  VALUE       VALUE  FROM      YEAR
                                                  NORMAL
..................................................................
TEMPERATURE (F)
 TODAY
  MAXIMUM         57    349 PM  74    1990  43     14       47
  MINIMUM         20    339 AM  11    1926  29     -9       29
                                      1904
  AVERAGE         39                        36      3       38

PRECIPITATION (IN)
  TODAY            0.00          1.02 1958   0.12  -0.12     0.00
  MONTH TO DATE    3.56                      3.29   0.27     2.73
  SINCE SEP 1     11.03                     10.42   0.61    14.12
  SINCE JAN 1     43.55                     35.01   8.54    37.33

SNOWFALL (IN)
  TODAY            0.0           8.8  1958   0.6   -0.6      0.0
  MONTH TO DATE    5.2                       8.4   -3.2     25.2
  SINCE SEP 1      5.2                       8.8   -3.6     25.4
  SINCE JUL 1      5.2                       8.8   -3.6     25.4
  SNOW DEPTH       0

DEGREE DAYS
 HEATING
  TODAY           26                        29     -3       27
  MONTH TO DATE  750                       673     77      652
  SINCE SEP 1   1108                      1264   -156     1155
  SINCE JUL 1   1144                      1290   -146     1156

 COOLING
  TODAY            0                         0      0        0
  MONTH TO DATE    0                         0      0        0
  SINCE SEP 1    112                        56     56       97
  SINCE JAN 1    562                       569     -7      809
..................................................................


WIND (MPH)
  HIGHEST WIND SPEED    25   HIGHEST WIND DIRECTION     S (190)
  HIGHEST GUST SPEED    35   HIGHEST GUST DIRECTION     S (180)
  AVERAGE WIND SPEED    11.6


SKY COVER
  POSSIBLE SUNSHINE  MM
  AVERAGE SKY COVER 0.5


WEATHER CONDITIONS
 THE FOLLOWING WEATHER WAS RECORDED TODAY.
  NO SIGNIFICANT WEATHER WAS OBSERVED.


RELATIVE HUMIDITY (PERCENT)
 HIGHEST    92           500 AM
 LOWEST     36           300 PM
 AVERAGE    64

..........................................................


THE SYRACUSE NY CLIMATE NORMALS FOR TOMORROW
                         NORMAL    RECORD    YEAR
 MAXIMUM TEMPERATURE (F)   43        70      2005
 MINIMUM TEMPERATURE (F)   29         9      1903


SUNRISE AND SUNSET
NOVEMBER 28 2017......SUNRISE   713 AM EST   SUNSET   432 PM EST
NOVEMBER 29 2017......SUNRISE   714 AM EST   SUNSET   431 PM EST


-  INDICATES NEGATIVE NUMBERS.
R  INDICATES RECORD WAS SET OR TIED.
MM INDICATES DATA IS MISSING.
T  INDICATES TRACE AMOUNT.




$$
