000
CDUS41 KBGM 132127
CLISYR


CLIMATE REPORT
NATIONAL WEATHER SERVICE BINGHAMTON NY
526 PM EDT WED AUG 13 2014


...................................

...THE SYRACUSE NY CLIMATE SUMMARY FOR AUGUST 13 2014...
VALID TODAY AS OF 0500 PM LOCAL TIME.

CLIMATE NORMAL PERIOD 1981 TO 2010
CLIMATE RECORD PERIOD 1902 TO 2014


WEATHER ITEM   OBSERVED TIME   RECORD YEAR NORMAL DEPARTURE LAST
                VALUE   (LST)  VALUE       VALUE  FROM      YEAR
                                                  NORMAL
..................................................................
TEMPERATURE (F)
 TODAY
  MAXIMUM         78    147 PM  96    1947  81     -3       79
  MINIMUM         66    518 AM  48    1941  60      6       57
                                      1930
  AVERAGE         72                        70      2       68

PRECIPITATION (IN)
  TODAY            T             3.26 1943   0.11  -0.11     0.69
  MONTH TO DATE    1.36                      1.48  -0.12     1.29
  SINCE JUN 1      9.28                      8.57   0.71    11.35
  SINCE JAN 1     26.66                     22.50   4.16    25.29

SNOWFALL (IN)
  TODAY            0.0           0.0  2002   0.0    0.0      0.0
                                      2000
                                      2001
  MONTH TO DATE    0.0                       0.0    0.0      0.0
  SINCE JUN 1      0.0                       0.0    0.0      0.0
  SINCE JUL 1      0.0                       0.0    0.0      0.0
  SNOW DEPTH       0

DEGREE DAYS
 HEATING
  TODAY            0                         0      0        0
  MONTH TO DATE    0                         0      0        1
  SINCE JUN 1     25                        69    -44       65
  SINCE JUL 1      2                         8     -6        4

 COOLING
  TODAY            7                         6      1        3
  MONTH TO DATE   86                        78      8       57
  SINCE JUN 1    443                       394     49      484
  SINCE JAN 1    499                       424     75      536
..................................................................


WIND (MPH)
  HIGHEST WIND SPEED    17   HIGHEST WIND DIRECTION    NW (300)
  HIGHEST GUST SPEED    23   HIGHEST GUST DIRECTION     W (260)
  AVERAGE WIND SPEED     8.6


SKY COVER
  POSSIBLE SUNSHINE  MM
  AVERAGE SKY COVER 0.8


WEATHER CONDITIONS
 THE FOLLOWING WEATHER WAS RECORDED TODAY.
  THUNDERSTORM
  HEAVY RAIN
  RAIN
  LIGHT RAIN
  FOG


RELATIVE HUMIDITY (PERCENT)
 HIGHEST    93           200 AM
 LOWEST     50           200 PM
 AVERAGE    72

..........................................................


THE SYRACUSE NY CLIMATE NORMALS FOR TOMORROW
                         NORMAL    RECORD    YEAR
 MAXIMUM TEMPERATURE (F)   81       101      2002
 MINIMUM TEMPERATURE (F)   60        48      1966
                                             1946
                                             1903


SUNRISE AND SUNSET
AUGUST 13 2014........SUNRISE   608 AM EDT   SUNSET   810 PM EDT
AUGUST 14 2014........SUNRISE   609 AM EDT   SUNSET   808 PM EDT


-  INDICATES NEGATIVE NUMBERS.
R  INDICATES RECORD WAS SET OR TIED.
MM INDICATES DATA IS MISSING.
T  INDICATES TRACE AMOUNT.




$$
