000
CDUS41 KBGM 172216
CLISYR


CLIMATE REPORT
NATIONAL WEATHER SERVICE BINGHAMTON NY
516 PM EST SAT JAN 17 2015


...................................

...THE SYRACUSE NY CLIMATE SUMMARY FOR JANUARY 17 2015...
VALID TODAY AS OF 0500 PM LOCAL TIME.

CLIMATE NORMAL PERIOD 1981 TO 2010
CLIMATE RECORD PERIOD 1902 TO 2015


WEATHER ITEM   OBSERVED TIME   RECORD YEAR NORMAL DEPARTURE LAST
                VALUE   (LST)  VALUE       VALUE  FROM      YEAR
                                                  NORMAL
..................................................................
TEMPERATURE (F)
 TODAY
  MAXIMUM         25    454 PM  58    1990  31     -6       42
  MINIMUM         -6    527 AM -16    1965  15    -21       26
  AVERAGE         10                        23    -13       34

PRECIPITATION (IN)
  TODAY            0.00          0.65 1932   0.08  -0.08      T
  MONTH TO DATE    1.31                      1.45  -0.14     1.55
  SINCE DEC 1      4.33                      4.67  -0.34     4.44
  SINCE JAN 1      1.31                      1.45  -0.14     1.55

SNOWFALL (IN)
  TODAY            0.0           6.3  1978   1.2   -1.2       T
  MONTH TO DATE   11.2                      18.4   -7.2     10.1
  SINCE DEC 1     28.7                      51.1  -22.4     39.1
  SINCE JUL 1     39.7                      61.0  -21.3     53.4
  SNOW DEPTH       3

DEGREE DAYS
 HEATING
  TODAY           55                        42     13       31
  MONTH TO DATE  812                       701    111      682
  SINCE DEC 1   1820                      1805     15     1824
  SINCE JUL 1   3005                      3154   -149     3157

 COOLING
  TODAY            0                         0      0        0
  MONTH TO DATE    0                         0      0        0
  SINCE DEC 1      0                         0      0        0
  SINCE JAN 1      0                         0      0        0
..................................................................


WIND (MPH)
  HIGHEST WIND SPEED    17   HIGHEST WIND DIRECTION     E (110)
  HIGHEST GUST SPEED    21   HIGHEST GUST DIRECTION     E (110)
  AVERAGE WIND SPEED     7.0


SKY COVER
  POSSIBLE SUNSHINE  MM
  AVERAGE SKY COVER 0.6


WEATHER CONDITIONS
 THE FOLLOWING WEATHER WAS RECORDED TODAY.
  NO SIGNIFICANT WEATHER WAS OBSERVED.


RELATIVE HUMIDITY (PERCENT)
 HIGHEST    79           600 AM
 LOWEST     42           400 PM
 AVERAGE    61

..........................................................


THE SYRACUSE NY CLIMATE NORMALS FOR TOMORROW
                         NORMAL    RECORD    YEAR
 MAXIMUM TEMPERATURE (F)   31        61      1973
 MINIMUM TEMPERATURE (F)   15       -15      1945


SUNRISE AND SUNSET
JANUARY 17 2015.......SUNRISE   732 AM EST   SUNSET   457 PM EST
JANUARY 18 2015.......SUNRISE   732 AM EST   SUNSET   458 PM EST


-  INDICATES NEGATIVE NUMBERS.
R  INDICATES RECORD WAS SET OR TIED.
MM INDICATES DATA IS MISSING.
T  INDICATES TRACE AMOUNT.




$$
