000
CDUS41 KBGM 092121
CLISYR


CLIMATE REPORT
NATIONAL WEATHER SERVICE BINGHAMTON NY
520 PM EDT FRI JUN 9 2017


...................................

...THE SYRACUSE NY CLIMATE SUMMARY FOR JUNE 9 2017...
VALID TODAY AS OF 0500 PM LOCAL TIME.

CLIMATE NORMAL PERIOD 1981 TO 2010
CLIMATE RECORD PERIOD 1902 TO 2017


WEATHER ITEM   OBSERVED TIME   RECORD YEAR NORMAL DEPARTURE LAST
                VALUE   (LST)  VALUE       VALUE  FROM      YEAR
                                                  NORMAL
..................................................................
TEMPERATURE (F)
 TODAY
  MAXIMUM         77    323 PM  95    2008  76      1       64
  MINIMUM         52    319 AM  37    1983  54     -2       47
                                      1913
  AVERAGE         65                        65      0       56

PRECIPITATION (IN)
  TODAY            0.04          1.30 1966   0.11  -0.07     0.00
  MONTH TO DATE    1.76                      0.98   0.78     1.11
  SINCE JUN 1      1.76                      0.98   0.78     1.11
  SINCE JAN 1     23.60                     14.91   8.69    15.67

SNOWFALL (IN)
  TODAY            0.0           0.0  2002   0.0    0.0      0.0
                                      2001
  MONTH TO DATE    0.0                       0.0    0.0       T
  SINCE JUN 1      0.0                       0.0    0.0       T
  SINCE JUL 1    134.9                     123.8   11.1     80.3
  SNOW DEPTH       0

DEGREE DAYS
 HEATING
  TODAY            0                         3     -3        9
  MONTH TO DATE   60                        32     28       21
  SINCE JUN 1     60                        32     28       21
  SINCE JUL 1   6127                      6622   -495     5819

 COOLING
  TODAY            0                         3     -3        0
  MONTH TO DATE    0                        21    -21       22
  SINCE JUN 1      0                        21    -21       22
  SINCE JAN 1     32                        51    -19       78
..................................................................


WIND (MPH)
  HIGHEST WIND SPEED    21   HIGHEST WIND DIRECTION    NW (300)
  HIGHEST GUST SPEED    27   HIGHEST GUST DIRECTION     W (260)
  AVERAGE WIND SPEED     8.5


SKY COVER
  POSSIBLE SUNSHINE  MM
  AVERAGE SKY COVER 0.7


WEATHER CONDITIONS
 THE FOLLOWING WEATHER WAS RECORDED TODAY.
  LIGHT RAIN


RELATIVE HUMIDITY (PERCENT)
 HIGHEST    89           300 AM
 LOWEST     38           100 PM
 AVERAGE    64

..........................................................


THE SYRACUSE NY CLIMATE NORMALS FOR TOMORROW
                         NORMAL    RECORD    YEAR
 MAXIMUM TEMPERATURE (F)   76        94      1974
 MINIMUM TEMPERATURE (F)   55        37      1988


SUNRISE AND SUNSET
JUNE  9 2017..........SUNRISE   525 AM EDT   SUNSET   843 PM EDT
JUNE 10 2017..........SUNRISE   525 AM EDT   SUNSET   844 PM EDT


-  INDICATES NEGATIVE NUMBERS.
R  INDICATES RECORD WAS SET OR TIED.
MM INDICATES DATA IS MISSING.
T  INDICATES TRACE AMOUNT.




$$
