000
CDUS41 KBGM 232130
CLISYR


CLIMATE REPORT
NATIONAL WEATHER SERVICE BINGHAMTON NY
527 PM EDT TUE JUN 23 2015


...................................

...THE SYRACUSE NY CLIMATE SUMMARY FOR JUNE 23 2015...
VALID TODAY AS OF 0500 PM LOCAL TIME.

CLIMATE NORMAL PERIOD 1981 TO 2010
CLIMATE RECORD PERIOD 1902 TO 2015


WEATHER ITEM   OBSERVED TIME   RECORD YEAR NORMAL DEPARTURE LAST
                VALUE   (LST)  VALUE       VALUE  FROM      YEAR
                                                  NORMAL
..................................................................
TEMPERATURE (F)
 TODAY
  MAXIMUM         85    150 PM  92    1975  80      5       86
  MINIMUM         69   1256 AM  40    1918  58     11       53
  AVERAGE         77                        69      8       70

PRECIPITATION (IN)
  TODAY            0.08          1.00 1969   0.11  -0.03     0.00
  MONTH TO DATE    5.46                      2.52   2.94     1.28
  SINCE JUN 1      5.46                      2.52   2.94     1.28
  SINCE JAN 1     17.58                     16.45   1.13    18.66

SNOWFALL (IN)
  TODAY            0.0           0.0  2002   0.0    0.0      0.0
                                      2001
  MONTH TO DATE    0.0                       0.0    0.0      0.0
  SINCE JUN 1      0.0                       0.0    0.0      0.0
  SINCE JUL 1    119.7                     123.8   -4.1    132.0
  SNOW DEPTH       0

DEGREE DAYS
 HEATING
  TODAY            0                         1     -1        0
  MONTH TO DATE   43                        54    -11       23
  SINCE JUN 1     43                        54    -11       23
  SINCE JUL 1   7111                      6644    467     7079

 COOLING
  TODAY           12                         5      7        5
  MONTH TO DATE   81                        75      6       79
  SINCE JUN 1     81                        75      6       79
  SINCE JAN 1    186                       105     81      135
..................................................................


WIND (MPH)
  HIGHEST WIND SPEED    33   HIGHEST WIND DIRECTION    NW (300)
  HIGHEST GUST SPEED    45   HIGHEST GUST DIRECTION     W (290)
  AVERAGE WIND SPEED    15.1


SKY COVER
  POSSIBLE SUNSHINE  MM
  AVERAGE SKY COVER 0.9


WEATHER CONDITIONS
 THE FOLLOWING WEATHER WAS RECORDED TODAY.
  THUNDERSTORM
  LIGHT RAIN
  FOG


RELATIVE HUMIDITY (PERCENT)
 HIGHEST    93           700 AM
 LOWEST     54           200 PM
 AVERAGE    74

..........................................................


THE SYRACUSE NY CLIMATE NORMALS FOR TOMORROW
                         NORMAL    RECORD    YEAR
 MAXIMUM TEMPERATURE (F)   80        93      1952
                                             1949
 MINIMUM TEMPERATURE (F)   59        45      1988


SUNRISE AND SUNSET
JUNE 23 2015..........SUNRISE   525 AM EDT   SUNSET   848 PM EDT
JUNE 24 2015..........SUNRISE   526 AM EDT   SUNSET   848 PM EDT


-  INDICATES NEGATIVE NUMBERS.
R  INDICATES RECORD WAS SET OR TIED.
MM INDICATES DATA IS MISSING.
T  INDICATES TRACE AMOUNT.




$$

HEDEN/JRB
