000
CDUS41 KBGM 102222
CLISYR


CLIMATE REPORT
NATIONAL WEATHER SERVICE BINGHAMTON NY
522 PM EST FRI NOV 10 2017


...................................

...THE SYRACUSE NY CLIMATE SUMMARY FOR NOVEMBER 10 2017...
VALID TODAY AS OF 0500 PM LOCAL TIME.

CLIMATE NORMAL PERIOD 1981 TO 2010
CLIMATE RECORD PERIOD 1902 TO 2017


WEATHER ITEM   OBSERVED TIME   RECORD YEAR NORMAL DEPARTURE LAST
                VALUE   (LST)  VALUE       VALUE  FROM      YEAR
                                                  NORMAL
..................................................................
TEMPERATURE (F)
 TODAY
  MAXIMUM         34   1208 AM  74    1931  51    -17       57
  MINIMUM         21   1140 AM  17    1991  35    -14       29
  AVERAGE         28                        43    -15       43

PRECIPITATION (IN)
  TODAY            0.01          1.02 1977   0.11  -0.10     0.00
  MONTH TO DATE    2.35                      1.18   1.17     1.02
  SINCE SEP 1      9.82                      8.31   1.51    12.41
  SINCE JAN 1     42.34                     32.90   9.44    35.62

SNOWFALL (IN)
  TODAY            0.4           3.8  1957   0.2    0.2      0.0
  MONTH TO DATE    0.4                       1.6   -1.2      0.0
  SINCE SEP 1      0.4                       2.0   -1.6      0.2
  SINCE JUL 1      0.4                       2.0   -1.6      0.2
  SNOW DEPTH       0

DEGREE DAYS
 HEATING
  TODAY           37                        22     15       22
  MONTH TO DATE  231                       209     22      190
  SINCE SEP 1    589                       800   -211      693
  SINCE JUL 1    625                       826   -201      694

 COOLING
  TODAY            0                         0      0        0
  MONTH TO DATE    0                         0      0        0
  SINCE SEP 1    112                        56     56       97
  SINCE JAN 1    562                       569     -7      809
..................................................................


WIND (MPH)
  HIGHEST WIND SPEED    30   HIGHEST WIND DIRECTION    NW (310)
  HIGHEST GUST SPEED    38   HIGHEST GUST DIRECTION    NW (310)
  AVERAGE WIND SPEED    18.1


SKY COVER
  POSSIBLE SUNSHINE  MM
  AVERAGE SKY COVER 0.7


WEATHER CONDITIONS
 THE FOLLOWING WEATHER WAS RECORDED TODAY.
  LIGHT RAIN
  SNOW
  LIGHT SNOW
  FOG
  BLOWING SNOW


RELATIVE HUMIDITY (PERCENT)
 HIGHEST    92           500 AM
 LOWEST     54           900 AM
 AVERAGE    73

..........................................................


THE SYRACUSE NY CLIMATE NORMALS FOR TOMORROW
                         NORMAL    RECORD    YEAR
 MAXIMUM TEMPERATURE (F)   50        73      2012
 MINIMUM TEMPERATURE (F)   34        19      1957


SUNRISE AND SUNSET
NOVEMBER 10 2017......SUNRISE   651 AM EST   SUNSET   445 PM EST
NOVEMBER 11 2017......SUNRISE   652 AM EST   SUNSET   444 PM EST


-  INDICATES NEGATIVE NUMBERS.
R  INDICATES RECORD WAS SET OR TIED.
MM INDICATES DATA IS MISSING.
T  INDICATES TRACE AMOUNT.




$$
