000
CDUS41 KBGM 250548
CLISYR


CLIMATE REPORT
NATIONAL WEATHER SERVICE BINGHAMTON NY
147 AM EDT TUE AUG 25 2015


...................................

...THE SYRACUSE NY CLIMATE SUMMARY FOR AUGUST 16 2015...

CLIMATE NORMAL PERIOD 1981 TO 2010
CLIMATE RECORD PERIOD 1902 TO 2015


WEATHER ITEM   OBSERVED TIME   RECORD YEAR NORMAL DEPARTURE LAST
                VALUE   (LST)  VALUE       VALUE  FROM      YEAR
                                                  NORMAL
..................................................................
TEMPERATURE (F)
 YESTERDAY
  MAXIMUM         87    428 PM  95    2002  80      7       76
                                      1944
  MINIMUM         65    536 AM  47    1972  60      5       55
                                      1968
  AVERAGE         76                        70      6       66

PRECIPITATION (IN)
  YESTERDAY        0.00          2.51 1928   0.12  -0.12     0.42
  MONTH TO DATE    1.40                      1.84  -0.44     2.46
  SINCE JUN 1     14.69                      8.93   5.76    10.38
  SINCE JAN 1     26.81                     22.86   3.95    27.76

SNOWFALL (IN)
  YESTERDAY        0.0           0.0  2002   0.0    0.0      0.0
                                      2000
                                      2001
  MONTH TO DATE    0.0                       0.0    0.0      0.0
  SINCE JUN 1      0.0                       0.0    0.0      0.0
  SINCE JUL 1      0.0                       0.0    0.0      0.0
  SNOW DEPTH       0

DEGREE DAYS
 HEATING
  YESTERDAY        0                         1     -1        0
  MONTH TO DATE    0                         3     -3        6
  SINCE JUN 1     58                        72    -14       31
  SINCE JUL 1      5                        11     -6        8

 COOLING
  YESTERDAY       11                         6      5        1
  MONTH TO DATE   96                        96      0       84
  SINCE JUN 1    382                       412    -30      441
  SINCE JAN 1    487                       442     45      497
..................................................................


WIND (MPH)
  HIGHEST WIND SPEED    10   HIGHEST WIND DIRECTION     W (250)
  HIGHEST GUST SPEED    13   HIGHEST GUST DIRECTION    NW (300)
  AVERAGE WIND SPEED     3.0


SKY COVER
  POSSIBLE SUNSHINE  MM
  AVERAGE SKY COVER 0.5


WEATHER CONDITIONS
 THE FOLLOWING WEATHER WAS RECORDED YESTERDAY.
  FOG


RELATIVE HUMIDITY (PERCENT)
 HIGHEST   100           300 AM
 LOWEST     48           500 PM
 AVERAGE    74

..........................................................


THE SYRACUSE NY CLIMATE NORMALS FOR TODAY
                         NORMAL    RECORD    YEAR
 MAXIMUM TEMPERATURE (F)   80        97      1987
 MINIMUM TEMPERATURE (F)   60        44      1979


SUNRISE AND SUNSET
AUGUST 17 2015........SUNRISE   612 AM EDT   SUNSET   804 PM EDT
AUGUST 18 2015........SUNRISE   613 AM EDT   SUNSET   803 PM EDT


-  INDICATES NEGATIVE NUMBERS.
R  INDICATES RECORD WAS SET OR TIED.
MM INDICATES DATA IS MISSING.
T  INDICATES TRACE AMOUNT.

$$
