000
CDUS41 KBGM 090618
CLISYR


CLIMATE REPORT
NATIONAL WEATHER SERVICE BINGHAMTON NY
117 AM EST THU MAR 9 2017


...................................

...THE SYRACUSE NY CLIMATE SUMMARY FOR MARCH 8 2017...

CLIMATE NORMAL PERIOD 1981 TO 2010
CLIMATE RECORD PERIOD 1902 TO 2017


WEATHER ITEM   OBSERVED TIME   RECORD YEAR NORMAL DEPARTURE LAST
                VALUE   (LST)  VALUE       VALUE  FROM      YEAR
                                                  NORMAL
..................................................................
TEMPERATURE (F)
 YESTERDAY
  MAXIMUM         55    120 PM  71    2000  40     15       61
  MINIMUM         34    703 AM  -6    1984  22     12       31
  AVERAGE         45                        31     14       46

PRECIPITATION (IN)
  YESTERDAY        0.20          1.24 1930   0.09   0.11     0.00
  MONTH TO DATE    0.70                      0.69   0.01     0.14
  SINCE MAR 1      0.70                      0.69   0.01     0.14
  SINCE JAN 1      7.28                      5.26   2.02     6.66

SNOWFALL (IN)
  YESTERDAY        0.0           5.5  1957   0.8   -0.8      0.0
  MONTH TO DATE    2.6                       6.4   -3.8      5.4
  SINCE MAR 1      2.6                       6.4   -3.8      5.4
  SINCE JUL 1    106.3                     108.3   -2.0     72.2
  SNOW DEPTH       0

DEGREE DAYS
 HEATING
  YESTERDAY       20                        34    -14       19
  MONTH TO DATE  257                       280    -23      278
  SINCE MAR 1    257                       280    -23      278
  SINCE JUL 1   4526                      5111   -585     4377

 COOLING
  YESTERDAY        0                         0      0        0
  MONTH TO DATE    0                         0      0        0
  SINCE MAR 1      0                         0      0        0
  SINCE JAN 1      0                         0      0        0
..................................................................


WIND (MPH)
  HIGHEST WIND SPEED    41   HIGHEST WIND DIRECTION     W (250)
  HIGHEST GUST SPEED    50   HIGHEST GUST DIRECTION     W (260)
  AVERAGE WIND SPEED    14.4


SKY COVER
  POSSIBLE SUNSHINE  MM
  AVERAGE SKY COVER 0.7


WEATHER CONDITIONS
 THE FOLLOWING WEATHER WAS RECORDED YESTERDAY.
  RAIN
  LIGHT RAIN
  FOG


RELATIVE HUMIDITY (PERCENT)
 HIGHEST   100           700 AM
 LOWEST     22           300 PM
 AVERAGE    61

..........................................................


THE SYRACUSE NY CLIMATE NORMALS FOR TODAY
                         NORMAL    RECORD    YEAR
 MAXIMUM TEMPERATURE (F)   40        78      2016
                                             2000
 MINIMUM TEMPERATURE (F)   23        -6      1943


SUNRISE AND SUNSET
MARCH  9 2017.........SUNRISE   627 AM EST   SUNSET   604 PM EST
MARCH 10 2017.........SUNRISE   625 AM EST   SUNSET   605 PM EST


-  INDICATES NEGATIVE NUMBERS.
R  INDICATES RECORD WAS SET OR TIED.
MM INDICATES DATA IS MISSING.
T  INDICATES TRACE AMOUNT.




$$
