000
CDUS41 KBGM 062140
CLISYR


CLIMATE REPORT
NATIONAL WEATHER SERVICE BINGHAMTON NY
540 PM EDT WED SEP 6 2017


...................................

...THE SYRACUSE NY CLIMATE SUMMARY FOR SEPTEMBER 6 2017...
VALID TODAY AS OF 0500 PM LOCAL TIME.

CLIMATE NORMAL PERIOD 1981 TO 2010
CLIMATE RECORD PERIOD 1902 TO 2017


WEATHER ITEM   OBSERVED TIME   RECORD YEAR NORMAL DEPARTURE LAST
                VALUE   (LST)  VALUE       VALUE  FROM      YEAR
                                                  NORMAL
..................................................................
TEMPERATURE (F)
 TODAY
  MAXIMUM         67   1204 PM  93    1978  76     -9       85
  MINIMUM         53   1235 AM  38    1938  55     -2       54
  AVERAGE         60                        66     -6       70

PRECIPITATION (IN)
  TODAY            0.13          2.33 1979   0.12   0.01     0.00
  MONTH TO DATE    1.12                      0.71   0.41     0.00
  SINCE SEP 1      1.12                      0.71   0.41     0.00
  SINCE JAN 1     33.64                     25.30   8.34    23.21

SNOWFALL (IN)
  TODAY            0.0           0.0  2002   0.0    0.0      0.0
                                      2000
                                      2001
  MONTH TO DATE    0.0                       0.0    0.0      0.0
  SINCE SEP 1      0.0                       0.0    0.0      0.0
  SINCE JUL 1      0.0                       0.0    0.0      0.0
  SNOW DEPTH       0

DEGREE DAYS
 HEATING
  TODAY            5                         2      3        0
  MONTH TO DATE   33                        11     22        4
  SINCE SEP 1     33                        11     22        4
  SINCE JUL 1     69                        37     32        5

 COOLING
  TODAY            0                         3     -3        5
  MONTH TO DATE    4                        19    -15       14
  SINCE SEP 1      4                        19    -15       14
  SINCE JAN 1    454                       532    -78      726
..................................................................


WIND (MPH)
  HIGHEST WIND SPEED    10   HIGHEST WIND DIRECTION     E (100)
  HIGHEST GUST SPEED    12   HIGHEST GUST DIRECTION     E (110)
  AVERAGE WIND SPEED     2.5


SKY COVER
  POSSIBLE SUNSHINE  MM
  AVERAGE SKY COVER 0.9


WEATHER CONDITIONS
 THE FOLLOWING WEATHER WAS RECORDED TODAY.
  LIGHT RAIN
  FOG


RELATIVE HUMIDITY (PERCENT)
 HIGHEST   100          1200 AM
 LOWEST     78          1200 PM
 AVERAGE    89

..........................................................


THE SYRACUSE NY CLIMATE NORMALS FOR TOMORROW
                         NORMAL    RECORD    YEAR
 MAXIMUM TEMPERATURE (F)   76        95      2007
 MINIMUM TEMPERATURE (F)   55        38      1984


SUNRISE AND SUNSET
SEPTEMBER  6 2017.....SUNRISE   634 AM EDT   SUNSET   730 PM EDT
SEPTEMBER  7 2017.....SUNRISE   636 AM EDT   SUNSET   728 PM EDT


-  INDICATES NEGATIVE NUMBERS.
R  INDICATES RECORD WAS SET OR TIED.
MM INDICATES DATA IS MISSING.
T  INDICATES TRACE AMOUNT.




$$
