000
CDUS41 KBGM 202124
CLISYR


CLIMATE REPORT
NATIONAL WEATHER SERVICE BINGHAMTON NY
523 PM EDT FRI MAR 20 2015


...................................

...THE SYRACUSE NY CLIMATE SUMMARY FOR MARCH 20 2015...
VALID TODAY AS OF 0500 PM LOCAL TIME.

CLIMATE NORMAL PERIOD 1981 TO 2010
CLIMATE RECORD PERIOD 1902 TO 2015


WEATHER ITEM   OBSERVED TIME   RECORD YEAR NORMAL DEPARTURE LAST
                VALUE   (LST)  VALUE       VALUE  FROM      YEAR
                                                  NORMAL
..................................................................
TEMPERATURE (F)
 TODAY
  MAXIMUM         34    359 PM  79    2012  45    -11       41
  MINIMUM         20   1206 AM   6    1967  26     -6       30
  AVERAGE         27                        36     -9       36

PRECIPITATION (IN)
  TODAY            0.10          0.84 2003   0.10   0.00     0.03
  MONTH TO DATE    0.92                      1.82  -0.90     1.65
  SINCE MAR 1      0.92                      1.82  -0.90     1.65
  SINCE JAN 1      4.80                      6.39  -1.59     7.20

SNOWFALL (IN)
  TODAY            1.2           5.3  1990   0.5    0.7      1.0
  MONTH TO DATE   11.5                      13.9   -2.4     19.7
  SINCE MAR 1     11.5                      13.9   -2.4     19.7
  SINCE JUL 1    118.3                     115.8    2.5    129.6
  SNOW DEPTH       5

DEGREE DAYS
 HEATING
  TODAY           38                        30      8       29
  MONTH TO DATE  773                       660    113      828
  SINCE MAR 1    773                       660    113      828
  SINCE JUL 1   5997                      5491    506     5920

 COOLING
  TODAY            0                         0      0        0
  MONTH TO DATE    0                         0      0        0
  SINCE MAR 1      0                         0      0        0
  SINCE JAN 1      0                         0      0        0
..................................................................


WIND (MPH)
  HIGHEST WIND SPEED    12   HIGHEST WIND DIRECTION     E (90)
  HIGHEST GUST SPEED    13   HIGHEST GUST DIRECTION     E (90)
  AVERAGE WIND SPEED     7.1


SKY COVER
  POSSIBLE SUNSHINE  MM
  AVERAGE SKY COVER 1.0


WEATHER CONDITIONS
 THE FOLLOWING WEATHER WAS RECORDED TODAY.
  SNOW
  LIGHT SNOW
  FOG


RELATIVE HUMIDITY (PERCENT)
 HIGHEST    92           100 PM
 LOWEST     42           900 AM
 AVERAGE    67

..........................................................


THE SYRACUSE NY CLIMATE NORMALS FOR TOMORROW
                         NORMAL    RECORD    YEAR
 MAXIMUM TEMPERATURE (F)   45        81      2012
 MINIMUM TEMPERATURE (F)   27         0      1988


SUNRISE AND SUNSET
MARCH 20 2015.........SUNRISE   708 AM EDT   SUNSET   716 PM EDT
MARCH 21 2015.........SUNRISE   706 AM EDT   SUNSET   718 PM EDT


-  INDICATES NEGATIVE NUMBERS.
R  INDICATES RECORD WAS SET OR TIED.
MM INDICATES DATA IS MISSING.
T  INDICATES TRACE AMOUNT.




$$
