000
CDUS41 KBGM 090537
CLISYR


CLIMATE REPORT
NATIONAL WEATHER SERVICE BINGHAMTON NY
136 AM EDT SUN APR 9 2017


...................................

...THE SYRACUSE NY CLIMATE SUMMARY FOR APRIL 8 2017...

CLIMATE NORMAL PERIOD 1981 TO 2010
CLIMATE RECORD PERIOD 1902 TO 2017


WEATHER ITEM   OBSERVED TIME   RECORD YEAR NORMAL DEPARTURE LAST
                VALUE   (LST)  VALUE       VALUE  FROM      YEAR
                                                  NORMAL
..................................................................
TEMPERATURE (F)
 YESTERDAY
  MAXIMUM         46    510 PM  84    2010  54     -8       37
  MINIMUM         31    527 AM  15    1972  34     -3       28
  AVERAGE         39                        44     -5       33

PRECIPITATION (IN)
  YESTERDAY        0.00          0.84 2000   0.11  -0.11     0.01
  MONTH TO DATE    2.80                      0.89   1.91     0.93
  SINCE MAR 1      6.65                      3.84   2.81     3.38
  SINCE JAN 1     13.23                      8.41   4.82     9.90

SNOWFALL (IN)
  YESTERDAY        0.0           4.3  1956   0.2   -0.2      0.1
  MONTH TO DATE    0.3                       1.7   -1.4      8.1
  SINCE MAR 1     31.4                      19.7   11.7     13.5
  SINCE JUL 1    135.1                     121.6   13.5     80.3
  SNOW DEPTH       0

DEGREE DAYS
 HEATING
  YESTERDAY       26                        21      5       32
  MONTH TO DATE  176                       182     -6      248
  SINCE MAR 1   1248                      1139    109     1023
  SINCE JUL 1   5517                      5970   -453     5122

 COOLING
  YESTERDAY        0                         0      0        0
  MONTH TO DATE    0                         0      0        0
  SINCE MAR 1      0                         0      0        0
  SINCE JAN 1      0                         0      0        0
..................................................................


WIND (MPH)
  HIGHEST WIND SPEED    23   HIGHEST WIND DIRECTION     W (270)
  HIGHEST GUST SPEED    29   HIGHEST GUST DIRECTION    NW (300)
  AVERAGE WIND SPEED    12.8


SKY COVER
  POSSIBLE SUNSHINE  MM
  AVERAGE SKY COVER 0.5


WEATHER CONDITIONS
 THE FOLLOWING WEATHER WAS RECORDED YESTERDAY.
  NO SIGNIFICANT WEATHER WAS OBSERVED.


RELATIVE HUMIDITY (PERCENT)
 HIGHEST    72           700 AM
 LOWEST     33           600 PM
 AVERAGE    53

..........................................................


THE SYRACUSE NY CLIMATE NORMALS FOR TODAY
                         NORMAL    RECORD    YEAR
 MAXIMUM TEMPERATURE (F)   54        77      1945
 MINIMUM TEMPERATURE (F)   34        15      1997
                                             1977


SUNRISE AND SUNSET
APRIL  9 2017.........SUNRISE   632 AM EDT   SUNSET   740 PM EDT
APRIL 10 2017.........SUNRISE   630 AM EDT   SUNSET   742 PM EDT


-  INDICATES NEGATIVE NUMBERS.
R  INDICATES RECORD WAS SET OR TIED.
MM INDICATES DATA IS MISSING.
T  INDICATES TRACE AMOUNT.




$$
