000
CDUS41 KBGM 040600
CLISYR


CLIMATE REPORT
NATIONAL WEATHER SERVICE BINGHAMTON NY
200 AM EDT FRI JUL 4 2014


...................................

...THE SYRACUSE NY CLIMATE SUMMARY FOR JULY 3 2014...

CLIMATE NORMAL PERIOD 1981 TO 2010
CLIMATE RECORD PERIOD 1902 TO 2014


WEATHER ITEM   OBSERVED TIME   RECORD YEAR NORMAL DEPARTURE LAST
                VALUE   (LST)  VALUE       VALUE  FROM      YEAR
                                                  NORMAL
..................................................................
TEMPERATURE (F)
 YESTERDAY
  MAXIMUM         81    114 PM  96    1966  81      0       89
                                      1911
  MINIMUM         64   1159 PM  46    1940  60      4       69
  AVERAGE         73                        71      2       79

PRECIPITATION (IN)
  YESTERDAY        0.20          3.90 1974   0.12   0.08     0.19
  MONTH TO DATE    0.49                      0.36   0.13     0.53
  SINCE JUN 1      3.23                      3.67  -0.44     7.33
  SINCE JAN 1     20.61                     17.60   3.01    21.27

SNOWFALL (IN)
  YESTERDAY        0.0           0.0  2002   0.0    0.0      0.0
                                      2000
                                      2001
  MONTH TO DATE    0.0                       0.0    0.0      0.0
  SINCE JUN 1      0.0                       0.0    0.0      0.0
  SINCE JUL 1      0.0                       0.0    0.0      0.0
  SNOW DEPTH       0

DEGREE DAYS
 HEATING
  YESTERDAY        0                         0      0        0
  MONTH TO DATE    0                         2     -2        0
  SINCE JUN 1     23                        63    -40       61
  SINCE JUL 1      0                         2     -2        0

 COOLING
  YESTERDAY        8                         6      2       14
  MONTH TO DATE   43                        18     25       30
  SINCE JUN 1    190                       131     59      154
  SINCE JAN 1    246                       161     85      206
..................................................................


WIND (MPH)
  HIGHEST WIND SPEED    22   HIGHEST WIND DIRECTION    NW (330)
  HIGHEST GUST SPEED    26   HIGHEST GUST DIRECTION    NW (320)
  AVERAGE WIND SPEED     2.9


SKY COVER
  POSSIBLE SUNSHINE  MM
  AVERAGE SKY COVER 0.9


WEATHER CONDITIONS
 THE FOLLOWING WEATHER WAS RECORDED YESTERDAY.
  THUNDERSTORM
  RAIN
  LIGHT RAIN
  FOG


RELATIVE HUMIDITY (PERCENT)
 HIGHEST    93          1200 AM
 LOWEST     69          1200 PM
 AVERAGE    81

..........................................................


THE SYRACUSE NY CLIMATE NORMALS FOR TODAY
                         NORMAL    RECORD    YEAR
 MAXIMUM TEMPERATURE (F)   81        97      1990
 MINIMUM TEMPERATURE (F)   60        46      1968


SUNRISE AND SUNSET
JULY  4 2014..........SUNRISE   530 AM EDT   SUNSET   847 PM EDT
JULY  5 2014..........SUNRISE   531 AM EDT   SUNSET   847 PM EDT


-  INDICATES NEGATIVE NUMBERS.
R  INDICATES RECORD WAS SET OR TIED.
MM INDICATES DATA IS MISSING.
T  INDICATES TRACE AMOUNT.




$$
