000
CDUS41 KBGM 240606
CLISYR


CLIMATE REPORT
NATIONAL WEATHER SERVICE BINGHAMTON NY
205 AM EDT SUN JUL 24 2016


...................................

...THE SYRACUSE NY CLIMATE SUMMARY FOR JULY 23 2016...

CLIMATE NORMAL PERIOD 1981 TO 2010
CLIMATE RECORD PERIOD 1902 TO 2016


WEATHER ITEM   OBSERVED TIME   RECORD YEAR NORMAL DEPARTURE LAST
                VALUE   (LST)  VALUE       VALUE  FROM      YEAR
                                                  NORMAL
..................................................................
TEMPERATURE (F)
 YESTERDAY
  MAXIMUM         88    323 PM  98    1933  82      6       78
  MINIMUM         68   1159 PM  50    1977  61      7       59
                                      1923
  AVERAGE         78                        72      6       69

PRECIPITATION (IN)
  YESTERDAY        0.00          2.83 1938   0.12  -0.12     0.00
  MONTH TO DATE    1.33                      2.82  -1.49     2.26
  SINCE JUN 1      3.28                      6.13  -2.85    12.18
  SINCE JAN 1     17.84                     20.06  -2.22    24.30

SNOWFALL (IN)
  YESTERDAY        0.0           0.0  2002   0.0    0.0      0.0
                                      2000
                                      2001
  MONTH TO DATE    0.0                       0.0    0.0      0.0
  SINCE JUN 1      T                         0.0    0.0      0.0
  SINCE JUL 1      0.0                       0.0    0.0      0.0
  SNOW DEPTH       0

DEGREE DAYS
 HEATING
  YESTERDAY        0                         0      0        0
  MONTH TO DATE    0                         2     -2        5
  SINCE JUN 1     53                        63    -10       58
  SINCE JUL 1      0                         2     -2        5

 COOLING
  YESTERDAY       13                         7      6        4
  MONTH TO DATE  200                       153     47      121
  SINCE JUN 1    301                       266     35      210
  SINCE JAN 1    357                       296     61      315
..................................................................


WIND (MPH)
  HIGHEST WIND SPEED    21   HIGHEST WIND DIRECTION     W (280)
  HIGHEST GUST SPEED    25   HIGHEST GUST DIRECTION     W (280)
  AVERAGE WIND SPEED    11.0


SKY COVER
  POSSIBLE SUNSHINE  MM
  AVERAGE SKY COVER 0.2


WEATHER CONDITIONS
 THE FOLLOWING WEATHER WAS RECORDED YESTERDAY.
  NO SIGNIFICANT WEATHER WAS OBSERVED.


RELATIVE HUMIDITY (PERCENT)
 HIGHEST    73           500 AM
 LOWEST     36           300 PM
 AVERAGE    55

..........................................................


THE SYRACUSE NY CLIMATE NORMALS FOR TODAY
                         NORMAL    RECORD    YEAR
 MAXIMUM TEMPERATURE (F)   82        93      2001
                                             1987
                                             1941
 MINIMUM TEMPERATURE (F)   61        46      1985


SUNRISE AND SUNSET
JULY 24 2016..........SUNRISE   547 AM EDT   SUNSET   834 PM EDT
JULY 25 2016..........SUNRISE   548 AM EDT   SUNSET   833 PM EDT


-  INDICATES NEGATIVE NUMBERS.
R  INDICATES RECORD WAS SET OR TIED.
MM INDICATES DATA IS MISSING.
T  INDICATES TRACE AMOUNT.




$$
