000
CDUS41 KBGM 140218
CLISYR


CLIMATE REPORT
NATIONAL WEATHER SERVICE BINGHAMTON NY
1018 PM EDT SUN JUL 13 2014


...................................

...THE SYRACUSE NY CLIMATE SUMMARY FOR JULY 13 2014...
VALID AS OF 1000 PM LOCAL TIME.

CLIMATE NORMAL PERIOD 1981 TO 2010
CLIMATE RECORD PERIOD 1902 TO 2014


WEATHER ITEM   OBSERVED TIME   RECORD YEAR NORMAL DEPARTURE LAST
                VALUE   (LST)  VALUE       VALUE  FROM      YEAR
                                                  NORMAL
..................................................................
TEMPERATURE (F)
 TODAY
  MAXIMUM         82    954 AM  94    1995  82      0       81
                                      1942
  MINIMUM         68    217 AM  46    1940  61      7       64
  AVERAGE         75                        72      3       73

PRECIPITATION (IN)
  TODAY            0.02          1.83 1915   0.13  -0.11      T
  MONTH TO DATE    1.69                      1.58   0.11     1.14
  SINCE JUN 1      4.43                      4.89  -0.46     7.94
  SINCE JAN 1     21.81                     18.82   2.99    21.88

SNOWFALL (IN)
  TODAY            0.0           0.0  2002   0.0    0.0      0.0
                                      2000
                                      2001
  MONTH TO DATE    0.0                       0.0    0.0      0.0
  SINCE JUN 1      0.0                       0.0    0.0      0.0
  SINCE JUL 1      0.0                       0.0    0.0      0.0
  SNOW DEPTH       0

DEGREE DAYS
 HEATING
  TODAY            0                         0      0        0
  MONTH TO DATE    0                         2     -2        0
  SINCE JUN 1     23                        63    -40       61
  SINCE JUL 1      0                         2     -2        0

 COOLING
  TODAY           10                         7      3        8
  MONTH TO DATE  113                        83     30      150
  SINCE JUN 1    260                       196     64      274
  SINCE JAN 1    316                       226     90      326
..................................................................


WIND (MPH)
  HIGHEST WIND SPEED    25   HIGHEST WIND DIRECTION    SW (220)
  HIGHEST GUST SPEED    35   HIGHEST GUST DIRECTION     S (190)
  AVERAGE WIND SPEED    10.0


SKY COVER
  POSSIBLE SUNSHINE  MM
  AVERAGE SKY COVER 0.9


WEATHER CONDITIONS
 THE FOLLOWING WEATHER WAS RECORDED TODAY.
  LIGHT RAIN


RELATIVE HUMIDITY (PERCENT)
 HIGHEST    84           300 AM
 LOWEST     62           900 AM
 AVERAGE    73

..........................................................


THE SYRACUSE NY CLIMATE NORMALS FOR TOMORROW
                         NORMAL    RECORD    YEAR
 MAXIMUM TEMPERATURE (F)   82        95      1952
 MINIMUM TEMPERATURE (F)   61        46      1940


SUNRISE AND SUNSET
JULY 13 2014..........SUNRISE   537 AM EDT   SUNSET   843 PM EDT
JULY 14 2014..........SUNRISE   538 AM EDT   SUNSET   843 PM EDT


-  INDICATES NEGATIVE NUMBERS.
R  INDICATES RECORD WAS SET OR TIED.
MM INDICATES DATA IS MISSING.
T  INDICATES TRACE AMOUNT.




$$
