000
CDUS41 KBGM 150529
CLISYR


CLIMATE REPORT
NATIONAL WEATHER SERVICE BINGHAMTON NY
129 AM EDT SUN MAY 15 2016


...................................

...THE SYRACUSE NY CLIMATE SUMMARY FOR MAY 14 2016...

CLIMATE NORMAL PERIOD 1981 TO 2010
CLIMATE RECORD PERIOD 1902 TO 2016


WEATHER ITEM   OBSERVED TIME   RECORD YEAR NORMAL DEPARTURE LAST
                VALUE   (LST)  VALUE       VALUE  FROM      YEAR
                                                  NORMAL
..................................................................
TEMPERATURE (F)
 YESTERDAY
  MAXIMUM         67   1211 PM  87    1942  68     -1       66
  MINIMUM         45   1159 PM  30    1939  46     -1       36
  AVERAGE         56                        57     -1       51

PRECIPITATION (IN)
  YESTERDAY        0.05          1.00 1905   0.10  -0.05     0.00
  MONTH TO DATE    1.08                      1.39  -0.31     1.01
  SINCE MAR 1      5.54                      7.53  -1.99     5.32
  SINCE JAN 1     12.06                     12.10  -0.04     9.20

SNOWFALL (IN)
  YESTERDAY        0.0           0.0  2002   0.0    0.0      0.0
                                      2001
  MONTH TO DATE    0.0                       0.1   -0.1      0.0
  SINCE MAR 1     13.5                      21.9   -8.4     12.9
  SINCE JUL 1     80.3                     123.8  -43.5    119.7
  SNOW DEPTH       0

DEGREE DAYS
 HEATING
  YESTERDAY        9                         9      0       14
  MONTH TO DATE  159                       146     13       55
  SINCE MAR 1   1597                      1650    -53     1773
  SINCE JUL 1   5696                      6481   -785     6997

 COOLING
  YESTERDAY        0                         1     -1        0
  MONTH TO DATE    0                         4     -4       45
  SINCE MAR 1      0                         8     -8       45
  SINCE JAN 1      0                         8     -8       45
..................................................................


WIND (MPH)
  HIGHEST WIND SPEED    31   HIGHEST WIND DIRECTION     W (260)
  HIGHEST GUST SPEED    41   HIGHEST GUST DIRECTION    SW (240)
  AVERAGE WIND SPEED    11.9


SKY COVER
  POSSIBLE SUNSHINE  MM
  AVERAGE SKY COVER 0.8


WEATHER CONDITIONS
 THE FOLLOWING WEATHER WAS RECORDED YESTERDAY.
  LIGHT RAIN


RELATIVE HUMIDITY (PERCENT)
 HIGHEST    89           300 AM
 LOWEST     45          1100 AM
 AVERAGE    67

..........................................................


THE SYRACUSE NY CLIMATE NORMALS FOR TODAY
                         NORMAL    RECORD    YEAR
 MAXIMUM TEMPERATURE (F)   69        87      1940
 MINIMUM TEMPERATURE (F)   46        33      1977
                                             1917


SUNRISE AND SUNSET
MAY 15 2016...........SUNRISE   540 AM EDT   SUNSET   822 PM EDT
MAY 16 2016...........SUNRISE   539 AM EDT   SUNSET   823 PM EDT


-  INDICATES NEGATIVE NUMBERS.
R  INDICATES RECORD WAS SET OR TIED.
MM INDICATES DATA IS MISSING.
T  INDICATES TRACE AMOUNT.




$$
