000
CDUS41 KBGM 090539
CLISYR


CLIMATE REPORT
NATIONAL WEATHER SERVICE BINGHAMTON NY
1239 AM EST TUE DEC 9 2014


...................................

...THE SYRACUSE NY CLIMATE SUMMARY FOR DECEMBER 8 2014...

CLIMATE NORMAL PERIOD 1981 TO 2010
CLIMATE RECORD PERIOD 1902 TO 2014


WEATHER ITEM   OBSERVED TIME   RECORD YEAR NORMAL DEPARTURE LAST
                VALUE   (LST)  VALUE       VALUE  FROM      YEAR
                                                  NORMAL
..................................................................
TEMPERATURE (F)
 YESTERDAY
  MAXIMUM         33    151 PM  69    1966  39     -6       32
  MINIMUM         18    722 AM  -7    1906  25     -7       23
  AVERAGE         26                        32     -6       28

PRECIPITATION (IN)
  YESTERDAY        0.00          1.07 1944   0.11  -0.11     0.01
  MONTH TO DATE    0.75                      0.91  -0.16     0.45
  SINCE DEC 1      0.75                      0.91  -0.16     0.45
  SINCE JAN 1     38.23                     36.16   2.07    37.98

SNOWFALL (IN)
  YESTERDAY        0.0          14.9  2010   1.0   -1.0      0.2
  MONTH TO DATE    1.4                       7.5   -6.1      1.2
  SINCE DEC 1      1.4                       7.5   -6.1      1.2
  SINCE JUL 1     10.1                      17.4   -7.3     15.5
  SNOW DEPTH       0

DEGREE DAYS
 HEATING
  YESTERDAY       39                        33      6       37
  MONTH TO DATE  270                       253     17      236
  SINCE DEC 1    270                       253     17      236
  SINCE JUL 1   1455                      1602   -147     1569

 COOLING
  YESTERDAY        0                         0      0        0
  MONTH TO DATE    0                         0      0        0
  SINCE DEC 1      0                         0      0        0
  SINCE JAN 1    647                       569     78      712
..................................................................


WIND (MPH)
  HIGHEST WIND SPEED    21   HIGHEST WIND DIRECTION    SE (140)
  HIGHEST GUST SPEED    26   HIGHEST GUST DIRECTION    SE (140)
  AVERAGE WIND SPEED    11.7


SKY COVER
  POSSIBLE SUNSHINE  MM
  AVERAGE SKY COVER 0.9


WEATHER CONDITIONS
 THE FOLLOWING WEATHER WAS RECORDED YESTERDAY.
  NO SIGNIFICANT WEATHER WAS OBSERVED.


RELATIVE HUMIDITY (PERCENT)
 HIGHEST    84           400 AM
 LOWEST     30           200 PM
 AVERAGE    57

..........................................................


THE SYRACUSE NY CLIMATE NORMALS FOR TODAY
                         NORMAL    RECORD    YEAR
 MAXIMUM TEMPERATURE (F)   39        67      1966
 MINIMUM TEMPERATURE (F)   25       -11      1902


SUNRISE AND SUNSET
DECEMBER  9 2014......SUNRISE   724 AM EST   SUNSET   429 PM EST
DECEMBER 10 2014......SUNRISE   725 AM EST   SUNSET   429 PM EST


-  INDICATES NEGATIVE NUMBERS.
R  INDICATES RECORD WAS SET OR TIED.
MM INDICATES DATA IS MISSING.
T  INDICATES TRACE AMOUNT.




$$
