000
CDUS41 KBGM 150636
CLISYR


CLIMATE REPORT
NATIONAL WEATHER SERVICE BINGHAMTON NY
235 AM EDT TUE JUL 15 2014


...................................

...THE SYRACUSE NY CLIMATE SUMMARY FOR JULY 14 2014...

CLIMATE NORMAL PERIOD 1981 TO 2010
CLIMATE RECORD PERIOD 1902 TO 2014


WEATHER ITEM   OBSERVED TIME   RECORD YEAR NORMAL DEPARTURE LAST
                VALUE   (LST)  VALUE       VALUE  FROM      YEAR
                                                  NORMAL
..................................................................
TEMPERATURE (F)
 YESTERDAY
  MAXIMUM         84    203 PM  95    1952  82      2       91
  MINIMUM         67    220 AM  46    1940  61      6       67
  AVERAGE         76                        72      4       79

PRECIPITATION (IN)
  YESTERDAY        0.05          2.38 2005   0.12  -0.07      T
  MONTH TO DATE    1.74                      1.70   0.04     1.14
  SINCE JUN 1      4.48                      5.01  -0.53     7.94
  SINCE JAN 1     21.86                     18.94   2.92    21.88

SNOWFALL (IN)
  YESTERDAY        0.0           T    2005   0.0    0.0      0.0
                                      1954
  MONTH TO DATE    0.0                       0.0    0.0      0.0
  SINCE JUN 1      0.0                       0.0    0.0      0.0
  SINCE JUL 1      0.0                       0.0    0.0      0.0
  SNOW DEPTH       0

DEGREE DAYS
 HEATING
  YESTERDAY        0                         0      0        0
  MONTH TO DATE    0                         2     -2        0
  SINCE JUN 1     23                        63    -40       61
  SINCE JUL 1      0                         2     -2        0

 COOLING
  YESTERDAY       11                         7      4       14
  MONTH TO DATE  124                        90     34      164
  SINCE JUN 1    271                       203     68      288
  SINCE JAN 1    327                       233     94      340
..................................................................


WIND (MPH)
  HIGHEST WIND SPEED    10   HIGHEST WIND DIRECTION    NE (30)
  HIGHEST GUST SPEED    15   HIGHEST GUST DIRECTION    NE (50)
  AVERAGE WIND SPEED     3.7


SKY COVER
  POSSIBLE SUNSHINE  MM
  AVERAGE SKY COVER 0.8


WEATHER CONDITIONS
 THE FOLLOWING WEATHER WAS RECORDED YESTERDAY.
  LIGHT RAIN


RELATIVE HUMIDITY (PERCENT)
 HIGHEST    90           300 AM
 LOWEST     55           100 PM
 AVERAGE    73

..........................................................


THE SYRACUSE NY CLIMATE NORMALS FOR TODAY
                         NORMAL    RECORD    YEAR
 MAXIMUM TEMPERATURE (F)   82        94      1997
                                             1952
                                             1934
 MINIMUM TEMPERATURE (F)   61        47      1950


SUNRISE AND SUNSET
JULY 15 2014..........SUNRISE   539 AM EDT   SUNSET   842 PM EDT
JULY 16 2014..........SUNRISE   539 AM EDT   SUNSET   841 PM EDT


-  INDICATES NEGATIVE NUMBERS.
R  INDICATES RECORD WAS SET OR TIED.
MM INDICATES DATA IS MISSING.
T  INDICATES TRACE AMOUNT.




$$
