000
CDUS41 KBGM 210652
CLISYR


CLIMATE REPORT
NATIONAL WEATHER SERVICE BINGHAMTON NY
250 AM EDT SAT MAY 21 2016


...................................

...THE SYRACUSE NY CLIMATE SUMMARY FOR MAY 20 2016...

CLIMATE NORMAL PERIOD 1981 TO 2010
CLIMATE RECORD PERIOD 1902 TO 2016


WEATHER ITEM   OBSERVED TIME   RECORD YEAR NORMAL DEPARTURE LAST
                VALUE   (LST)  VALUE       VALUE  FROM      YEAR
                                                  NORMAL
..................................................................
TEMPERATURE (F)
 YESTERDAY
  MAXIMUM         73        MM  90    1962  70      3       56
  MINIMUM         43        MM  32    2002  48     -5       41
                                      1944
  AVERAGE         58                        59     -1       49

PRECIPITATION (IN)
  YESTERDAY        0.00          0.90 1969   0.11  -0.11     0.00
  MONTH TO DATE    1.10                      2.02  -0.92     1.92
  SINCE MAR 1      5.56                      8.16  -2.60     6.23
  SINCE JAN 1     12.08                     12.73  -0.65    10.11

SNOWFALL (IN)
  YESTERDAY        0.0           0.0  2002   0.0    0.0      0.0
                                      2001
  MONTH TO DATE    T                         0.1   -0.1      0.0
  SINCE MAR 1     13.5                      21.9   -8.4     12.9
  SINCE JUL 1     80.3                     123.8  -43.5    119.7
  SNOW DEPTH       0

DEGREE DAYS
 HEATING
  YESTERDAY        7                         7      0       16
  MONTH TO DATE  247                       192     55       80
  SINCE MAR 1   1685                      1696    -11     1798
  SINCE JUL 1   5784                      6527   -743     7022

 COOLING
  YESTERDAY        0                         1     -1        0
  MONTH TO DATE    0                        10    -10       56
  SINCE MAR 1      0                        14    -14       56
  SINCE JAN 1      0                        14    -14       56
..................................................................


WIND (MPH)
  HIGHEST WIND SPEED    12   HIGHEST WIND DIRECTION    NW (320)
  HIGHEST GUST SPEED    17   HIGHEST GUST DIRECTION    NW (320)
  AVERAGE WIND SPEED     3.7


SKY COVER
  POSSIBLE SUNSHINE  MM
  AVERAGE SKY COVER 0.4


WEATHER CONDITIONS
 THE FOLLOWING WEATHER WAS RECORDED YESTERDAY.
  NO SIGNIFICANT WEATHER WAS OBSERVED.


RELATIVE HUMIDITY (PERCENT)
 HIGHEST    89           200 AM
 LOWEST     27           300 PM
 AVERAGE    58

..........................................................


THE SYRACUSE NY CLIMATE NORMALS FOR TODAY
                         NORMAL    RECORD    YEAR
 MAXIMUM TEMPERATURE (F)   70        96      1977
 MINIMUM TEMPERATURE (F)   48        33      1906


SUNRISE AND SUNSET
MAY 21 2016...........SUNRISE   535 AM EDT   SUNSET   828 PM EDT
MAY 22 2016...........SUNRISE   534 AM EDT   SUNSET   829 PM EDT


-  INDICATES NEGATIVE NUMBERS.
R  INDICATES RECORD WAS SET OR TIED.
MM INDICATES DATA IS MISSING.
T  INDICATES TRACE AMOUNT.




$$
