000
CDUS41 KBGM 130234
CLISYR


CLIMATE REPORT
NATIONAL WEATHER SERVICE BINGHAMTON NY
1034 PM EDT SUN OCT 12 2014


...................................

...THE SYRACUSE NY CLIMATE SUMMARY FOR OCTOBER 12 2014...
VALID AS OF 1000 PM LOCAL TIME.

CLIMATE NORMAL PERIOD 1981 TO 2010
CLIMATE RECORD PERIOD 1902 TO 2014


WEATHER ITEM   OBSERVED TIME   RECORD YEAR NORMAL DEPARTURE LAST
                VALUE   (LST)  VALUE       VALUE  FROM      YEAR
                                                  NORMAL
..................................................................
TEMPERATURE (F)
 TODAY
  MAXIMUM         61    153 PM  86    1928  61      0       74
  MINIMUM         33    602 AM  28    1964  42     -9       39
                                      1956
  AVERAGE         47                        52     -5       57

PRECIPITATION (IN)
  TODAY            0.00          1.70 1946   0.10  -0.10     0.00
  MONTH TO DATE    1.24                      1.36  -0.12     1.94
  SINCE SEP 1      2.84                      5.05  -2.21     5.14
  SINCE JAN 1     31.88                     29.64   2.24    31.72

SNOWFALL (IN)
  TODAY            0.0           0.3  1988   0.0    0.0      0.0
  MONTH TO DATE    0.0                       0.0    0.0      0.0
  SINCE SEP 1      0.0                       0.0    0.0      0.0
  SINCE JUL 1      0.0                       0.0    0.0      0.0
  SNOW DEPTH       0

DEGREE DAYS
 HEATING
  TODAY           18                        13      5        8
  MONTH TO DATE  106                       138    -32       66
  SINCE SEP 1    209                       279    -70      238
  SINCE JUL 1    220                       305    -85      244

 COOLING
  TODAY            0                         0      0        0
  MONTH TO DATE    0                         0      0        1
  SINCE SEP 1     75                        52     23       69
  SINCE JAN 1    634                       565     69      712
..................................................................


WIND (MPH)
  HIGHEST WIND SPEED    10   HIGHEST WIND DIRECTION    NE (60)
  HIGHEST GUST SPEED    14   HIGHEST GUST DIRECTION     N (20)
  AVERAGE WIND SPEED     2.0


SKY COVER
  POSSIBLE SUNSHINE  MM
  AVERAGE SKY COVER 0.3


WEATHER CONDITIONS
 THE FOLLOWING WEATHER WAS RECORDED TODAY.
  NO SIGNIFICANT WEATHER WAS OBSERVED.


RELATIVE HUMIDITY (PERCENT)
 HIGHEST    92           300 AM
 LOWEST     42           200 PM
 AVERAGE    67

..........................................................


THE SYRACUSE NY CLIMATE NORMALS FOR TOMORROW
                         NORMAL    RECORD    YEAR
 MAXIMUM TEMPERATURE (F)   61        83      1995
 MINIMUM TEMPERATURE (F)   42        28      2006
                                             1993


SUNRISE AND SUNSET
OCTOBER 12 2014.......SUNRISE   714 AM EDT   SUNSET   627 PM EDT
OCTOBER 13 2014.......SUNRISE   716 AM EDT   SUNSET   625 PM EDT


-  INDICATES NEGATIVE NUMBERS.
R  INDICATES RECORD WAS SET OR TIED.
MM INDICATES DATA IS MISSING.
T  INDICATES TRACE AMOUNT.




$$
