000
CDUS41 KBGM 230532
CLISYR


CLIMATE REPORT
NATIONAL WEATHER SERVICE BINGHAMTON NY
1231 AM EST WED NOV 23 2016


...................................

...THE SYRACUSE NY CLIMATE SUMMARY FOR NOVEMBER 22 2016...

CLIMATE NORMAL PERIOD 1981 TO 2010
CLIMATE RECORD PERIOD 1902 TO 2016


WEATHER ITEM   OBSERVED TIME   RECORD YEAR NORMAL DEPARTURE LAST
                VALUE   (LST)  VALUE       VALUE  FROM      YEAR
                                                  NORMAL
..................................................................
TEMPERATURE (F)
 YESTERDAY
  MAXIMUM         33    810 PM  71    1953  46    -13       50
                                      1913
  MINIMUM         29   1013 AM  11    2008  31     -2       30
  AVERAGE         31                        38     -7       40

PRECIPITATION (IN)
  YESTERDAY        0.02          0.87 1924   0.12  -0.10     0.01
  MONTH TO DATE    2.18                      2.59  -0.41     0.79
  SINCE SEP 1     13.57                      9.72   3.85     9.61
  SINCE JAN 1     36.78                     34.31   2.47    36.93

SNOWFALL (IN)
  YESTERDAY        0.4           7.2  2000   0.4    0.0      0.3
  MONTH TO DATE   25.1                       5.1   20.0      0.3
  SINCE SEP 1     25.3                       5.5   19.8      0.7
  SINCE JUL 1     25.3                       5.5   19.8      0.7
  SNOW DEPTH      18

DEGREE DAYS
 HEATING
  YESTERDAY       34                        27      7       25
  MONTH TO DATE  475                       505    -30      354
  SINCE SEP 1    978                      1096   -118      866
  SINCE JUL 1    979                      1122   -143      874

 COOLING
  YESTERDAY        0                         0      0        0
  MONTH TO DATE    0                         0      0        0
  SINCE SEP 1     97                        56     41      145
  SINCE JAN 1    809                       569    240      717
..................................................................


WIND (MPH)
  HIGHEST WIND SPEED    23   HIGHEST WIND DIRECTION     W (290)
  HIGHEST GUST SPEED    33   HIGHEST GUST DIRECTION     W (280)
  AVERAGE WIND SPEED    12.7


SKY COVER
  POSSIBLE SUNSHINE  MM
  AVERAGE SKY COVER 1.0


WEATHER CONDITIONS
 THE FOLLOWING WEATHER WAS RECORDED YESTERDAY.
  LIGHT SNOW
  FOG
  HAZE
  BLOWING SNOW


RELATIVE HUMIDITY (PERCENT)
 HIGHEST    92           900 AM
 LOWEST     66          1000 PM
 AVERAGE    79

..........................................................


THE SYRACUSE NY CLIMATE NORMALS FOR TODAY
                         NORMAL    RECORD    YEAR
 MAXIMUM TEMPERATURE (F)   45        75      1931
 MINIMUM TEMPERATURE (F)   31         6      2008


SUNRISE AND SUNSET
NOVEMBER 23 2016......SUNRISE   708 AM EST   SUNSET   434 PM EST
NOVEMBER 24 2016......SUNRISE   709 AM EST   SUNSET   433 PM EST


-  INDICATES NEGATIVE NUMBERS.
R  INDICATES RECORD WAS SET OR TIED.
MM INDICATES DATA IS MISSING.
T  INDICATES TRACE AMOUNT.




$$
