000
CDUS41 KBGM 130547
CLISYR


CLIMATE REPORT
NATIONAL WEATHER SERVICE BINGHAMTON NY
145 AM EDT TUE SEP 13 2016


...................................

...THE SYRACUSE NY CLIMATE SUMMARY FOR SEPTEMBER 12 2016...

CLIMATE NORMAL PERIOD 1981 TO 2010
CLIMATE RECORD PERIOD 1902 TO 2016


WEATHER ITEM   OBSERVED TIME   RECORD YEAR NORMAL DEPARTURE LAST
                VALUE   (LST)  VALUE       VALUE  FROM      YEAR
                                                  NORMAL
..................................................................
TEMPERATURE (F)
 YESTERDAY
  MAXIMUM         75    430 PM  93    1931  74      1       65
  MINIMUM         50    603 AM  38    1943  53     -3       57
  AVERAGE         63                        64     -1       61

PRECIPITATION (IN)
  YESTERDAY        0.00          1.87 1987   0.12  -0.12     0.35
  MONTH TO DATE    1.66                      1.41   0.25     1.17
  SINCE SEP 1      1.66                      1.41   0.25     1.17
  SINCE JAN 1     24.87                     26.00  -1.13    28.49

SNOWFALL (IN)
  YESTERDAY        0.0           0.0  2002   0.0    0.0      0.0
                                      2000
                                      2001
  MONTH TO DATE    0.0                       0.0    0.0      0.0
  SINCE SEP 1      0.0                       0.0    0.0      0.0
  SINCE JUL 1      0.0                       0.0    0.0      0.0
  SNOW DEPTH       0

DEGREE DAYS
 HEATING
  YESTERDAY        2                         3     -1        4
  MONTH TO DATE    6                        28    -22        4
  SINCE SEP 1      6                        28    -22        4
  SINCE JUL 1      7                        54    -47       12

 COOLING
  YESTERDAY        0                         2     -2        0
  MONTH TO DATE   59                        33     26      114
  SINCE SEP 1     59                        33     26      114
  SINCE JAN 1    771                       546    225      686
..................................................................


WIND (MPH)
  HIGHEST WIND SPEED    13   HIGHEST WIND DIRECTION    SW (230)
  HIGHEST GUST SPEED    23   HIGHEST GUST DIRECTION    SW (230)
  AVERAGE WIND SPEED     4.4


SKY COVER
  POSSIBLE SUNSHINE  MM
  AVERAGE SKY COVER 0.2


WEATHER CONDITIONS
 THE FOLLOWING WEATHER WAS RECORDED YESTERDAY.
  NO SIGNIFICANT WEATHER WAS OBSERVED.


RELATIVE HUMIDITY (PERCENT)
 HIGHEST    93          1200 AM
 LOWEST     38           400 PM
 AVERAGE    66

..........................................................


THE SYRACUSE NY CLIMATE NORMALS FOR TODAY
                         NORMAL    RECORD    YEAR
 MAXIMUM TEMPERATURE (F)   73        96      1931
 MINIMUM TEMPERATURE (F)   53        32      1943


SUNRISE AND SUNSET
SEPTEMBER 13 2016.....SUNRISE   642 AM EDT   SUNSET   717 PM EDT
SEPTEMBER 14 2016.....SUNRISE   643 AM EDT   SUNSET   715 PM EDT


-  INDICATES NEGATIVE NUMBERS.
R  INDICATES RECORD WAS SET OR TIED.
MM INDICATES DATA IS MISSING.
T  INDICATES TRACE AMOUNT.




$$
