000
CDUS41 KBGM 070225
CLISYR


CLIMATE REPORT
NATIONAL WEATHER SERVICE BINGHAMTON NY
1024 PM EDT TUE JUN 6 2017


...................................

...THE SYRACUSE NY CLIMATE SUMMARY FOR JUNE 6 2017...
VALID AS OF 1000 PM LOCAL TIME.

CLIMATE NORMAL PERIOD 1981 TO 2010
CLIMATE RECORD PERIOD 1902 TO 2017


WEATHER ITEM   OBSERVED TIME   RECORD YEAR NORMAL DEPARTURE LAST
                VALUE   (LST)  VALUE       VALUE  FROM      YEAR
                                                  NORMAL
..................................................................
TEMPERATURE (F)
 TODAY
  MAXIMUM         56    408 AM  92    2008  75    -19       78
                                      1999
  MINIMUM         51    859 PM  41    1929  53     -2       57
  AVERAGE         54                        64    -10       68

PRECIPITATION (IN)
  TODAY            0.67          2.55 2013   0.11   0.56      T
  MONTH TO DATE    1.72                      0.65   1.07     0.75
  SINCE JUN 1      1.72                      0.65   1.07     0.75
  SINCE JAN 1     23.56                     14.58   8.98    15.31

SNOWFALL (IN)
  TODAY            0.0           0.0  2002   0.0    0.0      0.0
                                      2001
  MONTH TO DATE    0.0                       0.0    0.0      0.0
  SINCE JUN 1      0.0                       0.0    0.0      0.0
  SINCE JUL 1    134.9                     123.8   11.1     80.3
  SNOW DEPTH       0

DEGREE DAYS
 HEATING
  TODAY           11                         3      8        0
  MONTH TO DATE   50                        23     27        0
  SINCE JUN 1     50                        23     27        0
  SINCE JUL 1   6117                      6613   -496     5798

 COOLING
  TODAY            0                         2     -2        3
  MONTH TO DATE    0                        12    -12       22
  SINCE JUN 1      0                        12    -12       22
  SINCE JAN 1     32                        42    -10       78
..................................................................


WIND (MPH)
  HIGHEST WIND SPEED    17   HIGHEST WIND DIRECTION    NE (60)
  HIGHEST GUST SPEED    24   HIGHEST GUST DIRECTION    NE (60)
  AVERAGE WIND SPEED     9.7


SKY COVER
  POSSIBLE SUNSHINE  MM
  AVERAGE SKY COVER 1.0


WEATHER CONDITIONS
 THE FOLLOWING WEATHER WAS RECORDED TODAY.
  HEAVY RAIN
  RAIN
  LIGHT RAIN
  FOG


RELATIVE HUMIDITY (PERCENT)
 HIGHEST   100          1200 AM
 LOWEST     89           600 PM
 AVERAGE    95

..........................................................


THE SYRACUSE NY CLIMATE NORMALS FOR TOMORROW
                         NORMAL    RECORD    YEAR
 MAXIMUM TEMPERATURE (F)   75        94      1999
 MINIMUM TEMPERATURE (F)   54        40      1939


SUNRISE AND SUNSET
JUNE  6 2017..........SUNRISE   526 AM EDT   SUNSET   841 PM EDT
JUNE  7 2017..........SUNRISE   525 AM EDT   SUNSET   842 PM EDT


-  INDICATES NEGATIVE NUMBERS.
R  INDICATES RECORD WAS SET OR TIED.
MM INDICATES DATA IS MISSING.
T  INDICATES TRACE AMOUNT.




$$
