000
CDUS41 KBGM 102220
CLISYR


CLIMATE REPORT
NATIONAL WEATHER SERVICE BINGHAMTON NY
519 PM EST TUE JAN 10 2017


...................................

...THE SYRACUSE NY CLIMATE SUMMARY FOR JANUARY 10 2017...
VALID TODAY AS OF 0500 PM LOCAL TIME.

CLIMATE NORMAL PERIOD 1981 TO 2010
CLIMATE RECORD PERIOD 1902 TO 2017


WEATHER ITEM   OBSERVED TIME   RECORD YEAR NORMAL DEPARTURE LAST
                VALUE   (LST)  VALUE       VALUE  FROM      YEAR
                                                  NORMAL
..................................................................
TEMPERATURE (F)
 TODAY
  MAXIMUM         30    459 PM  57    1950  31     -1       54
  MINIMUM         10   1217 AM -16    2004  16     -6       27
  AVERAGE         20                        24     -4       41

PRECIPITATION (IN)
  TODAY            0.14          0.60 2016   0.09   0.05     0.60
  MONTH TO DATE    0.92                      0.89   0.03     0.87
  SINCE DEC 1      4.16                      4.11   0.05     5.70
  SINCE JAN 1      0.92                      0.89   0.03     0.87

SNOWFALL (IN)
  TODAY            0.7          10.6  2007   1.1   -0.4      0.1
  MONTH TO DATE    4.6                      10.5   -5.9      3.7
  SINCE DEC 1     41.8                      43.2   -1.4      5.8
  SINCE JUL 1     67.2                      53.1   14.1      6.6
  SNOW DEPTH       2

DEGREE DAYS
 HEATING
  TODAY           45                        41      4       24
  MONTH TO DATE  391                       408    -17      373
  SINCE DEC 1   1482                      1512    -30     1104
  SINCE JUL 1   2676                      2861   -185     2189

 COOLING
  TODAY            0                         0      0        0
  MONTH TO DATE    0                         0      0        0
  SINCE DEC 1      0                         0      0        0
  SINCE JAN 1      0                         0      0        0
..................................................................


WIND (MPH)
  HIGHEST WIND SPEED    25   HIGHEST WIND DIRECTION    SE (150)
  HIGHEST GUST SPEED    34   HIGHEST GUST DIRECTION     S (160)
  AVERAGE WIND SPEED     9.2


SKY COVER
  POSSIBLE SUNSHINE  MM
  AVERAGE SKY COVER 0.7


WEATHER CONDITIONS
 THE FOLLOWING WEATHER WAS RECORDED TODAY.
  FREEZING RAIN
  LT FREEZING RAIN
  SNOW
  LIGHT SNOW
  SLEET
  FOG
  HAZE


RELATIVE HUMIDITY (PERCENT)
 HIGHEST    81          1200 PM
 LOWEST     57           900 AM
 AVERAGE    69

..........................................................


THE SYRACUSE NY CLIMATE NORMALS FOR TOMORROW
                         NORMAL    RECORD    YEAR
 MAXIMUM TEMPERATURE (F)   31        67      1975
 MINIMUM TEMPERATURE (F)   16       -18      1968


SUNRISE AND SUNSET
JANUARY 10 2017.......SUNRISE   735 AM EST   SUNSET   449 PM EST
JANUARY 11 2017.......SUNRISE   735 AM EST   SUNSET   451 PM EST


-  INDICATES NEGATIVE NUMBERS.
R  INDICATES RECORD WAS SET OR TIED.
MM INDICATES DATA IS MISSING.
T  INDICATES TRACE AMOUNT.




$$
