000
CDUS41 KBGM 222120
CLISYR


CLIMATE REPORT
NATIONAL WEATHER SERVICE BINGHAMTON NY
519 PM EDT TUE AUG 22 2017


...................................

...THE SYRACUSE NY CLIMATE SUMMARY FOR AUGUST 22 2017...
VALID TODAY AS OF 0500 PM LOCAL TIME.

CLIMATE NORMAL PERIOD 1981 TO 2010
CLIMATE RECORD PERIOD 1902 TO 2017


WEATHER ITEM   OBSERVED TIME   RECORD YEAR NORMAL DEPARTURE LAST
                VALUE   (LST)  VALUE       VALUE  FROM      YEAR
                                                  NORMAL
..................................................................
TEMPERATURE (F)
 TODAY
  MAXIMUM         89   1242 PM  97    1916  80      9       71
  MINIMUM         65    357 AM  43    1988  59      6       57
  AVERAGE         77                        69      8       64

PRECIPITATION (IN)
  TODAY            0.58          4.21 2010   0.11   0.47     0.00
  MONTH TO DATE    1.59                      2.55  -0.96     4.00
  SINCE JUN 1     10.47                      9.64   0.83     8.60
  SINCE JAN 1     32.31                     23.57   8.74    23.16

SNOWFALL (IN)
  TODAY            0.0           0.0  2002   0.0    0.0      0.0
                                      2000
                                      2001
  MONTH TO DATE    0.0                       0.0    0.0      0.0
  SINCE JUN 1      0.0                       0.0    0.0       T
  SINCE JUL 1      0.0                       0.0    0.0      0.0
  SNOW DEPTH       0

DEGREE DAYS
 HEATING
  TODAY            0                         1     -1        1
  MONTH TO DATE    0                         9     -9        1
  SINCE JUN 1     73                        78     -5       54
  SINCE JUL 1      2                        17    -15        1

 COOLING
  TODAY           12                         5      7        0
  MONTH TO DATE  137                       126     11      223
  SINCE JUN 1    415                       442    -27      589
  SINCE JAN 1    447                       472    -25      645
..................................................................


WIND (MPH)
  HIGHEST WIND SPEED    40   HIGHEST WIND DIRECTION     W (280)
  HIGHEST GUST SPEED    50   HIGHEST GUST DIRECTION     W (280)
  AVERAGE WIND SPEED    10.4


SKY COVER
  POSSIBLE SUNSHINE  MM
  AVERAGE SKY COVER 0.6


WEATHER CONDITIONS
 THE FOLLOWING WEATHER WAS RECORDED TODAY.
  THUNDERSTORM
  HEAVY RAIN
  RAIN
  LIGHT RAIN
  FOG


RELATIVE HUMIDITY (PERCENT)
 HIGHEST   100           300 PM
 LOWEST     50           100 PM
 AVERAGE    75

..........................................................


THE SYRACUSE NY CLIMATE NORMALS FOR TOMORROW
                         NORMAL    RECORD    YEAR
 MAXIMUM TEMPERATURE (F)   79        92      1936
                                             1918
 MINIMUM TEMPERATURE (F)   59        45      1988
                                             1971


SUNRISE AND SUNSET
AUGUST 22 2017........SUNRISE   618 AM EDT   SUNSET   756 PM EDT
AUGUST 23 2017........SUNRISE   619 AM EDT   SUNSET   754 PM EDT


-  INDICATES NEGATIVE NUMBERS.
R  INDICATES RECORD WAS SET OR TIED.
MM INDICATES DATA IS MISSING.
T  INDICATES TRACE AMOUNT.




$$
