000
CDUS41 KBGM 290553
CLISYR


CLIMATE REPORT
NATIONAL WEATHER SERVICE BINGHAMTON NY
152 AM EDT WED OCT 29 2014


...................................

...THE SYRACUSE NY CLIMATE SUMMARY FOR OCTOBER 28 2014...

CLIMATE NORMAL PERIOD 1981 TO 2010
CLIMATE RECORD PERIOD 1902 TO 2014


WEATHER ITEM   OBSERVED TIME   RECORD YEAR NORMAL DEPARTURE LAST
                VALUE   (LST)  VALUE       VALUE  FROM      YEAR
                                                  NORMAL
..................................................................
TEMPERATURE (F)
 YESTERDAY
  MAXIMUM         78    348 PM  79    1927  56     22       52
  MINIMUM         48    657 AM  22    1940  38     10       28
  AVERAGE         63                        47     16       40

PRECIPITATION (IN)
  YESTERDAY        0.39          1.60 1981   0.11   0.28      T
  MONTH TO DATE    4.45                      3.11   1.34     3.38
  SINCE SEP 1      6.05                      6.80  -0.75     6.58
  SINCE JAN 1     35.09                     31.39   3.70    33.16

SNOWFALL (IN)
  YESTERDAY        0.0           1.8  1965   0.1   -0.1      0.0
  MONTH TO DATE    0.0                       0.3   -0.3       T
  SINCE SEP 1      0.0                       0.3   -0.3       T
  SINCE JUL 1      0.0                       0.3   -0.3       T
  SNOW DEPTH       0

DEGREE DAYS
 HEATING
  YESTERDAY        2                        18    -16       25
  MONTH TO DATE  269                       395   -126      281
  SINCE SEP 1    372                       536   -164      453
  SINCE JUL 1    383                       562   -179      459

 COOLING
  YESTERDAY        0                         0      0        0
  MONTH TO DATE   13                         0     13        1
  SINCE SEP 1     88                        52     36       69
  SINCE JAN 1    647                       565     82      712
..................................................................


WIND (MPH)
  HIGHEST WIND SPEED    22   HIGHEST WIND DIRECTION    NW (310)
  HIGHEST GUST SPEED    29   HIGHEST GUST DIRECTION     W (290)
  AVERAGE WIND SPEED     8.8


SKY COVER
  POSSIBLE SUNSHINE  MM
  AVERAGE SKY COVER 0.9


WEATHER CONDITIONS
 THE FOLLOWING WEATHER WAS RECORDED YESTERDAY.
  RAIN
  LIGHT RAIN
  FOG


RELATIVE HUMIDITY (PERCENT)
 HIGHEST    93          1100 PM
 LOWEST     42           300 PM
 AVERAGE    68

..........................................................


THE SYRACUSE NY CLIMATE NORMALS FOR TODAY
                         NORMAL    RECORD    YEAR
 MAXIMUM TEMPERATURE (F)   55        76      1945
 MINIMUM TEMPERATURE (F)   38        18      1940


SUNRISE AND SUNSET
OCTOBER 29 2014.......SUNRISE   735 AM EDT   SUNSET   600 PM EDT
OCTOBER 30 2014.......SUNRISE   737 AM EDT   SUNSET   559 PM EDT


-  INDICATES NEGATIVE NUMBERS.
R  INDICATES RECORD WAS SET OR TIED.
MM INDICATES DATA IS MISSING.
T  INDICATES TRACE AMOUNT.




$$
