000
CDUS41 KBGM 250218
CLISYR


CLIMATE REPORT
NATIONAL WEATHER SERVICE BINGHAMTON NY
1017 PM EDT MON APR 24 2017


...................................

...THE SYRACUSE NY CLIMATE SUMMARY FOR APRIL 24 2017...
VALID AS OF 1000 PM LOCAL TIME.

CLIMATE NORMAL PERIOD 1981 TO 2010
CLIMATE RECORD PERIOD 1902 TO 2017


WEATHER ITEM   OBSERVED TIME   RECORD YEAR NORMAL DEPARTURE LAST
                VALUE   (LST)  VALUE       VALUE  FROM      YEAR
                                                  NORMAL
..................................................................
TEMPERATURE (F)
 TODAY
  MAXIMUM         70    409 PM  81    1960  61      9       55
  MINIMUM         37    545 AM  23    1919  40     -3       30
  AVERAGE         54                        50      4       43

PRECIPITATION (IN)
  TODAY            0.00          0.74 1966   0.10  -0.10     0.00
  MONTH TO DATE    4.61                      2.58   2.03     1.49
  SINCE MAR 1      8.46                      5.53   2.93     3.94
  SINCE JAN 1     15.04                     10.10   4.94    10.46

SNOWFALL (IN)
  TODAY            0.0           0.8  1971   0.0    0.0      0.0
  MONTH TO DATE    0.3                       3.5   -3.2      8.1
  SINCE MAR 1     31.2                      21.5    9.7     13.5
  SINCE JUL 1    134.9                     123.4   11.5     80.3
  SNOW DEPTH       0

DEGREE DAYS
 HEATING
  TODAY           11                        15     -4       22
  MONTH TO DATE  385                       466    -81      542
  SINCE MAR 1   1457                      1423     34     1317
  SINCE JUL 1   5726                      6254   -528     5416

 COOLING
  TODAY            0                         0      0        0
  MONTH TO DATE    8                         0      8        0
  SINCE MAR 1      8                         0      8        0
  SINCE JAN 1      8                         0      8        0
..................................................................


WIND (MPH)
  HIGHEST WIND SPEED    12   HIGHEST WIND DIRECTION    NW (330)
  HIGHEST GUST SPEED    15   HIGHEST GUST DIRECTION    NE (30)
  AVERAGE WIND SPEED     3.6


SKY COVER
  POSSIBLE SUNSHINE  MM
  AVERAGE SKY COVER 0.5


WEATHER CONDITIONS
 THE FOLLOWING WEATHER WAS RECORDED TODAY.
  NO SIGNIFICANT WEATHER WAS OBSERVED.


RELATIVE HUMIDITY (PERCENT)
 HIGHEST    92           300 AM
 LOWEST     28           300 PM
 AVERAGE    60

..........................................................


THE SYRACUSE NY CLIMATE NORMALS FOR TOMORROW
                         NORMAL    RECORD    YEAR
 MAXIMUM TEMPERATURE (F)   62        88      2009
 MINIMUM TEMPERATURE (F)   40        19      1919


SUNRISE AND SUNSET
APRIL 24 2017.........SUNRISE   608 AM EDT   SUNSET   758 PM EDT
APRIL 25 2017.........SUNRISE   606 AM EDT   SUNSET   759 PM EDT


-  INDICATES NEGATIVE NUMBERS.
R  INDICATES RECORD WAS SET OR TIED.
MM INDICATES DATA IS MISSING.
T  INDICATES TRACE AMOUNT.

$$
