000
CDUS41 KBGM 220224
CLISYR


CLIMATE REPORT
NATIONAL WEATHER SERVICE BINGHAMTON NY
1024 PM EDT THU MAY 21 2015


...................................

...THE SYRACUSE NY CLIMATE SUMMARY FOR MAY 21 2015...
VALID AS OF 1000 PM LOCAL TIME.

CLIMATE NORMAL PERIOD 1981 TO 2010
CLIMATE RECORD PERIOD 1902 TO 2015


WEATHER ITEM   OBSERVED TIME   RECORD YEAR NORMAL DEPARTURE LAST
                VALUE   (LST)  VALUE       VALUE  FROM      YEAR
                                                  NORMAL
..................................................................
TEMPERATURE (F)
 TODAY
  MAXIMUM         66    220 PM  96    1977  70     -4       75
  MINIMUM         42   1227 AM  33    1906  48     -6       53
  AVERAGE         54                        59     -5       64

PRECIPITATION (IN)
  TODAY            0.00          1.11 1947   0.11  -0.11     0.00
  MONTH TO DATE    1.92                      2.13  -0.21     3.46
  SINCE MAR 1      6.23                      8.27  -2.04    11.58
  SINCE JAN 1     10.11                     12.84  -2.73    17.13

SNOWFALL (IN)
  TODAY            0.0           T    2006   0.0    0.0      0.0
  MONTH TO DATE    0.0                       0.1   -0.1       T
  SINCE MAR 1     12.9                      21.9   -9.0     22.1
  SINCE JUL 1    119.7                     123.8   -4.1    132.0
  SNOW DEPTH       0

DEGREE DAYS
 HEATING
  TODAY           11                         7      4        1
  MONTH TO DATE   91                       199   -108      161
  SINCE MAR 1   1809                      1703    106     1934
  SINCE JUL 1   7033                      6534    499     7026

 COOLING
  TODAY            0                         1     -1        0
  MONTH TO DATE   56                        11     45       32
  SINCE MAR 1     56                        15     41       33
  SINCE JAN 1     56                        15     41       33
..................................................................


WIND (MPH)
  HIGHEST WIND SPEED    17   HIGHEST WIND DIRECTION     W (250)
  HIGHEST GUST SPEED    22   HIGHEST GUST DIRECTION     W (250)
  AVERAGE WIND SPEED     6.1


SKY COVER
  POSSIBLE SUNSHINE  MM
  AVERAGE SKY COVER 0.8


WEATHER CONDITIONS
 THE FOLLOWING WEATHER WAS RECORDED TODAY.
  NO SIGNIFICANT WEATHER WAS OBSERVED.


RELATIVE HUMIDITY (PERCENT)
 HIGHEST    76           100 AM
 LOWEST     30           400 PM
 AVERAGE    53

..........................................................


THE SYRACUSE NY CLIMATE NORMALS FOR TOMORROW
                         NORMAL    RECORD    YEAR
 MAXIMUM TEMPERATURE (F)   71        92      1911
 MINIMUM TEMPERATURE (F)   48        35      1990
                                             1967


SUNRISE AND SUNSET
MAY 21 2015...........SUNRISE   535 AM EDT   SUNSET   827 PM EDT
MAY 22 2015...........SUNRISE   535 AM EDT   SUNSET   828 PM EDT


-  INDICATES NEGATIVE NUMBERS.
R  INDICATES RECORD WAS SET OR TIED.
MM INDICATES DATA IS MISSING.
T  INDICATES TRACE AMOUNT.




$$
