000
CDUS41 KBGM 230553
CLISYR


CLIMATE REPORT
NATIONAL WEATHER SERVICE BINGHAMTON NY
146 AM EDT MON MAY 23 2016


...................................

...THE SYRACUSE NY CLIMATE SUMMARY FOR MAY 22 2016...

CLIMATE NORMAL PERIOD 1981 TO 2010
CLIMATE RECORD PERIOD 1902 TO 2016


WEATHER ITEM   OBSERVED TIME   RECORD YEAR NORMAL DEPARTURE LAST
                VALUE   (LST)  VALUE       VALUE  FROM      YEAR
                                                  NORMAL
..................................................................
TEMPERATURE (F)
 YESTERDAY
  MAXIMUM         70    112 PM  92    1911  71     -1       62
  MINIMUM         52    501 AM  35    1990  48      4       42
                                      1967
  AVERAGE         61                        59      2       52

PRECIPITATION (IN)
  YESTERDAY        0.06          1.01 1944   0.12  -0.06     0.00
  MONTH TO DATE    1.16                      2.25  -1.09     1.92
  SINCE MAR 1      5.62                      8.39  -2.77     6.23
  SINCE JAN 1     12.14                     12.96  -0.82    10.11

SNOWFALL (IN)
  YESTERDAY        0.0           0.0  2002   0.0    0.0      0.0
                                      2001
  MONTH TO DATE    T                         0.1   -0.1      0.0
  SINCE MAR 1     13.5                      21.9   -8.4     12.9
  SINCE JUL 1     80.3                     123.8  -43.5    119.7
  SNOW DEPTH       0

DEGREE DAYS
 HEATING
  YESTERDAY        4                         7     -3       13
  MONTH TO DATE  258                       206     52      104
  SINCE MAR 1   1696                      1710    -14     1822
  SINCE JUL 1   5795                      6541   -746     7046

 COOLING
  YESTERDAY        0                         1     -1        0
  MONTH TO DATE    0                        12    -12       56
  SINCE MAR 1      0                        16    -16       56
  SINCE JAN 1      0                        16    -16       56
..................................................................


WIND (MPH)
  HIGHEST WIND SPEED    15   HIGHEST WIND DIRECTION     N (340)
  HIGHEST GUST SPEED    17   HIGHEST GUST DIRECTION    NW (330)
  AVERAGE WIND SPEED     3.1


SKY COVER
  POSSIBLE SUNSHINE  MM
  AVERAGE SKY COVER 0.9


WEATHER CONDITIONS
 THE FOLLOWING WEATHER WAS RECORDED YESTERDAY.
  LIGHT RAIN
  FOG


RELATIVE HUMIDITY (PERCENT)
 HIGHEST   100          1200 AM
 LOWEST     58           200 PM
 AVERAGE    79

..........................................................


THE SYRACUSE NY CLIMATE NORMALS FOR TODAY
                         NORMAL    RECORD    YEAR
 MAXIMUM TEMPERATURE (F)   71        93      1977
 MINIMUM TEMPERATURE (F)   49        32      1967


SUNRISE AND SUNSET
MAY 23 2016...........SUNRISE   533 AM EDT   SUNSET   830 PM EDT
MAY 24 2016...........SUNRISE   532 AM EDT   SUNSET   831 PM EDT


-  INDICATES NEGATIVE NUMBERS.
R  INDICATES RECORD WAS SET OR TIED.
MM INDICATES DATA IS MISSING.
T  INDICATES TRACE AMOUNT.




$$
