000
CDUS41 KBGM 200217
CLISYR


CLIMATE REPORT
NATIONAL WEATHER SERVICE BINGHAMTON NY
1017 PM EDT THU OCT 19 2017


...................................

...THE SYRACUSE NY CLIMATE SUMMARY FOR OCTOBER 19 2017...
VALID AS OF 1000 PM LOCAL TIME.

CLIMATE NORMAL PERIOD 1981 TO 2010
CLIMATE RECORD PERIOD 1902 TO 2017


WEATHER ITEM   OBSERVED TIME   RECORD YEAR NORMAL DEPARTURE LAST
                VALUE   (LST)  VALUE       VALUE  FROM      YEAR
                                                  NORMAL
..................................................................
TEMPERATURE (F)
 TODAY
  MAXIMUM         72    331 PM  81    1953  59     13       66
  MINIMUM         46    403 AM  22    1922  40      6       49
  AVERAGE         59                        50      9       58

PRECIPITATION (IN)
  TODAY            0.00          1.67 1968   0.11  -0.11      T
  MONTH TO DATE    1.88                      2.12  -0.24     2.29
  SINCE SEP 1      3.26                      5.81  -2.55     5.99
  SINCE JAN 1     35.78                     30.40   5.38    29.20

SNOWFALL (IN)
  TODAY            0.0           1.2  1992   0.0    0.0      0.0
  MONTH TO DATE    0.0                       0.1   -0.1      0.0
  SINCE SEP 1      0.0                       0.1   -0.1      0.0
  SINCE JUL 1      0.0                       0.1   -0.1      0.0
  SNOW DEPTH       0

DEGREE DAYS
 HEATING
  TODAY            6                        16    -10        7
  MONTH TO DATE  119                       241   -122      154
  SINCE SEP 1    222                       382   -160      242
  SINCE JUL 1    258                       408   -150      243

 COOLING
  TODAY            0                         0      0        0
  MONTH TO DATE   17                         0     17        7
  SINCE SEP 1    112                        52     60       97
  SINCE JAN 1    562                       565     -3      809
..................................................................


WIND (MPH)
  HIGHEST WIND SPEED    26   HIGHEST WIND DIRECTION     W (270)
  HIGHEST GUST SPEED    33   HIGHEST GUST DIRECTION     W (260)
  AVERAGE WIND SPEED     9.3


SKY COVER
  POSSIBLE SUNSHINE  MM
  AVERAGE SKY COVER 0.4


WEATHER CONDITIONS
 THE FOLLOWING WEATHER WAS RECORDED TODAY.
  NO SIGNIFICANT WEATHER WAS OBSERVED.


RELATIVE HUMIDITY (PERCENT)
 HIGHEST    86           400 AM
 LOWEST     35           300 PM
 AVERAGE    61

..........................................................


THE SYRACUSE NY CLIMATE NORMALS FOR TOMORROW
                         NORMAL    RECORD    YEAR
 MAXIMUM TEMPERATURE (F)   58        81      1963
 MINIMUM TEMPERATURE (F)   40        20      1940


SUNRISE AND SUNSET
OCTOBER 19 2017.......SUNRISE   723 AM EDT   SUNSET   615 PM EDT
OCTOBER 20 2017.......SUNRISE   724 AM EDT   SUNSET   613 PM EDT


-  INDICATES NEGATIVE NUMBERS.
R  INDICATES RECORD WAS SET OR TIED.
MM INDICATES DATA IS MISSING.
T  INDICATES TRACE AMOUNT.




$$
