000
CDUS41 KBGM 240552
CLISYR


CLIMATE REPORT
NATIONAL WEATHER SERVICE BINGHAMTON NY
152 AM EDT MON AUG 24 2015


...................................

...THE SYRACUSE NY CLIMATE SUMMARY FOR AUGUST 23 2015...

CLIMATE NORMAL PERIOD 1981 TO 2010
CLIMATE RECORD PERIOD 1902 TO 2015


WEATHER ITEM   OBSERVED TIME   RECORD YEAR NORMAL DEPARTURE LAST
                VALUE   (LST)  VALUE       VALUE  FROM      YEAR
                                                  NORMAL
..................................................................
TEMPERATURE (F)
 YESTERDAY
  MAXIMUM         81    228 PM  92    1936  79      2       73
                                      1918
  MINIMUM         56    542 AM  45    1988  59     -3       61
                                      1971
  AVERAGE         69                        69      0       67

PRECIPITATION (IN)
  YESTERDAY        0.00          1.88 1970   0.12  -0.12      T
  MONTH TO DATE    1.75                      2.67  -0.92     3.49
  SINCE JUN 1     15.04                      9.76   5.28    11.41
  SINCE JAN 1     27.16                     23.69   3.47    28.79

SNOWFALL (IN)
  YESTERDAY        0.0           0.0  2002   0.0    0.0      0.0
                                      2000
                                      2001
  MONTH TO DATE    0.0                       0.0    0.0      0.0
  SINCE JUN 1      0.0                       0.0    0.0      0.0
  SINCE JUL 1      0.0                       0.0    0.0      0.0
  SNOW DEPTH       0

DEGREE DAYS
 HEATING
  YESTERDAY        0                         1     -1        0
  MONTH TO DATE    0                        10    -10        8
  SINCE JUN 1     58                        79    -21       33
  SINCE JUL 1      5                        18    -13       10

 COOLING
  YESTERDAY        4                         5     -1        2
  MONTH TO DATE  147                       131     16      105
  SINCE JUN 1    433                       447    -14      462
  SINCE JAN 1    538                       477     61      518
..................................................................


WIND (MPH)
  HIGHEST WIND SPEED    12   HIGHEST WIND DIRECTION     N (20)
  HIGHEST GUST SPEED    15   HIGHEST GUST DIRECTION     N (20)
  AVERAGE WIND SPEED     2.4


SKY COVER
  POSSIBLE SUNSHINE  MM
  AVERAGE SKY COVER 0.7


WEATHER CONDITIONS
 THE FOLLOWING WEATHER WAS RECORDED YESTERDAY.
  NO SIGNIFICANT WEATHER WAS OBSERVED.


RELATIVE HUMIDITY (PERCENT)
 HIGHEST    93           400 AM
 LOWEST     50          1200 PM
 AVERAGE    72

..........................................................


THE SYRACUSE NY CLIMATE NORMALS FOR TODAY
                         NORMAL    RECORD    YEAR
 MAXIMUM TEMPERATURE (F)   79        93      1947
 MINIMUM TEMPERATURE (F)   59        41      1940


SUNRISE AND SUNSET
AUGUST 24 2015........SUNRISE   620 AM EDT   SUNSET   753 PM EDT
AUGUST 25 2015........SUNRISE   621 AM EDT   SUNSET   752 PM EDT


-  INDICATES NEGATIVE NUMBERS.
R  INDICATES RECORD WAS SET OR TIED.
MM INDICATES DATA IS MISSING.
T  INDICATES TRACE AMOUNT.




$$
