376
CDUS41 KBGM 300324
CLISYR


CLIMATE REPORT
NATIONAL WEATHER SERVICE BINGHAMTON NY
1023 PM EST FRI JAN 29 2016


...................................

...THE SYRACUSE NY CLIMATE SUMMARY FOR JANUARY 29 2016...
VALID AS OF 1000 PM LOCAL TIME.

CLIMATE NORMAL PERIOD 1981 TO 2010
CLIMATE RECORD PERIOD 1902 TO 2016


WEATHER ITEM   OBSERVED TIME   RECORD YEAR NORMAL DEPARTURE LAST
                VALUE   (LST)  VALUE       VALUE  FROM      YEAR
                                                  NORMAL
..................................................................
TEMPERATURE (F)
 TODAY
  MAXIMUM         36   1227 AM  58    1950  32      4       35
  MINIMUM         22    919 PM  -6    1934  16      6        0
  AVERAGE         29                        24      5       18

PRECIPITATION (IN)
  TODAY            0.02          2.20 1925   0.07  -0.05     0.09
  MONTH TO DATE    1.71                      2.36  -0.65     1.49
  SINCE DEC 1      6.54                      5.58   0.96     4.51
  SINCE JAN 1      1.71                      2.36  -0.65     1.49

SNOWFALL (IN)
  TODAY            0.8           8.5  1990   1.1   -0.3      1.1
  MONTH TO DATE   38.8                      31.8    7.0     14.9
  SINCE DEC 1     40.9                      64.5  -23.6     32.4
  SINCE JUL 1     41.7                      74.4  -32.7     43.4
  SNOW DEPTH       6

DEGREE DAYS
 HEATING
  TODAY           36                        41     -5       47
  MONTH TO DATE 1151                      1204    -53     1362
  SINCE DEC 1   1882                      2308   -426     2370
  SINCE JUL 1   2967                      3657   -690     3555

 COOLING
  TODAY            0                         0      0        0
  MONTH TO DATE    0                         0      0        0
  SINCE DEC 1      0                         0      0        0
  SINCE JAN 1      0                         0      0        0
..................................................................


WIND (MPH)
  HIGHEST WIND SPEED    26   HIGHEST WIND DIRECTION     W (280)
  HIGHEST GUST SPEED    35   HIGHEST GUST DIRECTION     W (270)
  AVERAGE WIND SPEED    14.3


SKY COVER
  POSSIBLE SUNSHINE  MM
  AVERAGE SKY COVER 0.8


WEATHER CONDITIONS
 THE FOLLOWING WEATHER WAS RECORDED TODAY.
  LIGHT SNOW
  FOG
  HAZE
  BLOWING SNOW


RELATIVE HUMIDITY (PERCENT)
 HIGHEST    92           700 AM
 LOWEST     69           400 AM
 AVERAGE    81

..........................................................


THE SYRACUSE NY CLIMATE NORMALS FOR TOMORROW
                         NORMAL    RECORD    YEAR
 MAXIMUM TEMPERATURE (F)   32        63      2013
 MINIMUM TEMPERATURE (F)   16       -16      1948


SUNRISE AND SUNSET
JANUARY 29 2016.......SUNRISE   723 AM EST   SUNSET   512 PM EST
JANUARY 30 2016.......SUNRISE   722 AM EST   SUNSET   514 PM EST


-  INDICATES NEGATIVE NUMBERS.
R  INDICATES RECORD WAS SET OR TIED.
MM INDICATES DATA IS MISSING.
T  INDICATES TRACE AMOUNT.




$$
