736
CDUS41 KBGM 170216
CLISYR


CLIMATE REPORT
NATIONAL WEATHER SERVICE BINGHAMTON NY
1015 PM EDT FRI SEP 16 2016


...................................

...THE SYRACUSE NY CLIMATE SUMMARY FOR SEPTEMBER 16 2016...
VALID AS OF 1000 PM LOCAL TIME.

CLIMATE NORMAL PERIOD 1981 TO 2010
CLIMATE RECORD PERIOD 1902 TO 2016


WEATHER ITEM   OBSERVED TIME   RECORD YEAR NORMAL DEPARTURE LAST
                VALUE   (LST)  VALUE       VALUE  FROM      YEAR
                                                  NORMAL
..................................................................
TEMPERATURE (F)
 TODAY
  MAXIMUM         76    349 PM  98    1939  72      4       84
  MINIMUM         43    542 AM  35    1964  52     -9       54
  AVERAGE         60                        62     -2       69

PRECIPITATION (IN)
  TODAY            0.00          2.30 1999   0.12  -0.12     0.00
  MONTH TO DATE    1.66                      1.90  -0.24     1.71
  SINCE SEP 1      1.66                      1.90  -0.24     1.71
  SINCE JAN 1     24.87                     26.49  -1.62    29.03

SNOWFALL (IN)
  TODAY            0.0           0.0  2002   0.0    0.0      0.0
                                      2000
                                      2001
  MONTH TO DATE    0.0                       0.0    0.0      0.0
  SINCE SEP 1      0.0                       0.0    0.0      0.0
  SINCE JUL 1      0.0                       0.0    0.0      0.0
  SNOW DEPTH       0

DEGREE DAYS
 HEATING
  TODAY            5                         4      1        0
  MONTH TO DATE   22                        44    -22       12
  SINCE SEP 1     22                        44    -22       12
  SINCE JUL 1     23                        70    -47       20

 COOLING
  TODAY            0                         2     -2        4
  MONTH TO DATE   62                        41     21      119
  SINCE SEP 1     62                        41     21      119
  SINCE JAN 1    774                       554    220      691
..................................................................


WIND (MPH)
  HIGHEST WIND SPEED    15   HIGHEST WIND DIRECTION    SE (140)
  HIGHEST GUST SPEED    20   HIGHEST GUST DIRECTION    SE (150)
  AVERAGE WIND SPEED     6.3


SKY COVER
  POSSIBLE SUNSHINE  MM
  AVERAGE SKY COVER 0.5


WEATHER CONDITIONS
 THE FOLLOWING WEATHER WAS RECORDED TODAY.
  NO SIGNIFICANT WEATHER WAS OBSERVED.


RELATIVE HUMIDITY (PERCENT)
 HIGHEST   100           300 AM
 LOWEST     43           200 PM
 AVERAGE    72

..........................................................


THE SYRACUSE NY CLIMATE NORMALS FOR TOMORROW
                         NORMAL    RECORD    YEAR
 MAXIMUM TEMPERATURE (F)   72        89      1942
 MINIMUM TEMPERATURE (F)   52        36      1986


SUNRISE AND SUNSET
SEPTEMBER 16 2016.....SUNRISE   646 AM EDT   SUNSET   712 PM EDT
SEPTEMBER 17 2016.....SUNRISE   647 AM EDT   SUNSET   710 PM EDT


-  INDICATES NEGATIVE NUMBERS.
R  INDICATES RECORD WAS SET OR TIED.
MM INDICATES DATA IS MISSING.
T  INDICATES TRACE AMOUNT.

$$
