000
CDUS41 KBGM 140216
CLISYR


CLIMATE REPORT
NATIONAL WEATHER SERVICE BINGHAMTON NY
1015 PM EDT WED APR 13 2016


...................................

...THE SYRACUSE NY CLIMATE SUMMARY FOR APRIL 13 2016...
VALID AS OF 1000 PM LOCAL TIME.

CLIMATE NORMAL PERIOD 1981 TO 2010
CLIMATE RECORD PERIOD 1902 TO 2016


WEATHER ITEM   OBSERVED TIME   RECORD YEAR NORMAL DEPARTURE LAST
                VALUE   (LST)  VALUE       VALUE  FROM      YEAR
                                                  NORMAL
..................................................................
TEMPERATURE (F)
 TODAY
  MAXIMUM         48    137 PM  85    1945  56     -8       81
  MINIMUM         27    303 AM  21    1940  36     -9       37
                                      1914
  AVERAGE         38                        46     -8       59

PRECIPITATION (IN)
  TODAY            0.00          1.42 2004   0.11  -0.11     0.22
  MONTH TO DATE    1.49                      1.46   0.03     1.89
  SINCE MAR 1      3.94                      4.41  -0.47     3.41
  SINCE JAN 1     10.46                      8.98   1.48     7.29

SNOWFALL (IN)
  TODAY            0.0           4.1  1961   0.2   -0.2      0.0
  MONTH TO DATE    8.3                       2.5    5.8       T
  SINCE MAR 1     13.7                      20.5   -6.8     12.3
  SINCE JUL 1     80.5                     122.4  -41.9    119.1
  SNOW DEPTH       0

DEGREE DAYS
 HEATING
  TODAY           27                        19      8        6
  MONTH TO DATE  389                       282    107      274
  SINCE MAR 1   1164                      1239    -75     1443
  SINCE JUL 1   5263                      6070   -807     6667

 COOLING
  TODAY            0                         0      0        0
  MONTH TO DATE    0                         0      0        0
  SINCE MAR 1      0                         0      0        0
  SINCE JAN 1      0                         0      0        0
..................................................................


WIND (MPH)
  HIGHEST WIND SPEED    14   HIGHEST WIND DIRECTION    NW (330)
  HIGHEST GUST SPEED    18   HIGHEST GUST DIRECTION    NW (330)
  AVERAGE WIND SPEED     6.6


SKY COVER
  POSSIBLE SUNSHINE  MM
  AVERAGE SKY COVER 0.5


WEATHER CONDITIONS
 THE FOLLOWING WEATHER WAS RECORDED TODAY.
  NO SIGNIFICANT WEATHER WAS OBSERVED.


RELATIVE HUMIDITY (PERCENT)
 HIGHEST    92           600 AM
 LOWEST     31           100 PM
 AVERAGE    62

..........................................................


THE SYRACUSE NY CLIMATE NORMALS FOR TOMORROW
                         NORMAL    RECORD    YEAR
 MAXIMUM TEMPERATURE (F)   57        83      1968
 MINIMUM TEMPERATURE (F)   36        22      1943


SUNRISE AND SUNSET
APRIL 13 2016.........SUNRISE   625 AM EDT   SUNSET   745 PM EDT
APRIL 14 2016.........SUNRISE   623 AM EDT   SUNSET   747 PM EDT


-  INDICATES NEGATIVE NUMBERS.
R  INDICATES RECORD WAS SET OR TIED.
MM INDICATES DATA IS MISSING.
T  INDICATES TRACE AMOUNT.

$$
