431
CDUS41 KBGM 170603
CLISYR


CLIMATE REPORT
NATIONAL WEATHER SERVICE BINGHAMTON NY
203 AM EDT TUE MAY 17 2016


...................................

...THE SYRACUSE NY CLIMATE SUMMARY FOR MAY 16 2016...

CLIMATE NORMAL PERIOD 1981 TO 2010
CLIMATE RECORD PERIOD 1902 TO 2016


WEATHER ITEM   OBSERVED TIME   RECORD YEAR NORMAL DEPARTURE LAST
                VALUE   (LST)  VALUE       VALUE  FROM      YEAR
                                                  NORMAL
..................................................................
TEMPERATURE (F)
 YESTERDAY
  MAXIMUM         58    520 PM  90    1962  69    -11       78
  MINIMUM         39    605 AM  32    1936  46     -7       54
  AVERAGE         49                        58     -9       66

PRECIPITATION (IN)
  YESTERDAY        T             1.45 1916   0.10  -0.10     0.05
  MONTH TO DATE    1.10                      1.59  -0.49     1.29
  SINCE MAR 1      5.56                      7.73  -2.17     5.60
  SINCE JAN 1     12.08                     12.30  -0.22     9.48

SNOWFALL (IN)
  YESTERDAY        T   R         T    1956   0.0    0.0      0.0
  MONTH TO DATE    T                         0.1   -0.1      0.0
  SINCE MAR 1     13.5                      21.9   -8.4     12.9
  SINCE JUL 1     80.3                     123.8  -43.5    119.7
  SNOW DEPTH       0

DEGREE DAYS
 HEATING
  YESTERDAY       16                         8      8        0
  MONTH TO DATE  198                       162     36       62
  SINCE MAR 1   1636                      1666    -30     1780
  SINCE JUL 1   5735                      6497   -762     7004

 COOLING
  YESTERDAY        0                         1     -1        1
  MONTH TO DATE    0                         6     -6       46
  SINCE MAR 1      0                        10    -10       46
  SINCE JAN 1      0                        10    -10       46
..................................................................


WIND (MPH)
  HIGHEST WIND SPEED    30   HIGHEST WIND DIRECTION     W (280)
  HIGHEST GUST SPEED    43   HIGHEST GUST DIRECTION    NW (300)
  AVERAGE WIND SPEED    13.3


SKY COVER
  POSSIBLE SUNSHINE  MM
  AVERAGE SKY COVER 0.8


WEATHER CONDITIONS
 THE FOLLOWING WEATHER WAS RECORDED YESTERDAY.
  LIGHT SNOW


RELATIVE HUMIDITY (PERCENT)
 HIGHEST    77          1100 PM
 LOWEST     32           100 PM
 AVERAGE    55

..........................................................


THE SYRACUSE NY CLIMATE NORMALS FOR TODAY
                         NORMAL    RECORD    YEAR
 MAXIMUM TEMPERATURE (F)   69        91      1977
 MINIMUM TEMPERATURE (F)   47        30      1983


SUNRISE AND SUNSET
MAY 17 2016...........SUNRISE   538 AM EDT   SUNSET   824 PM EDT
MAY 18 2016...........SUNRISE   537 AM EDT   SUNSET   825 PM EDT


-  INDICATES NEGATIVE NUMBERS.
R  INDICATES RECORD WAS SET OR TIED.
MM INDICATES DATA IS MISSING.
T  INDICATES TRACE AMOUNT.




$$
