000
CDUS41 KBGM 022124
CLISYR


CLIMATE REPORT
NATIONAL WEATHER SERVICE BINGHAMTON NY
524 PM EDT MON OCT 2 2017


...................................

...THE SYRACUSE NY CLIMATE SUMMARY FOR OCTOBER 2 2017...
VALID TODAY AS OF 0500 PM LOCAL TIME.

CLIMATE NORMAL PERIOD 1981 TO 2010
CLIMATE RECORD PERIOD 1902 TO 2017


WEATHER ITEM   OBSERVED TIME   RECORD YEAR NORMAL DEPARTURE LAST
                VALUE   (LST)  VALUE       VALUE  FROM      YEAR
                                                  NORMAL
..................................................................
TEMPERATURE (F)
 TODAY
  MAXIMUM         69    302 PM  86    1950  65      4       72
                                      1927
  MINIMUM         37    622 AM  33    1997  46     -9       52
                                      1960
                                      1939
  AVERAGE         53                        56     -3       62

PRECIPITATION (IN)
  TODAY            0.00          1.82 1929   0.12  -0.12     0.59
  MONTH TO DATE    0.00                      0.23  -0.23     0.87
  SINCE SEP 1      1.38                      3.92  -2.54     4.57
  SINCE JAN 1     33.90                     28.51   5.39    27.78

SNOWFALL (IN)
  TODAY            0.0           1.4  1974   0.0    0.0      0.0
  MONTH TO DATE    0.0                       0.0    0.0      0.0
  SINCE SEP 1      0.0                       0.0    0.0      0.0
  SINCE JUL 1      0.0                       0.0    0.0      0.0
  SNOW DEPTH       0

DEGREE DAYS
 HEATING
  TODAY           12                        10      2        3
  MONTH TO DATE   26                        20      6       11
  SINCE SEP 1    129                       161    -32       99
  SINCE JUL 1    165                       187    -22      100

 COOLING
  TODAY            0                         0      0        0
  MONTH TO DATE    0                         0      0        0
  SINCE SEP 1     95                        52     43       90
  SINCE JAN 1    545                       565    -20      802
..................................................................


WIND (MPH)
  HIGHEST WIND SPEED     8   HIGHEST WIND DIRECTION    NE (30)
  HIGHEST GUST SPEED    11   HIGHEST GUST DIRECTION     N (20)
  AVERAGE WIND SPEED     3.6


SKY COVER
  POSSIBLE SUNSHINE  MM
  AVERAGE SKY COVER 0.3


WEATHER CONDITIONS
 THE FOLLOWING WEATHER WAS RECORDED TODAY.
  FOG


RELATIVE HUMIDITY (PERCENT)
 HIGHEST   100           100 AM
 LOWEST     39           300 PM
 AVERAGE    70

..........................................................


THE SYRACUSE NY CLIMATE NORMALS FOR TOMORROW
                         NORMAL    RECORD    YEAR
 MAXIMUM TEMPERATURE (F)   65        86      1951
 MINIMUM TEMPERATURE (F)   45        31      1946
                                             1938


SUNRISE AND SUNSET
OCTOBER  2 2017.......SUNRISE   703 AM EDT   SUNSET   643 PM EDT
OCTOBER  3 2017.......SUNRISE   704 AM EDT   SUNSET   642 PM EDT


-  INDICATES NEGATIVE NUMBERS.
R  INDICATES RECORD WAS SET OR TIED.
MM INDICATES DATA IS MISSING.
T  INDICATES TRACE AMOUNT.




$$
