000
CDUS41 KBGM 220226
CLISYR


CLIMATE REPORT
NATIONAL WEATHER SERVICE BINGHAMTON NY
1025 PM EDT MON JUL 21 2014


...................................

...THE SYRACUSE NY CLIMATE SUMMARY FOR JULY 21 2014...
VALID AS OF 1000 PM LOCAL TIME.

CLIMATE NORMAL PERIOD 1981 TO 2010
CLIMATE RECORD PERIOD 1902 TO 2014


WEATHER ITEM   OBSERVED TIME   RECORD YEAR NORMAL DEPARTURE LAST
                VALUE   (LST)  VALUE       VALUE  FROM      YEAR
                                                  NORMAL
..................................................................
TEMPERATURE (F)
 TODAY
  MAXIMUM         89    328 PM 101    2011  82      7       80
  MINIMUM         65    151 AM  46    1965  61      4       62
  AVERAGE         77                        72      5       71

PRECIPITATION (IN)
  TODAY            0.00          1.57 1988   0.12  -0.12     0.00
  MONTH TO DATE    1.84                      2.57  -0.73     1.50
  SINCE JUN 1      4.58                      5.88  -1.30     8.30
  SINCE JAN 1     21.96                     19.81   2.15    22.24

SNOWFALL (IN)
  TODAY            0.0           0.0  2002   0.0    0.0      0.0
                                      2000
                                      2001
  MONTH TO DATE    0.0                       0.0    0.0      0.0
  SINCE JUN 1      0.0                       0.0    0.0      0.0
  SINCE JUL 1      0.0                       0.0    0.0      0.0
  SNOW DEPTH       0

DEGREE DAYS
 HEATING
  TODAY            0                         0      0        0
  MONTH TO DATE    0                         2     -2        0
  SINCE JUN 1     23                        63    -40       61
  SINCE JUL 1      0                         2     -2        0

 COOLING
  TODAY           12                         7      5        6
  MONTH TO DATE  161                       139     22      265
  SINCE JUN 1    308                       252     56      389
  SINCE JAN 1    364                       282     82      441
..................................................................


WIND (MPH)
  HIGHEST WIND SPEED    10   HIGHEST WIND DIRECTION     W (250)
  HIGHEST GUST SPEED    14   HIGHEST GUST DIRECTION     W (250)
  AVERAGE WIND SPEED     3.5


SKY COVER
  POSSIBLE SUNSHINE  MM
  AVERAGE SKY COVER 0.8


WEATHER CONDITIONS
 THE FOLLOWING WEATHER WAS RECORDED TODAY.
  NO SIGNIFICANT WEATHER WAS OBSERVED.


RELATIVE HUMIDITY (PERCENT)
 HIGHEST    81           200 AM
 LOWEST     43           300 PM
 AVERAGE    62

..........................................................


THE SYRACUSE NY CLIMATE NORMALS FOR TOMORROW
                         NORMAL    RECORD    YEAR
 MAXIMUM TEMPERATURE (F)   82        98      2002
 MINIMUM TEMPERATURE (F)   61        48      1970


SUNRISE AND SUNSET
JULY 21 2014..........SUNRISE   544 AM EDT   SUNSET   837 PM EDT
JULY 22 2014..........SUNRISE   545 AM EDT   SUNSET   836 PM EDT


-  INDICATES NEGATIVE NUMBERS.
R  INDICATES RECORD WAS SET OR TIED.
MM INDICATES DATA IS MISSING.
T  INDICATES TRACE AMOUNT.




$$
