000
CDUS41 KBGM 180553
CLISYR


CLIMATE REPORT
NATIONAL WEATHER SERVICE BINGHAMTON NY
153 AM EDT SUN JUN 18 2017


...................................

...THE SYRACUSE NY CLIMATE SUMMARY FOR JUNE 17 2017...

CLIMATE NORMAL PERIOD 1981 TO 2010
CLIMATE RECORD PERIOD 1902 TO 2017


WEATHER ITEM   OBSERVED TIME   RECORD YEAR NORMAL DEPARTURE LAST
                VALUE   (LST)  VALUE       VALUE  FROM      YEAR
                                                  NORMAL
..................................................................
TEMPERATURE (F)
 YESTERDAY
  MAXIMUM         86    353 PM  93    1994  78      8       83
                                      1952
  MINIMUM         61    501 AM  43    1980  57      4       54
  AVERAGE         74                        67      7       69

PRECIPITATION (IN)
  YESTERDAY        0.00          4.75 1922   0.10  -0.10     0.00
  MONTH TO DATE    2.12                      1.86   0.26     1.60
  SINCE JUN 1      2.12                      1.86   0.26     1.60
  SINCE JAN 1     23.96                     15.79   8.17    16.16

SNOWFALL (IN)
  YESTERDAY        0.0           0.0  2002   0.0    0.0      0.0
  MONTH TO DATE    0.0                       0.0    0.0       T
  SINCE JUN 1      0.0                       0.0    0.0       T
  SINCE JUL 1    134.9                     123.8   11.1     80.3
  SNOW DEPTH       0

DEGREE DAYS
 HEATING
  YESTERDAY        0                         2     -2        0
  MONTH TO DATE   60                        48     12       49
  SINCE JUN 1     60                        48     12       49
  SINCE JUL 1   6127                      6638   -511     5847

 COOLING
  YESTERDAY        9                         4      5        4
  MONTH TO DATE   57                        48      9       32
  SINCE JUN 1     57                        48      9       32
  SINCE JAN 1     89                        78     11       88
..................................................................


WIND (MPH)
  HIGHEST WIND SPEED    17   HIGHEST WIND DIRECTION     S (200)
  HIGHEST GUST SPEED    24   HIGHEST GUST DIRECTION     S (160)
  AVERAGE WIND SPEED     8.5


SKY COVER
  POSSIBLE SUNSHINE  MM
  AVERAGE SKY COVER 0.6


WEATHER CONDITIONS
 THE FOLLOWING WEATHER WAS RECORDED YESTERDAY.
  NO SIGNIFICANT WEATHER WAS OBSERVED.


RELATIVE HUMIDITY (PERCENT)
 HIGHEST   100          1200 AM
 LOWEST     55           200 PM
 AVERAGE    78

..........................................................


THE SYRACUSE NY CLIMATE NORMALS FOR TODAY
                         NORMAL    RECORD    YEAR
 MAXIMUM TEMPERATURE (F)   78        96      1957
 MINIMUM TEMPERATURE (F)   57        42      1958
                                             1950


SUNRISE AND SUNSET
JUNE 18 2017..........SUNRISE   525 AM EDT   SUNSET   847 PM EDT
JUNE 19 2017..........SUNRISE   525 AM EDT   SUNSET   847 PM EDT


-  INDICATES NEGATIVE NUMBERS.
R  INDICATES RECORD WAS SET OR TIED.
MM INDICATES DATA IS MISSING.
T  INDICATES TRACE AMOUNT.




$$
