000
CDUS41 KBGM 160532
CLISYR


CLIMATE REPORT
NATIONAL WEATHER SERVICE BINGHAMTON NY
131 AM EDT SAT MAY 16 2015


...................................

...THE SYRACUSE NY CLIMATE SUMMARY FOR MAY 15 2015...

CLIMATE NORMAL PERIOD 1981 TO 2010
CLIMATE RECORD PERIOD 1902 TO 2015


WEATHER ITEM   OBSERVED TIME   RECORD YEAR NORMAL DEPARTURE LAST
                VALUE   (LST)  VALUE       VALUE  FROM      YEAR
                                                  NORMAL
..................................................................
TEMPERATURE (F)
 YESTERDAY
  MAXIMUM         74    357 PM  87    1940  69      5       85
  MINIMUM         41    414 AM  33    1977  46     -5       66
                                      1917
  AVERAGE         58                        57      1       76

PRECIPITATION (IN)
  YESTERDAY        0.23          1.19 1904   0.10   0.13     0.30
  MONTH TO DATE    1.24                      1.49  -0.25     2.29
  SINCE MAR 1      5.55                      7.63  -2.08    10.41
  SINCE JAN 1      9.43                     12.20  -2.77    15.96

SNOWFALL (IN)
  YESTERDAY        0.0           0.0  2002   0.0    0.0      0.0
                                      2001
  MONTH TO DATE    0.0                       0.1   -0.1      0.0
  SINCE MAR 1     12.9                      21.9   -9.0     22.1
  SINCE JUL 1    119.7                     123.8   -4.1    132.0
  SNOW DEPTH       0

DEGREE DAYS
 HEATING
  YESTERDAY        7                         8     -1        0
  MONTH TO DATE   62                       154    -92      101
  SINCE MAR 1   1780                      1658    122     1874
  SINCE JUL 1   7004                      6489    515     6966

 COOLING
  YESTERDAY        0                         1     -1       11
  MONTH TO DATE   45                         5     40       32
  SINCE MAR 1     45                         9     36       33
  SINCE JAN 1     45                         9     36       33
..................................................................


WIND (MPH)
  HIGHEST WIND SPEED    16   HIGHEST WIND DIRECTION    SW (230)
  HIGHEST GUST SPEED    21   HIGHEST GUST DIRECTION    SW (230)
  AVERAGE WIND SPEED     6.7


SKY COVER
  POSSIBLE SUNSHINE  MM
  AVERAGE SKY COVER 0.9


WEATHER CONDITIONS
 THE FOLLOWING WEATHER WAS RECORDED YESTERDAY.
  RAIN
  LIGHT RAIN
  FOG


RELATIVE HUMIDITY (PERCENT)
 HIGHEST    86           400 AM
 LOWEST     29           200 PM
 AVERAGE    58

..........................................................


THE SYRACUSE NY CLIMATE NORMALS FOR TODAY
                         NORMAL    RECORD    YEAR
 MAXIMUM TEMPERATURE (F)   69        90      1962
 MINIMUM TEMPERATURE (F)   46        32      1936


SUNRISE AND SUNSET
MAY 16 2015...........SUNRISE   540 AM EDT   SUNSET   822 PM EDT
MAY 17 2015...........SUNRISE   539 AM EDT   SUNSET   823 PM EDT


-  INDICATES NEGATIVE NUMBERS.
R  INDICATES RECORD WAS SET OR TIED.
MM INDICATES DATA IS MISSING.
T  INDICATES TRACE AMOUNT.

$$
