000
CDUS41 KBGM 040317
CLISYR


CLIMATE REPORT
NATIONAL WEATHER SERVICE BINGHAMTON NY
1016 PM EST FRI FEB 3 2017


...................................

...THE SYRACUSE NY CLIMATE SUMMARY FOR FEBRUARY 3 2017...
VALID AS OF 1000 PM LOCAL TIME.

CLIMATE NORMAL PERIOD 1981 TO 2010
CLIMATE RECORD PERIOD 1902 TO 2017


WEATHER ITEM   OBSERVED TIME   RECORD YEAR NORMAL DEPARTURE LAST
                VALUE   (LST)  VALUE       VALUE  FROM      YEAR
                                                  NORMAL
..................................................................
TEMPERATURE (F)
 TODAY
  MAXIMUM         23    333 PM  54    1991  32     -9       53
  MINIMUM         17    924 PM -14    1961  16      1       37
  AVERAGE         20                        24     -4       45

PRECIPITATION (IN)
  TODAY            T             0.58 2016   0.07  -0.07     0.58
  MONTH TO DATE    0.18                      0.21  -0.03     0.58
  SINCE DEC 1      6.45                      5.93   0.52     7.12
  SINCE JAN 1      3.21                      2.71   0.50     2.29

SNOWFALL (IN)
  TODAY            T             7.2  1970   1.0   -1.0      0.0
  MONTH TO DATE    3.6                       3.0    0.6      0.0
  SINCE DEC 1     49.2                      69.7  -20.5     40.9
  SINCE JUL 1     74.6                      79.6   -5.0     41.7
  SNOW DEPTH       2

DEGREE DAYS
 HEATING
  TODAY           45                        41      4       20
  MONTH TO DATE  120                       123     -3       73
  SINCE DEC 1   2313                      2510   -197     2008
  SINCE JUL 1   3507                      3859   -352     3093

 COOLING
  TODAY            0                         0      0        0
  MONTH TO DATE    0                         0      0        0
  SINCE DEC 1      0                         0      0        0
  SINCE JAN 1      0                         0      0        0
..................................................................


WIND (MPH)
  HIGHEST WIND SPEED    28   HIGHEST WIND DIRECTION    SW (240)
  HIGHEST GUST SPEED    32   HIGHEST GUST DIRECTION    SW (240)
  AVERAGE WIND SPEED    18.1


SKY COVER
  POSSIBLE SUNSHINE  MM
  AVERAGE SKY COVER 0.7


WEATHER CONDITIONS
 THE FOLLOWING WEATHER WAS RECORDED TODAY.
  LIGHT SNOW


RELATIVE HUMIDITY (PERCENT)
 HIGHEST    67           700 AM
 LOWEST     50           300 PM
 AVERAGE    59

..........................................................


THE SYRACUSE NY CLIMATE NORMALS FOR TOMORROW
                         NORMAL    RECORD    YEAR
 MAXIMUM TEMPERATURE (F)   32        60      1991
 MINIMUM TEMPERATURE (F)   16       -15      1908


SUNRISE AND SUNSET
FEBRUARY  3 2017......SUNRISE   717 AM EST   SUNSET   520 PM EST
FEBRUARY  4 2017......SUNRISE   716 AM EST   SUNSET   521 PM EST


-  INDICATES NEGATIVE NUMBERS.
R  INDICATES RECORD WAS SET OR TIED.
MM INDICATES DATA IS MISSING.
T  INDICATES TRACE AMOUNT.

$$
