000
CDUS41 KBGM 180321
CLISYR


CLIMATE REPORT
NATIONAL WEATHER SERVICE BINGHAMTON NY
1021 PM EST MON NOV 17 2014


...................................

...THE SYRACUSE NY CLIMATE SUMMARY FOR NOVEMBER 17 2014...
VALID AS OF 1000 PM LOCAL TIME.

CLIMATE NORMAL PERIOD 1981 TO 2010
CLIMATE RECORD PERIOD 1902 TO 2014


WEATHER ITEM   OBSERVED TIME   RECORD YEAR NORMAL DEPARTURE LAST
                VALUE   (LST)  VALUE       VALUE  FROM      YEAR
                                                  NORMAL
..................................................................
TEMPERATURE (F)
 TODAY
  MAXIMUM         39    129 AM  71    1931  48     -9       62
  MINIMUM         33    732 AM  12    1924  33      0       47
  AVERAGE         36                        40     -4       55

PRECIPITATION (IN)
  TODAY            0.62          1.19 1927   0.12   0.50     0.04
  MONTH TO DATE    1.52                      1.99  -0.47     1.57
  SINCE SEP 1      7.66                      9.12  -1.46     8.68
  SINCE JAN 1     36.70                     33.71   2.99    35.26

SNOWFALL (IN)
  TODAY            0.2           3.8  1962   0.3   -0.1      0.0
  MONTH TO DATE    2.9                       3.3   -0.4      0.4
  SINCE SEP 1      2.9                       3.7   -0.8      0.4
  SINCE JUL 1      2.9                       3.7   -0.8      0.4
  SNOW DEPTH       0

DEGREE DAYS
 HEATING
  TODAY           29                        25      4       10
  MONTH TO DATE  368                       375     -7      364
  SINCE SEP 1    790                       966   -176      880
  SINCE JUL 1    801                       992   -191      886

 COOLING
  TODAY            0                         0      0        0
  MONTH TO DATE    0                         0      0        0
  SINCE SEP 1     88                        56     32       69
  SINCE JAN 1    647                       569     78      712
..................................................................


WIND (MPH)
  HIGHEST WIND SPEED    23   HIGHEST WIND DIRECTION     W (260)
  HIGHEST GUST SPEED    30   HIGHEST GUST DIRECTION     W (260)
  AVERAGE WIND SPEED     7.0


SKY COVER
  POSSIBLE SUNSHINE  MM
  AVERAGE SKY COVER 1.0


WEATHER CONDITIONS
 THE FOLLOWING WEATHER WAS RECORDED TODAY.
  RAIN
  LIGHT RAIN
  LIGHT SNOW
  SLEET
  FOG


RELATIVE HUMIDITY (PERCENT)
 HIGHEST   100           100 PM
 LOWEST     54          1200 AM
 AVERAGE    77

..........................................................


THE SYRACUSE NY CLIMATE NORMALS FOR TOMORROW
                         NORMAL    RECORD    YEAR
 MAXIMUM TEMPERATURE (F)   48        72      1958
 MINIMUM TEMPERATURE (F)   32        10      1924


SUNRISE AND SUNSET
NOVEMBER 17 2014......SUNRISE   700 AM EST   SUNSET   439 PM EST
NOVEMBER 18 2014......SUNRISE   701 AM EST   SUNSET   438 PM EST


-  INDICATES NEGATIVE NUMBERS.
R  INDICATES RECORD WAS SET OR TIED.
MM INDICATES DATA IS MISSING.
T  INDICATES TRACE AMOUNT.




$$
