000
CDUS41 KBGM 102218
CLISYR


CLIMATE REPORT
NATIONAL WEATHER SERVICE BINGHAMTON NY
517 PM EST WED FEB 10 2016


...................................

...THE SYRACUSE NY CLIMATE SUMMARY FOR FEBRUARY 10 2016...
VALID TODAY AS OF 0500 PM LOCAL TIME.

CLIMATE NORMAL PERIOD 1981 TO 2010
CLIMATE RECORD PERIOD 1902 TO 2016


WEATHER ITEM   OBSERVED TIME   RECORD YEAR NORMAL DEPARTURE LAST
                VALUE   (LST)  VALUE       VALUE  FROM      YEAR
                                                  NORMAL
..................................................................
TEMPERATURE (F)
 TODAY
  MAXIMUM         30   1001 AM  56    2001  33     -3       18
  MINIMUM         23   1234 AM -17    1948  17      6        5
  AVERAGE         27                        25      2       12

PRECIPITATION (IN)
  TODAY            0.02          0.87 1940   0.07  -0.05      T
  MONTH TO DATE    0.80                      0.70   0.10     1.53
  SINCE DEC 1      7.34                      6.42   0.92     6.15
  SINCE JAN 1      2.51                      3.20  -0.69     3.13

SNOWFALL (IN)
  TODAY            1.1           4.8  2005   0.9    0.2       T
  MONTH TO DATE    5.2                       9.5   -4.3     27.0
  SINCE DEC 1     46.1                      76.2  -30.1     62.8
  SINCE JUL 1     46.9                      86.1  -39.2     73.8
  SNOW DEPTH       3

DEGREE DAYS
 HEATING
  TODAY           38                        40     -2       53
  MONTH TO DATE  304                       406   -102      495
  SINCE DEC 1   2239                      2793   -554     2975
  SINCE JUL 1   3324                      4142   -818     4160

 COOLING
  TODAY            0                         0      0        0
  MONTH TO DATE    0                         0      0        0
  SINCE DEC 1      0                         0      0        0
  SINCE JAN 1      0                         0      0        0
..................................................................


WIND (MPH)
  HIGHEST WIND SPEED    25   HIGHEST WIND DIRECTION     W (250)
  HIGHEST GUST SPEED    32   HIGHEST GUST DIRECTION     W (250)
  AVERAGE WIND SPEED    13.1


SKY COVER
  POSSIBLE SUNSHINE  MM
  AVERAGE SKY COVER 1.0


WEATHER CONDITIONS
 THE FOLLOWING WEATHER WAS RECORDED TODAY.
  LIGHT SNOW
  FOG
  HAZE
  BLOWING SNOW


RELATIVE HUMIDITY (PERCENT)
 HIGHEST   100          1200 AM
 LOWEST     72           600 AM
 AVERAGE    86

..........................................................


THE SYRACUSE NY CLIMATE NORMALS FOR TOMORROW
                         NORMAL    RECORD    YEAR
 MAXIMUM TEMPERATURE (F)   33        61      1932
 MINIMUM TEMPERATURE (F)   17       -19      1979


SUNRISE AND SUNSET
FEBRUARY 10 2016......SUNRISE   710 AM EST   SUNSET   528 PM EST
FEBRUARY 11 2016......SUNRISE   708 AM EST   SUNSET   530 PM EST


-  INDICATES NEGATIVE NUMBERS.
R  INDICATES RECORD WAS SET OR TIED.
MM INDICATES DATA IS MISSING.
T  INDICATES TRACE AMOUNT.

$$
