000
CDUS41 KBGM 160537
CLISYR


CLIMATE REPORT
NATIONAL WEATHER SERVICE BINGHAMTON NY
137 AM EDT TUE SEP 16 2014


...................................

...THE SYRACUSE NY CLIMATE SUMMARY FOR SEPTEMBER 15 2014...

CLIMATE NORMAL PERIOD 1981 TO 2010
CLIMATE RECORD PERIOD 1902 TO 2014


WEATHER ITEM   OBSERVED TIME   RECORD YEAR NORMAL DEPARTURE LAST
                VALUE   (LST)  VALUE       VALUE  FROM      YEAR
                                                  NORMAL
..................................................................
TEMPERATURE (F)
 YESTERDAY
  MAXIMUM         70    314 PM  96    1939  73     -3       69
  MINIMUM         45    616 AM  33    1913  52     -7       44
  AVERAGE         58                        62     -4       57

PRECIPITATION (IN)
  YESTERDAY        0.09          1.23 1991   0.12  -0.03     0.01
  MONTH TO DATE    1.23                      1.78  -0.55     2.47
  SINCE SEP 1      1.23                      1.78  -0.55     2.47
  SINCE JAN 1     30.27                     26.37   3.90    29.05

SNOWFALL (IN)
  YESTERDAY        0.0           0.0  2002   0.0    0.0      0.0
                                      2000
                                      2001
  MONTH TO DATE    0.0                       0.0    0.0      0.0
  SINCE SEP 1      0.0                       0.0    0.0      0.0
  SINCE JUL 1      0.0                       0.0    0.0      0.0
  SNOW DEPTH       0

DEGREE DAYS
 HEATING
  YESTERDAY        7                         4      3        8
  MONTH TO DATE   40                        40      0       56
  SINCE SEP 1     40                        40      0       56
  SINCE JUL 1     51                        66    -15       62

 COOLING
  YESTERDAY        0                         2     -2        0
  MONTH TO DATE   64                        39     25       67
  SINCE SEP 1     64                        39     25       67
  SINCE JAN 1    623                       552     71      710
..................................................................


WIND (MPH)
  HIGHEST WIND SPEED    12   HIGHEST WIND DIRECTION    SW (240)
  HIGHEST GUST SPEED    17   HIGHEST GUST DIRECTION    SW (220)
  AVERAGE WIND SPEED     4.2


SKY COVER
  POSSIBLE SUNSHINE  MM
  AVERAGE SKY COVER 0.7


WEATHER CONDITIONS
 THE FOLLOWING WEATHER WAS RECORDED YESTERDAY.
  LIGHT RAIN
  FOG


RELATIVE HUMIDITY (PERCENT)
 HIGHEST    93           400 AM
 LOWEST     39           100 PM
 AVERAGE    66

..........................................................


THE SYRACUSE NY CLIMATE NORMALS FOR TODAY
                         NORMAL    RECORD    YEAR
 MAXIMUM TEMPERATURE (F)   72        98      1939
 MINIMUM TEMPERATURE (F)   52        35      1964


SUNRISE AND SUNSET
SEPTEMBER 16 2014.....SUNRISE   645 AM EDT   SUNSET   713 PM EDT
SEPTEMBER 17 2014.....SUNRISE   646 AM EDT   SUNSET   711 PM EDT


-  INDICATES NEGATIVE NUMBERS.
R  INDICATES RECORD WAS SET OR TIED.
MM INDICATES DATA IS MISSING.
T  INDICATES TRACE AMOUNT.




$$
