000
CDUS41 KBGM 282321
CLISYR


CLIMATE REPORT
NATIONAL WEATHER SERVICE BINGHAMTON NY
721 PM EDT SAT MAR 28 2015


...................................

...THE SYRACUSE NY CLIMATE SUMMARY FOR MARCH 28 2015...
VALID TODAY AS OF 0500 PM LOCAL TIME.

CLIMATE NORMAL PERIOD 1981 TO 2010
CLIMATE RECORD PERIOD 1902 TO 2015


WEATHER ITEM   OBSERVED TIME   RECORD YEAR NORMAL DEPARTURE LAST
                VALUE   (LST)  VALUE       VALUE  FROM      YEAR
                                                  NORMAL
..................................................................
TEMPERATURE (F)
 TODAY
  MAXIMUM         25    359 PM  84    1945  48    -23       52
  MINIMUM         17    731 AM   3    1923  29    -12       33
  AVERAGE         21                        39    -18       43

PRECIPITATION (IN)
  TODAY            T             1.01 1919   0.10  -0.10     0.27
  MONTH TO DATE    1.48                      2.64  -1.16     1.95
  SINCE MAR 1      1.48                      2.64  -1.16     1.95
  SINCE JAN 1      5.36                      7.21  -1.85     7.50

SNOWFALL (IN)
  TODAY            T             5.7  1955   0.4   -0.4       T
  MONTH TO DATE   12.3                      17.2   -4.9     21.7
  SINCE MAR 1     12.3                      17.2   -4.9     21.7
  SINCE JUL 1    119.1                     119.1    0.0    131.6
  SNOW DEPTH       1

DEGREE DAYS
 HEATING
  TODAY           44                        26     18       22
  MONTH TO DATE 1078                       881    197     1123
  SINCE MAR 1   1078                       881    197     1123
  SINCE JUL 1   6302                      5712    590     6215

 COOLING
  TODAY            0                         0      0        0
  MONTH TO DATE    0                         0      0        0
  SINCE MAR 1      0                         0      0        0
  SINCE JAN 1      0                         0      0        0
..................................................................


WIND (MPH)
  HIGHEST WIND SPEED    22   HIGHEST WIND DIRECTION    NW (300)
  HIGHEST GUST SPEED    28   HIGHEST GUST DIRECTION     W (290)
  AVERAGE WIND SPEED    14.7


SKY COVER
  POSSIBLE SUNSHINE  MM
  AVERAGE SKY COVER 0.7


WEATHER CONDITIONS
 THE FOLLOWING WEATHER WAS RECORDED TODAY.
  LIGHT SNOW


RELATIVE HUMIDITY (PERCENT)
 HIGHEST    68           300 AM
 LOWEST     40           500 PM
 AVERAGE    54

..........................................................


THE SYRACUSE NY CLIMATE NORMALS FOR TOMORROW
                         NORMAL    RECORD    YEAR
 MAXIMUM TEMPERATURE (F)   49        82      1946
 MINIMUM TEMPERATURE (F)   30         2      1923


SUNRISE AND SUNSET
MARCH 28 2015.........SUNRISE   654 AM EDT   SUNSET   726 PM EDT
MARCH 29 2015.........SUNRISE   652 AM EDT   SUNSET   727 PM EDT


-  INDICATES NEGATIVE NUMBERS.
R  INDICATES RECORD WAS SET OR TIED.
MM INDICATES DATA IS MISSING.
T  INDICATES TRACE AMOUNT.




$$
