000
CDUS41 KBGM 272123
CLISYR


CLIMATE REPORT
NATIONAL WEATHER SERVICE BINGHAMTON NY
523 PM EDT FRI MAY 27 2016


...................................

...THE SYRACUSE NY CLIMATE SUMMARY FOR MAY 27 2016...
VALID TODAY AS OF 0500 PM LOCAL TIME.

CLIMATE NORMAL PERIOD 1981 TO 2010
CLIMATE RECORD PERIOD 1902 TO 2016


WEATHER ITEM   OBSERVED TIME   RECORD YEAR NORMAL DEPARTURE LAST
                VALUE   (LST)  VALUE       VALUE  FROM      YEAR
                                                  NORMAL
..................................................................
TEMPERATURE (F)
 TODAY
  MAXIMUM         87   1253 PM  91    1939  72     15       85
  MINIMUM         63    141 AM  33    1969  50     13       71
  AVERAGE         75                        61     14       78

PRECIPITATION (IN)
  TODAY            T             1.05 1913   0.10  -0.10      T
  MONTH TO DATE    1.16                      2.79  -1.63     1.92
  SINCE MAR 1      5.62                      8.93  -3.31     6.23
  SINCE JAN 1     12.14                     13.50  -1.36    10.11

SNOWFALL (IN)
  TODAY            0.0           0.0  2002   0.0    0.0      0.0
                                      2001
  MONTH TO DATE    T                         0.1   -0.1      0.0
  SINCE MAR 1     13.5                      21.9   -8.4     12.9
  SINCE JUL 1     80.3                     123.8  -43.5    119.7
  SNOW DEPTH       0

DEGREE DAYS
 HEATING
  TODAY            0                         5     -5        0
  MONTH TO DATE  261                       235     26      121
  SINCE MAR 1   1699                      1739    -40     1839
  SINCE JUL 1   5798                      6570   -772     7063

 COOLING
  TODAY           10                         1      9       13
  MONTH TO DATE   18                        17      1       90
  SINCE MAR 1     18                        21     -3       90
  SINCE JAN 1     18                        21     -3       90
..................................................................


WIND (MPH)
  HIGHEST WIND SPEED    26   HIGHEST WIND DIRECTION     W (260)
  HIGHEST GUST SPEED    32   HIGHEST GUST DIRECTION     W (270)
  AVERAGE WIND SPEED     4.5


SKY COVER
  POSSIBLE SUNSHINE  MM
  AVERAGE SKY COVER 0.8


WEATHER CONDITIONS
 THE FOLLOWING WEATHER WAS RECORDED TODAY.
  THUNDERSTORM
  LIGHT RAIN


RELATIVE HUMIDITY (PERCENT)
 HIGHEST    87           100 AM
 LOWEST     45           100 PM
 AVERAGE    66

..........................................................


THE SYRACUSE NY CLIMATE NORMALS FOR TOMORROW
                         NORMAL    RECORD    YEAR
 MAXIMUM TEMPERATURE (F)   72        91      2012
                                             1911
 MINIMUM TEMPERATURE (F)   50        35      1983


SUNRISE AND SUNSET
MAY 27 2016...........SUNRISE   530 AM EDT   SUNSET   834 PM EDT
MAY 28 2016...........SUNRISE   530 AM EDT   SUNSET   834 PM EDT


-  INDICATES NEGATIVE NUMBERS.
R  INDICATES RECORD WAS SET OR TIED.
MM INDICATES DATA IS MISSING.
T  INDICATES TRACE AMOUNT.

$$
