000
CDUS41 KBGM 230535
CLISYR


CLIMATE REPORT
NATIONAL WEATHER SERVICE BINGHAMTON NY
135 AM EDT SAT MAY 23 2015


...................................

...THE SYRACUSE NY CLIMATE SUMMARY FOR MAY 22 2015...

CLIMATE NORMAL PERIOD 1981 TO 2010
CLIMATE RECORD PERIOD 1902 TO 2015


WEATHER ITEM   OBSERVED TIME   RECORD YEAR NORMAL DEPARTURE LAST
                VALUE   (LST)  VALUE       VALUE  FROM      YEAR
                                                  NORMAL
..................................................................
TEMPERATURE (F)
 YESTERDAY
  MAXIMUM         62    216 PM  92    1911  71     -9       74
  MINIMUM         42   1158 PM  35    1990  48     -6       58
                                      1967
  AVERAGE         52                        59     -7       66

PRECIPITATION (IN)
  YESTERDAY        0.00          1.01 1944   0.12  -0.12     0.04
  MONTH TO DATE    1.92                      2.25  -0.33     3.50
  SINCE MAR 1      6.23                      8.39  -2.16    11.62
  SINCE JAN 1     10.11                     12.96  -2.85    17.17

SNOWFALL (IN)
  YESTERDAY        0.0           0.0  2002   0.0    0.0      0.0
                                      2001
  MONTH TO DATE    0.0                       0.1   -0.1       T
  SINCE MAR 1     12.9                      21.9   -9.0     22.1
  SINCE JUL 1    119.7                     123.8   -4.1    132.0
  SNOW DEPTH       0

DEGREE DAYS
 HEATING
  YESTERDAY       13                         7      6        0
  MONTH TO DATE  104                       206   -102      161
  SINCE MAR 1   1822                      1710    112     1934
  SINCE JUL 1   7046                      6541    505     7026

 COOLING
  YESTERDAY        0                         1     -1        1
  MONTH TO DATE   56                        12     44       33
  SINCE MAR 1     56                        16     40       34
  SINCE JAN 1     56                        16     40       34
..................................................................


WIND (MPH)
  HIGHEST WIND SPEED    25   HIGHEST WIND DIRECTION    NW (320)
  HIGHEST GUST SPEED    37   HIGHEST GUST DIRECTION     W (290)
  AVERAGE WIND SPEED    13.9


SKY COVER
  POSSIBLE SUNSHINE  MM
  AVERAGE SKY COVER 0.6


WEATHER CONDITIONS
 THE FOLLOWING WEATHER WAS RECORDED YESTERDAY.
  NO SIGNIFICANT WEATHER WAS OBSERVED.


RELATIVE HUMIDITY (PERCENT)
 HIGHEST    66           800 AM
 LOWEST     28           600 PM
 AVERAGE    47

..........................................................


THE SYRACUSE NY CLIMATE NORMALS FOR TODAY
                         NORMAL    RECORD    YEAR
 MAXIMUM TEMPERATURE (F)   71        93      1977
 MINIMUM TEMPERATURE (F)   49        32      1967


SUNRISE AND SUNSET
MAY 23 2015...........SUNRISE   534 AM EDT   SUNSET   829 PM EDT
MAY 24 2015...........SUNRISE   533 AM EDT   SUNSET   830 PM EDT


-  INDICATES NEGATIVE NUMBERS.
R  INDICATES RECORD WAS SET OR TIED.
MM INDICATES DATA IS MISSING.
T  INDICATES TRACE AMOUNT.




$$
