000
CDUS41 KBGM 200557
CLISYR


CLIMATE REPORT
NATIONAL WEATHER SERVICE BINGHAMTON NY
156 AM EDT MON OCT 20 2014


...................................

...THE SYRACUSE NY CLIMATE SUMMARY FOR OCTOBER 19 2014...

CLIMATE NORMAL PERIOD 1981 TO 2010
CLIMATE RECORD PERIOD 1902 TO 2014


WEATHER ITEM   OBSERVED TIME   RECORD YEAR NORMAL DEPARTURE LAST
                VALUE   (LST)  VALUE       VALUE  FROM      YEAR
                                                  NORMAL
..................................................................
TEMPERATURE (F)
 YESTERDAY
  MAXIMUM         45    129 AM  81    1953  59    -14       66
  MINIMUM         37   1125 PM  22    1922  40     -3       47
  AVERAGE         41                        50     -9       57

PRECIPITATION (IN)
  YESTERDAY        0.05          1.67 1968   0.11  -0.06     0.11
  MONTH TO DATE    3.26                      2.12   1.14     2.96
  SINCE SEP 1      4.86                      5.81  -0.95     6.16
  SINCE JAN 1     33.90                     30.40   3.50    32.74

SNOWFALL (IN)
  YESTERDAY        0.0           1.2  1992   0.0    0.0      0.0
  MONTH TO DATE    0.0                       0.1   -0.1      0.0
  SINCE SEP 1      0.0                       0.1   -0.1      0.0
  SINCE JUL 1      0.0                       0.1   -0.1      0.0
  SNOW DEPTH       0

DEGREE DAYS
 HEATING
  YESTERDAY       24                        16      8        8
  MONTH TO DATE  156                       241    -85      115
  SINCE SEP 1    259                       382   -123      287
  SINCE JUL 1    270                       408   -138      293

 COOLING
  YESTERDAY        0                         0      0        0
  MONTH TO DATE   13                         0     13        1
  SINCE SEP 1     88                        52     36       69
  SINCE JAN 1    647                       565     82      712
..................................................................


WIND (MPH)
  HIGHEST WIND SPEED    23   HIGHEST WIND DIRECTION    NW (300)
  HIGHEST GUST SPEED    29   HIGHEST GUST DIRECTION    NW (300)
  AVERAGE WIND SPEED    11.7


SKY COVER
  POSSIBLE SUNSHINE  MM
  AVERAGE SKY COVER 0.9


WEATHER CONDITIONS
 THE FOLLOWING WEATHER WAS RECORDED YESTERDAY.
  LIGHT RAIN
  FOG


RELATIVE HUMIDITY (PERCENT)
 HIGHEST    89           100 AM
 LOWEST     53          1100 AM
 AVERAGE    71

..........................................................


THE SYRACUSE NY CLIMATE NORMALS FOR TODAY
                         NORMAL    RECORD    YEAR
 MAXIMUM TEMPERATURE (F)   58        81      1963
 MINIMUM TEMPERATURE (F)   40        20      1940


SUNRISE AND SUNSET
OCTOBER 20 2014.......SUNRISE   724 AM EDT   SUNSET   614 PM EDT
OCTOBER 21 2014.......SUNRISE   725 AM EDT   SUNSET   612 PM EDT


-  INDICATES NEGATIVE NUMBERS.
R  INDICATES RECORD WAS SET OR TIED.
MM INDICATES DATA IS MISSING.
T  INDICATES TRACE AMOUNT.

$$
