000
CDUS41 KBGM 251046
CLISYR


CLIMATE REPORT
NATIONAL WEATHER SERVICE BINGHAMTON NY
644 AM EDT SAT MAR 25 2017


...................................

...THE SYRACUSE NY CLIMATE SUMMARY FOR MARCH 24 2017...

CLIMATE NORMAL PERIOD 1981 TO 2010
CLIMATE RECORD PERIOD 1902 TO 2017


WEATHER ITEM   OBSERVED TIME   RECORD YEAR NORMAL DEPARTURE LAST
                VALUE   (LST)  VALUE       VALUE  FROM      YEAR
                                                  NORMAL
..................................................................
TEMPERATURE (F)
 YESTERDAY
  MAXIMUM         47    622 PM  78    1910  46      1       65
  MINIMUM         30   1225 AM   6    1906  28      2       34
  AVERAGE         39                        37      2       50

PRECIPITATION (IN)
  YESTERDAY        0.13          1.17 1953   0.10   0.03     0.02
  MONTH TO DATE    2.17                      2.23  -0.06     1.99
  SINCE MAR 1      2.17                      2.23  -0.06     1.99
  SINCE JAN 1      8.75                      6.80   1.95     8.51

SNOWFALL (IN)
  YESTERDAY        0.0           4.8  1960   0.4   -0.4      0.0
  MONTH TO DATE   30.7                      15.7   15.0      5.4
  SINCE MAR 1     30.7                      15.7   15.0      5.4
  SINCE JUL 1    134.4                     117.6   16.8     72.2
  SNOW DEPTH       3

DEGREE DAYS
 HEATING
  YESTERDAY       26                        28     -2       15
  MONTH TO DATE  892                       774    118      636
  SINCE MAR 1    892                       774    118      636
  SINCE JUL 1   5161                      5605   -444     4735

 COOLING
  YESTERDAY        0                         0      0        0
  MONTH TO DATE    0                         0      0        0
  SINCE MAR 1      0                         0      0        0
  SINCE JAN 1      0                         0      0        0
..................................................................


WIND (MPH)
  HIGHEST WIND SPEED    16   HIGHEST WIND DIRECTION     S (190)
  HIGHEST GUST SPEED    23   HIGHEST GUST DIRECTION     S (170)
  AVERAGE WIND SPEED     7.4


SKY COVER
  POSSIBLE SUNSHINE  MM
  AVERAGE SKY COVER 1.0


WEATHER CONDITIONS
 THE FOLLOWING WEATHER WAS RECORDED YESTERDAY.
  LIGHT RAIN
  FOG


RELATIVE HUMIDITY (PERCENT)
 HIGHEST    92          1000 AM
 LOWEST     35           200 AM
 AVERAGE    64

..........................................................


THE SYRACUSE NY CLIMATE NORMALS FOR TODAY
                         NORMAL    RECORD    YEAR
 MAXIMUM TEMPERATURE (F)   47        78      1988
 MINIMUM TEMPERATURE (F)   28         7      1960


SUNRISE AND SUNSET
MARCH 25 2017.........SUNRISE   658 AM EDT   SUNSET   723 PM EDT
MARCH 26 2017.........SUNRISE   657 AM EDT   SUNSET   724 PM EDT


-  INDICATES NEGATIVE NUMBERS.
R  INDICATES RECORD WAS SET OR TIED.
MM INDICATES DATA IS MISSING.
T  INDICATES TRACE AMOUNT.

$$
