000
CDUS41 KBGM 170549
CLISYR


CLIMATE REPORT
NATIONAL WEATHER SERVICE BINGHAMTON NY
147 AM EDT THU AUG 17 2017


...................................

...THE SYRACUSE NY CLIMATE SUMMARY FOR AUGUST 16 2017...

CLIMATE NORMAL PERIOD 1981 TO 2010
CLIMATE RECORD PERIOD 1902 TO 2017


WEATHER ITEM   OBSERVED TIME   RECORD YEAR NORMAL DEPARTURE LAST
                VALUE   (LST)  VALUE       VALUE  FROM      YEAR
                                                  NORMAL
..................................................................
TEMPERATURE (F)
 YESTERDAY
  MAXIMUM         78   1255 PM  95    2002  80     -2       88
                                      1944
  MINIMUM         54   1126 PM  47    1972  60     -6       67
                                      1968
  AVERAGE         66                        70     -4       78

PRECIPITATION (IN)
  YESTERDAY        0.00          2.51 1928   0.12  -0.12     0.41
  MONTH TO DATE    0.88                      1.84  -0.96     3.39
  SINCE JUN 1      9.76                      8.93   0.83     7.99
  SINCE JAN 1     31.60                     22.86   8.74    22.55

SNOWFALL (IN)
  YESTERDAY        0.0           0.0  2002   0.0    0.0      0.0
                                      2000
                                      2001
  MONTH TO DATE    0.0                       0.0    0.0      0.0
  SINCE JUN 1      0.0                       0.0    0.0       T
  SINCE JUL 1      0.0                       0.0    0.0      0.0
  SNOW DEPTH       0

DEGREE DAYS
 HEATING
  YESTERDAY        0                         1     -1        0
  MONTH TO DATE    0                         3     -3        0
  SINCE JUN 1     73                        72      1       53
  SINCE JUL 1      2                        11     -9        0

 COOLING
  YESTERDAY        1                         6     -5       13
  MONTH TO DATE   87                        96     -9      180
  SINCE JUN 1    365                       412    -47      546
  SINCE JAN 1    397                       442    -45      602
..................................................................


WIND (MPH)
  HIGHEST WIND SPEED    16   HIGHEST WIND DIRECTION    NW (330)
  HIGHEST GUST SPEED    21   HIGHEST GUST DIRECTION    NW (300)
  AVERAGE WIND SPEED     4.7


SKY COVER
  POSSIBLE SUNSHINE  MM
  AVERAGE SKY COVER 0.5


WEATHER CONDITIONS
 THE FOLLOWING WEATHER WAS RECORDED YESTERDAY.
  FOG


RELATIVE HUMIDITY (PERCENT)
 HIGHEST   100           200 AM
 LOWEST     46           400 PM
 AVERAGE    73

..........................................................


THE SYRACUSE NY CLIMATE NORMALS FOR TODAY
                         NORMAL    RECORD    YEAR
 MAXIMUM TEMPERATURE (F)   80        97      1987
 MINIMUM TEMPERATURE (F)   60        44      1979


SUNRISE AND SUNSET
AUGUST 17 2017........SUNRISE   613 AM EDT   SUNSET   804 PM EDT
AUGUST 18 2017........SUNRISE   614 AM EDT   SUNSET   802 PM EDT


-  INDICATES NEGATIVE NUMBERS.
R  INDICATES RECORD WAS SET OR TIED.
MM INDICATES DATA IS MISSING.
T  INDICATES TRACE AMOUNT.




$$
